{"id":9178,"date":"2025-07-08T10:12:36","date_gmt":"2025-07-08T14:12:36","guid":{"rendered":"https:\/\/www.manaus.am.gov.br\/semed\/?page_id=9178"},"modified":"2025-08-01T16:54:14","modified_gmt":"2025-08-01T20:54:14","slug":"processo-seletivo-interno-2025","status":"publish","type":"page","link":"https:\/\/www.manaus.am.gov.br\/semed\/processo-seletivo-interno-2025\/","title":{"rendered":"Processo Seletivo Interno &#8211; 2025"},"content":{"rendered":"\n<h2 class=\"wp-block-heading\">Diretores da Rede P\u00fablica<\/h2>\n\n\n\n<div class=\"wp-block-file\"><a id=\"wp-block-file--media-d3f5b427-c1d9-43e4-af37-30fea050272f\" href=\"https:\/\/www.manaus.am.gov.br\/semed\/wp-content\/uploads\/sites\/3\/2025\/08\/RESULTADO-DA-INTERPOSICAO-DE-RECURSO-EM-FACE-DA-1a-FASE-DO-PROCESSO-SELETIVO-INTERNO.docx\">RESULTADO DA INTERPOSI\u00c7\u00c3O DE RECURSO EM FACE DA 1\u00aa FASE DO PROCESSO SELETIVO INTERNO<\/a><\/div>\n\n\n\n<p><\/p>\n\n\n\n<p><a href=\"https:\/\/forms.gle\/hnRFxdpz18DwHqPC7\" target=\"_blank\" rel=\"noreferrer noopener\">Clique aqui para se inscrever.<\/a><\/p>\n\n\n\n<p>Cronograma:<\/p>\n\n\n\n<figure class=\"wp-block-image size-full\"><img loading=\"lazy\" decoding=\"async\" width=\"470\" height=\"652\" src=\"https:\/\/www.manaus.am.gov.br\/semed\/wp-content\/uploads\/sites\/3\/2025\/07\/image.png\" alt=\"\" class=\"wp-image-9179\" srcset=\"https:\/\/www.manaus.am.gov.br\/semed\/wp-content\/uploads\/sites\/3\/2025\/07\/image.png 470w, https:\/\/www.manaus.am.gov.br\/semed\/wp-content\/uploads\/sites\/3\/2025\/07\/image-216x300.png 216w\" sizes=\"(max-width: 470px) 100vw, 470px\" \/><\/figure>\n\n\n\n<p><\/p>\n","protected":false},"excerpt":{"rendered":"","protected":false},"author":8,"featured_media":0,"parent":0,"menu_order":0,"comment_status":"closed","ping_status":"closed","template":"","meta":{"footnotes":""},"acf":[],"yoast_head":"<!-- This site is optimized with the Yoast SEO plugin v23.0 - https:\/\/yoast.com\/wordpress\/plugins\/seo\/ -->\n<title>Processo Seletivo Interno - 2025 - SEMED<\/title>\n<meta name=\"robots\" content=\"index, follow, max-snippet:-1, max-image-preview:large, max-video-preview:-1\" \/>\n<link rel=\"canonical\" href=\"https:\/\/www.manaus.am.gov.br\/semed\/processo-seletivo-interno-2025\/\" \/>\n<meta property=\"og:locale\" content=\"pt_BR\" \/>\n<meta property=\"og:type\" content=\"article\" \/>\n<meta property=\"og:title\" content=\"Processo Seletivo Interno - 2025 - SEMED\" \/>\n<meta property=\"og:url\" content=\"https:\/\/www.manaus.am.gov.br\/semed\/processo-seletivo-interno-2025\/\" \/>\n<meta property=\"og:site_name\" content=\"SEMED\" \/>\n<meta property=\"article:modified_time\" content=\"2025-08-01T20:54:14+00:00\" \/>\n<meta property=\"og:image\" content=\"https:\/\/www.manaus.am.gov.br\/semed\/wp-content\/uploads\/sites\/3\/2025\/07\/image.png\" \/>\n<meta name=\"twitter:card\" content=\"summary_large_image\" \/>\n<meta name=\"twitter:label1\" content=\"Est. reading time\" \/>\n\t<meta name=\"twitter:data1\" content=\"1 minuto\" \/>\n<script type=\"application\/ld+json\" class=\"yoast-schema-graph\">{\"@context\":\"https:\/\/schema.org\",\"@graph\":[{\"@type\":\"Article\",\"@id\":\"https:\/\/www.manaus.am.gov.br\/semed\/processo-seletivo-interno-2025\/#article\",\"isPartOf\":{\"@id\":\"https:\/\/www.manaus.am.gov.br\/semed\/processo-seletivo-interno-2025\/\"},\"author\":{\"name\":\"Glauber Farias\",\"@id\":\"https:\/\/www.manaus.am.gov.br\/semed\/#\/schema\/person\/fe69d2249d78e7a3112d42bc34c44a58\"},\"headline\":\"Processo Seletivo Interno &#8211; 2025\",\"datePublished\":\"2025-07-08T14:12:36+00:00\",\"dateModified\":\"2025-08-01T20:54:14+00:00\",\"mainEntityOfPage\":{\"@id\":\"https:\/\/www.manaus.am.gov.br\/semed\/processo-seletivo-interno-2025\/\"},\"wordCount\":29,\"publisher\":{\"@id\":\"https:\/\/www.manaus.am.gov.br\/semed\/#organization\"},\"image\":{\"@id\":\"https:\/\/www.manaus.am.gov.br\/semed\/processo-seletivo-interno-2025\/#primaryimage\"},\"thumbnailUrl\":\"https:\/\/www.manaus.am.gov.br\/semed\/wp-content\/uploads\/sites\/3\/2025\/07\/image.png\",\"inLanguage\":\"pt-BR\"},{\"@type\":\"WebPage\",\"@id\":\"https:\/\/www.manaus.am.gov.br\/semed\/processo-seletivo-interno-2025\/\",\"url\":\"https:\/\/www.manaus.am.gov.br\/semed\/processo-seletivo-interno-2025\/\",\"name\":\"Processo Seletivo Interno - 2025 - SEMED\",\"isPartOf\":{\"@id\":\"https:\/\/www.manaus.am.gov.br\/semed\/#website\"},\"primaryImageOfPage\":{\"@id\":\"https:\/\/www.manaus.am.gov.br\/semed\/processo-seletivo-interno-2025\/#primaryimage\"},\"image\":{\"@id\":\"https:\/\/www.manaus.am.gov.br\/semed\/processo-seletivo-interno-2025\/#primaryimage\"},\"thumbnailUrl\":\"https:\/\/www.manaus.am.gov.br\/semed\/wp-content\/uploads\/sites\/3\/2025\/07\/image.png\",\"datePublished\":\"2025-07-08T14:12:36+00:00\",\"dateModified\":\"2025-08-01T20:54:14+00:00\",\"inLanguage\":\"pt-BR\",\"potentialAction\":[{\"@type\":\"ReadAction\",\"target\":[\"https:\/\/www.manaus.am.gov.br\/semed\/processo-seletivo-interno-2025\/\"]}]},{\"@type\":\"ImageObject\",\"inLanguage\":\"pt-BR\",\"@id\":\"https:\/\/www.manaus.am.gov.br\/semed\/processo-seletivo-interno-2025\/#primaryimage\",\"url\":\"https:\/\/www.manaus.am.gov.br\/semed\/wp-content\/uploads\/sites\/3\/2025\/07\/image.png\",\"contentUrl\":\"https:\/\/www.manaus.am.gov.br\/semed\/wp-content\/uploads\/sites\/3\/2025\/07\/image.png\",\"width\":470,\"height\":652},{\"@type\":\"WebSite\",\"@id\":\"https:\/\/www.manaus.am.gov.br\/semed\/#website\",\"url\":\"https:\/\/www.manaus.am.gov.br\/semed\/\",\"name\":\"Secretaria Municipal de Educa\u00e7\u00e3o\",\"description\":\"Secretaria Municipal de Educa\u00e7\u00e3o\",\"publisher\":{\"@id\":\"https:\/\/www.manaus.am.gov.br\/semed\/#organization\"},\"alternateName\":\"SEMED\",\"potentialAction\":[{\"@type\":\"SearchAction\",\"target\":{\"@type\":\"EntryPoint\",\"urlTemplate\":\"https:\/\/www.manaus.am.gov.br\/semed\/?s={search_term_string}\"},\"query-input\":\"required name=search_term_string\"}],\"inLanguage\":\"pt-BR\"},{\"@type\":\"Organization\",\"@id\":\"https:\/\/www.manaus.am.gov.br\/semed\/#organization\",\"name\":\"Secretaria de Educa\u00e7\u00e3o\",\"alternateName\":\"SEMED\",\"url\":\"https:\/\/www.manaus.am.gov.br\/semed\/\",\"logo\":{\"@type\":\"ImageObject\",\"inLanguage\":\"pt-BR\",\"@id\":\"https:\/\/www.manaus.am.gov.br\/semed\/#\/schema\/logo\/image\/\",\"url\":\"https:\/\/www.manaus.am.gov.br\/semed\/wp-content\/uploads\/sites\/3\/2022\/11\/favicon.png\",\"contentUrl\":\"https:\/\/www.manaus.am.gov.br\/semed\/wp-content\/uploads\/sites\/3\/2022\/11\/favicon.png\",\"width\":300,\"height\":300,\"caption\":\"Secretaria de Educa\u00e7\u00e3o\"},\"image\":{\"@id\":\"https:\/\/www.manaus.am.gov.br\/semed\/#\/schema\/logo\/image\/\"}},{\"@type\":\"Person\",\"@id\":\"https:\/\/www.manaus.am.gov.br\/semed\/#\/schema\/person\/fe69d2249d78e7a3112d42bc34c44a58\",\"name\":\"Glauber Farias\",\"image\":{\"@type\":\"ImageObject\",\"inLanguage\":\"pt-BR\",\"@id\":\"https:\/\/www.manaus.am.gov.br\/semed\/#\/schema\/person\/image\/\",\"url\":\"https:\/\/secure.gravatar.com\/avatar\/eb33200ffd19538372f635b2165531c0?s=96&d=mm&r=g\",\"contentUrl\":\"https:\/\/secure.gravatar.com\/avatar\/eb33200ffd19538372f635b2165531c0?s=96&d=mm&r=g\",\"caption\":\"Glauber Farias\"}}]}<\/script>\n<!-- \/ Yoast SEO plugin. -->","yoast_head_json":{"title":"Processo Seletivo Interno - 2025 - SEMED","robots":{"index":"index","follow":"follow","max-snippet":"max-snippet:-1","max-image-preview":"max-image-preview:large","max-video-preview":"max-video-preview:-1"},"canonical":"https:\/\/www.manaus.am.gov.br\/semed\/processo-seletivo-interno-2025\/","og_locale":"pt_BR","og_type":"article","og_title":"Processo Seletivo Interno - 2025 - SEMED","og_url":"https:\/\/www.manaus.am.gov.br\/semed\/processo-seletivo-interno-2025\/","og_site_name":"SEMED","article_modified_time":"2025-08-01T20:54:14+00:00","og_image":[{"url":"https:\/\/www.manaus.am.gov.br\/semed\/wp-content\/uploads\/sites\/3\/2025\/07\/image.png"}],"twitter_card":"summary_large_image","twitter_misc":{"Est. reading time":"1 minuto"},"schema":{"@context":"https:\/\/schema.org","@graph":[{"@type":"Article","@id":"https:\/\/www.manaus.am.gov.br\/semed\/processo-seletivo-interno-2025\/#article","isPartOf":{"@id":"https:\/\/www.manaus.am.gov.br\/semed\/processo-seletivo-interno-2025\/"},"author":{"name":"Glauber Farias","@id":"https:\/\/www.manaus.am.gov.br\/semed\/#\/schema\/person\/fe69d2249d78e7a3112d42bc34c44a58"},"headline":"Processo Seletivo Interno &#8211; 2025","datePublished":"2025-07-08T14:12:36+00:00","dateModified":"2025-08-01T20:54:14+00:00","mainEntityOfPage":{"@id":"https:\/\/www.manaus.am.gov.br\/semed\/processo-seletivo-interno-2025\/"},"wordCount":29,"publisher":{"@id":"https:\/\/www.manaus.am.gov.br\/semed\/#organization"},"image":{"@id":"https:\/\/www.manaus.am.gov.br\/semed\/processo-seletivo-interno-2025\/#primaryimage"},"thumbnailUrl":"https:\/\/www.manaus.am.gov.br\/semed\/wp-content\/uploads\/sites\/3\/2025\/07\/image.png","inLanguage":"pt-BR"},{"@type":"WebPage","@id":"https:\/\/www.manaus.am.gov.br\/semed\/processo-seletivo-interno-2025\/","url":"https:\/\/www.manaus.am.gov.br\/semed\/processo-seletivo-interno-2025\/","name":"Processo Seletivo Interno - 2025 - SEMED","isPartOf":{"@id":"https:\/\/www.manaus.am.gov.br\/semed\/#website"},"primaryImageOfPage":{"@id":"https:\/\/www.manaus.am.gov.br\/semed\/processo-seletivo-interno-2025\/#primaryimage"},"image":{"@id":"https:\/\/www.manaus.am.gov.br\/semed\/processo-seletivo-interno-2025\/#primaryimage"},"thumbnailUrl":"https:\/\/www.manaus.am.gov.br\/semed\/wp-content\/uploads\/sites\/3\/2025\/07\/image.png","datePublished":"2025-07-08T14:12:36+00:00","dateModified":"2025-08-01T20:54:14+00:00","inLanguage":"pt-BR","potentialAction":[{"@type":"ReadAction","target":["https:\/\/www.manaus.am.gov.br\/semed\/processo-seletivo-interno-2025\/"]}]},{"@type":"ImageObject","inLanguage":"pt-BR","@id":"https:\/\/www.manaus.am.gov.br\/semed\/processo-seletivo-interno-2025\/#primaryimage","url":"https:\/\/www.manaus.am.gov.br\/semed\/wp-content\/uploads\/sites\/3\/2025\/07\/image.png","contentUrl":"https:\/\/www.manaus.am.gov.br\/semed\/wp-content\/uploads\/sites\/3\/2025\/07\/image.png","width":470,"height":652},{"@type":"WebSite","@id":"https:\/\/www.manaus.am.gov.br\/semed\/#website","url":"https:\/\/www.manaus.am.gov.br\/semed\/","name":"Secretaria Municipal de Educa\u00e7\u00e3o","description":"Secretaria Municipal de Educa\u00e7\u00e3o","publisher":{"@id":"https:\/\/www.manaus.am.gov.br\/semed\/#organization"},"alternateName":"SEMED","potentialAction":[{"@type":"SearchAction","target":{"@type":"EntryPoint","urlTemplate":"https:\/\/www.manaus.am.gov.br\/semed\/?s={search_term_string}"},"query-input":"required name=search_term_string"}],"inLanguage":"pt-BR"},{"@type":"Organization","@id":"https:\/\/www.manaus.am.gov.br\/semed\/#organization","name":"Secretaria de Educa\u00e7\u00e3o","alternateName":"SEMED","url":"https:\/\/www.manaus.am.gov.br\/semed\/","logo":{"@type":"ImageObject","inLanguage":"pt-BR","@id":"https:\/\/www.manaus.am.gov.br\/semed\/#\/schema\/logo\/image\/","url":"https:\/\/www.manaus.am.gov.br\/semed\/wp-content\/uploads\/sites\/3\/2022\/11\/favicon.png","contentUrl":"https:\/\/www.manaus.am.gov.br\/semed\/wp-content\/uploads\/sites\/3\/2022\/11\/favicon.png","width":300,"height":300,"caption":"Secretaria de Educa\u00e7\u00e3o"},"image":{"@id":"https:\/\/www.manaus.am.gov.br\/semed\/#\/schema\/logo\/image\/"}},{"@type":"Person","@id":"https:\/\/www.manaus.am.gov.br\/semed\/#\/schema\/person\/fe69d2249d78e7a3112d42bc34c44a58","name":"Glauber Farias","image":{"@type":"ImageObject","inLanguage":"pt-BR","@id":"https:\/\/www.manaus.am.gov.br\/semed\/#\/schema\/person\/image\/","url":"https:\/\/secure.gravatar.com\/avatar\/eb33200ffd19538372f635b2165531c0?s=96&d=mm&r=g","contentUrl":"https:\/\/secure.gravatar.com\/avatar\/eb33200ffd19538372f635b2165531c0?s=96&d=mm&r=g","caption":"Glauber Farias"}}]}},"_links":{"self":[{"href":"https:\/\/www.manaus.am.gov.br\/semed\/wp-json\/wp\/v2\/pages\/9178"}],"collection":[{"href":"https:\/\/www.manaus.am.gov.br\/semed\/wp-json\/wp\/v2\/pages"}],"about":[{"href":"https:\/\/www.manaus.am.gov.br\/semed\/wp-json\/wp\/v2\/types\/page"}],"author":[{"embeddable":true,"href":"https:\/\/www.manaus.am.gov.br\/semed\/wp-json\/wp\/v2\/users\/8"}],"replies":[{"embeddable":true,"href":"https:\/\/www.manaus.am.gov.br\/semed\/wp-json\/wp\/v2\/comments?post=9178"}],"version-history":[{"count":4,"href":"https:\/\/www.manaus.am.gov.br\/semed\/wp-json\/wp\/v2\/pages\/9178\/revisions"}],"predecessor-version":[{"id":9453,"href":"https:\/\/www.manaus.am.gov.br\/semed\/wp-json\/wp\/v2\/pages\/9178\/revisions\/9453"}],"wp:attachment":[{"href":"https:\/\/www.manaus.am.gov.br\/semed\/wp-json\/wp\/v2\/media?parent=9178"}],"curies":[{"name":"wp","href":"https:\/\/api.w.org\/{rel}","templated":true}]}}

<h2 class="wp-block-heading">Diretores da Rede Pública</h2>



<div class="wp-block-file"><a id="wp-block-file--media-d3f5b427-c1d9-43e4-af37-30fea050272f" href="https://www.manaus.am.gov.br/semed/wp-content/uploads/sites/3/2025/08/RESULTADO-DA-INTERPOSICAO-DE-RECURSO-EM-FACE-DA-1a-FASE-DO-PROCESSO-SELETIVO-INTERNO.docx">RESULTADO DA INTERPOSIÇÃO DE RECURSO EM FACE DA 1ª FASE DO PROCESSO SELETIVO INTERNO</a></div>



<p></p>



<p><a href="https://forms.gle/hnRFxdpz18DwHqPC7" target="_blank" rel="noreferrer noopener">Clique aqui para se inscrever.</a></p>



<p>Cronograma:</p>



<figure class="wp-block-image size-full"><img loading="lazy" decoding="async" width="470" height="652" src="https://www.manaus.am.gov.br/semed/wp-content/uploads/sites/3/2025/07/image.png" alt="" class="wp-image-9179" srcset="https://www.manaus.am.gov.br/semed/wp-content/uploads/sites/3/2025/07/image.png 470w, https://www.manaus.am.gov.br/semed/wp-content/uploads/sites/3/2025/07/image-216x300.png 216w" sizes="(max-width: 470px) 100vw, 470px" /></figure>



<p></p>

<!-- This site is optimized with the Yoast SEO plugin v23.0 - https://yoast.com/wordpress/plugins/seo/ -->
<title>Processo Seletivo Interno - 2025 - SEMED</title>
<meta name="robots" content="index, follow, max-snippet:-1, max-image-preview:large, max-video-preview:-1" />
<link rel="canonical" href="https://www.manaus.am.gov.br/semed/processo-seletivo-interno-2025/" />
<meta property="og:locale" content="pt_BR" />
<meta property="og:type" content="article" />
<meta property="og:title" content="Processo Seletivo Interno - 2025 - SEMED" />
<meta property="og:url" content="https://www.manaus.am.gov.br/semed/processo-seletivo-interno-2025/" />
<meta property="og:site_name" content="SEMED" />
<meta property="article:modified_time" content="2025-08-01T20:54:14+00:00" />
<meta property="og:image" content="https://www.manaus.am.gov.br/semed/wp-content/uploads/sites/3/2025/07/image.png" />
<meta name="twitter:card" content="summary_large_image" />
<meta name="twitter:label1" content="Est. reading time" />
	<meta name="twitter:data1" content="1 minuto" />
<script type="application/ld+json" class="yoast-schema-graph">{"@context":"https://schema.org","@graph":[{"@type":"Article","@id":"https://www.manaus.am.gov.br/semed/processo-seletivo-interno-2025/#article","isPartOf":{"@id":"https://www.manaus.am.gov.br/semed/processo-seletivo-interno-2025/"},"author":{"name":"Glauber Farias","@id":"https://www.manaus.am.gov.br/semed/#/schema/person/fe69d2249d78e7a3112d42bc34c44a58"},"headline":"Processo Seletivo Interno &#8211; 2025","datePublished":"2025-07-08T14:12:36+00:00","dateModified":"2025-08-01T20:54:14+00:00","mainEntityOfPage":{"@id":"https://www.manaus.am.gov.br/semed/processo-seletivo-interno-2025/"},"wordCount":29,"publisher":{"@id":"https://www.manaus.am.gov.br/semed/#organization"},"image":{"@id":"https://www.manaus.am.gov.br/semed/processo-seletivo-interno-2025/#primaryimage"},"thumbnailUrl":"https://www.manaus.am.gov.br/semed/wp-content/uploads/sites/3/2025/07/image.png","inLanguage":"pt-BR"},{"@type":"WebPage","@id":"https://www.manaus.am.gov.br/semed/processo-seletivo-interno-2025/","url":"https://www.manaus.am.gov.br/semed/processo-seletivo-interno-2025/","name":"Processo Seletivo Interno - 2025 - SEMED","isPartOf":{"@id":"https://www.manaus.am.gov.br/semed/#website"},"primaryImageOfPage":{"@id":"https://www.manaus.am.gov.br/semed/processo-seletivo-interno-2025/#primaryimage"},"image":{"@id":"https://www.manaus.am.gov.br/semed/processo-seletivo-interno-2025/#primaryimage"},"thumbnailUrl":"https://www.manaus.am.gov.br/semed/wp-content/uploads/sites/3/2025/07/image.png","datePublished":"2025-07-08T14:12:36+00:00","dateModified":"2025-08-01T20:54:14+00:00","inLanguage":"pt-BR","potentialAction":[{"@type":"ReadAction","target":["https://www.manaus.am.gov.br/semed/processo-seletivo-interno-2025/"]}]},{"@type":"ImageObject","inLanguage":"pt-BR","@id":"https://www.manaus.am.gov.br/semed/processo-seletivo-interno-2025/#primaryimage","url":"https://www.manaus.am.gov.br/semed/wp-content/uploads/sites/3/2025/07/image.png","contentUrl":"https://www.manaus.am.gov.br/semed/wp-content/uploads/sites/3/2025/07/image.png","width":470,"height":652},{"@type":"WebSite","@id":"https://www.manaus.am.gov.br/semed/#website","url":"https://www.manaus.am.gov.br/semed/","name":"Secretaria Municipal de Educação","description":"Secretaria Municipal de Educação","publisher":{"@id":"https://www.manaus.am.gov.br/semed/#organization"},"alternateName":"SEMED","potentialAction":[{"@type":"SearchAction","target":{"@type":"EntryPoint","urlTemplate":"https://www.manaus.am.gov.br/semed/?s={search_term_string}"},"query-input":"required name=search_term_string"}],"inLanguage":"pt-BR"},{"@type":"Organization","@id":"https://www.manaus.am.gov.br/semed/#organization","name":"Secretaria de Educação","alternateName":"SEMED","url":"https://www.manaus.am.gov.br/semed/","logo":{"@type":"ImageObject","inLanguage":"pt-BR","@id":"https://www.manaus.am.gov.br/semed/#/schema/logo/image/","url":"https://www.manaus.am.gov.br/semed/wp-content/uploads/sites/3/2022/11/favicon.png","contentUrl":"https://www.manaus.am.gov.br/semed/wp-content/uploads/sites/3/2022/11/favicon.png","width":300,"height":300,"caption":"Secretaria de Educação"},"image":{"@id":"https://www.manaus.am.gov.br/semed/#/schema/logo/image/"}},{"@type":"Person","@id":"https://www.manaus.am.gov.br/semed/#/schema/person/fe69d2249d78e7a3112d42bc34c44a58","name":"Glauber Farias","image":{"@type":"ImageObject","inLanguage":"pt-BR","@id":"https://www.manaus.am.gov.br/semed/#/schema/person/image/","url":"https://secure.gravatar.com/avatar/eb33200ffd19538372f635b2165531c0?s=96&d=mm&r=g","contentUrl":"https://secure.gravatar.com/avatar/eb33200ffd19538372f635b2165531c0?s=96&d=mm&r=g","caption":"Glauber Farias"}}]}</script>
<!-- / Yoast SEO plugin. -->

Secretaria Municipal de Educação

Secretaria de Educação
