{"id":8554,"date":"2025-04-16T14:00:37","date_gmt":"2025-04-16T18:00:37","guid":{"rendered":"https:\/\/www.manaus.am.gov.br\/semed\/?page_id=8554"},"modified":"2025-04-16T14:00:37","modified_gmt":"2025-04-16T18:00:37","slug":"creche","status":"publish","type":"page","link":"https:\/\/www.manaus.am.gov.br\/semed\/educacao-infantil\/creche\/","title":{"rendered":"Creche"},"content":{"rendered":"\n<ol>\n<li><a href=\"http:\/\/www2.manaus.am.gov.br\/docs\/portal\/secretarias\/semed\/creche\/1.Curr%C3%ADculo%20Escolar%20Municipal.pdf\">Curr\u00edculo Escolar Municipal<\/a><\/li>\n\n\n\n<li><a href=\"http:\/\/www2.manaus.am.gov.br\/docs\/portal\/secretarias\/semed\/creche\/2.Guia%20de%20Transi%C3%A7%C3%A3o%20Escolar.pdf\">Guia de Transi\u00e7\u00e3o Escolar<\/a><\/li>\n\n\n\n<li><a href=\"http:\/\/www2.manaus.am.gov.br\/docs\/portal\/secretarias\/semed\/creche\/3.Guia%20da%20Sa%C3%BAde.pdf\">Guia da Sa\u00fade<\/a><\/li>\n\n\n\n<li><a href=\"http:\/\/www2.manaus.am.gov.br\/docs\/portal\/secretarias\/semed\/creche\/4.Era%20uma%20vez.pdf\">Era uma vez\u2026Ensaios de mini-hist\u00f3rias da vida cotidiana em creche<\/a><\/li>\n\n\n\n<li><a href=\"http:\/\/www2.manaus.am.gov.br\/docs\/portal\/secretarias\/semed\/creche\/5.Guia%20Quarentena%201%20e%202%20anos.pdf\">Guia Quarentena 1 e 2 anos<\/a><\/li>\n\n\n\n<li><a href=\"http:\/\/www2.manaus.am.gov.br\/docs\/portal\/secretarias\/semed\/creche\/6.Guia%20Quarentena%203%20ANOS.pdf\">Guia Quarentena 3 anos<\/a><\/li>\n\n\n\n<li><a href=\"http:\/\/www2.manaus.am.gov.br\/docs\/portal\/secretarias\/semed\/creche\/7.Guia%20da%20Arte.pdf\">Guia da Arte<\/a><\/li>\n<\/ol>\n","protected":false},"excerpt":{"rendered":"","protected":false},"author":8,"featured_media":0,"parent":888,"menu_order":0,"comment_status":"closed","ping_status":"closed","template":"","meta":{"footnotes":""},"acf":[],"yoast_head":"<!-- This site is optimized with the Yoast SEO plugin v23.0 - https:\/\/yoast.com\/wordpress\/plugins\/seo\/ -->\n<title>Creche - SEMED<\/title>\n<meta name=\"robots\" content=\"index, follow, max-snippet:-1, max-image-preview:large, max-video-preview:-1\" \/>\n<link rel=\"canonical\" href=\"https:\/\/www.manaus.am.gov.br\/semed\/educacao-infantil\/creche\/\" \/>\n<meta property=\"og:locale\" content=\"pt_BR\" \/>\n<meta property=\"og:type\" content=\"article\" \/>\n<meta property=\"og:title\" content=\"Creche - SEMED\" \/>\n<meta property=\"og:url\" content=\"https:\/\/www.manaus.am.gov.br\/semed\/educacao-infantil\/creche\/\" \/>\n<meta property=\"og:site_name\" content=\"SEMED\" \/>\n<meta property=\"og:image\" content=\"https:\/\/www.manaus.am.gov.br\/semed\/wp-content\/uploads\/sites\/3\/2024\/07\/thumb-default-2.png\" \/>\n\t<meta property=\"og:image:width\" content=\"966\" \/>\n\t<meta property=\"og:image:height\" content=\"520\" \/>\n\t<meta property=\"og:image:type\" content=\"image\/png\" \/>\n<meta name=\"twitter:card\" content=\"summary_large_image\" \/>\n<meta name=\"twitter:label1\" content=\"Est. reading time\" \/>\n\t<meta name=\"twitter:data1\" content=\"1 minuto\" \/>\n<script type=\"application\/ld+json\" class=\"yoast-schema-graph\">{\"@context\":\"https:\/\/schema.org\",\"@graph\":[{\"@type\":\"Article\",\"@id\":\"https:\/\/www.manaus.am.gov.br\/semed\/educacao-infantil\/creche\/#article\",\"isPartOf\":{\"@id\":\"https:\/\/www.manaus.am.gov.br\/semed\/educacao-infantil\/creche\/\"},\"author\":{\"name\":\"Glauber Farias\",\"@id\":\"https:\/\/www.manaus.am.gov.br\/semed\/#\/schema\/person\/fe69d2249d78e7a3112d42bc34c44a58\"},\"headline\":\"Creche\",\"datePublished\":\"2025-04-16T18:00:37+00:00\",\"dateModified\":\"2025-04-16T18:00:37+00:00\",\"mainEntityOfPage\":{\"@id\":\"https:\/\/www.manaus.am.gov.br\/semed\/educacao-infantil\/creche\/\"},\"wordCount\":36,\"publisher\":{\"@id\":\"https:\/\/www.manaus.am.gov.br\/semed\/#organization\"},\"inLanguage\":\"pt-BR\"},{\"@type\":\"WebPage\",\"@id\":\"https:\/\/www.manaus.am.gov.br\/semed\/educacao-infantil\/creche\/\",\"url\":\"https:\/\/www.manaus.am.gov.br\/semed\/educacao-infantil\/creche\/\",\"name\":\"Creche - SEMED\",\"isPartOf\":{\"@id\":\"https:\/\/www.manaus.am.gov.br\/semed\/#website\"},\"datePublished\":\"2025-04-16T18:00:37+00:00\",\"dateModified\":\"2025-04-16T18:00:37+00:00\",\"breadcrumb\":{\"@id\":\"https:\/\/www.manaus.am.gov.br\/semed\/educacao-infantil\/creche\/#breadcrumb\"},\"inLanguage\":\"pt-BR\",\"potentialAction\":[{\"@type\":\"ReadAction\",\"target\":[\"https:\/\/www.manaus.am.gov.br\/semed\/educacao-infantil\/creche\/\"]}]},{\"@type\":\"BreadcrumbList\",\"@id\":\"https:\/\/www.manaus.am.gov.br\/semed\/educacao-infantil\/creche\/#breadcrumb\",\"itemListElement\":[{\"@type\":\"ListItem\",\"position\":1,\"name\":\"Educa\u00e7\u00e3o Infantil\",\"item\":\"https:\/\/www.manaus.am.gov.br\/semed\/educacao-infantil\/\"},{\"@type\":\"ListItem\",\"position\":2,\"name\":\"Creche\"}]},{\"@type\":\"WebSite\",\"@id\":\"https:\/\/www.manaus.am.gov.br\/semed\/#website\",\"url\":\"https:\/\/www.manaus.am.gov.br\/semed\/\",\"name\":\"Secretaria Municipal de Educa\u00e7\u00e3o\",\"description\":\"Secretaria Municipal de Educa\u00e7\u00e3o\",\"publisher\":{\"@id\":\"https:\/\/www.manaus.am.gov.br\/semed\/#organization\"},\"alternateName\":\"SEMED\",\"potentialAction\":[{\"@type\":\"SearchAction\",\"target\":{\"@type\":\"EntryPoint\",\"urlTemplate\":\"https:\/\/www.manaus.am.gov.br\/semed\/?s={search_term_string}\"},\"query-input\":\"required name=search_term_string\"}],\"inLanguage\":\"pt-BR\"},{\"@type\":\"Organization\",\"@id\":\"https:\/\/www.manaus.am.gov.br\/semed\/#organization\",\"name\":\"Secretaria de Educa\u00e7\u00e3o\",\"alternateName\":\"SEMED\",\"url\":\"https:\/\/www.manaus.am.gov.br\/semed\/\",\"logo\":{\"@type\":\"ImageObject\",\"inLanguage\":\"pt-BR\",\"@id\":\"https:\/\/www.manaus.am.gov.br\/semed\/#\/schema\/logo\/image\/\",\"url\":\"https:\/\/www.manaus.am.gov.br\/semed\/wp-content\/uploads\/sites\/3\/2022\/11\/favicon.png\",\"contentUrl\":\"https:\/\/www.manaus.am.gov.br\/semed\/wp-content\/uploads\/sites\/3\/2022\/11\/favicon.png\",\"width\":300,\"height\":300,\"caption\":\"Secretaria de Educa\u00e7\u00e3o\"},\"image\":{\"@id\":\"https:\/\/www.manaus.am.gov.br\/semed\/#\/schema\/logo\/image\/\"}},{\"@type\":\"Person\",\"@id\":\"https:\/\/www.manaus.am.gov.br\/semed\/#\/schema\/person\/fe69d2249d78e7a3112d42bc34c44a58\",\"name\":\"Glauber Farias\",\"image\":{\"@type\":\"ImageObject\",\"inLanguage\":\"pt-BR\",\"@id\":\"https:\/\/www.manaus.am.gov.br\/semed\/#\/schema\/person\/image\/\",\"url\":\"https:\/\/secure.gravatar.com\/avatar\/eb33200ffd19538372f635b2165531c0?s=96&d=mm&r=g\",\"contentUrl\":\"https:\/\/secure.gravatar.com\/avatar\/eb33200ffd19538372f635b2165531c0?s=96&d=mm&r=g\",\"caption\":\"Glauber Farias\"}}]}<\/script>\n<!-- \/ Yoast SEO plugin. -->","yoast_head_json":{"title":"Creche - SEMED","robots":{"index":"index","follow":"follow","max-snippet":"max-snippet:-1","max-image-preview":"max-image-preview:large","max-video-preview":"max-video-preview:-1"},"canonical":"https:\/\/www.manaus.am.gov.br\/semed\/educacao-infantil\/creche\/","og_locale":"pt_BR","og_type":"article","og_title":"Creche - SEMED","og_url":"https:\/\/www.manaus.am.gov.br\/semed\/educacao-infantil\/creche\/","og_site_name":"SEMED","og_image":[{"width":966,"height":520,"url":"https:\/\/www.manaus.am.gov.br\/semed\/wp-content\/uploads\/sites\/3\/2024\/07\/thumb-default-2.png","type":"image\/png"}],"twitter_card":"summary_large_image","twitter_misc":{"Est. reading time":"1 minuto"},"schema":{"@context":"https:\/\/schema.org","@graph":[{"@type":"Article","@id":"https:\/\/www.manaus.am.gov.br\/semed\/educacao-infantil\/creche\/#article","isPartOf":{"@id":"https:\/\/www.manaus.am.gov.br\/semed\/educacao-infantil\/creche\/"},"author":{"name":"Glauber Farias","@id":"https:\/\/www.manaus.am.gov.br\/semed\/#\/schema\/person\/fe69d2249d78e7a3112d42bc34c44a58"},"headline":"Creche","datePublished":"2025-04-16T18:00:37+00:00","dateModified":"2025-04-16T18:00:37+00:00","mainEntityOfPage":{"@id":"https:\/\/www.manaus.am.gov.br\/semed\/educacao-infantil\/creche\/"},"wordCount":36,"publisher":{"@id":"https:\/\/www.manaus.am.gov.br\/semed\/#organization"},"inLanguage":"pt-BR"},{"@type":"WebPage","@id":"https:\/\/www.manaus.am.gov.br\/semed\/educacao-infantil\/creche\/","url":"https:\/\/www.manaus.am.gov.br\/semed\/educacao-infantil\/creche\/","name":"Creche - SEMED","isPartOf":{"@id":"https:\/\/www.manaus.am.gov.br\/semed\/#website"},"datePublished":"2025-04-16T18:00:37+00:00","dateModified":"2025-04-16T18:00:37+00:00","breadcrumb":{"@id":"https:\/\/www.manaus.am.gov.br\/semed\/educacao-infantil\/creche\/#breadcrumb"},"inLanguage":"pt-BR","potentialAction":[{"@type":"ReadAction","target":["https:\/\/www.manaus.am.gov.br\/semed\/educacao-infantil\/creche\/"]}]},{"@type":"BreadcrumbList","@id":"https:\/\/www.manaus.am.gov.br\/semed\/educacao-infantil\/creche\/#breadcrumb","itemListElement":[{"@type":"ListItem","position":1,"name":"Educa\u00e7\u00e3o Infantil","item":"https:\/\/www.manaus.am.gov.br\/semed\/educacao-infantil\/"},{"@type":"ListItem","position":2,"name":"Creche"}]},{"@type":"WebSite","@id":"https:\/\/www.manaus.am.gov.br\/semed\/#website","url":"https:\/\/www.manaus.am.gov.br\/semed\/","name":"Secretaria Municipal de Educa\u00e7\u00e3o","description":"Secretaria Municipal de Educa\u00e7\u00e3o","publisher":{"@id":"https:\/\/www.manaus.am.gov.br\/semed\/#organization"},"alternateName":"SEMED","potentialAction":[{"@type":"SearchAction","target":{"@type":"EntryPoint","urlTemplate":"https:\/\/www.manaus.am.gov.br\/semed\/?s={search_term_string}"},"query-input":"required name=search_term_string"}],"inLanguage":"pt-BR"},{"@type":"Organization","@id":"https:\/\/www.manaus.am.gov.br\/semed\/#organization","name":"Secretaria de Educa\u00e7\u00e3o","alternateName":"SEMED","url":"https:\/\/www.manaus.am.gov.br\/semed\/","logo":{"@type":"ImageObject","inLanguage":"pt-BR","@id":"https:\/\/www.manaus.am.gov.br\/semed\/#\/schema\/logo\/image\/","url":"https:\/\/www.manaus.am.gov.br\/semed\/wp-content\/uploads\/sites\/3\/2022\/11\/favicon.png","contentUrl":"https:\/\/www.manaus.am.gov.br\/semed\/wp-content\/uploads\/sites\/3\/2022\/11\/favicon.png","width":300,"height":300,"caption":"Secretaria de Educa\u00e7\u00e3o"},"image":{"@id":"https:\/\/www.manaus.am.gov.br\/semed\/#\/schema\/logo\/image\/"}},{"@type":"Person","@id":"https:\/\/www.manaus.am.gov.br\/semed\/#\/schema\/person\/fe69d2249d78e7a3112d42bc34c44a58","name":"Glauber Farias","image":{"@type":"ImageObject","inLanguage":"pt-BR","@id":"https:\/\/www.manaus.am.gov.br\/semed\/#\/schema\/person\/image\/","url":"https:\/\/secure.gravatar.com\/avatar\/eb33200ffd19538372f635b2165531c0?s=96&d=mm&r=g","contentUrl":"https:\/\/secure.gravatar.com\/avatar\/eb33200ffd19538372f635b2165531c0?s=96&d=mm&r=g","caption":"Glauber Farias"}}]}},"_links":{"self":[{"href":"https:\/\/www.manaus.am.gov.br\/semed\/wp-json\/wp\/v2\/pages\/8554"}],"collection":[{"href":"https:\/\/www.manaus.am.gov.br\/semed\/wp-json\/wp\/v2\/pages"}],"about":[{"href":"https:\/\/www.manaus.am.gov.br\/semed\/wp-json\/wp\/v2\/types\/page"}],"author":[{"embeddable":true,"href":"https:\/\/www.manaus.am.gov.br\/semed\/wp-json\/wp\/v2\/users\/8"}],"replies":[{"embeddable":true,"href":"https:\/\/www.manaus.am.gov.br\/semed\/wp-json\/wp\/v2\/comments?post=8554"}],"version-history":[{"count":1,"href":"https:\/\/www.manaus.am.gov.br\/semed\/wp-json\/wp\/v2\/pages\/8554\/revisions"}],"predecessor-version":[{"id":8555,"href":"https:\/\/www.manaus.am.gov.br\/semed\/wp-json\/wp\/v2\/pages\/8554\/revisions\/8555"}],"up":[{"embeddable":true,"href":"https:\/\/www.manaus.am.gov.br\/semed\/wp-json\/wp\/v2\/pages\/888"}],"wp:attachment":[{"href":"https:\/\/www.manaus.am.gov.br\/semed\/wp-json\/wp\/v2\/media?parent=8554"}],"curies":[{"name":"wp","href":"https:\/\/api.w.org\/{rel}","templated":true}]}}

<ol>
<li><a href="http://www2.manaus.am.gov.br/docs/portal/secretarias/semed/creche/1.Curr%C3%ADculo%20Escolar%20Municipal.pdf">Currículo Escolar Municipal</a></li>



<li><a href="http://www2.manaus.am.gov.br/docs/portal/secretarias/semed/creche/2.Guia%20de%20Transi%C3%A7%C3%A3o%20Escolar.pdf">Guia de Transição Escolar</a></li>



<li><a href="http://www2.manaus.am.gov.br/docs/portal/secretarias/semed/creche/3.Guia%20da%20Sa%C3%BAde.pdf">Guia da Saúde</a></li>



<li><a href="http://www2.manaus.am.gov.br/docs/portal/secretarias/semed/creche/4.Era%20uma%20vez.pdf">Era uma vez…Ensaios de mini-histórias da vida cotidiana em creche</a></li>



<li><a href="http://www2.manaus.am.gov.br/docs/portal/secretarias/semed/creche/5.Guia%20Quarentena%201%20e%202%20anos.pdf">Guia Quarentena 1 e 2 anos</a></li>



<li><a href="http://www2.manaus.am.gov.br/docs/portal/secretarias/semed/creche/6.Guia%20Quarentena%203%20ANOS.pdf">Guia Quarentena 3 anos</a></li>



<li><a href="http://www2.manaus.am.gov.br/docs/portal/secretarias/semed/creche/7.Guia%20da%20Arte.pdf">Guia da Arte</a></li>
</ol>

<!-- This site is optimized with the Yoast SEO plugin v23.0 - https://yoast.com/wordpress/plugins/seo/ -->
<title>Creche - SEMED</title>
<meta name="robots" content="index, follow, max-snippet:-1, max-image-preview:large, max-video-preview:-1" />
<link rel="canonical" href="https://www.manaus.am.gov.br/semed/educacao-infantil/creche/" />
<meta property="og:locale" content="pt_BR" />
<meta property="og:type" content="article" />
<meta property="og:title" content="Creche - SEMED" />
<meta property="og:url" content="https://www.manaus.am.gov.br/semed/educacao-infantil/creche/" />
<meta property="og:site_name" content="SEMED" />
<meta property="og:image" content="https://www.manaus.am.gov.br/semed/wp-content/uploads/sites/3/2024/07/thumb-default-2.png" />
	<meta property="og:image:width" content="966" />
	<meta property="og:image:height" content="520" />
	<meta property="og:image:type" content="image/png" />
<meta name="twitter:card" content="summary_large_image" />
<meta name="twitter:label1" content="Est. reading time" />
	<meta name="twitter:data1" content="1 minuto" />
<script type="application/ld+json" class="yoast-schema-graph">{"@context":"https://schema.org","@graph":[{"@type":"Article","@id":"https://www.manaus.am.gov.br/semed/educacao-infantil/creche/#article","isPartOf":{"@id":"https://www.manaus.am.gov.br/semed/educacao-infantil/creche/"},"author":{"name":"Glauber Farias","@id":"https://www.manaus.am.gov.br/semed/#/schema/person/fe69d2249d78e7a3112d42bc34c44a58"},"headline":"Creche","datePublished":"2025-04-16T18:00:37+00:00","dateModified":"2025-04-16T18:00:37+00:00","mainEntityOfPage":{"@id":"https://www.manaus.am.gov.br/semed/educacao-infantil/creche/"},"wordCount":36,"publisher":{"@id":"https://www.manaus.am.gov.br/semed/#organization"},"inLanguage":"pt-BR"},{"@type":"WebPage","@id":"https://www.manaus.am.gov.br/semed/educacao-infantil/creche/","url":"https://www.manaus.am.gov.br/semed/educacao-infantil/creche/","name":"Creche - SEMED","isPartOf":{"@id":"https://www.manaus.am.gov.br/semed/#website"},"datePublished":"2025-04-16T18:00:37+00:00","dateModified":"2025-04-16T18:00:37+00:00","breadcrumb":{"@id":"https://www.manaus.am.gov.br/semed/educacao-infantil/creche/#breadcrumb"},"inLanguage":"pt-BR","potentialAction":[{"@type":"ReadAction","target":["https://www.manaus.am.gov.br/semed/educacao-infantil/creche/"]}]},{"@type":"BreadcrumbList","@id":"https://www.manaus.am.gov.br/semed/educacao-infantil/creche/#breadcrumb","itemListElement":[{"@type":"ListItem","position":1,"name":"Educação Infantil","item":"https://www.manaus.am.gov.br/semed/educacao-infantil/"},{"@type":"ListItem","position":2,"name":"Creche"}]},{"@type":"WebSite","@id":"https://www.manaus.am.gov.br/semed/#website","url":"https://www.manaus.am.gov.br/semed/","name":"Secretaria Municipal de Educação","description":"Secretaria Municipal de Educação","publisher":{"@id":"https://www.manaus.am.gov.br/semed/#organization"},"alternateName":"SEMED","potentialAction":[{"@type":"SearchAction","target":{"@type":"EntryPoint","urlTemplate":"https://www.manaus.am.gov.br/semed/?s={search_term_string}"},"query-input":"required name=search_term_string"}],"inLanguage":"pt-BR"},{"@type":"Organization","@id":"https://www.manaus.am.gov.br/semed/#organization","name":"Secretaria de Educação","alternateName":"SEMED","url":"https://www.manaus.am.gov.br/semed/","logo":{"@type":"ImageObject","inLanguage":"pt-BR","@id":"https://www.manaus.am.gov.br/semed/#/schema/logo/image/","url":"https://www.manaus.am.gov.br/semed/wp-content/uploads/sites/3/2022/11/favicon.png","contentUrl":"https://www.manaus.am.gov.br/semed/wp-content/uploads/sites/3/2022/11/favicon.png","width":300,"height":300,"caption":"Secretaria de Educação"},"image":{"@id":"https://www.manaus.am.gov.br/semed/#/schema/logo/image/"}},{"@type":"Person","@id":"https://www.manaus.am.gov.br/semed/#/schema/person/fe69d2249d78e7a3112d42bc34c44a58","name":"Glauber Farias","image":{"@type":"ImageObject","inLanguage":"pt-BR","@id":"https://www.manaus.am.gov.br/semed/#/schema/person/image/","url":"https://secure.gravatar.com/avatar/eb33200ffd19538372f635b2165531c0?s=96&d=mm&r=g","contentUrl":"https://secure.gravatar.com/avatar/eb33200ffd19538372f635b2165531c0?s=96&d=mm&r=g","caption":"Glauber Farias"}}]}</script>
<!-- / Yoast SEO plugin. -->

Educação Infantil

Secretaria Municipal de Educação

Secretaria de Educação
