{"id":8482,"date":"2025-04-10T15:59:13","date_gmt":"2025-04-10T19:59:13","guid":{"rendered":"https:\/\/www.manaus.am.gov.br\/semed\/?page_id=8482"},"modified":"2025-04-10T15:59:13","modified_gmt":"2025-04-10T19:59:13","slug":"pre-escola","status":"publish","type":"page","link":"https:\/\/www.manaus.am.gov.br\/semed\/educacao-infantil\/pre-escola\/","title":{"rendered":"Pr\u00e9-escola"},"content":{"rendered":"\n<ol>\n<li><strong><a href=\"http:\/\/www2.manaus.am.gov.br\/docs\/portal\/secretarias\/semed\/pre-escola\/1.CURR%C3%8DCULO%20ESCOLAR%20MUNICIPAL.pdf\">Curr\u00edculo Escolar Municipal<\/a><\/strong><\/li>\n\n\n\n<li><strong><a href=\"http:\/\/www2.manaus.am.gov.br\/docs\/portal\/secretarias\/semed\/pre-escola\/2.GUIA%20DE%20ORIENTA%C3%87%C3%95ES%20PEDAG%C3%93GICAS.pdf\">Guia de Orienta\u00e7\u00f5es Pedag\u00f3gicas Aprende +<\/a><\/strong><\/li>\n\n\n\n<li><strong><a href=\"http:\/\/www2.manaus.am.gov.br\/docs\/portal\/secretarias\/semed\/pre-escola\/3.GUIA%20DE%20TRANSI%C3%87%C3%83O%20ESCOLAR.pdf\">Guia de Transi\u00e7\u00e3o Escolar<\/a><\/strong><\/li>\n\n\n\n<li><strong><a href=\"http:\/\/www2.manaus.am.gov.br\/docs\/portal\/secretarias\/semed\/pre-escola\/Almanaque%20EBA.pdf\">Almanaque Eba! Vamos Brincar<\/a><\/strong><\/li>\n\n\n\n<li><strong><a href=\"http:\/\/www2.manaus.am.gov.br\/docs\/portal\/secretarias\/semed\/pre-escola\/5.ME%20ESCUTA.pdf\">Me Escuta<\/a> e <a href=\"http:\/\/www2.manaus.am.gov.br\/docs\/portal\/secretarias\/semed\/pre-escola\/6.NARRATIVAS%20DOCENTES.pdf\">Narrativas Docentes<\/a><\/strong><\/li>\n\n\n\n<li><strong>Cole\u00e7\u00f5es: <a href=\"http:\/\/www2.manaus.am.gov.br\/docs\/portal\/secretarias\/semed\/pre-escola\/7.Cole%C3%A7%C3%A3o%201%C2%BA%20Periodo%202025.pdf\">1\u00ba Per\u00edodo<\/a> e <a href=\"http:\/\/www2.manaus.am.gov.br\/docs\/portal\/secretarias\/semed\/pre-escola\/8.Cole%C3%A7%C3%A3o%20%202%C2%BA%20Per%C3%ADodo%202025.pdf\">2\u00ba Per\u00edodo<\/a><\/strong><\/li>\n<\/ol>\n","protected":false},"excerpt":{"rendered":"","protected":false},"author":8,"featured_media":0,"parent":888,"menu_order":0,"comment_status":"closed","ping_status":"closed","template":"","meta":{"footnotes":""},"acf":[],"yoast_head":"<!-- This site is optimized with the Yoast SEO plugin v23.0 - https:\/\/yoast.com\/wordpress\/plugins\/seo\/ -->\n<title>Pr\u00e9-escola - SEMED<\/title>\n<meta name=\"robots\" content=\"index, follow, max-snippet:-1, max-image-preview:large, max-video-preview:-1\" \/>\n<link rel=\"canonical\" href=\"https:\/\/www.manaus.am.gov.br\/semed\/educacao-infantil\/pre-escola\/\" \/>\n<meta property=\"og:locale\" content=\"pt_BR\" \/>\n<meta property=\"og:type\" content=\"article\" \/>\n<meta property=\"og:title\" content=\"Pr\u00e9-escola - SEMED\" \/>\n<meta property=\"og:url\" content=\"https:\/\/www.manaus.am.gov.br\/semed\/educacao-infantil\/pre-escola\/\" \/>\n<meta property=\"og:site_name\" content=\"SEMED\" \/>\n<meta property=\"og:image\" content=\"https:\/\/www.manaus.am.gov.br\/semed\/wp-content\/uploads\/sites\/3\/2024\/07\/thumb-default-2.png\" \/>\n\t<meta property=\"og:image:width\" content=\"966\" \/>\n\t<meta property=\"og:image:height\" content=\"520\" \/>\n\t<meta property=\"og:image:type\" content=\"image\/png\" \/>\n<meta name=\"twitter:card\" content=\"summary_large_image\" \/>\n<meta name=\"twitter:label1\" content=\"Est. reading time\" \/>\n\t<meta name=\"twitter:data1\" content=\"1 minuto\" \/>\n<script type=\"application\/ld+json\" class=\"yoast-schema-graph\">{\"@context\":\"https:\/\/schema.org\",\"@graph\":[{\"@type\":\"Article\",\"@id\":\"https:\/\/www.manaus.am.gov.br\/semed\/educacao-infantil\/pre-escola\/#article\",\"isPartOf\":{\"@id\":\"https:\/\/www.manaus.am.gov.br\/semed\/educacao-infantil\/pre-escola\/\"},\"author\":{\"name\":\"Glauber Farias\",\"@id\":\"https:\/\/www.manaus.am.gov.br\/semed\/#\/schema\/person\/fe69d2249d78e7a3112d42bc34c44a58\"},\"headline\":\"Pr\u00e9-escola\",\"datePublished\":\"2025-04-10T19:59:13+00:00\",\"dateModified\":\"2025-04-10T19:59:13+00:00\",\"mainEntityOfPage\":{\"@id\":\"https:\/\/www.manaus.am.gov.br\/semed\/educacao-infantil\/pre-escola\/\"},\"wordCount\":34,\"publisher\":{\"@id\":\"https:\/\/www.manaus.am.gov.br\/semed\/#organization\"},\"inLanguage\":\"pt-BR\"},{\"@type\":\"WebPage\",\"@id\":\"https:\/\/www.manaus.am.gov.br\/semed\/educacao-infantil\/pre-escola\/\",\"url\":\"https:\/\/www.manaus.am.gov.br\/semed\/educacao-infantil\/pre-escola\/\",\"name\":\"Pr\u00e9-escola - SEMED\",\"isPartOf\":{\"@id\":\"https:\/\/www.manaus.am.gov.br\/semed\/#website\"},\"datePublished\":\"2025-04-10T19:59:13+00:00\",\"dateModified\":\"2025-04-10T19:59:13+00:00\",\"breadcrumb\":{\"@id\":\"https:\/\/www.manaus.am.gov.br\/semed\/educacao-infantil\/pre-escola\/#breadcrumb\"},\"inLanguage\":\"pt-BR\",\"potentialAction\":[{\"@type\":\"ReadAction\",\"target\":[\"https:\/\/www.manaus.am.gov.br\/semed\/educacao-infantil\/pre-escola\/\"]}]},{\"@type\":\"BreadcrumbList\",\"@id\":\"https:\/\/www.manaus.am.gov.br\/semed\/educacao-infantil\/pre-escola\/#breadcrumb\",\"itemListElement\":[{\"@type\":\"ListItem\",\"position\":1,\"name\":\"Educa\u00e7\u00e3o Infantil\",\"item\":\"https:\/\/www.manaus.am.gov.br\/semed\/educacao-infantil\/\"},{\"@type\":\"ListItem\",\"position\":2,\"name\":\"Pr\u00e9-escola\"}]},{\"@type\":\"WebSite\",\"@id\":\"https:\/\/www.manaus.am.gov.br\/semed\/#website\",\"url\":\"https:\/\/www.manaus.am.gov.br\/semed\/\",\"name\":\"Secretaria Municipal de Educa\u00e7\u00e3o\",\"description\":\"Secretaria Municipal de Educa\u00e7\u00e3o\",\"publisher\":{\"@id\":\"https:\/\/www.manaus.am.gov.br\/semed\/#organization\"},\"alternateName\":\"SEMED\",\"potentialAction\":[{\"@type\":\"SearchAction\",\"target\":{\"@type\":\"EntryPoint\",\"urlTemplate\":\"https:\/\/www.manaus.am.gov.br\/semed\/?s={search_term_string}\"},\"query-input\":\"required name=search_term_string\"}],\"inLanguage\":\"pt-BR\"},{\"@type\":\"Organization\",\"@id\":\"https:\/\/www.manaus.am.gov.br\/semed\/#organization\",\"name\":\"Secretaria de Educa\u00e7\u00e3o\",\"alternateName\":\"SEMED\",\"url\":\"https:\/\/www.manaus.am.gov.br\/semed\/\",\"logo\":{\"@type\":\"ImageObject\",\"inLanguage\":\"pt-BR\",\"@id\":\"https:\/\/www.manaus.am.gov.br\/semed\/#\/schema\/logo\/image\/\",\"url\":\"https:\/\/www.manaus.am.gov.br\/semed\/wp-content\/uploads\/sites\/3\/2022\/11\/favicon.png\",\"contentUrl\":\"https:\/\/www.manaus.am.gov.br\/semed\/wp-content\/uploads\/sites\/3\/2022\/11\/favicon.png\",\"width\":300,\"height\":300,\"caption\":\"Secretaria de Educa\u00e7\u00e3o\"},\"image\":{\"@id\":\"https:\/\/www.manaus.am.gov.br\/semed\/#\/schema\/logo\/image\/\"}},{\"@type\":\"Person\",\"@id\":\"https:\/\/www.manaus.am.gov.br\/semed\/#\/schema\/person\/fe69d2249d78e7a3112d42bc34c44a58\",\"name\":\"Glauber Farias\",\"image\":{\"@type\":\"ImageObject\",\"inLanguage\":\"pt-BR\",\"@id\":\"https:\/\/www.manaus.am.gov.br\/semed\/#\/schema\/person\/image\/\",\"url\":\"https:\/\/secure.gravatar.com\/avatar\/eb33200ffd19538372f635b2165531c0?s=96&d=mm&r=g\",\"contentUrl\":\"https:\/\/secure.gravatar.com\/avatar\/eb33200ffd19538372f635b2165531c0?s=96&d=mm&r=g\",\"caption\":\"Glauber Farias\"}}]}<\/script>\n<!-- \/ Yoast SEO plugin. -->","yoast_head_json":{"title":"Pr\u00e9-escola - SEMED","robots":{"index":"index","follow":"follow","max-snippet":"max-snippet:-1","max-image-preview":"max-image-preview:large","max-video-preview":"max-video-preview:-1"},"canonical":"https:\/\/www.manaus.am.gov.br\/semed\/educacao-infantil\/pre-escola\/","og_locale":"pt_BR","og_type":"article","og_title":"Pr\u00e9-escola - SEMED","og_url":"https:\/\/www.manaus.am.gov.br\/semed\/educacao-infantil\/pre-escola\/","og_site_name":"SEMED","og_image":[{"width":966,"height":520,"url":"https:\/\/www.manaus.am.gov.br\/semed\/wp-content\/uploads\/sites\/3\/2024\/07\/thumb-default-2.png","type":"image\/png"}],"twitter_card":"summary_large_image","twitter_misc":{"Est. reading time":"1 minuto"},"schema":{"@context":"https:\/\/schema.org","@graph":[{"@type":"Article","@id":"https:\/\/www.manaus.am.gov.br\/semed\/educacao-infantil\/pre-escola\/#article","isPartOf":{"@id":"https:\/\/www.manaus.am.gov.br\/semed\/educacao-infantil\/pre-escola\/"},"author":{"name":"Glauber Farias","@id":"https:\/\/www.manaus.am.gov.br\/semed\/#\/schema\/person\/fe69d2249d78e7a3112d42bc34c44a58"},"headline":"Pr\u00e9-escola","datePublished":"2025-04-10T19:59:13+00:00","dateModified":"2025-04-10T19:59:13+00:00","mainEntityOfPage":{"@id":"https:\/\/www.manaus.am.gov.br\/semed\/educacao-infantil\/pre-escola\/"},"wordCount":34,"publisher":{"@id":"https:\/\/www.manaus.am.gov.br\/semed\/#organization"},"inLanguage":"pt-BR"},{"@type":"WebPage","@id":"https:\/\/www.manaus.am.gov.br\/semed\/educacao-infantil\/pre-escola\/","url":"https:\/\/www.manaus.am.gov.br\/semed\/educacao-infantil\/pre-escola\/","name":"Pr\u00e9-escola - SEMED","isPartOf":{"@id":"https:\/\/www.manaus.am.gov.br\/semed\/#website"},"datePublished":"2025-04-10T19:59:13+00:00","dateModified":"2025-04-10T19:59:13+00:00","breadcrumb":{"@id":"https:\/\/www.manaus.am.gov.br\/semed\/educacao-infantil\/pre-escola\/#breadcrumb"},"inLanguage":"pt-BR","potentialAction":[{"@type":"ReadAction","target":["https:\/\/www.manaus.am.gov.br\/semed\/educacao-infantil\/pre-escola\/"]}]},{"@type":"BreadcrumbList","@id":"https:\/\/www.manaus.am.gov.br\/semed\/educacao-infantil\/pre-escola\/#breadcrumb","itemListElement":[{"@type":"ListItem","position":1,"name":"Educa\u00e7\u00e3o Infantil","item":"https:\/\/www.manaus.am.gov.br\/semed\/educacao-infantil\/"},{"@type":"ListItem","position":2,"name":"Pr\u00e9-escola"}]},{"@type":"WebSite","@id":"https:\/\/www.manaus.am.gov.br\/semed\/#website","url":"https:\/\/www.manaus.am.gov.br\/semed\/","name":"Secretaria Municipal de Educa\u00e7\u00e3o","description":"Secretaria Municipal de Educa\u00e7\u00e3o","publisher":{"@id":"https:\/\/www.manaus.am.gov.br\/semed\/#organization"},"alternateName":"SEMED","potentialAction":[{"@type":"SearchAction","target":{"@type":"EntryPoint","urlTemplate":"https:\/\/www.manaus.am.gov.br\/semed\/?s={search_term_string}"},"query-input":"required name=search_term_string"}],"inLanguage":"pt-BR"},{"@type":"Organization","@id":"https:\/\/www.manaus.am.gov.br\/semed\/#organization","name":"Secretaria de Educa\u00e7\u00e3o","alternateName":"SEMED","url":"https:\/\/www.manaus.am.gov.br\/semed\/","logo":{"@type":"ImageObject","inLanguage":"pt-BR","@id":"https:\/\/www.manaus.am.gov.br\/semed\/#\/schema\/logo\/image\/","url":"https:\/\/www.manaus.am.gov.br\/semed\/wp-content\/uploads\/sites\/3\/2022\/11\/favicon.png","contentUrl":"https:\/\/www.manaus.am.gov.br\/semed\/wp-content\/uploads\/sites\/3\/2022\/11\/favicon.png","width":300,"height":300,"caption":"Secretaria de Educa\u00e7\u00e3o"},"image":{"@id":"https:\/\/www.manaus.am.gov.br\/semed\/#\/schema\/logo\/image\/"}},{"@type":"Person","@id":"https:\/\/www.manaus.am.gov.br\/semed\/#\/schema\/person\/fe69d2249d78e7a3112d42bc34c44a58","name":"Glauber Farias","image":{"@type":"ImageObject","inLanguage":"pt-BR","@id":"https:\/\/www.manaus.am.gov.br\/semed\/#\/schema\/person\/image\/","url":"https:\/\/secure.gravatar.com\/avatar\/eb33200ffd19538372f635b2165531c0?s=96&d=mm&r=g","contentUrl":"https:\/\/secure.gravatar.com\/avatar\/eb33200ffd19538372f635b2165531c0?s=96&d=mm&r=g","caption":"Glauber Farias"}}]}},"_links":{"self":[{"href":"https:\/\/www.manaus.am.gov.br\/semed\/wp-json\/wp\/v2\/pages\/8482"}],"collection":[{"href":"https:\/\/www.manaus.am.gov.br\/semed\/wp-json\/wp\/v2\/pages"}],"about":[{"href":"https:\/\/www.manaus.am.gov.br\/semed\/wp-json\/wp\/v2\/types\/page"}],"author":[{"embeddable":true,"href":"https:\/\/www.manaus.am.gov.br\/semed\/wp-json\/wp\/v2\/users\/8"}],"replies":[{"embeddable":true,"href":"https:\/\/www.manaus.am.gov.br\/semed\/wp-json\/wp\/v2\/comments?post=8482"}],"version-history":[{"count":2,"href":"https:\/\/www.manaus.am.gov.br\/semed\/wp-json\/wp\/v2\/pages\/8482\/revisions"}],"predecessor-version":[{"id":8490,"href":"https:\/\/www.manaus.am.gov.br\/semed\/wp-json\/wp\/v2\/pages\/8482\/revisions\/8490"}],"up":[{"embeddable":true,"href":"https:\/\/www.manaus.am.gov.br\/semed\/wp-json\/wp\/v2\/pages\/888"}],"wp:attachment":[{"href":"https:\/\/www.manaus.am.gov.br\/semed\/wp-json\/wp\/v2\/media?parent=8482"}],"curies":[{"name":"wp","href":"https:\/\/api.w.org\/{rel}","templated":true}]}}

Pré-escola

<ol>
<li><strong><a href="http://www2.manaus.am.gov.br/docs/portal/secretarias/semed/pre-escola/1.CURR%C3%8DCULO%20ESCOLAR%20MUNICIPAL.pdf">Currículo Escolar Municipal</a></strong></li>



<li><strong><a href="http://www2.manaus.am.gov.br/docs/portal/secretarias/semed/pre-escola/2.GUIA%20DE%20ORIENTA%C3%87%C3%95ES%20PEDAG%C3%93GICAS.pdf">Guia de Orientações Pedagógicas Aprende +</a></strong></li>



<li><strong><a href="http://www2.manaus.am.gov.br/docs/portal/secretarias/semed/pre-escola/3.GUIA%20DE%20TRANSI%C3%87%C3%83O%20ESCOLAR.pdf">Guia de Transição Escolar</a></strong></li>



<li><strong><a href="http://www2.manaus.am.gov.br/docs/portal/secretarias/semed/pre-escola/Almanaque%20EBA.pdf">Almanaque Eba! Vamos Brincar</a></strong></li>



<li><strong><a href="http://www2.manaus.am.gov.br/docs/portal/secretarias/semed/pre-escola/5.ME%20ESCUTA.pdf">Me Escuta</a> e <a href="http://www2.manaus.am.gov.br/docs/portal/secretarias/semed/pre-escola/6.NARRATIVAS%20DOCENTES.pdf">Narrativas Docentes</a></strong></li>



<li><strong>Coleções: <a href="http://www2.manaus.am.gov.br/docs/portal/secretarias/semed/pre-escola/7.Cole%C3%A7%C3%A3o%201%C2%BA%20Periodo%202025.pdf">1º Período</a> e <a href="http://www2.manaus.am.gov.br/docs/portal/secretarias/semed/pre-escola/8.Cole%C3%A7%C3%A3o%20%202%C2%BA%20Per%C3%ADodo%202025.pdf">2º Período</a></strong></li>
</ol>

<!-- This site is optimized with the Yoast SEO plugin v23.0 - https://yoast.com/wordpress/plugins/seo/ -->
<title>Pré-escola - SEMED</title>
<meta name="robots" content="index, follow, max-snippet:-1, max-image-preview:large, max-video-preview:-1" />
<link rel="canonical" href="https://www.manaus.am.gov.br/semed/educacao-infantil/pre-escola/" />
<meta property="og:locale" content="pt_BR" />
<meta property="og:type" content="article" />
<meta property="og:title" content="Pré-escola - SEMED" />
<meta property="og:url" content="https://www.manaus.am.gov.br/semed/educacao-infantil/pre-escola/" />
<meta property="og:site_name" content="SEMED" />
<meta property="og:image" content="https://www.manaus.am.gov.br/semed/wp-content/uploads/sites/3/2024/07/thumb-default-2.png" />
	<meta property="og:image:width" content="966" />
	<meta property="og:image:height" content="520" />
	<meta property="og:image:type" content="image/png" />
<meta name="twitter:card" content="summary_large_image" />
<meta name="twitter:label1" content="Est. reading time" />
	<meta name="twitter:data1" content="1 minuto" />
<script type="application/ld+json" class="yoast-schema-graph">{"@context":"https://schema.org","@graph":[{"@type":"Article","@id":"https://www.manaus.am.gov.br/semed/educacao-infantil/pre-escola/#article","isPartOf":{"@id":"https://www.manaus.am.gov.br/semed/educacao-infantil/pre-escola/"},"author":{"name":"Glauber Farias","@id":"https://www.manaus.am.gov.br/semed/#/schema/person/fe69d2249d78e7a3112d42bc34c44a58"},"headline":"Pré-escola","datePublished":"2025-04-10T19:59:13+00:00","dateModified":"2025-04-10T19:59:13+00:00","mainEntityOfPage":{"@id":"https://www.manaus.am.gov.br/semed/educacao-infantil/pre-escola/"},"wordCount":34,"publisher":{"@id":"https://www.manaus.am.gov.br/semed/#organization"},"inLanguage":"pt-BR"},{"@type":"WebPage","@id":"https://www.manaus.am.gov.br/semed/educacao-infantil/pre-escola/","url":"https://www.manaus.am.gov.br/semed/educacao-infantil/pre-escola/","name":"Pré-escola - SEMED","isPartOf":{"@id":"https://www.manaus.am.gov.br/semed/#website"},"datePublished":"2025-04-10T19:59:13+00:00","dateModified":"2025-04-10T19:59:13+00:00","breadcrumb":{"@id":"https://www.manaus.am.gov.br/semed/educacao-infantil/pre-escola/#breadcrumb"},"inLanguage":"pt-BR","potentialAction":[{"@type":"ReadAction","target":["https://www.manaus.am.gov.br/semed/educacao-infantil/pre-escola/"]}]},{"@type":"BreadcrumbList","@id":"https://www.manaus.am.gov.br/semed/educacao-infantil/pre-escola/#breadcrumb","itemListElement":[{"@type":"ListItem","position":1,"name":"Educação Infantil","item":"https://www.manaus.am.gov.br/semed/educacao-infantil/"},{"@type":"ListItem","position":2,"name":"Pré-escola"}]},{"@type":"WebSite","@id":"https://www.manaus.am.gov.br/semed/#website","url":"https://www.manaus.am.gov.br/semed/","name":"Secretaria Municipal de Educação","description":"Secretaria Municipal de Educação","publisher":{"@id":"https://www.manaus.am.gov.br/semed/#organization"},"alternateName":"SEMED","potentialAction":[{"@type":"SearchAction","target":{"@type":"EntryPoint","urlTemplate":"https://www.manaus.am.gov.br/semed/?s={search_term_string}"},"query-input":"required name=search_term_string"}],"inLanguage":"pt-BR"},{"@type":"Organization","@id":"https://www.manaus.am.gov.br/semed/#organization","name":"Secretaria de Educação","alternateName":"SEMED","url":"https://www.manaus.am.gov.br/semed/","logo":{"@type":"ImageObject","inLanguage":"pt-BR","@id":"https://www.manaus.am.gov.br/semed/#/schema/logo/image/","url":"https://www.manaus.am.gov.br/semed/wp-content/uploads/sites/3/2022/11/favicon.png","contentUrl":"https://www.manaus.am.gov.br/semed/wp-content/uploads/sites/3/2022/11/favicon.png","width":300,"height":300,"caption":"Secretaria de Educação"},"image":{"@id":"https://www.manaus.am.gov.br/semed/#/schema/logo/image/"}},{"@type":"Person","@id":"https://www.manaus.am.gov.br/semed/#/schema/person/fe69d2249d78e7a3112d42bc34c44a58","name":"Glauber Farias","image":{"@type":"ImageObject","inLanguage":"pt-BR","@id":"https://www.manaus.am.gov.br/semed/#/schema/person/image/","url":"https://secure.gravatar.com/avatar/eb33200ffd19538372f635b2165531c0?s=96&d=mm&r=g","contentUrl":"https://secure.gravatar.com/avatar/eb33200ffd19538372f635b2165531c0?s=96&d=mm&r=g","caption":"Glauber Farias"}}]}</script>
<!-- / Yoast SEO plugin. -->

Pré-escola - SEMED

Educação Infantil

Secretaria Municipal de Educação

Secretaria de Educação
