{"id":6340,"date":"2024-09-11T13:53:00","date_gmt":"2024-09-11T17:53:00","guid":{"rendered":"https:\/\/www.manaus.am.gov.br\/semed\/?page_id=6340"},"modified":"2024-09-11T13:53:00","modified_gmt":"2024-09-11T17:53:00","slug":"notas-tecnicas","status":"publish","type":"page","link":"https:\/\/www.manaus.am.gov.br\/semed\/cme\/atos-normativos\/atos-administrativos\/notas-tecnicas\/","title":{"rendered":"Notas T\u00e9cnicas"},"content":{"rendered":"\n<h2 class=\"wp-block-heading\"><strong>2023<\/strong><\/h2>\n\n\n\n<p><strong><a href=\"https:\/\/www.manaus.am.gov.br\/semed\/wp-content\/uploads\/sites\/3\/2024\/09\/001_CME_2023_NOTA_TECNICA1.pdf\">NOTA T\u00c9CNICA N. 001\/CME\/2023<\/a><\/strong><\/p>\n\n\n\n<p>Esclarecimento acerca dos requisitos para investidura em cargo de professor de Ci\u00eancias de 6\u00ba ao 9\u00ba Ano do Ensino Fundamental na Rede P\u00fablica Municipal de Ensino de Manaus.<\/p>\n","protected":false},"excerpt":{"rendered":"","protected":false},"author":8,"featured_media":0,"parent":6286,"menu_order":0,"comment_status":"closed","ping_status":"closed","template":"","meta":{"footnotes":""},"acf":[],"yoast_head":"<!-- This site is optimized with the Yoast SEO plugin v23.0 - https:\/\/yoast.com\/wordpress\/plugins\/seo\/ -->\n<title>Notas T\u00e9cnicas - SEMED<\/title>\n<meta name=\"robots\" content=\"index, follow, max-snippet:-1, max-image-preview:large, max-video-preview:-1\" \/>\n<link rel=\"canonical\" href=\"https:\/\/www.manaus.am.gov.br\/semed\/cme\/atos-normativos\/atos-administrativos\/notas-tecnicas\/\" \/>\n<meta property=\"og:locale\" content=\"pt_BR\" \/>\n<meta property=\"og:type\" content=\"article\" \/>\n<meta property=\"og:title\" content=\"Notas T\u00e9cnicas - SEMED\" \/>\n<meta property=\"og:url\" content=\"https:\/\/www.manaus.am.gov.br\/semed\/cme\/atos-normativos\/atos-administrativos\/notas-tecnicas\/\" \/>\n<meta property=\"og:site_name\" content=\"SEMED\" \/>\n<meta property=\"og:image\" content=\"https:\/\/www.manaus.am.gov.br\/semed\/wp-content\/uploads\/sites\/3\/2024\/07\/thumb-default-2.png\" \/>\n\t<meta property=\"og:image:width\" content=\"966\" \/>\n\t<meta property=\"og:image:height\" content=\"520\" \/>\n\t<meta property=\"og:image:type\" content=\"image\/png\" \/>\n<meta name=\"twitter:card\" content=\"summary_large_image\" \/>\n<meta name=\"twitter:label1\" content=\"Est. reading time\" \/>\n\t<meta name=\"twitter:data1\" content=\"1 minuto\" \/>\n<script type=\"application\/ld+json\" class=\"yoast-schema-graph\">{\"@context\":\"https:\/\/schema.org\",\"@graph\":[{\"@type\":\"Article\",\"@id\":\"https:\/\/www.manaus.am.gov.br\/semed\/cme\/atos-normativos\/atos-administrativos\/notas-tecnicas\/#article\",\"isPartOf\":{\"@id\":\"https:\/\/www.manaus.am.gov.br\/semed\/cme\/atos-normativos\/atos-administrativos\/notas-tecnicas\/\"},\"author\":{\"name\":\"Glauber Farias\",\"@id\":\"https:\/\/www.manaus.am.gov.br\/semed\/#\/schema\/person\/fe69d2249d78e7a3112d42bc34c44a58\"},\"headline\":\"Notas T\u00e9cnicas\",\"datePublished\":\"2024-09-11T17:53:00+00:00\",\"dateModified\":\"2024-09-11T17:53:00+00:00\",\"mainEntityOfPage\":{\"@id\":\"https:\/\/www.manaus.am.gov.br\/semed\/cme\/atos-normativos\/atos-administrativos\/notas-tecnicas\/\"},\"wordCount\":36,\"publisher\":{\"@id\":\"https:\/\/www.manaus.am.gov.br\/semed\/#organization\"},\"inLanguage\":\"pt-BR\"},{\"@type\":\"WebPage\",\"@id\":\"https:\/\/www.manaus.am.gov.br\/semed\/cme\/atos-normativos\/atos-administrativos\/notas-tecnicas\/\",\"url\":\"https:\/\/www.manaus.am.gov.br\/semed\/cme\/atos-normativos\/atos-administrativos\/notas-tecnicas\/\",\"name\":\"Notas T\u00e9cnicas - SEMED\",\"isPartOf\":{\"@id\":\"https:\/\/www.manaus.am.gov.br\/semed\/#website\"},\"datePublished\":\"2024-09-11T17:53:00+00:00\",\"dateModified\":\"2024-09-11T17:53:00+00:00\",\"breadcrumb\":{\"@id\":\"https:\/\/www.manaus.am.gov.br\/semed\/cme\/atos-normativos\/atos-administrativos\/notas-tecnicas\/#breadcrumb\"},\"inLanguage\":\"pt-BR\",\"potentialAction\":[{\"@type\":\"ReadAction\",\"target\":[\"https:\/\/www.manaus.am.gov.br\/semed\/cme\/atos-normativos\/atos-administrativos\/notas-tecnicas\/\"]}]},{\"@type\":\"BreadcrumbList\",\"@id\":\"https:\/\/www.manaus.am.gov.br\/semed\/cme\/atos-normativos\/atos-administrativos\/notas-tecnicas\/#breadcrumb\",\"itemListElement\":[{\"@type\":\"ListItem\",\"position\":1,\"name\":\"Conselho Municipal de Educa\u00e7\u00e3o\",\"item\":\"https:\/\/www.manaus.am.gov.br\/semed\/cme\/\"},{\"@type\":\"ListItem\",\"position\":2,\"name\":\"Atos Normativos\",\"item\":\"https:\/\/www.manaus.am.gov.br\/semed\/cme\/atos-normativos\/\"},{\"@type\":\"ListItem\",\"position\":3,\"name\":\"Atos Administrativos\",\"item\":\"https:\/\/www.manaus.am.gov.br\/semed\/cme\/atos-normativos\/atos-administrativos\/\"},{\"@type\":\"ListItem\",\"position\":4,\"name\":\"Notas T\u00e9cnicas\"}]},{\"@type\":\"WebSite\",\"@id\":\"https:\/\/www.manaus.am.gov.br\/semed\/#website\",\"url\":\"https:\/\/www.manaus.am.gov.br\/semed\/\",\"name\":\"Secretaria Municipal de Educa\u00e7\u00e3o\",\"description\":\"Secretaria Municipal de Educa\u00e7\u00e3o\",\"publisher\":{\"@id\":\"https:\/\/www.manaus.am.gov.br\/semed\/#organization\"},\"alternateName\":\"SEMED\",\"potentialAction\":[{\"@type\":\"SearchAction\",\"target\":{\"@type\":\"EntryPoint\",\"urlTemplate\":\"https:\/\/www.manaus.am.gov.br\/semed\/?s={search_term_string}\"},\"query-input\":\"required name=search_term_string\"}],\"inLanguage\":\"pt-BR\"},{\"@type\":\"Organization\",\"@id\":\"https:\/\/www.manaus.am.gov.br\/semed\/#organization\",\"name\":\"Secretaria de Educa\u00e7\u00e3o\",\"alternateName\":\"SEMED\",\"url\":\"https:\/\/www.manaus.am.gov.br\/semed\/\",\"logo\":{\"@type\":\"ImageObject\",\"inLanguage\":\"pt-BR\",\"@id\":\"https:\/\/www.manaus.am.gov.br\/semed\/#\/schema\/logo\/image\/\",\"url\":\"https:\/\/www.manaus.am.gov.br\/semed\/wp-content\/uploads\/sites\/3\/2022\/11\/favicon.png\",\"contentUrl\":\"https:\/\/www.manaus.am.gov.br\/semed\/wp-content\/uploads\/sites\/3\/2022\/11\/favicon.png\",\"width\":300,\"height\":300,\"caption\":\"Secretaria de Educa\u00e7\u00e3o\"},\"image\":{\"@id\":\"https:\/\/www.manaus.am.gov.br\/semed\/#\/schema\/logo\/image\/\"}},{\"@type\":\"Person\",\"@id\":\"https:\/\/www.manaus.am.gov.br\/semed\/#\/schema\/person\/fe69d2249d78e7a3112d42bc34c44a58\",\"name\":\"Glauber Farias\",\"image\":{\"@type\":\"ImageObject\",\"inLanguage\":\"pt-BR\",\"@id\":\"https:\/\/www.manaus.am.gov.br\/semed\/#\/schema\/person\/image\/\",\"url\":\"https:\/\/secure.gravatar.com\/avatar\/eb33200ffd19538372f635b2165531c0?s=96&d=mm&r=g\",\"contentUrl\":\"https:\/\/secure.gravatar.com\/avatar\/eb33200ffd19538372f635b2165531c0?s=96&d=mm&r=g\",\"caption\":\"Glauber Farias\"}}]}<\/script>\n<!-- \/ Yoast SEO plugin. -->","yoast_head_json":{"title":"Notas T\u00e9cnicas - SEMED","robots":{"index":"index","follow":"follow","max-snippet":"max-snippet:-1","max-image-preview":"max-image-preview:large","max-video-preview":"max-video-preview:-1"},"canonical":"https:\/\/www.manaus.am.gov.br\/semed\/cme\/atos-normativos\/atos-administrativos\/notas-tecnicas\/","og_locale":"pt_BR","og_type":"article","og_title":"Notas T\u00e9cnicas - SEMED","og_url":"https:\/\/www.manaus.am.gov.br\/semed\/cme\/atos-normativos\/atos-administrativos\/notas-tecnicas\/","og_site_name":"SEMED","og_image":[{"width":966,"height":520,"url":"https:\/\/www.manaus.am.gov.br\/semed\/wp-content\/uploads\/sites\/3\/2024\/07\/thumb-default-2.png","type":"image\/png"}],"twitter_card":"summary_large_image","twitter_misc":{"Est. reading time":"1 minuto"},"schema":{"@context":"https:\/\/schema.org","@graph":[{"@type":"Article","@id":"https:\/\/www.manaus.am.gov.br\/semed\/cme\/atos-normativos\/atos-administrativos\/notas-tecnicas\/#article","isPartOf":{"@id":"https:\/\/www.manaus.am.gov.br\/semed\/cme\/atos-normativos\/atos-administrativos\/notas-tecnicas\/"},"author":{"name":"Glauber Farias","@id":"https:\/\/www.manaus.am.gov.br\/semed\/#\/schema\/person\/fe69d2249d78e7a3112d42bc34c44a58"},"headline":"Notas T\u00e9cnicas","datePublished":"2024-09-11T17:53:00+00:00","dateModified":"2024-09-11T17:53:00+00:00","mainEntityOfPage":{"@id":"https:\/\/www.manaus.am.gov.br\/semed\/cme\/atos-normativos\/atos-administrativos\/notas-tecnicas\/"},"wordCount":36,"publisher":{"@id":"https:\/\/www.manaus.am.gov.br\/semed\/#organization"},"inLanguage":"pt-BR"},{"@type":"WebPage","@id":"https:\/\/www.manaus.am.gov.br\/semed\/cme\/atos-normativos\/atos-administrativos\/notas-tecnicas\/","url":"https:\/\/www.manaus.am.gov.br\/semed\/cme\/atos-normativos\/atos-administrativos\/notas-tecnicas\/","name":"Notas T\u00e9cnicas - SEMED","isPartOf":{"@id":"https:\/\/www.manaus.am.gov.br\/semed\/#website"},"datePublished":"2024-09-11T17:53:00+00:00","dateModified":"2024-09-11T17:53:00+00:00","breadcrumb":{"@id":"https:\/\/www.manaus.am.gov.br\/semed\/cme\/atos-normativos\/atos-administrativos\/notas-tecnicas\/#breadcrumb"},"inLanguage":"pt-BR","potentialAction":[{"@type":"ReadAction","target":["https:\/\/www.manaus.am.gov.br\/semed\/cme\/atos-normativos\/atos-administrativos\/notas-tecnicas\/"]}]},{"@type":"BreadcrumbList","@id":"https:\/\/www.manaus.am.gov.br\/semed\/cme\/atos-normativos\/atos-administrativos\/notas-tecnicas\/#breadcrumb","itemListElement":[{"@type":"ListItem","position":1,"name":"Conselho Municipal de Educa\u00e7\u00e3o","item":"https:\/\/www.manaus.am.gov.br\/semed\/cme\/"},{"@type":"ListItem","position":2,"name":"Atos Normativos","item":"https:\/\/www.manaus.am.gov.br\/semed\/cme\/atos-normativos\/"},{"@type":"ListItem","position":3,"name":"Atos Administrativos","item":"https:\/\/www.manaus.am.gov.br\/semed\/cme\/atos-normativos\/atos-administrativos\/"},{"@type":"ListItem","position":4,"name":"Notas T\u00e9cnicas"}]},{"@type":"WebSite","@id":"https:\/\/www.manaus.am.gov.br\/semed\/#website","url":"https:\/\/www.manaus.am.gov.br\/semed\/","name":"Secretaria Municipal de Educa\u00e7\u00e3o","description":"Secretaria Municipal de Educa\u00e7\u00e3o","publisher":{"@id":"https:\/\/www.manaus.am.gov.br\/semed\/#organization"},"alternateName":"SEMED","potentialAction":[{"@type":"SearchAction","target":{"@type":"EntryPoint","urlTemplate":"https:\/\/www.manaus.am.gov.br\/semed\/?s={search_term_string}"},"query-input":"required name=search_term_string"}],"inLanguage":"pt-BR"},{"@type":"Organization","@id":"https:\/\/www.manaus.am.gov.br\/semed\/#organization","name":"Secretaria de Educa\u00e7\u00e3o","alternateName":"SEMED","url":"https:\/\/www.manaus.am.gov.br\/semed\/","logo":{"@type":"ImageObject","inLanguage":"pt-BR","@id":"https:\/\/www.manaus.am.gov.br\/semed\/#\/schema\/logo\/image\/","url":"https:\/\/www.manaus.am.gov.br\/semed\/wp-content\/uploads\/sites\/3\/2022\/11\/favicon.png","contentUrl":"https:\/\/www.manaus.am.gov.br\/semed\/wp-content\/uploads\/sites\/3\/2022\/11\/favicon.png","width":300,"height":300,"caption":"Secretaria de Educa\u00e7\u00e3o"},"image":{"@id":"https:\/\/www.manaus.am.gov.br\/semed\/#\/schema\/logo\/image\/"}},{"@type":"Person","@id":"https:\/\/www.manaus.am.gov.br\/semed\/#\/schema\/person\/fe69d2249d78e7a3112d42bc34c44a58","name":"Glauber Farias","image":{"@type":"ImageObject","inLanguage":"pt-BR","@id":"https:\/\/www.manaus.am.gov.br\/semed\/#\/schema\/person\/image\/","url":"https:\/\/secure.gravatar.com\/avatar\/eb33200ffd19538372f635b2165531c0?s=96&d=mm&r=g","contentUrl":"https:\/\/secure.gravatar.com\/avatar\/eb33200ffd19538372f635b2165531c0?s=96&d=mm&r=g","caption":"Glauber Farias"}}]}},"_links":{"self":[{"href":"https:\/\/www.manaus.am.gov.br\/semed\/wp-json\/wp\/v2\/pages\/6340"}],"collection":[{"href":"https:\/\/www.manaus.am.gov.br\/semed\/wp-json\/wp\/v2\/pages"}],"about":[{"href":"https:\/\/www.manaus.am.gov.br\/semed\/wp-json\/wp\/v2\/types\/page"}],"author":[{"embeddable":true,"href":"https:\/\/www.manaus.am.gov.br\/semed\/wp-json\/wp\/v2\/users\/8"}],"replies":[{"embeddable":true,"href":"https:\/\/www.manaus.am.gov.br\/semed\/wp-json\/wp\/v2\/comments?post=6340"}],"version-history":[{"count":1,"href":"https:\/\/www.manaus.am.gov.br\/semed\/wp-json\/wp\/v2\/pages\/6340\/revisions"}],"predecessor-version":[{"id":6343,"href":"https:\/\/www.manaus.am.gov.br\/semed\/wp-json\/wp\/v2\/pages\/6340\/revisions\/6343"}],"up":[{"embeddable":true,"href":"https:\/\/www.manaus.am.gov.br\/semed\/wp-json\/wp\/v2\/pages\/6286"}],"wp:attachment":[{"href":"https:\/\/www.manaus.am.gov.br\/semed\/wp-json\/wp\/v2\/media?parent=6340"}],"curies":[{"name":"wp","href":"https:\/\/api.w.org\/{rel}","templated":true}]}}

Notas Técnicas

<h2 class="wp-block-heading"><strong>2023</strong></h2>



<p><strong><a href="https://www.manaus.am.gov.br/semed/wp-content/uploads/sites/3/2024/09/001_CME_2023_NOTA_TECNICA1.pdf">NOTA TÉCNICA N. 001/CME/2023</a></strong></p>



<p>Esclarecimento acerca dos requisitos para investidura em cargo de professor de Ciências de 6º ao 9º Ano do Ensino Fundamental na Rede Pública Municipal de Ensino de Manaus.</p>

<!-- This site is optimized with the Yoast SEO plugin v23.0 - https://yoast.com/wordpress/plugins/seo/ -->
<title>Notas Técnicas - SEMED</title>
<meta name="robots" content="index, follow, max-snippet:-1, max-image-preview:large, max-video-preview:-1" />
<link rel="canonical" href="https://www.manaus.am.gov.br/semed/cme/atos-normativos/atos-administrativos/notas-tecnicas/" />
<meta property="og:locale" content="pt_BR" />
<meta property="og:type" content="article" />
<meta property="og:title" content="Notas Técnicas - SEMED" />
<meta property="og:url" content="https://www.manaus.am.gov.br/semed/cme/atos-normativos/atos-administrativos/notas-tecnicas/" />
<meta property="og:site_name" content="SEMED" />
<meta property="og:image" content="https://www.manaus.am.gov.br/semed/wp-content/uploads/sites/3/2024/07/thumb-default-2.png" />
	<meta property="og:image:width" content="966" />
	<meta property="og:image:height" content="520" />
	<meta property="og:image:type" content="image/png" />
<meta name="twitter:card" content="summary_large_image" />
<meta name="twitter:label1" content="Est. reading time" />
	<meta name="twitter:data1" content="1 minuto" />
<script type="application/ld+json" class="yoast-schema-graph">{"@context":"https://schema.org","@graph":[{"@type":"Article","@id":"https://www.manaus.am.gov.br/semed/cme/atos-normativos/atos-administrativos/notas-tecnicas/#article","isPartOf":{"@id":"https://www.manaus.am.gov.br/semed/cme/atos-normativos/atos-administrativos/notas-tecnicas/"},"author":{"name":"Glauber Farias","@id":"https://www.manaus.am.gov.br/semed/#/schema/person/fe69d2249d78e7a3112d42bc34c44a58"},"headline":"Notas Técnicas","datePublished":"2024-09-11T17:53:00+00:00","dateModified":"2024-09-11T17:53:00+00:00","mainEntityOfPage":{"@id":"https://www.manaus.am.gov.br/semed/cme/atos-normativos/atos-administrativos/notas-tecnicas/"},"wordCount":36,"publisher":{"@id":"https://www.manaus.am.gov.br/semed/#organization"},"inLanguage":"pt-BR"},{"@type":"WebPage","@id":"https://www.manaus.am.gov.br/semed/cme/atos-normativos/atos-administrativos/notas-tecnicas/","url":"https://www.manaus.am.gov.br/semed/cme/atos-normativos/atos-administrativos/notas-tecnicas/","name":"Notas Técnicas - SEMED","isPartOf":{"@id":"https://www.manaus.am.gov.br/semed/#website"},"datePublished":"2024-09-11T17:53:00+00:00","dateModified":"2024-09-11T17:53:00+00:00","breadcrumb":{"@id":"https://www.manaus.am.gov.br/semed/cme/atos-normativos/atos-administrativos/notas-tecnicas/#breadcrumb"},"inLanguage":"pt-BR","potentialAction":[{"@type":"ReadAction","target":["https://www.manaus.am.gov.br/semed/cme/atos-normativos/atos-administrativos/notas-tecnicas/"]}]},{"@type":"BreadcrumbList","@id":"https://www.manaus.am.gov.br/semed/cme/atos-normativos/atos-administrativos/notas-tecnicas/#breadcrumb","itemListElement":[{"@type":"ListItem","position":1,"name":"Conselho Municipal de Educação","item":"https://www.manaus.am.gov.br/semed/cme/"},{"@type":"ListItem","position":2,"name":"Atos Normativos","item":"https://www.manaus.am.gov.br/semed/cme/atos-normativos/"},{"@type":"ListItem","position":3,"name":"Atos Administrativos","item":"https://www.manaus.am.gov.br/semed/cme/atos-normativos/atos-administrativos/"},{"@type":"ListItem","position":4,"name":"Notas Técnicas"}]},{"@type":"WebSite","@id":"https://www.manaus.am.gov.br/semed/#website","url":"https://www.manaus.am.gov.br/semed/","name":"Secretaria Municipal de Educação","description":"Secretaria Municipal de Educação","publisher":{"@id":"https://www.manaus.am.gov.br/semed/#organization"},"alternateName":"SEMED","potentialAction":[{"@type":"SearchAction","target":{"@type":"EntryPoint","urlTemplate":"https://www.manaus.am.gov.br/semed/?s={search_term_string}"},"query-input":"required name=search_term_string"}],"inLanguage":"pt-BR"},{"@type":"Organization","@id":"https://www.manaus.am.gov.br/semed/#organization","name":"Secretaria de Educação","alternateName":"SEMED","url":"https://www.manaus.am.gov.br/semed/","logo":{"@type":"ImageObject","inLanguage":"pt-BR","@id":"https://www.manaus.am.gov.br/semed/#/schema/logo/image/","url":"https://www.manaus.am.gov.br/semed/wp-content/uploads/sites/3/2022/11/favicon.png","contentUrl":"https://www.manaus.am.gov.br/semed/wp-content/uploads/sites/3/2022/11/favicon.png","width":300,"height":300,"caption":"Secretaria de Educação"},"image":{"@id":"https://www.manaus.am.gov.br/semed/#/schema/logo/image/"}},{"@type":"Person","@id":"https://www.manaus.am.gov.br/semed/#/schema/person/fe69d2249d78e7a3112d42bc34c44a58","name":"Glauber Farias","image":{"@type":"ImageObject","inLanguage":"pt-BR","@id":"https://www.manaus.am.gov.br/semed/#/schema/person/image/","url":"https://secure.gravatar.com/avatar/eb33200ffd19538372f635b2165531c0?s=96&d=mm&r=g","contentUrl":"https://secure.gravatar.com/avatar/eb33200ffd19538372f635b2165531c0?s=96&d=mm&r=g","caption":"Glauber Farias"}}]}</script>
<!-- / Yoast SEO plugin. -->

Notas Técnicas - SEMED

Conselho Municipal de Educação

Secretaria Municipal de Educação

Secretaria de Educação
