{"id":623,"date":"2023-01-18T14:21:16","date_gmt":"2023-01-18T18:21:16","guid":{"rendered":"https:\/\/www.manaus.am.gov.br\/semed\/?page_id=623"},"modified":"2025-07-16T11:10:18","modified_gmt":"2025-07-16T15:10:18","slug":"concursos-e-selecoes","status":"publish","type":"page","link":"https:\/\/www.manaus.am.gov.br\/semed\/concursos-e-selecoes\/","title":{"rendered":"Concursos e Sele\u00e7\u00f5es"},"content":{"rendered":"\n<h2 class=\"wp-block-heading\">Bem-vindo \u00e0 Comiss\u00e3o de Investidura da SEMED!<\/h2>\n\n\n\n<p>A Semed, visando \u00e0 transpar\u00eancia de suas a\u00e7\u00f5es no que tange \u00e0 investidura de novos servidores e a agilidade nos atendimentos de posse e contrata\u00e7\u00e3o, disponibiliza as orienta\u00e7\u00f5es gerais e a documenta\u00e7\u00e3o necess\u00e1ria a serem apresentadas, conforme solicitado nos editais de&nbsp;Concurso P\u00fablico e&nbsp; Processo Seletivo Simplificado.<\/p>\n\n\n\n<div class=\"wp-block-columns is-layout-flex wp-container-core-columns-layout-1 wp-block-columns-is-layout-flex\">\n<div class=\"wp-block-column is-layout-flow wp-block-column-is-layout-flow\">\n<p>Contatos: (92) 98842-7891 \/ 99962-6282<\/p>\n\n\n\n<p><\/p>\n\n\n\n<h2 class=\"wp-block-heading\">Concursos<\/h2>\n\n\n\n<h2 class=\"wp-block-heading\"><a href=\"https:\/\/www.manaus.am.gov.br\/semed\/concurso-2017\/\" target=\"_blank\" rel=\"noreferrer noopener\">2017<\/a><\/h2>\n\n\n\n<p><\/p>\n\n\n\n<h2 class=\"wp-block-heading\">Processos Seletivos<\/h2>\n\n\n\n<h2 class=\"wp-block-heading\">Processo Seletivo Simplificado 2025<\/h2>\n\n\n\n<p><a href=\"https:\/\/www.manaus.am.gov.br\/semed\/wp-content\/uploads\/sites\/3\/2025\/03\/Edital-PSS-2025-Ciencias-Matematica-e-Pedagogo.pdf\">1- Edital n\u00ba 001\/2025;<\/a><\/p>\n\n\n\n<p><a href=\"https:\/\/www.manaus.am.gov.br\/semed\/wp-content\/uploads\/sites\/3\/2025\/03\/Republicacao-do-Edital-PSS-2025.pdf\">2- Republica\u00e7\u00e3o do Edital n\u00ba 001\/2025;<\/a><\/p>\n\n\n\n<p><a href=\"https:\/\/www.manaus.am.gov.br\/semed\/wp-content\/uploads\/sites\/3\/2025\/03\/Relacao-de-inscritos-PSS-001-2025.pdf\">3- Rela\u00e7\u00e3o de Inscritos;<\/a><\/p>\n\n\n\n<p><a href=\"https:\/\/www.manaus.am.gov.br\/semed\/wp-content\/uploads\/sites\/3\/2025\/03\/Resultado-Preliminar-PSS-2025.pdf\">4- Resultado Preliminar;<\/a><\/p>\n\n\n\n<p><a href=\"https:\/\/www.manaus.am.gov.br\/semed\/wp-content\/uploads\/sites\/3\/2025\/03\/Resultado-da-analise-dos-recursos-PSS-2025.pdf\">5- Resultado da an\u00e1lise dos recursos;<\/a><\/p>\n\n\n\n<p><a href=\"https:\/\/www.manaus.am.gov.br\/semed\/wp-content\/uploads\/sites\/3\/2025\/03\/Homologacao-PSS-2025.pdf\">6- Homologa\u00e7\u00e3o;<\/a><\/p>\n\n\n\n<p><a href=\"https:\/\/www.manaus.am.gov.br\/semed\/wp-content\/uploads\/sites\/3\/2025\/03\/1a-Convocacao-PSS-2025.pdf\">7- 1\u00aa Convoca\u00e7\u00e3o.<\/a><\/p>\n\n\n\n<p><\/p>\n\n\n\n<h2 class=\"wp-block-heading\">Processo Seletivo Simplificado &#8211; Educa\u00e7\u00e3o Infantil, 1\u00b0 ao 5\u00b0 ano e L\u00edngua Portuguesa &#8211; 2023<\/h2>\n\n\n\n<p>O Processo Seletivo Simplificado para contrata\u00e7\u00e3o de Professor Substituto para os ensinos de Educa\u00e7\u00e3o Infantil,1\u00ba ao 5\u00ba ano e L\u00edngua Portuguesa, por tempo determinado, para atender \u00e0s necessidades desta Secretaria, sujeitos ao Regime Jur\u00eddico de Direito Administrativo, institu\u00eddo pela Lei n.\u00ba 1.425, de 26 de mar\u00e7o de 2010, alterada pela Lei n.\u00ba 1.718, de 14 de mar\u00e7o de 2013, observadas a norma do Art. 37, inciso IX, da Constitui\u00e7\u00e3o Federal de 1988, bem como as normas contidas no presente Edital.<\/p>\n\n\n\n<h2 class=\"wp-block-heading\"><a href=\"https:\/\/www.manaus.am.gov.br\/semed\/wp-content\/uploads\/sites\/3\/2023\/09\/Edital-do-PSS-2023.pdf\" target=\"_blank\" rel=\"noreferrer noopener\">Edital 009\/2023 &#8211; DOM n\u00ba 5666 de 11 de setembro de 2023<\/a><\/h2>\n\n\n\n<h2 class=\"wp-block-heading\"><a href=\"https:\/\/www.manaus.am.gov.br\/semed\/wp-content\/uploads\/sites\/3\/2023\/09\/1-Declaracao-negativa.pdf\" target=\"_blank\" rel=\"noreferrer noopener\">Declara\u00e7\u00e3o negativa<\/a><\/h2>\n\n\n\n<h2 class=\"wp-block-heading\"><a href=\"https:\/\/www.manaus.am.gov.br\/semed\/wp-content\/uploads\/sites\/3\/2023\/09\/2-Declaracao-de-bens.pdf\" target=\"_blank\" rel=\"noreferrer noopener\">Declara\u00e7\u00e3o de bens<\/a><\/h2>\n\n\n\n<h2 class=\"wp-block-heading\"><a href=\"https:\/\/www.manaus.am.gov.br\/semed\/wp-content\/uploads\/sites\/3\/2023\/09\/3-Declaracao-de-vinculo-de-parentesco-1.pdf\" target=\"_blank\" rel=\"noreferrer noopener\">Declara\u00e7\u00e3o de v\u00ednculo de parentesco<\/a><\/h2>\n\n\n\n<h2 class=\"wp-block-heading\"><a href=\"https:\/\/www.manaus.am.gov.br\/semed\/wp-content\/uploads\/sites\/3\/2023\/09\/4-Declaracao-de-acumulacao-de-cargos.pdf\" target=\"_blank\" rel=\"noreferrer noopener\">Declara\u00e7\u00e3o de acumula\u00e7\u00e3o de cargos<\/a><\/h2>\n\n\n\n<h2 class=\"wp-block-heading\"><a href=\"https:\/\/www.manaus.am.gov.br\/semed\/wp-content\/uploads\/sites\/3\/2023\/09\/5-Declaracao-de-dependentes.pdf\" target=\"_blank\" rel=\"noreferrer noopener\">Declara\u00e7\u00e3o de dependentes<\/a><\/h2>\n\n\n\n<h2 class=\"wp-block-heading\"><a href=\"https:\/\/www.manaus.am.gov.br\/semed\/wp-content\/uploads\/sites\/3\/2023\/09\/6-Orientacoes-gerais.pdf\" target=\"_blank\" rel=\"noreferrer noopener\">Orienta\u00e7\u00f5es gerais<\/a><\/h2>\n\n\n\n<h2 class=\"wp-block-heading\"><a href=\"http:\/\/servicossemed.manaus.am.gov.br\/pss\" target=\"_blank\" rel=\"noreferrer noopener\">Inscri\u00e7\u00f5es<\/a><\/h2>\n\n\n\n<p><\/p>\n\n\n\n<h2 class=\"wp-block-heading\">Processo Seletivo Simplificado \u2013 ENGENHEIRO E&nbsp;ARQUITETO<\/h2>\n\n\n\n<p>O Processo Seletivo Simplificado para contrata\u00e7\u00e3o de Engenheiro Civil, Engenheiro Eletricista e Arquiteto Urbanista, por tempo determinado, para atender \u00e0s necessidades desta Secretaria, sujeitos ao Regime Jur\u00eddico de Direito Administrativo, institu\u00eddo pela Lei n.\u00ba 1.425, de 26 de mar\u00e7o de 2010, alterada pela Lei n.\u00ba 1.718, de 14 de mar\u00e7o de 2013, observadas a norma do Art. 37, inciso IX, da Constitui\u00e7\u00e3o Federal de 1988, bem como as normas contidas no edital.<\/p>\n\n\n\n<h2 class=\"wp-block-heading\"><a href=\"https:\/\/www.manaus.am.gov.br\/semed\/wp-content\/uploads\/sites\/3\/2023\/05\/DOM-5579-05.05.2023-CAD-1.pdf\" target=\"_blank\" rel=\"noreferrer noopener\">Edital N\u00ba 003\/2023<\/a><\/h2>\n\n\n\n<h2 class=\"wp-block-heading\"><a href=\"https:\/\/www.manaus.am.gov.br\/semed\/wp-content\/uploads\/sites\/3\/2023\/07\/1-Retificac\u0327a\u0303o-Edital-PSS-Engenheiro-e-Arquiteto-DOM-5583-11.05.2023-CAD-1.pdf\" target=\"_blank\" rel=\"noreferrer noopener\">Retifica\u00e7\u00e3o do Edital<\/a><\/h2>\n\n\n\n<h2 class=\"wp-block-heading\"><a href=\"https:\/\/www.manaus.am.gov.br\/semed\/wp-content\/uploads\/sites\/3\/2023\/07\/2-Relac\u0327a\u0303o-de-Incritos-PSS-Engenheiro-e-Arquiteto-DOM-5591-23.05.2023-CAD-1.pdf\">Rela\u00e7\u00e3o dos Inscritos<\/a><\/h2>\n\n\n\n<h2 class=\"wp-block-heading\"><a href=\"https:\/\/www.manaus.am.gov.br\/semed\/wp-content\/uploads\/sites\/3\/2023\/07\/3-Resultado-Preliminar-PSS-Engenheiro-e-Arquiteto-DOM-5592-24.05.2023-CAD-2-SEMED.pdf\" target=\"_blank\" rel=\"noreferrer noopener\">Resultado Preliminar<\/a><\/h2>\n\n\n\n<h2 class=\"wp-block-heading\"><a href=\"https:\/\/www.manaus.am.gov.br\/semed\/wp-content\/uploads\/sites\/3\/2023\/07\/4-Republicac\u0327a\u0303o-Resultado-Preliminar-PSS-Engenheiro-DOM-5597-31.05.2023-CAD-1.pdf\" target=\"_blank\" rel=\"noreferrer noopener\">Republica\u00e7\u00e3o do Resultado Preliminar<\/a><\/h2>\n\n\n\n<h2 class=\"wp-block-heading\"><a href=\"https:\/\/www.manaus.am.gov.br\/semed\/wp-content\/uploads\/sites\/3\/2023\/07\/5-Resultado-dos-Recursos-PSS-Egenheiro-e-Arquiteto-DOM-5601-06.06.2023-CAD-1.pdf\" target=\"_blank\" rel=\"noreferrer noopener\">Resultado dos Recursos <\/a><\/h2>\n\n\n\n<h2 class=\"wp-block-heading\"><a href=\"https:\/\/www.manaus.am.gov.br\/semed\/wp-content\/uploads\/sites\/3\/2023\/07\/6-Resultado-Final-Homologac\u0327a\u0303o-PSS-Engenheiro-e-Arquiteto-DOM-5601-06.06.2023-CAD-1.pdf\" target=\"_blank\" rel=\"noreferrer noopener\">Resultado Final (homologa\u00e7\u00e3o)<\/a><\/h2>\n\n\n\n<h2 class=\"wp-block-heading\"><a href=\"https:\/\/www.manaus.am.gov.br\/semed\/wp-content\/uploads\/sites\/3\/2023\/05\/6-Orientac\u0327o\u0303es-gerais.pdf\" target=\"_blank\" rel=\"noreferrer noopener\">Orienta\u00e7\u00f5es Gerais<\/a><\/h2>\n\n\n\n<h2 class=\"wp-block-heading\"><a href=\"https:\/\/www.manaus.am.gov.br\/semed\/wp-content\/uploads\/sites\/3\/2023\/05\/5-Declarac\u0327a\u0303o-de-dependentes.pdf\" target=\"_blank\" rel=\"noreferrer noopener\">Declara\u00e7\u00e3o de dependentes<\/a><\/h2>\n\n\n\n<h2 class=\"wp-block-heading\"><a href=\"https:\/\/www.manaus.am.gov.br\/semed\/wp-content\/uploads\/sites\/3\/2023\/05\/4-Declarac\u0327a\u0303o-de-acumulac\u0327a\u0303o-de-cargos.pdf\" target=\"_blank\" rel=\"noreferrer noopener\">Declara\u00e7\u00e3o de acumula\u00e7\u00e3o de cargos<\/a><\/h2>\n\n\n\n<h2 class=\"wp-block-heading\"><a href=\"https:\/\/www.manaus.am.gov.br\/semed\/wp-content\/uploads\/sites\/3\/2023\/05\/3-Declarac\u0327a\u0303o-de-vi\u0301nculo-de-parentesco.pdf\" target=\"_blank\" rel=\"noreferrer noopener\">Declara\u00e7\u00e3o de v\u00ednculo de parentesco<\/a><\/h2>\n\n\n\n<h2 class=\"wp-block-heading\"><a href=\"https:\/\/www.manaus.am.gov.br\/semed\/wp-content\/uploads\/sites\/3\/2023\/05\/2-Declarac\u0327a\u0303o-de-bens.pdf\" target=\"_blank\" rel=\"noreferrer noopener\">Declara\u00e7\u00e3o de bens<\/a><\/h2>\n\n\n\n<h2 class=\"wp-block-heading\"><a href=\"https:\/\/www.manaus.am.gov.br\/semed\/wp-content\/uploads\/sites\/3\/2023\/05\/1-Declarac\u0327a\u0303o-negativa.pdf\" target=\"_blank\" rel=\"noreferrer noopener\">Declara\u00e7\u00e3o negativa<\/a><\/h2>\n\n\n\n<p><\/p>\n\n\n\n<h2 class=\"wp-block-heading\">Processo Seletivo Simplificado Interno &#8211; PROJOVEM 2021\/2023<\/h2>\n\n\n\n<p>O Processo Seletivo Simplificado Interno \u2013 PSSI, regido por este Edital, tem por finalidade selecionar servidores do quadro efetivo da SEMED\/Manaus e formar cadastro reserva para atua\u00e7\u00e3o no Programa Nacional de Inclus\u00e3o de Jovens \u2013 Projovem Urbano \u2013 Edi\u00e7\u00e3o Especial 2021\/2023, pelo prazo ininterrupto de 18 (dezoito) meses.<\/p>\n\n\n\n<h2 class=\"wp-block-heading\"><a href=\"https:\/\/www.manaus.am.gov.br\/semed\/wp-content\/uploads\/sites\/3\/2023\/04\/DOM-5553-24.03.2023-CAD-1.pdf\" target=\"_blank\" rel=\"noreferrer noopener\">Edital N\u00ba 002\/2023<\/a><\/h2>\n\n\n\n<h2 class=\"wp-block-heading\"><a href=\"https:\/\/www.manaus.am.gov.br\/semed\/wp-content\/uploads\/sites\/3\/2023\/04\/Anexo-III-DECLARACAO-DE-DISPONIBILIDADE-DO-TEMPO-EXIGIDO-PARA-ATUAR-NO-PROGRAMA.pdf\" target=\"_blank\" rel=\"noreferrer noopener\">Declara\u00e7\u00e3o de disponibilidade do tempo exigido para atuar no programa (Anexo III)<\/a><\/h2>\n\n\n\n<h2 class=\"wp-block-heading\"><a href=\"https:\/\/www.manaus.am.gov.br\/semed\/wp-content\/uploads\/sites\/3\/2023\/04\/Anexo-IV-DECLARACAO-DE-CONHECIMENTOS-BASICOS-EM-INFORMATICA-nova.pdf\" target=\"_blank\" rel=\"noreferrer noopener\">Declara\u00e7\u00e3o de conhecimentos b\u00e1sicos em inform\u00e1tica (Anexo IV)<\/a><\/h2>\n\n\n\n<p><\/p>\n\n\n\n<h2 class=\"wp-block-heading\">Processo Seletivo Simplificado &#8211; Pedagogo e professor 1\u00ba ao 5\u00ba\/2021 &#8211; ENCERRADO<\/h2>\n\n\n\n<p><\/p>\n\n\n\n<h2 class=\"wp-block-heading\">Processo Seletivo Simplificado &#8211; Ci\u00eancias e Matem\u00e1tica\/2021 &#8211; ENCERRADO <\/h2>\n\n\n\n<p><\/p>\n\n\n\n<h2 class=\"wp-block-heading\">Processo Seletivo Simplificado &#8211; Ci\u00eancias e Matem\u00e1tica\/2019 &#8211; ENCERRADO <\/h2>\n\n\n\n<p><\/p>\n\n\n\n<h2 class=\"wp-block-heading\">Processo Seletivo 2017 &#8211; ENCERRADO <\/h2>\n\n\n\n<p><\/p>\n\n\n\n<h2 class=\"wp-block-heading\">Processo Seletivo Simplificado 2016 &#8211; ENCERRADO <\/h2>\n\n\n\n<p><\/p>\n\n\n\n<h2 class=\"wp-block-heading\">Concurso P\u00fablico 2011\/2014 &#8211; ENCERRADO <\/h2>\n<\/div>\n<\/div>\n","protected":false},"excerpt":{"rendered":"","protected":false},"author":27,"featured_media":0,"parent":0,"menu_order":0,"comment_status":"closed","ping_status":"closed","template":"","meta":{"footnotes":""},"acf":[],"yoast_head":"<!-- This site is optimized with the Yoast SEO plugin v23.0 - https:\/\/yoast.com\/wordpress\/plugins\/seo\/ -->\n<title>Concursos e Sele\u00e7\u00f5es - SEMED<\/title>\n<meta name=\"robots\" content=\"index, follow, max-snippet:-1, max-image-preview:large, max-video-preview:-1\" \/>\n<link rel=\"canonical\" href=\"https:\/\/www.manaus.am.gov.br\/semed\/concursos-e-selecoes\/\" \/>\n<meta property=\"og:locale\" content=\"pt_BR\" \/>\n<meta property=\"og:type\" content=\"article\" \/>\n<meta property=\"og:title\" content=\"Concursos e Sele\u00e7\u00f5es - SEMED\" \/>\n<meta property=\"og:url\" content=\"https:\/\/www.manaus.am.gov.br\/semed\/concursos-e-selecoes\/\" \/>\n<meta property=\"og:site_name\" content=\"SEMED\" \/>\n<meta property=\"article:modified_time\" content=\"2025-07-16T15:10:18+00:00\" \/>\n<meta property=\"og:image\" content=\"https:\/\/www.manaus.am.gov.br\/semed\/wp-content\/uploads\/sites\/3\/2024\/07\/thumb-default-2.png\" \/>\n\t<meta property=\"og:image:width\" content=\"966\" \/>\n\t<meta property=\"og:image:height\" content=\"520\" \/>\n\t<meta property=\"og:image:type\" content=\"image\/png\" \/>\n<meta name=\"twitter:card\" content=\"summary_large_image\" \/>\n<meta name=\"twitter:label1\" content=\"Est. reading time\" \/>\n\t<meta name=\"twitter:data1\" content=\"3 minutos\" \/>\n<script type=\"application\/ld+json\" class=\"yoast-schema-graph\">{\"@context\":\"https:\/\/schema.org\",\"@graph\":[{\"@type\":\"Article\",\"@id\":\"https:\/\/www.manaus.am.gov.br\/semed\/concursos-e-selecoes\/#article\",\"isPartOf\":{\"@id\":\"https:\/\/www.manaus.am.gov.br\/semed\/concursos-e-selecoes\/\"},\"author\":{\"name\":\"Imarketing Digital\",\"@id\":\"https:\/\/www.manaus.am.gov.br\/semed\/#\/schema\/person\/79525a47ac5902f50493820d995728ee\"},\"headline\":\"Concursos e Sele\u00e7\u00f5es\",\"datePublished\":\"2023-01-18T18:21:16+00:00\",\"dateModified\":\"2025-07-16T15:10:18+00:00\",\"mainEntityOfPage\":{\"@id\":\"https:\/\/www.manaus.am.gov.br\/semed\/concursos-e-selecoes\/\"},\"wordCount\":489,\"publisher\":{\"@id\":\"https:\/\/www.manaus.am.gov.br\/semed\/#organization\"},\"inLanguage\":\"pt-BR\"},{\"@type\":\"WebPage\",\"@id\":\"https:\/\/www.manaus.am.gov.br\/semed\/concursos-e-selecoes\/\",\"url\":\"https:\/\/www.manaus.am.gov.br\/semed\/concursos-e-selecoes\/\",\"name\":\"Concursos e Sele\u00e7\u00f5es - SEMED\",\"isPartOf\":{\"@id\":\"https:\/\/www.manaus.am.gov.br\/semed\/#website\"},\"datePublished\":\"2023-01-18T18:21:16+00:00\",\"dateModified\":\"2025-07-16T15:10:18+00:00\",\"inLanguage\":\"pt-BR\",\"potentialAction\":[{\"@type\":\"ReadAction\",\"target\":[\"https:\/\/www.manaus.am.gov.br\/semed\/concursos-e-selecoes\/\"]}]},{\"@type\":\"WebSite\",\"@id\":\"https:\/\/www.manaus.am.gov.br\/semed\/#website\",\"url\":\"https:\/\/www.manaus.am.gov.br\/semed\/\",\"name\":\"Secretaria Municipal de Educa\u00e7\u00e3o\",\"description\":\"Secretaria Municipal de Educa\u00e7\u00e3o\",\"publisher\":{\"@id\":\"https:\/\/www.manaus.am.gov.br\/semed\/#organization\"},\"alternateName\":\"SEMED\",\"potentialAction\":[{\"@type\":\"SearchAction\",\"target\":{\"@type\":\"EntryPoint\",\"urlTemplate\":\"https:\/\/www.manaus.am.gov.br\/semed\/?s={search_term_string}\"},\"query-input\":\"required name=search_term_string\"}],\"inLanguage\":\"pt-BR\"},{\"@type\":\"Organization\",\"@id\":\"https:\/\/www.manaus.am.gov.br\/semed\/#organization\",\"name\":\"Secretaria de Educa\u00e7\u00e3o\",\"alternateName\":\"SEMED\",\"url\":\"https:\/\/www.manaus.am.gov.br\/semed\/\",\"logo\":{\"@type\":\"ImageObject\",\"inLanguage\":\"pt-BR\",\"@id\":\"https:\/\/www.manaus.am.gov.br\/semed\/#\/schema\/logo\/image\/\",\"url\":\"https:\/\/www.manaus.am.gov.br\/semed\/wp-content\/uploads\/sites\/3\/2022\/11\/favicon.png\",\"contentUrl\":\"https:\/\/www.manaus.am.gov.br\/semed\/wp-content\/uploads\/sites\/3\/2022\/11\/favicon.png\",\"width\":300,\"height\":300,\"caption\":\"Secretaria de Educa\u00e7\u00e3o\"},\"image\":{\"@id\":\"https:\/\/www.manaus.am.gov.br\/semed\/#\/schema\/logo\/image\/\"}},{\"@type\":\"Person\",\"@id\":\"https:\/\/www.manaus.am.gov.br\/semed\/#\/schema\/person\/79525a47ac5902f50493820d995728ee\",\"name\":\"Imarketing Digital\",\"image\":{\"@type\":\"ImageObject\",\"inLanguage\":\"pt-BR\",\"@id\":\"https:\/\/www.manaus.am.gov.br\/semed\/#\/schema\/person\/image\/\",\"url\":\"https:\/\/secure.gravatar.com\/avatar\/03432d3c57b756ed9760f7019c815a3a?s=96&d=mm&r=g\",\"contentUrl\":\"https:\/\/secure.gravatar.com\/avatar\/03432d3c57b756ed9760f7019c815a3a?s=96&d=mm&r=g\",\"caption\":\"Imarketing Digital\"}}]}<\/script>\n<!-- \/ Yoast SEO plugin. -->","yoast_head_json":{"title":"Concursos e Sele\u00e7\u00f5es - SEMED","robots":{"index":"index","follow":"follow","max-snippet":"max-snippet:-1","max-image-preview":"max-image-preview:large","max-video-preview":"max-video-preview:-1"},"canonical":"https:\/\/www.manaus.am.gov.br\/semed\/concursos-e-selecoes\/","og_locale":"pt_BR","og_type":"article","og_title":"Concursos e Sele\u00e7\u00f5es - SEMED","og_url":"https:\/\/www.manaus.am.gov.br\/semed\/concursos-e-selecoes\/","og_site_name":"SEMED","article_modified_time":"2025-07-16T15:10:18+00:00","og_image":[{"width":966,"height":520,"url":"https:\/\/www.manaus.am.gov.br\/semed\/wp-content\/uploads\/sites\/3\/2024\/07\/thumb-default-2.png","type":"image\/png"}],"twitter_card":"summary_large_image","twitter_misc":{"Est. reading time":"3 minutos"},"schema":{"@context":"https:\/\/schema.org","@graph":[{"@type":"Article","@id":"https:\/\/www.manaus.am.gov.br\/semed\/concursos-e-selecoes\/#article","isPartOf":{"@id":"https:\/\/www.manaus.am.gov.br\/semed\/concursos-e-selecoes\/"},"author":{"name":"Imarketing Digital","@id":"https:\/\/www.manaus.am.gov.br\/semed\/#\/schema\/person\/79525a47ac5902f50493820d995728ee"},"headline":"Concursos e Sele\u00e7\u00f5es","datePublished":"2023-01-18T18:21:16+00:00","dateModified":"2025-07-16T15:10:18+00:00","mainEntityOfPage":{"@id":"https:\/\/www.manaus.am.gov.br\/semed\/concursos-e-selecoes\/"},"wordCount":489,"publisher":{"@id":"https:\/\/www.manaus.am.gov.br\/semed\/#organization"},"inLanguage":"pt-BR"},{"@type":"WebPage","@id":"https:\/\/www.manaus.am.gov.br\/semed\/concursos-e-selecoes\/","url":"https:\/\/www.manaus.am.gov.br\/semed\/concursos-e-selecoes\/","name":"Concursos e Sele\u00e7\u00f5es - SEMED","isPartOf":{"@id":"https:\/\/www.manaus.am.gov.br\/semed\/#website"},"datePublished":"2023-01-18T18:21:16+00:00","dateModified":"2025-07-16T15:10:18+00:00","inLanguage":"pt-BR","potentialAction":[{"@type":"ReadAction","target":["https:\/\/www.manaus.am.gov.br\/semed\/concursos-e-selecoes\/"]}]},{"@type":"WebSite","@id":"https:\/\/www.manaus.am.gov.br\/semed\/#website","url":"https:\/\/www.manaus.am.gov.br\/semed\/","name":"Secretaria Municipal de Educa\u00e7\u00e3o","description":"Secretaria Municipal de Educa\u00e7\u00e3o","publisher":{"@id":"https:\/\/www.manaus.am.gov.br\/semed\/#organization"},"alternateName":"SEMED","potentialAction":[{"@type":"SearchAction","target":{"@type":"EntryPoint","urlTemplate":"https:\/\/www.manaus.am.gov.br\/semed\/?s={search_term_string}"},"query-input":"required name=search_term_string"}],"inLanguage":"pt-BR"},{"@type":"Organization","@id":"https:\/\/www.manaus.am.gov.br\/semed\/#organization","name":"Secretaria de Educa\u00e7\u00e3o","alternateName":"SEMED","url":"https:\/\/www.manaus.am.gov.br\/semed\/","logo":{"@type":"ImageObject","inLanguage":"pt-BR","@id":"https:\/\/www.manaus.am.gov.br\/semed\/#\/schema\/logo\/image\/","url":"https:\/\/www.manaus.am.gov.br\/semed\/wp-content\/uploads\/sites\/3\/2022\/11\/favicon.png","contentUrl":"https:\/\/www.manaus.am.gov.br\/semed\/wp-content\/uploads\/sites\/3\/2022\/11\/favicon.png","width":300,"height":300,"caption":"Secretaria de Educa\u00e7\u00e3o"},"image":{"@id":"https:\/\/www.manaus.am.gov.br\/semed\/#\/schema\/logo\/image\/"}},{"@type":"Person","@id":"https:\/\/www.manaus.am.gov.br\/semed\/#\/schema\/person\/79525a47ac5902f50493820d995728ee","name":"Imarketing Digital","image":{"@type":"ImageObject","inLanguage":"pt-BR","@id":"https:\/\/www.manaus.am.gov.br\/semed\/#\/schema\/person\/image\/","url":"https:\/\/secure.gravatar.com\/avatar\/03432d3c57b756ed9760f7019c815a3a?s=96&d=mm&r=g","contentUrl":"https:\/\/secure.gravatar.com\/avatar\/03432d3c57b756ed9760f7019c815a3a?s=96&d=mm&r=g","caption":"Imarketing Digital"}}]}},"_links":{"self":[{"href":"https:\/\/www.manaus.am.gov.br\/semed\/wp-json\/wp\/v2\/pages\/623"}],"collection":[{"href":"https:\/\/www.manaus.am.gov.br\/semed\/wp-json\/wp\/v2\/pages"}],"about":[{"href":"https:\/\/www.manaus.am.gov.br\/semed\/wp-json\/wp\/v2\/types\/page"}],"author":[{"embeddable":true,"href":"https:\/\/www.manaus.am.gov.br\/semed\/wp-json\/wp\/v2\/users\/27"}],"replies":[{"embeddable":true,"href":"https:\/\/www.manaus.am.gov.br\/semed\/wp-json\/wp\/v2\/comments?post=623"}],"version-history":[{"count":40,"href":"https:\/\/www.manaus.am.gov.br\/semed\/wp-json\/wp\/v2\/pages\/623\/revisions"}],"predecessor-version":[{"id":9320,"href":"https:\/\/www.manaus.am.gov.br\/semed\/wp-json\/wp\/v2\/pages\/623\/revisions\/9320"}],"wp:attachment":[{"href":"https:\/\/www.manaus.am.gov.br\/semed\/wp-json\/wp\/v2\/media?parent=623"}],"curies":[{"name":"wp","href":"https:\/\/api.w.org\/{rel}","templated":true}]}}