{"id":5552,"date":"2024-04-30T08:59:48","date_gmt":"2024-04-30T12:59:48","guid":{"rendered":"https:\/\/www.manaus.am.gov.br\/semed\/?page_id=5552"},"modified":"2024-04-30T08:59:48","modified_gmt":"2024-04-30T12:59:48","slug":"jiss-2023","status":"publish","type":"page","link":"https:\/\/www.manaus.am.gov.br\/semed\/jiss-jogos-de-integracao-dos-servidores-da-semed\/jiss-2023\/","title":{"rendered":"JISS 2023"},"content":{"rendered":"\n<h2 class=\"wp-block-heading\">Boletins<\/h2>\n\n\n\n<div class=\"wp-block-file\"><a id=\"wp-block-file--media-b421d8f0-478d-4345-8b26-2a0c5fc67929\" href=\"https:\/\/www.manaus.am.gov.br\/semed\/wp-content\/uploads\/sites\/3\/2023\/10\/BOLETIM-N.-01-JISS-2023.pdf\">BOLETIM N. 01 &#8211; JISS 2023<\/a><\/div>\n\n\n\n<div class=\"wp-block-file\"><a id=\"wp-block-file--media-41352fe2-7294-40b2-8671-c597033442af\" href=\"https:\/\/www.manaus.am.gov.br\/semed\/wp-content\/uploads\/sites\/3\/2023\/10\/BOLETIM-N.-02-JISS-2023.pdf\">BOLETIM N. 02 &#8211; JISS 2023<\/a><\/div>\n\n\n\n<div class=\"wp-block-file\"><a id=\"wp-block-file--media-e684bcb7-9659-478d-b268-535ee995a2b3\" href=\"https:\/\/www.manaus.am.gov.br\/semed\/wp-content\/uploads\/sites\/3\/2023\/11\/BOLETIM-N.-03-JISS-2023.pdf\">BOLETIM N. 03 &#8211; JISS 2023<\/a><\/div>\n\n\n\n<div class=\"wp-block-file\"><a id=\"wp-block-file--media-76a90591-c379-4fb5-9a9f-cf6bbf72a059\" href=\"https:\/\/www.manaus.am.gov.br\/semed\/wp-content\/uploads\/sites\/3\/2023\/11\/BOLETIM-N.-04-JISS-2023.pdf\">BOLETIM N. 04 &#8211; JISS 2023<\/a><\/div>\n\n\n\n<div class=\"wp-block-file\"><a id=\"wp-block-file--media-a43eec6d-19ec-47a2-8453-39f186824078\" href=\"https:\/\/www.manaus.am.gov.br\/semed\/wp-content\/uploads\/sites\/3\/2023\/11\/BOLETIM-N.-05-JISS-2023.pdf\">BOLETIM N. 05 &#8211; JISS 2023<\/a><\/div>\n\n\n\n<div class=\"wp-block-file\"><a id=\"wp-block-file--media-aa6b4541-680f-4490-bfd9-7ad13a9a801a\" href=\"https:\/\/www.manaus.am.gov.br\/semed\/wp-content\/uploads\/sites\/3\/2023\/12\/BOLETIM-N.-06-JISS-2023.pdf\">BOLETIM N. 06 &#8211; JISS 2023<\/a><\/div>\n\n\n\n<div class=\"wp-block-file\"><a id=\"wp-block-file--media-78686bdc-8287-4578-980e-f50db2612d04\" href=\"https:\/\/www.manaus.am.gov.br\/semed\/wp-content\/uploads\/sites\/3\/2023\/12\/BOLETIM-N.-07-JISS-2023.pdf\">BOLETIM N. 07 &#8211; JISS 2023<\/a><\/div>\n\n\n\n<h2 class=\"wp-block-heading\">Regulamentos<\/h2>\n\n\n\n<div class=\"wp-block-file\"><a id=\"wp-block-file--media-941e6207-95a8-4a93-a2f8-f04fd10302a0\" href=\"https:\/\/www.manaus.am.gov.br\/semed\/wp-content\/uploads\/sites\/3\/2023\/10\/01-Regulamento-Geral-JISS-2023.docx-.pdf\">01 Regulamento Geral JISS 2023<\/a><\/div>\n\n\n\n<div class=\"wp-block-file\"><a id=\"wp-block-file--media-6bac2c61-91da-4555-8e11-9f14da335481\" href=\"https:\/\/www.manaus.am.gov.br\/semed\/wp-content\/uploads\/sites\/3\/2023\/10\/02-Regulamento-JISS-Basquetebol-2023.docx.pdf\">02 Regulamento JISS Basquetebol 2023<\/a><\/div>\n\n\n\n<div class=\"wp-block-file\"><a id=\"wp-block-file--media-6dcfba4f-a5c8-48e5-ad43-401e25bee324\" href=\"https:\/\/www.manaus.am.gov.br\/semed\/wp-content\/uploads\/sites\/3\/2023\/10\/03-Regulamento-JISS-Badminton-2023.docx-1.pdf\">03 Regulamento JISS Badminton 2023<\/a><\/div>\n\n\n\n<div class=\"wp-block-file\"><a id=\"wp-block-file--media-05da30a2-9e39-428c-b4e4-b7ee52b00b93\" href=\"https:\/\/www.manaus.am.gov.br\/semed\/wp-content\/uploads\/sites\/3\/2023\/10\/04-Regulamento-JISS-Domino-2023.docx.pdf\">04 Regulamento JISS Domin\u00f3 2023<\/a><\/div>\n\n\n\n<div class=\"wp-block-file\"><a id=\"wp-block-file--media-ab5dcb0f-8009-4069-ae3f-0205d2ff5cad\" href=\"https:\/\/www.manaus.am.gov.br\/semed\/wp-content\/uploads\/sites\/3\/2023\/10\/05-Regulamento-JISS-Futebol-Society-2023.docx.pdf\">05 Regulamento JISS Futebol Society 2023<\/a><\/div>\n\n\n\n<div class=\"wp-block-file\"><a id=\"wp-block-file--media-d961c9f9-9583-450f-b011-727c24205b23\" href=\"https:\/\/www.manaus.am.gov.br\/semed\/wp-content\/uploads\/sites\/3\/2023\/10\/06-Regulamento-JISS-Futsal-2023.docx-.pdf\">06 Regulamento JISS Futsal 2023<\/a><\/div>\n\n\n\n<div class=\"wp-block-file\"><a id=\"wp-block-file--media-a3d2a745-7f30-40db-94c3-0f681c8fa74f\" href=\"https:\/\/www.manaus.am.gov.br\/semed\/wp-content\/uploads\/sites\/3\/2023\/10\/07-Regulamento-JISS-Natacao-2023.docx.pdf\">07 Regulamento JISS Nata\u00e7\u00e3o 2023.docx<\/a><\/div>\n\n\n\n<div class=\"wp-block-file\"><a id=\"wp-block-file--media-c83407cd-ca9c-474c-ab55-eec9c2d10b60\" href=\"https:\/\/www.manaus.am.gov.br\/semed\/wp-content\/uploads\/sites\/3\/2023\/10\/08-Regulamento-JISS-Queimada-2023.docx.pdf\">08 Regulamento JISS Queimada 2023<\/a><\/div>\n\n\n\n<div class=\"wp-block-file\"><a id=\"wp-block-file--media-968a7c0d-0b04-4e32-8827-316915b82610\" href=\"https:\/\/www.manaus.am.gov.br\/semed\/wp-content\/uploads\/sites\/3\/2023\/10\/09-Regulamento-JISS-Tenis-de-mesa-2023.docx.pdf\">09 Regulamento JISS T\u00eanis de mesa 2023<\/a><\/div>\n\n\n\n<div class=\"wp-block-file\"><a id=\"wp-block-file--media-2ac9d027-5920-4850-9027-405994ad2dbb\" href=\"https:\/\/www.manaus.am.gov.br\/semed\/wp-content\/uploads\/sites\/3\/2023\/10\/10-Regulamento-JISS-Volei-4x4-2023.docx.pdf\">10 Regulamento JISS V\u00f4lei 4&#215;4 2023<\/a><\/div>\n\n\n\n<div class=\"wp-block-file\"><a id=\"wp-block-file--media-189bd6ff-c8ec-4a83-a2f2-203c0647026b\" href=\"https:\/\/www.manaus.am.gov.br\/semed\/wp-content\/uploads\/sites\/3\/2023\/10\/11-Regulamento-JISS-Xadrez-2023.docx.pdf\">11 Regulamento JISS Xadrez 2023<\/a><\/div>\n","protected":false},"excerpt":{"rendered":"","protected":false},"author":8,"featured_media":0,"parent":1313,"menu_order":0,"comment_status":"closed","ping_status":"closed","template":"","meta":{"footnotes":""},"acf":[],"yoast_head":"<!-- This site is optimized with the Yoast SEO plugin v23.0 - https:\/\/yoast.com\/wordpress\/plugins\/seo\/ -->\n<title>JISS 2023 - SEMED<\/title>\n<meta name=\"robots\" content=\"index, follow, max-snippet:-1, max-image-preview:large, max-video-preview:-1\" \/>\n<link rel=\"canonical\" href=\"https:\/\/www.manaus.am.gov.br\/semed\/jiss-jogos-de-integracao-dos-servidores-da-semed\/jiss-2023\/\" \/>\n<meta property=\"og:locale\" content=\"pt_BR\" \/>\n<meta property=\"og:type\" content=\"article\" \/>\n<meta property=\"og:title\" content=\"JISS 2023 - SEMED\" \/>\n<meta property=\"og:url\" content=\"https:\/\/www.manaus.am.gov.br\/semed\/jiss-jogos-de-integracao-dos-servidores-da-semed\/jiss-2023\/\" \/>\n<meta property=\"og:site_name\" content=\"SEMED\" \/>\n<meta property=\"og:image\" content=\"https:\/\/www.manaus.am.gov.br\/semed\/wp-content\/uploads\/sites\/3\/2024\/07\/thumb-default-2.png\" \/>\n\t<meta property=\"og:image:width\" content=\"966\" \/>\n\t<meta property=\"og:image:height\" content=\"520\" \/>\n\t<meta property=\"og:image:type\" content=\"image\/png\" \/>\n<meta name=\"twitter:card\" content=\"summary_large_image\" \/>\n<meta name=\"twitter:label1\" content=\"Est. reading time\" \/>\n\t<meta name=\"twitter:data1\" content=\"1 minuto\" \/>\n<script type=\"application\/ld+json\" class=\"yoast-schema-graph\">{\"@context\":\"https:\/\/schema.org\",\"@graph\":[{\"@type\":\"Article\",\"@id\":\"https:\/\/www.manaus.am.gov.br\/semed\/jiss-jogos-de-integracao-dos-servidores-da-semed\/jiss-2023\/#article\",\"isPartOf\":{\"@id\":\"https:\/\/www.manaus.am.gov.br\/semed\/jiss-jogos-de-integracao-dos-servidores-da-semed\/jiss-2023\/\"},\"author\":{\"name\":\"Glauber Farias\",\"@id\":\"https:\/\/www.manaus.am.gov.br\/semed\/#\/schema\/person\/fe69d2249d78e7a3112d42bc34c44a58\"},\"headline\":\"JISS 2023\",\"datePublished\":\"2024-04-30T12:59:48+00:00\",\"dateModified\":\"2024-04-30T12:59:48+00:00\",\"mainEntityOfPage\":{\"@id\":\"https:\/\/www.manaus.am.gov.br\/semed\/jiss-jogos-de-integracao-dos-servidores-da-semed\/jiss-2023\/\"},\"wordCount\":72,\"publisher\":{\"@id\":\"https:\/\/www.manaus.am.gov.br\/semed\/#organization\"},\"inLanguage\":\"pt-BR\"},{\"@type\":\"WebPage\",\"@id\":\"https:\/\/www.manaus.am.gov.br\/semed\/jiss-jogos-de-integracao-dos-servidores-da-semed\/jiss-2023\/\",\"url\":\"https:\/\/www.manaus.am.gov.br\/semed\/jiss-jogos-de-integracao-dos-servidores-da-semed\/jiss-2023\/\",\"name\":\"JISS 2023 - SEMED\",\"isPartOf\":{\"@id\":\"https:\/\/www.manaus.am.gov.br\/semed\/#website\"},\"datePublished\":\"2024-04-30T12:59:48+00:00\",\"dateModified\":\"2024-04-30T12:59:48+00:00\",\"breadcrumb\":{\"@id\":\"https:\/\/www.manaus.am.gov.br\/semed\/jiss-jogos-de-integracao-dos-servidores-da-semed\/jiss-2023\/#breadcrumb\"},\"inLanguage\":\"pt-BR\",\"potentialAction\":[{\"@type\":\"ReadAction\",\"target\":[\"https:\/\/www.manaus.am.gov.br\/semed\/jiss-jogos-de-integracao-dos-servidores-da-semed\/jiss-2023\/\"]}]},{\"@type\":\"BreadcrumbList\",\"@id\":\"https:\/\/www.manaus.am.gov.br\/semed\/jiss-jogos-de-integracao-dos-servidores-da-semed\/jiss-2023\/#breadcrumb\",\"itemListElement\":[{\"@type\":\"ListItem\",\"position\":1,\"name\":\"JISS &#8211; Jogos de Integra\u00e7\u00e3o dos Servidores da SEMED\",\"item\":\"https:\/\/www.manaus.am.gov.br\/semed\/jiss-jogos-de-integracao-dos-servidores-da-semed\/\"},{\"@type\":\"ListItem\",\"position\":2,\"name\":\"JISS 2023\"}]},{\"@type\":\"WebSite\",\"@id\":\"https:\/\/www.manaus.am.gov.br\/semed\/#website\",\"url\":\"https:\/\/www.manaus.am.gov.br\/semed\/\",\"name\":\"Secretaria Municipal de Educa\u00e7\u00e3o\",\"description\":\"Secretaria Municipal de Educa\u00e7\u00e3o\",\"publisher\":{\"@id\":\"https:\/\/www.manaus.am.gov.br\/semed\/#organization\"},\"alternateName\":\"SEMED\",\"potentialAction\":[{\"@type\":\"SearchAction\",\"target\":{\"@type\":\"EntryPoint\",\"urlTemplate\":\"https:\/\/www.manaus.am.gov.br\/semed\/?s={search_term_string}\"},\"query-input\":\"required name=search_term_string\"}],\"inLanguage\":\"pt-BR\"},{\"@type\":\"Organization\",\"@id\":\"https:\/\/www.manaus.am.gov.br\/semed\/#organization\",\"name\":\"Secretaria de Educa\u00e7\u00e3o\",\"alternateName\":\"SEMED\",\"url\":\"https:\/\/www.manaus.am.gov.br\/semed\/\",\"logo\":{\"@type\":\"ImageObject\",\"inLanguage\":\"pt-BR\",\"@id\":\"https:\/\/www.manaus.am.gov.br\/semed\/#\/schema\/logo\/image\/\",\"url\":\"https:\/\/www.manaus.am.gov.br\/semed\/wp-content\/uploads\/sites\/3\/2022\/11\/favicon.png\",\"contentUrl\":\"https:\/\/www.manaus.am.gov.br\/semed\/wp-content\/uploads\/sites\/3\/2022\/11\/favicon.png\",\"width\":300,\"height\":300,\"caption\":\"Secretaria de Educa\u00e7\u00e3o\"},\"image\":{\"@id\":\"https:\/\/www.manaus.am.gov.br\/semed\/#\/schema\/logo\/image\/\"}},{\"@type\":\"Person\",\"@id\":\"https:\/\/www.manaus.am.gov.br\/semed\/#\/schema\/person\/fe69d2249d78e7a3112d42bc34c44a58\",\"name\":\"Glauber Farias\",\"image\":{\"@type\":\"ImageObject\",\"inLanguage\":\"pt-BR\",\"@id\":\"https:\/\/www.manaus.am.gov.br\/semed\/#\/schema\/person\/image\/\",\"url\":\"https:\/\/secure.gravatar.com\/avatar\/eb33200ffd19538372f635b2165531c0?s=96&d=mm&r=g\",\"contentUrl\":\"https:\/\/secure.gravatar.com\/avatar\/eb33200ffd19538372f635b2165531c0?s=96&d=mm&r=g\",\"caption\":\"Glauber Farias\"}}]}<\/script>\n<!-- \/ Yoast SEO plugin. -->","yoast_head_json":{"title":"JISS 2023 - SEMED","robots":{"index":"index","follow":"follow","max-snippet":"max-snippet:-1","max-image-preview":"max-image-preview:large","max-video-preview":"max-video-preview:-1"},"canonical":"https:\/\/www.manaus.am.gov.br\/semed\/jiss-jogos-de-integracao-dos-servidores-da-semed\/jiss-2023\/","og_locale":"pt_BR","og_type":"article","og_title":"JISS 2023 - SEMED","og_url":"https:\/\/www.manaus.am.gov.br\/semed\/jiss-jogos-de-integracao-dos-servidores-da-semed\/jiss-2023\/","og_site_name":"SEMED","og_image":[{"width":966,"height":520,"url":"https:\/\/www.manaus.am.gov.br\/semed\/wp-content\/uploads\/sites\/3\/2024\/07\/thumb-default-2.png","type":"image\/png"}],"twitter_card":"summary_large_image","twitter_misc":{"Est. reading time":"1 minuto"},"schema":{"@context":"https:\/\/schema.org","@graph":[{"@type":"Article","@id":"https:\/\/www.manaus.am.gov.br\/semed\/jiss-jogos-de-integracao-dos-servidores-da-semed\/jiss-2023\/#article","isPartOf":{"@id":"https:\/\/www.manaus.am.gov.br\/semed\/jiss-jogos-de-integracao-dos-servidores-da-semed\/jiss-2023\/"},"author":{"name":"Glauber Farias","@id":"https:\/\/www.manaus.am.gov.br\/semed\/#\/schema\/person\/fe69d2249d78e7a3112d42bc34c44a58"},"headline":"JISS 2023","datePublished":"2024-04-30T12:59:48+00:00","dateModified":"2024-04-30T12:59:48+00:00","mainEntityOfPage":{"@id":"https:\/\/www.manaus.am.gov.br\/semed\/jiss-jogos-de-integracao-dos-servidores-da-semed\/jiss-2023\/"},"wordCount":72,"publisher":{"@id":"https:\/\/www.manaus.am.gov.br\/semed\/#organization"},"inLanguage":"pt-BR"},{"@type":"WebPage","@id":"https:\/\/www.manaus.am.gov.br\/semed\/jiss-jogos-de-integracao-dos-servidores-da-semed\/jiss-2023\/","url":"https:\/\/www.manaus.am.gov.br\/semed\/jiss-jogos-de-integracao-dos-servidores-da-semed\/jiss-2023\/","name":"JISS 2023 - SEMED","isPartOf":{"@id":"https:\/\/www.manaus.am.gov.br\/semed\/#website"},"datePublished":"2024-04-30T12:59:48+00:00","dateModified":"2024-04-30T12:59:48+00:00","breadcrumb":{"@id":"https:\/\/www.manaus.am.gov.br\/semed\/jiss-jogos-de-integracao-dos-servidores-da-semed\/jiss-2023\/#breadcrumb"},"inLanguage":"pt-BR","potentialAction":[{"@type":"ReadAction","target":["https:\/\/www.manaus.am.gov.br\/semed\/jiss-jogos-de-integracao-dos-servidores-da-semed\/jiss-2023\/"]}]},{"@type":"BreadcrumbList","@id":"https:\/\/www.manaus.am.gov.br\/semed\/jiss-jogos-de-integracao-dos-servidores-da-semed\/jiss-2023\/#breadcrumb","itemListElement":[{"@type":"ListItem","position":1,"name":"JISS &#8211; Jogos de Integra\u00e7\u00e3o dos Servidores da SEMED","item":"https:\/\/www.manaus.am.gov.br\/semed\/jiss-jogos-de-integracao-dos-servidores-da-semed\/"},{"@type":"ListItem","position":2,"name":"JISS 2023"}]},{"@type":"WebSite","@id":"https:\/\/www.manaus.am.gov.br\/semed\/#website","url":"https:\/\/www.manaus.am.gov.br\/semed\/","name":"Secretaria Municipal de Educa\u00e7\u00e3o","description":"Secretaria Municipal de Educa\u00e7\u00e3o","publisher":{"@id":"https:\/\/www.manaus.am.gov.br\/semed\/#organization"},"alternateName":"SEMED","potentialAction":[{"@type":"SearchAction","target":{"@type":"EntryPoint","urlTemplate":"https:\/\/www.manaus.am.gov.br\/semed\/?s={search_term_string}"},"query-input":"required name=search_term_string"}],"inLanguage":"pt-BR"},{"@type":"Organization","@id":"https:\/\/www.manaus.am.gov.br\/semed\/#organization","name":"Secretaria de Educa\u00e7\u00e3o","alternateName":"SEMED","url":"https:\/\/www.manaus.am.gov.br\/semed\/","logo":{"@type":"ImageObject","inLanguage":"pt-BR","@id":"https:\/\/www.manaus.am.gov.br\/semed\/#\/schema\/logo\/image\/","url":"https:\/\/www.manaus.am.gov.br\/semed\/wp-content\/uploads\/sites\/3\/2022\/11\/favicon.png","contentUrl":"https:\/\/www.manaus.am.gov.br\/semed\/wp-content\/uploads\/sites\/3\/2022\/11\/favicon.png","width":300,"height":300,"caption":"Secretaria de Educa\u00e7\u00e3o"},"image":{"@id":"https:\/\/www.manaus.am.gov.br\/semed\/#\/schema\/logo\/image\/"}},{"@type":"Person","@id":"https:\/\/www.manaus.am.gov.br\/semed\/#\/schema\/person\/fe69d2249d78e7a3112d42bc34c44a58","name":"Glauber Farias","image":{"@type":"ImageObject","inLanguage":"pt-BR","@id":"https:\/\/www.manaus.am.gov.br\/semed\/#\/schema\/person\/image\/","url":"https:\/\/secure.gravatar.com\/avatar\/eb33200ffd19538372f635b2165531c0?s=96&d=mm&r=g","contentUrl":"https:\/\/secure.gravatar.com\/avatar\/eb33200ffd19538372f635b2165531c0?s=96&d=mm&r=g","caption":"Glauber Farias"}}]}},"_links":{"self":[{"href":"https:\/\/www.manaus.am.gov.br\/semed\/wp-json\/wp\/v2\/pages\/5552"}],"collection":[{"href":"https:\/\/www.manaus.am.gov.br\/semed\/wp-json\/wp\/v2\/pages"}],"about":[{"href":"https:\/\/www.manaus.am.gov.br\/semed\/wp-json\/wp\/v2\/types\/page"}],"author":[{"embeddable":true,"href":"https:\/\/www.manaus.am.gov.br\/semed\/wp-json\/wp\/v2\/users\/8"}],"replies":[{"embeddable":true,"href":"https:\/\/www.manaus.am.gov.br\/semed\/wp-json\/wp\/v2\/comments?post=5552"}],"version-history":[{"count":1,"href":"https:\/\/www.manaus.am.gov.br\/semed\/wp-json\/wp\/v2\/pages\/5552\/revisions"}],"predecessor-version":[{"id":5553,"href":"https:\/\/www.manaus.am.gov.br\/semed\/wp-json\/wp\/v2\/pages\/5552\/revisions\/5553"}],"up":[{"embeddable":true,"href":"https:\/\/www.manaus.am.gov.br\/semed\/wp-json\/wp\/v2\/pages\/1313"}],"wp:attachment":[{"href":"https:\/\/www.manaus.am.gov.br\/semed\/wp-json\/wp\/v2\/media?parent=5552"}],"curies":[{"name":"wp","href":"https:\/\/api.w.org\/{rel}","templated":true}]}}