{"id":2811,"date":"2023-05-17T11:17:17","date_gmt":"2023-05-17T15:17:17","guid":{"rendered":"https:\/\/www.manaus.am.gov.br\/semed\/?page_id=2811"},"modified":"2023-05-17T13:20:10","modified_gmt":"2023-05-17T17:20:10","slug":"programa-creche-e-familia-um-casamento-na-saude-e-no-educar-2","status":"publish","type":"page","link":"https:\/\/www.manaus.am.gov.br\/semed\/programa-creche-e-familia-um-casamento-na-saude-e-no-educar-2\/","title":{"rendered":"PROGRAMA CRECHE E FAM\u00cdLIA: UM CASAMENTO NA SA\u00daDE E NO EDUCAR"},"content":{"rendered":"\n<p>Este Programa tem dois eixos de atua\u00e7\u00e3o: um voltado para o processo de transi\u00e7\u00e3o da crian\u00e7a da fam\u00edlia para a creche e o oferecimento de servi\u00e7os de sa\u00fade \u00e0 crian\u00e7a.<\/p>\n\n\n\n<p>Os objetivos principais s\u00e3o: Promover a articula\u00e7\u00e3o entre as creches e as fam\u00edlias para participa\u00e7\u00e3o atuante dos envolvidos no processo educacional dos beb\u00eas e crian\u00e7as pequenas; e Assistir a crian\u00e7a e a fam\u00edlia na promo\u00e7\u00e3o da sa\u00fade e no combate \u00e0s patologias infantis.<\/p>\n","protected":false},"excerpt":{"rendered":"","protected":false},"author":48,"featured_media":0,"parent":0,"menu_order":0,"comment_status":"closed","ping_status":"closed","template":"page_servicos_menu.php","meta":{"footnotes":""},"acf":[],"yoast_head":"<!-- This site is optimized with the Yoast SEO plugin v23.0 - https:\/\/yoast.com\/wordpress\/plugins\/seo\/ -->\n<title>PROGRAMA CRECHE E FAM\u00cdLIA: UM CASAMENTO NA SA\u00daDE E NO EDUCAR - SEMED<\/title>\n<meta name=\"robots\" content=\"index, follow, max-snippet:-1, max-image-preview:large, max-video-preview:-1\" \/>\n<link rel=\"canonical\" href=\"https:\/\/www.manaus.am.gov.br\/semed\/programa-creche-e-familia-um-casamento-na-saude-e-no-educar-2\/\" \/>\n<meta property=\"og:locale\" content=\"pt_BR\" \/>\n<meta property=\"og:type\" content=\"article\" \/>\n<meta property=\"og:title\" content=\"PROGRAMA CRECHE E FAM\u00cdLIA: UM CASAMENTO NA SA\u00daDE E NO EDUCAR - SEMED\" \/>\n<meta property=\"og:url\" content=\"https:\/\/www.manaus.am.gov.br\/semed\/programa-creche-e-familia-um-casamento-na-saude-e-no-educar-2\/\" \/>\n<meta property=\"og:site_name\" content=\"SEMED\" \/>\n<meta property=\"article:modified_time\" content=\"2023-05-17T17:20:10+00:00\" \/>\n<meta property=\"og:image\" content=\"https:\/\/www.manaus.am.gov.br\/semed\/wp-content\/uploads\/sites\/3\/2024\/07\/thumb-default-2.png\" \/>\n\t<meta property=\"og:image:width\" content=\"966\" \/>\n\t<meta property=\"og:image:height\" content=\"520\" \/>\n\t<meta property=\"og:image:type\" content=\"image\/png\" \/>\n<meta name=\"twitter:card\" content=\"summary_large_image\" \/>\n<meta name=\"twitter:label1\" content=\"Est. reading time\" \/>\n\t<meta name=\"twitter:data1\" content=\"1 minuto\" \/>\n<script type=\"application\/ld+json\" class=\"yoast-schema-graph\">{\"@context\":\"https:\/\/schema.org\",\"@graph\":[{\"@type\":\"Article\",\"@id\":\"https:\/\/www.manaus.am.gov.br\/semed\/programa-creche-e-familia-um-casamento-na-saude-e-no-educar-2\/#article\",\"isPartOf\":{\"@id\":\"https:\/\/www.manaus.am.gov.br\/semed\/programa-creche-e-familia-um-casamento-na-saude-e-no-educar-2\/\"},\"author\":{\"name\":\"twanderley\",\"@id\":\"https:\/\/www.manaus.am.gov.br\/semed\/#\/schema\/person\/4e4f35f67e428d1ebe4e37da7dd19161\"},\"headline\":\"PROGRAMA CRECHE E FAM\u00cdLIA: UM CASAMENTO NA SA\u00daDE E NO EDUCAR\",\"datePublished\":\"2023-05-17T15:17:17+00:00\",\"dateModified\":\"2023-05-17T17:20:10+00:00\",\"mainEntityOfPage\":{\"@id\":\"https:\/\/www.manaus.am.gov.br\/semed\/programa-creche-e-familia-um-casamento-na-saude-e-no-educar-2\/\"},\"wordCount\":102,\"publisher\":{\"@id\":\"https:\/\/www.manaus.am.gov.br\/semed\/#organization\"},\"inLanguage\":\"pt-BR\"},{\"@type\":\"WebPage\",\"@id\":\"https:\/\/www.manaus.am.gov.br\/semed\/programa-creche-e-familia-um-casamento-na-saude-e-no-educar-2\/\",\"url\":\"https:\/\/www.manaus.am.gov.br\/semed\/programa-creche-e-familia-um-casamento-na-saude-e-no-educar-2\/\",\"name\":\"PROGRAMA CRECHE E FAM\u00cdLIA: UM CASAMENTO NA SA\u00daDE E NO EDUCAR - SEMED\",\"isPartOf\":{\"@id\":\"https:\/\/www.manaus.am.gov.br\/semed\/#website\"},\"datePublished\":\"2023-05-17T15:17:17+00:00\",\"dateModified\":\"2023-05-17T17:20:10+00:00\",\"inLanguage\":\"pt-BR\",\"potentialAction\":[{\"@type\":\"ReadAction\",\"target\":[\"https:\/\/www.manaus.am.gov.br\/semed\/programa-creche-e-familia-um-casamento-na-saude-e-no-educar-2\/\"]}]},{\"@type\":\"WebSite\",\"@id\":\"https:\/\/www.manaus.am.gov.br\/semed\/#website\",\"url\":\"https:\/\/www.manaus.am.gov.br\/semed\/\",\"name\":\"Secretaria Municipal de Educa\u00e7\u00e3o\",\"description\":\"Secretaria Municipal de Educa\u00e7\u00e3o\",\"publisher\":{\"@id\":\"https:\/\/www.manaus.am.gov.br\/semed\/#organization\"},\"alternateName\":\"SEMED\",\"potentialAction\":[{\"@type\":\"SearchAction\",\"target\":{\"@type\":\"EntryPoint\",\"urlTemplate\":\"https:\/\/www.manaus.am.gov.br\/semed\/?s={search_term_string}\"},\"query-input\":\"required name=search_term_string\"}],\"inLanguage\":\"pt-BR\"},{\"@type\":\"Organization\",\"@id\":\"https:\/\/www.manaus.am.gov.br\/semed\/#organization\",\"name\":\"Secretaria de Educa\u00e7\u00e3o\",\"alternateName\":\"SEMED\",\"url\":\"https:\/\/www.manaus.am.gov.br\/semed\/\",\"logo\":{\"@type\":\"ImageObject\",\"inLanguage\":\"pt-BR\",\"@id\":\"https:\/\/www.manaus.am.gov.br\/semed\/#\/schema\/logo\/image\/\",\"url\":\"https:\/\/www.manaus.am.gov.br\/semed\/wp-content\/uploads\/sites\/3\/2022\/11\/favicon.png\",\"contentUrl\":\"https:\/\/www.manaus.am.gov.br\/semed\/wp-content\/uploads\/sites\/3\/2022\/11\/favicon.png\",\"width\":300,\"height\":300,\"caption\":\"Secretaria de Educa\u00e7\u00e3o\"},\"image\":{\"@id\":\"https:\/\/www.manaus.am.gov.br\/semed\/#\/schema\/logo\/image\/\"}},{\"@type\":\"Person\",\"@id\":\"https:\/\/www.manaus.am.gov.br\/semed\/#\/schema\/person\/4e4f35f67e428d1ebe4e37da7dd19161\",\"name\":\"twanderley\",\"image\":{\"@type\":\"ImageObject\",\"inLanguage\":\"pt-BR\",\"@id\":\"https:\/\/www.manaus.am.gov.br\/semed\/#\/schema\/person\/image\/\",\"url\":\"https:\/\/secure.gravatar.com\/avatar\/72f44bc2219400e20c2b573a18309461?s=96&d=mm&r=g\",\"contentUrl\":\"https:\/\/secure.gravatar.com\/avatar\/72f44bc2219400e20c2b573a18309461?s=96&d=mm&r=g\",\"caption\":\"twanderley\"}}]}<\/script>\n<!-- \/ Yoast SEO plugin. -->","yoast_head_json":{"title":"PROGRAMA CRECHE E FAM\u00cdLIA: UM CASAMENTO NA SA\u00daDE E NO EDUCAR - SEMED","robots":{"index":"index","follow":"follow","max-snippet":"max-snippet:-1","max-image-preview":"max-image-preview:large","max-video-preview":"max-video-preview:-1"},"canonical":"https:\/\/www.manaus.am.gov.br\/semed\/programa-creche-e-familia-um-casamento-na-saude-e-no-educar-2\/","og_locale":"pt_BR","og_type":"article","og_title":"PROGRAMA CRECHE E FAM\u00cdLIA: UM CASAMENTO NA SA\u00daDE E NO EDUCAR - SEMED","og_url":"https:\/\/www.manaus.am.gov.br\/semed\/programa-creche-e-familia-um-casamento-na-saude-e-no-educar-2\/","og_site_name":"SEMED","article_modified_time":"2023-05-17T17:20:10+00:00","og_image":[{"width":966,"height":520,"url":"https:\/\/www.manaus.am.gov.br\/semed\/wp-content\/uploads\/sites\/3\/2024\/07\/thumb-default-2.png","type":"image\/png"}],"twitter_card":"summary_large_image","twitter_misc":{"Est. reading time":"1 minuto"},"schema":{"@context":"https:\/\/schema.org","@graph":[{"@type":"Article","@id":"https:\/\/www.manaus.am.gov.br\/semed\/programa-creche-e-familia-um-casamento-na-saude-e-no-educar-2\/#article","isPartOf":{"@id":"https:\/\/www.manaus.am.gov.br\/semed\/programa-creche-e-familia-um-casamento-na-saude-e-no-educar-2\/"},"author":{"name":"twanderley","@id":"https:\/\/www.manaus.am.gov.br\/semed\/#\/schema\/person\/4e4f35f67e428d1ebe4e37da7dd19161"},"headline":"PROGRAMA CRECHE E FAM\u00cdLIA: UM CASAMENTO NA SA\u00daDE E NO EDUCAR","datePublished":"2023-05-17T15:17:17+00:00","dateModified":"2023-05-17T17:20:10+00:00","mainEntityOfPage":{"@id":"https:\/\/www.manaus.am.gov.br\/semed\/programa-creche-e-familia-um-casamento-na-saude-e-no-educar-2\/"},"wordCount":102,"publisher":{"@id":"https:\/\/www.manaus.am.gov.br\/semed\/#organization"},"inLanguage":"pt-BR"},{"@type":"WebPage","@id":"https:\/\/www.manaus.am.gov.br\/semed\/programa-creche-e-familia-um-casamento-na-saude-e-no-educar-2\/","url":"https:\/\/www.manaus.am.gov.br\/semed\/programa-creche-e-familia-um-casamento-na-saude-e-no-educar-2\/","name":"PROGRAMA CRECHE E FAM\u00cdLIA: UM CASAMENTO NA SA\u00daDE E NO EDUCAR - SEMED","isPartOf":{"@id":"https:\/\/www.manaus.am.gov.br\/semed\/#website"},"datePublished":"2023-05-17T15:17:17+00:00","dateModified":"2023-05-17T17:20:10+00:00","inLanguage":"pt-BR","potentialAction":[{"@type":"ReadAction","target":["https:\/\/www.manaus.am.gov.br\/semed\/programa-creche-e-familia-um-casamento-na-saude-e-no-educar-2\/"]}]},{"@type":"WebSite","@id":"https:\/\/www.manaus.am.gov.br\/semed\/#website","url":"https:\/\/www.manaus.am.gov.br\/semed\/","name":"Secretaria Municipal de Educa\u00e7\u00e3o","description":"Secretaria Municipal de Educa\u00e7\u00e3o","publisher":{"@id":"https:\/\/www.manaus.am.gov.br\/semed\/#organization"},"alternateName":"SEMED","potentialAction":[{"@type":"SearchAction","target":{"@type":"EntryPoint","urlTemplate":"https:\/\/www.manaus.am.gov.br\/semed\/?s={search_term_string}"},"query-input":"required name=search_term_string"}],"inLanguage":"pt-BR"},{"@type":"Organization","@id":"https:\/\/www.manaus.am.gov.br\/semed\/#organization","name":"Secretaria de Educa\u00e7\u00e3o","alternateName":"SEMED","url":"https:\/\/www.manaus.am.gov.br\/semed\/","logo":{"@type":"ImageObject","inLanguage":"pt-BR","@id":"https:\/\/www.manaus.am.gov.br\/semed\/#\/schema\/logo\/image\/","url":"https:\/\/www.manaus.am.gov.br\/semed\/wp-content\/uploads\/sites\/3\/2022\/11\/favicon.png","contentUrl":"https:\/\/www.manaus.am.gov.br\/semed\/wp-content\/uploads\/sites\/3\/2022\/11\/favicon.png","width":300,"height":300,"caption":"Secretaria de Educa\u00e7\u00e3o"},"image":{"@id":"https:\/\/www.manaus.am.gov.br\/semed\/#\/schema\/logo\/image\/"}},{"@type":"Person","@id":"https:\/\/www.manaus.am.gov.br\/semed\/#\/schema\/person\/4e4f35f67e428d1ebe4e37da7dd19161","name":"twanderley","image":{"@type":"ImageObject","inLanguage":"pt-BR","@id":"https:\/\/www.manaus.am.gov.br\/semed\/#\/schema\/person\/image\/","url":"https:\/\/secure.gravatar.com\/avatar\/72f44bc2219400e20c2b573a18309461?s=96&d=mm&r=g","contentUrl":"https:\/\/secure.gravatar.com\/avatar\/72f44bc2219400e20c2b573a18309461?s=96&d=mm&r=g","caption":"twanderley"}}]}},"_links":{"self":[{"href":"https:\/\/www.manaus.am.gov.br\/semed\/wp-json\/wp\/v2\/pages\/2811"}],"collection":[{"href":"https:\/\/www.manaus.am.gov.br\/semed\/wp-json\/wp\/v2\/pages"}],"about":[{"href":"https:\/\/www.manaus.am.gov.br\/semed\/wp-json\/wp\/v2\/types\/page"}],"author":[{"embeddable":true,"href":"https:\/\/www.manaus.am.gov.br\/semed\/wp-json\/wp\/v2\/users\/48"}],"replies":[{"embeddable":true,"href":"https:\/\/www.manaus.am.gov.br\/semed\/wp-json\/wp\/v2\/comments?post=2811"}],"version-history":[{"count":3,"href":"https:\/\/www.manaus.am.gov.br\/semed\/wp-json\/wp\/v2\/pages\/2811\/revisions"}],"predecessor-version":[{"id":2877,"href":"https:\/\/www.manaus.am.gov.br\/semed\/wp-json\/wp\/v2\/pages\/2811\/revisions\/2877"}],"wp:attachment":[{"href":"https:\/\/www.manaus.am.gov.br\/semed\/wp-json\/wp\/v2\/media?parent=2811"}],"curies":[{"name":"wp","href":"https:\/\/api.w.org\/{rel}","templated":true}]}}

PROGRAMA CRECHE E FAMÍLIA: UM CASAMENTO NA SAÚDE E NO EDUCAR

<p>Este Programa tem dois eixos de atuação: um voltado para o processo de transição da criança da família para a creche e o oferecimento de serviços de saúde à criança.</p>



<p>Os objetivos principais são: Promover a articulação entre as creches e as famílias para participação atuante dos envolvidos no processo educacional dos bebês e crianças pequenas; e Assistir a criança e a família na promoção da saúde e no combate às patologias infantis.</p>

<!-- This site is optimized with the Yoast SEO plugin v23.0 - https://yoast.com/wordpress/plugins/seo/ -->
<title>PROGRAMA CRECHE E FAMÍLIA: UM CASAMENTO NA SAÚDE E NO EDUCAR - SEMED</title>
<meta name="robots" content="index, follow, max-snippet:-1, max-image-preview:large, max-video-preview:-1" />
<link rel="canonical" href="https://www.manaus.am.gov.br/semed/programa-creche-e-familia-um-casamento-na-saude-e-no-educar-2/" />
<meta property="og:locale" content="pt_BR" />
<meta property="og:type" content="article" />
<meta property="og:title" content="PROGRAMA CRECHE E FAMÍLIA: UM CASAMENTO NA SAÚDE E NO EDUCAR - SEMED" />
<meta property="og:url" content="https://www.manaus.am.gov.br/semed/programa-creche-e-familia-um-casamento-na-saude-e-no-educar-2/" />
<meta property="og:site_name" content="SEMED" />
<meta property="article:modified_time" content="2023-05-17T17:20:10+00:00" />
<meta property="og:image" content="https://www.manaus.am.gov.br/semed/wp-content/uploads/sites/3/2024/07/thumb-default-2.png" />
	<meta property="og:image:width" content="966" />
	<meta property="og:image:height" content="520" />
	<meta property="og:image:type" content="image/png" />
<meta name="twitter:card" content="summary_large_image" />
<meta name="twitter:label1" content="Est. reading time" />
	<meta name="twitter:data1" content="1 minuto" />
<script type="application/ld+json" class="yoast-schema-graph">{"@context":"https://schema.org","@graph":[{"@type":"Article","@id":"https://www.manaus.am.gov.br/semed/programa-creche-e-familia-um-casamento-na-saude-e-no-educar-2/#article","isPartOf":{"@id":"https://www.manaus.am.gov.br/semed/programa-creche-e-familia-um-casamento-na-saude-e-no-educar-2/"},"author":{"name":"twanderley","@id":"https://www.manaus.am.gov.br/semed/#/schema/person/4e4f35f67e428d1ebe4e37da7dd19161"},"headline":"PROGRAMA CRECHE E FAMÍLIA: UM CASAMENTO NA SAÚDE E NO EDUCAR","datePublished":"2023-05-17T15:17:17+00:00","dateModified":"2023-05-17T17:20:10+00:00","mainEntityOfPage":{"@id":"https://www.manaus.am.gov.br/semed/programa-creche-e-familia-um-casamento-na-saude-e-no-educar-2/"},"wordCount":102,"publisher":{"@id":"https://www.manaus.am.gov.br/semed/#organization"},"inLanguage":"pt-BR"},{"@type":"WebPage","@id":"https://www.manaus.am.gov.br/semed/programa-creche-e-familia-um-casamento-na-saude-e-no-educar-2/","url":"https://www.manaus.am.gov.br/semed/programa-creche-e-familia-um-casamento-na-saude-e-no-educar-2/","name":"PROGRAMA CRECHE E FAMÍLIA: UM CASAMENTO NA SAÚDE E NO EDUCAR - SEMED","isPartOf":{"@id":"https://www.manaus.am.gov.br/semed/#website"},"datePublished":"2023-05-17T15:17:17+00:00","dateModified":"2023-05-17T17:20:10+00:00","inLanguage":"pt-BR","potentialAction":[{"@type":"ReadAction","target":["https://www.manaus.am.gov.br/semed/programa-creche-e-familia-um-casamento-na-saude-e-no-educar-2/"]}]},{"@type":"WebSite","@id":"https://www.manaus.am.gov.br/semed/#website","url":"https://www.manaus.am.gov.br/semed/","name":"Secretaria Municipal de Educação","description":"Secretaria Municipal de Educação","publisher":{"@id":"https://www.manaus.am.gov.br/semed/#organization"},"alternateName":"SEMED","potentialAction":[{"@type":"SearchAction","target":{"@type":"EntryPoint","urlTemplate":"https://www.manaus.am.gov.br/semed/?s={search_term_string}"},"query-input":"required name=search_term_string"}],"inLanguage":"pt-BR"},{"@type":"Organization","@id":"https://www.manaus.am.gov.br/semed/#organization","name":"Secretaria de Educação","alternateName":"SEMED","url":"https://www.manaus.am.gov.br/semed/","logo":{"@type":"ImageObject","inLanguage":"pt-BR","@id":"https://www.manaus.am.gov.br/semed/#/schema/logo/image/","url":"https://www.manaus.am.gov.br/semed/wp-content/uploads/sites/3/2022/11/favicon.png","contentUrl":"https://www.manaus.am.gov.br/semed/wp-content/uploads/sites/3/2022/11/favicon.png","width":300,"height":300,"caption":"Secretaria de Educação"},"image":{"@id":"https://www.manaus.am.gov.br/semed/#/schema/logo/image/"}},{"@type":"Person","@id":"https://www.manaus.am.gov.br/semed/#/schema/person/4e4f35f67e428d1ebe4e37da7dd19161","name":"twanderley","image":{"@type":"ImageObject","inLanguage":"pt-BR","@id":"https://www.manaus.am.gov.br/semed/#/schema/person/image/","url":"https://secure.gravatar.com/avatar/72f44bc2219400e20c2b573a18309461?s=96&d=mm&r=g","contentUrl":"https://secure.gravatar.com/avatar/72f44bc2219400e20c2b573a18309461?s=96&d=mm&r=g","caption":"twanderley"}}]}</script>
<!-- / Yoast SEO plugin. -->

PROGRAMA CRECHE E FAMÍLIA: UM CASAMENTO NA SAÚDE E NO EDUCAR - SEMED

Secretaria Municipal de Educação

Secretaria de Educação
