{"id":272,"date":"2022-10-19T19:21:45","date_gmt":"2022-10-19T23:21:45","guid":{"rendered":"https:\/\/hulk.meuprojetoweb.com.br\/website-prefeitura-manaus\/current\/semed\/?page_id=171"},"modified":"2023-03-10T14:45:35","modified_gmt":"2023-03-10T18:45:35","slug":"formacao-do-fundeb","status":"publish","type":"page","link":"https:\/\/www.manaus.am.gov.br\/semed\/formacao-do-fundeb\/","title":{"rendered":"Forma\u00e7\u00e3o do Fundeb"},"content":{"rendered":"<p>O Fundeb \u00e9 um fundo de natureza cont\u00e1bil, de \u00e2mbito estadual, criado pela Emenda Constitucional N.\u00ba 53\/2006, regulamentado pela Lei N.\u00ba 11.494\/20072 e pelo Decreto N\u00ba 6.253\/20073, e implantado a partir de janeiro de 2007, garantindo, por meio de seu mecanismo de distribui\u00e7\u00e3o de recursos, que a maior parte das receitas vinculadas \u00e0 educa\u00e7\u00e3o, no \u00e2mbito dos Estados, Distrito Federal e Munic\u00edpios, seja aplicada na educa\u00e7\u00e3o b\u00e1sica (educa\u00e7\u00e3o infantil, ensino fundamental e m\u00e9dio em suas diversas modalidades), promovendo uma melhor distribui\u00e7\u00e3o destes recursos. Cada estado e cada munic\u00edpio recebem o valor que lhes cabe, de acordo com o n\u00famero de alunos matriculados no segmento da educa\u00e7\u00e3o b\u00e1sica.<\/p>\n<p>A vig\u00eancia do Fundo \u00e9 de 14 anos (2007 a 2020), e sua forma\u00e7\u00e3o, no \u00e2mbito de cada estado, resulta da aplica\u00e7\u00e3o de percentuais que se elevar\u00e3o, gradualmente, de forma a atingir o percentual de 20% no ano de 2009, sobre as seguintes receitas:<\/p>\n<p>&#8211; Fundo de Participa\u00e7\u00e3o dos Estados \u2013 FPE;<br \/>\n&#8211; Fundo de Participa\u00e7\u00e3o dos Munic\u00edpios \u2013 FPM;<br \/>\n&#8211; Imposto sobre Circula\u00e7\u00e3o de Mercadorias e Servi\u00e7os \u2013 ICMS;<br \/>\n&#8211; Imposto sobre Produtos Industrializados, proporcional \u00e0s exporta\u00e7\u00f5es \u2013 IPIexp;<br \/>\n&#8211; Imposto sobre Propriedade de Ve\u00edculos Automotores \u2013 IPVA;<br \/>\n&#8211; Imposto Territorial Rural (Quota-Parte dos Munic\u00edpios) \u2013 ITRm;<br \/>\n&#8211; Imposto sobre Transmiss\u00e3o Causa Mortis e Doa\u00e7\u00f5es \u2013 ITCMD;<br \/>\n&#8211; Ressarcimento pela desonera\u00e7\u00e3o de Exporta\u00e7\u00f5es de que trata a LC N.\u00ba 87\/96;<br \/>\n&#8211; Receitas da D\u00edvida Ativa incidentes sobre estes impostos.<\/p>\n<p>Al\u00e9m dessas nove fontes de recursos, provenientes dos Estados, Distrito Federal e Munic\u00edpios, h\u00e1 uma parcela de recursos federais que s\u00e3o assegurados sob a forma de Complementa\u00e7\u00e3o da Uni\u00e3o. Essa participa\u00e7\u00e3o foi estabelecida originalmente em R$ 2 bilh\u00f5es para 2007, R$ 3,0 bilh\u00f5es para 2008, R$ 4,5 bilh\u00f5es para 2009 e, a partir de 2010, em 10% do valor total da contribui\u00e7\u00e3o dos Estados, Distrito Federal e Munic\u00edpios.<\/p>\n","protected":false},"excerpt":{"rendered":"","protected":false},"author":27,"featured_media":0,"parent":0,"menu_order":0,"comment_status":"closed","ping_status":"closed","template":"templates\/turismo.php","meta":{"footnotes":""},"acf":[],"yoast_head":"<!-- This site is optimized with the Yoast SEO plugin v23.0 - https:\/\/yoast.com\/wordpress\/plugins\/seo\/ -->\n<title>Forma\u00e7\u00e3o do Fundeb - SEMED<\/title>\n<meta name=\"robots\" content=\"index, follow, max-snippet:-1, max-image-preview:large, max-video-preview:-1\" \/>\n<link rel=\"canonical\" href=\"https:\/\/www.manaus.am.gov.br\/semed\/formacao-do-fundeb\/\" \/>\n<meta property=\"og:locale\" content=\"pt_BR\" \/>\n<meta property=\"og:type\" content=\"article\" \/>\n<meta property=\"og:title\" content=\"Forma\u00e7\u00e3o do Fundeb - SEMED\" \/>\n<meta property=\"og:url\" content=\"https:\/\/www.manaus.am.gov.br\/semed\/formacao-do-fundeb\/\" \/>\n<meta property=\"og:site_name\" content=\"SEMED\" \/>\n<meta property=\"article:modified_time\" content=\"2023-03-10T18:45:35+00:00\" \/>\n<meta property=\"og:image\" content=\"https:\/\/www.manaus.am.gov.br\/semed\/wp-content\/uploads\/sites\/3\/2024\/07\/thumb-default-2.png\" \/>\n\t<meta property=\"og:image:width\" content=\"966\" \/>\n\t<meta property=\"og:image:height\" content=\"520\" \/>\n\t<meta property=\"og:image:type\" content=\"image\/png\" \/>\n<meta name=\"twitter:card\" content=\"summary_large_image\" \/>\n<meta name=\"twitter:label1\" content=\"Est. reading time\" \/>\n\t<meta name=\"twitter:data1\" content=\"2 minutos\" \/>\n<script type=\"application\/ld+json\" class=\"yoast-schema-graph\">{\"@context\":\"https:\/\/schema.org\",\"@graph\":[{\"@type\":\"Article\",\"@id\":\"https:\/\/www.manaus.am.gov.br\/semed\/formacao-do-fundeb\/#article\",\"isPartOf\":{\"@id\":\"https:\/\/www.manaus.am.gov.br\/semed\/formacao-do-fundeb\/\"},\"author\":{\"name\":\"Imarketing Digital\",\"@id\":\"https:\/\/www.manaus.am.gov.br\/semed\/#\/schema\/person\/79525a47ac5902f50493820d995728ee\"},\"headline\":\"Forma\u00e7\u00e3o do Fundeb\",\"datePublished\":\"2022-10-19T23:21:45+00:00\",\"dateModified\":\"2023-03-10T18:45:35+00:00\",\"mainEntityOfPage\":{\"@id\":\"https:\/\/www.manaus.am.gov.br\/semed\/formacao-do-fundeb\/\"},\"wordCount\":322,\"publisher\":{\"@id\":\"https:\/\/www.manaus.am.gov.br\/semed\/#organization\"},\"inLanguage\":\"pt-BR\"},{\"@type\":\"WebPage\",\"@id\":\"https:\/\/www.manaus.am.gov.br\/semed\/formacao-do-fundeb\/\",\"url\":\"https:\/\/www.manaus.am.gov.br\/semed\/formacao-do-fundeb\/\",\"name\":\"Forma\u00e7\u00e3o do Fundeb - SEMED\",\"isPartOf\":{\"@id\":\"https:\/\/www.manaus.am.gov.br\/semed\/#website\"},\"datePublished\":\"2022-10-19T23:21:45+00:00\",\"dateModified\":\"2023-03-10T18:45:35+00:00\",\"inLanguage\":\"pt-BR\",\"potentialAction\":[{\"@type\":\"ReadAction\",\"target\":[\"https:\/\/www.manaus.am.gov.br\/semed\/formacao-do-fundeb\/\"]}]},{\"@type\":\"WebSite\",\"@id\":\"https:\/\/www.manaus.am.gov.br\/semed\/#website\",\"url\":\"https:\/\/www.manaus.am.gov.br\/semed\/\",\"name\":\"Secretaria Municipal de Educa\u00e7\u00e3o\",\"description\":\"Secretaria Municipal de Educa\u00e7\u00e3o\",\"publisher\":{\"@id\":\"https:\/\/www.manaus.am.gov.br\/semed\/#organization\"},\"alternateName\":\"SEMED\",\"potentialAction\":[{\"@type\":\"SearchAction\",\"target\":{\"@type\":\"EntryPoint\",\"urlTemplate\":\"https:\/\/www.manaus.am.gov.br\/semed\/?s={search_term_string}\"},\"query-input\":\"required name=search_term_string\"}],\"inLanguage\":\"pt-BR\"},{\"@type\":\"Organization\",\"@id\":\"https:\/\/www.manaus.am.gov.br\/semed\/#organization\",\"name\":\"Secretaria de Educa\u00e7\u00e3o\",\"alternateName\":\"SEMED\",\"url\":\"https:\/\/www.manaus.am.gov.br\/semed\/\",\"logo\":{\"@type\":\"ImageObject\",\"inLanguage\":\"pt-BR\",\"@id\":\"https:\/\/www.manaus.am.gov.br\/semed\/#\/schema\/logo\/image\/\",\"url\":\"https:\/\/www.manaus.am.gov.br\/semed\/wp-content\/uploads\/sites\/3\/2022\/11\/favicon.png\",\"contentUrl\":\"https:\/\/www.manaus.am.gov.br\/semed\/wp-content\/uploads\/sites\/3\/2022\/11\/favicon.png\",\"width\":300,\"height\":300,\"caption\":\"Secretaria de Educa\u00e7\u00e3o\"},\"image\":{\"@id\":\"https:\/\/www.manaus.am.gov.br\/semed\/#\/schema\/logo\/image\/\"}},{\"@type\":\"Person\",\"@id\":\"https:\/\/www.manaus.am.gov.br\/semed\/#\/schema\/person\/79525a47ac5902f50493820d995728ee\",\"name\":\"Imarketing Digital\",\"image\":{\"@type\":\"ImageObject\",\"inLanguage\":\"pt-BR\",\"@id\":\"https:\/\/www.manaus.am.gov.br\/semed\/#\/schema\/person\/image\/\",\"url\":\"https:\/\/secure.gravatar.com\/avatar\/03432d3c57b756ed9760f7019c815a3a?s=96&d=mm&r=g\",\"contentUrl\":\"https:\/\/secure.gravatar.com\/avatar\/03432d3c57b756ed9760f7019c815a3a?s=96&d=mm&r=g\",\"caption\":\"Imarketing Digital\"}}]}<\/script>\n<!-- \/ Yoast SEO plugin. -->","yoast_head_json":{"title":"Forma\u00e7\u00e3o do Fundeb - SEMED","robots":{"index":"index","follow":"follow","max-snippet":"max-snippet:-1","max-image-preview":"max-image-preview:large","max-video-preview":"max-video-preview:-1"},"canonical":"https:\/\/www.manaus.am.gov.br\/semed\/formacao-do-fundeb\/","og_locale":"pt_BR","og_type":"article","og_title":"Forma\u00e7\u00e3o do Fundeb - SEMED","og_url":"https:\/\/www.manaus.am.gov.br\/semed\/formacao-do-fundeb\/","og_site_name":"SEMED","article_modified_time":"2023-03-10T18:45:35+00:00","og_image":[{"width":966,"height":520,"url":"https:\/\/www.manaus.am.gov.br\/semed\/wp-content\/uploads\/sites\/3\/2024\/07\/thumb-default-2.png","type":"image\/png"}],"twitter_card":"summary_large_image","twitter_misc":{"Est. reading time":"2 minutos"},"schema":{"@context":"https:\/\/schema.org","@graph":[{"@type":"Article","@id":"https:\/\/www.manaus.am.gov.br\/semed\/formacao-do-fundeb\/#article","isPartOf":{"@id":"https:\/\/www.manaus.am.gov.br\/semed\/formacao-do-fundeb\/"},"author":{"name":"Imarketing Digital","@id":"https:\/\/www.manaus.am.gov.br\/semed\/#\/schema\/person\/79525a47ac5902f50493820d995728ee"},"headline":"Forma\u00e7\u00e3o do Fundeb","datePublished":"2022-10-19T23:21:45+00:00","dateModified":"2023-03-10T18:45:35+00:00","mainEntityOfPage":{"@id":"https:\/\/www.manaus.am.gov.br\/semed\/formacao-do-fundeb\/"},"wordCount":322,"publisher":{"@id":"https:\/\/www.manaus.am.gov.br\/semed\/#organization"},"inLanguage":"pt-BR"},{"@type":"WebPage","@id":"https:\/\/www.manaus.am.gov.br\/semed\/formacao-do-fundeb\/","url":"https:\/\/www.manaus.am.gov.br\/semed\/formacao-do-fundeb\/","name":"Forma\u00e7\u00e3o do Fundeb - SEMED","isPartOf":{"@id":"https:\/\/www.manaus.am.gov.br\/semed\/#website"},"datePublished":"2022-10-19T23:21:45+00:00","dateModified":"2023-03-10T18:45:35+00:00","inLanguage":"pt-BR","potentialAction":[{"@type":"ReadAction","target":["https:\/\/www.manaus.am.gov.br\/semed\/formacao-do-fundeb\/"]}]},{"@type":"WebSite","@id":"https:\/\/www.manaus.am.gov.br\/semed\/#website","url":"https:\/\/www.manaus.am.gov.br\/semed\/","name":"Secretaria Municipal de Educa\u00e7\u00e3o","description":"Secretaria Municipal de Educa\u00e7\u00e3o","publisher":{"@id":"https:\/\/www.manaus.am.gov.br\/semed\/#organization"},"alternateName":"SEMED","potentialAction":[{"@type":"SearchAction","target":{"@type":"EntryPoint","urlTemplate":"https:\/\/www.manaus.am.gov.br\/semed\/?s={search_term_string}"},"query-input":"required name=search_term_string"}],"inLanguage":"pt-BR"},{"@type":"Organization","@id":"https:\/\/www.manaus.am.gov.br\/semed\/#organization","name":"Secretaria de Educa\u00e7\u00e3o","alternateName":"SEMED","url":"https:\/\/www.manaus.am.gov.br\/semed\/","logo":{"@type":"ImageObject","inLanguage":"pt-BR","@id":"https:\/\/www.manaus.am.gov.br\/semed\/#\/schema\/logo\/image\/","url":"https:\/\/www.manaus.am.gov.br\/semed\/wp-content\/uploads\/sites\/3\/2022\/11\/favicon.png","contentUrl":"https:\/\/www.manaus.am.gov.br\/semed\/wp-content\/uploads\/sites\/3\/2022\/11\/favicon.png","width":300,"height":300,"caption":"Secretaria de Educa\u00e7\u00e3o"},"image":{"@id":"https:\/\/www.manaus.am.gov.br\/semed\/#\/schema\/logo\/image\/"}},{"@type":"Person","@id":"https:\/\/www.manaus.am.gov.br\/semed\/#\/schema\/person\/79525a47ac5902f50493820d995728ee","name":"Imarketing Digital","image":{"@type":"ImageObject","inLanguage":"pt-BR","@id":"https:\/\/www.manaus.am.gov.br\/semed\/#\/schema\/person\/image\/","url":"https:\/\/secure.gravatar.com\/avatar\/03432d3c57b756ed9760f7019c815a3a?s=96&d=mm&r=g","contentUrl":"https:\/\/secure.gravatar.com\/avatar\/03432d3c57b756ed9760f7019c815a3a?s=96&d=mm&r=g","caption":"Imarketing Digital"}}]}},"_links":{"self":[{"href":"https:\/\/www.manaus.am.gov.br\/semed\/wp-json\/wp\/v2\/pages\/272"}],"collection":[{"href":"https:\/\/www.manaus.am.gov.br\/semed\/wp-json\/wp\/v2\/pages"}],"about":[{"href":"https:\/\/www.manaus.am.gov.br\/semed\/wp-json\/wp\/v2\/types\/page"}],"author":[{"embeddable":true,"href":"https:\/\/www.manaus.am.gov.br\/semed\/wp-json\/wp\/v2\/users\/27"}],"replies":[{"embeddable":true,"href":"https:\/\/www.manaus.am.gov.br\/semed\/wp-json\/wp\/v2\/comments?post=272"}],"version-history":[{"count":2,"href":"https:\/\/www.manaus.am.gov.br\/semed\/wp-json\/wp\/v2\/pages\/272\/revisions"}],"predecessor-version":[{"id":420,"href":"https:\/\/www.manaus.am.gov.br\/semed\/wp-json\/wp\/v2\/pages\/272\/revisions\/420"}],"wp:attachment":[{"href":"https:\/\/www.manaus.am.gov.br\/semed\/wp-json\/wp\/v2\/media?parent=272"}],"curies":[{"name":"wp","href":"https:\/\/api.w.org\/{rel}","templated":true}]}}

Formação do Fundeb

<p>O Fundeb é um fundo de natureza contábil, de âmbito estadual, criado pela Emenda Constitucional N.º 53/2006, regulamentado pela Lei N.º 11.494/20072 e pelo Decreto Nº 6.253/20073, e implantado a partir de janeiro de 2007, garantindo, por meio de seu mecanismo de distribuição de recursos, que a maior parte das receitas vinculadas à educação, no âmbito dos Estados, Distrito Federal e Municípios, seja aplicada na educação básica (educação infantil, ensino fundamental e médio em suas diversas modalidades), promovendo uma melhor distribuição destes recursos. Cada estado e cada município recebem o valor que lhes cabe, de acordo com o número de alunos matriculados no segmento da educação básica.</p>
<p>A vigência do Fundo é de 14 anos (2007 a 2020), e sua formação, no âmbito de cada estado, resulta da aplicação de percentuais que se elevarão, gradualmente, de forma a atingir o percentual de 20% no ano de 2009, sobre as seguintes receitas:</p>
<p>&#8211; Fundo de Participação dos Estados – FPE;<br />
&#8211; Fundo de Participação dos Municípios – FPM;<br />
&#8211; Imposto sobre Circulação de Mercadorias e Serviços – ICMS;<br />
&#8211; Imposto sobre Produtos Industrializados, proporcional às exportações – IPIexp;<br />
&#8211; Imposto sobre Propriedade de Veículos Automotores – IPVA;<br />
&#8211; Imposto Territorial Rural (Quota-Parte dos Municípios) – ITRm;<br />
&#8211; Imposto sobre Transmissão Causa Mortis e Doações – ITCMD;<br />
&#8211; Ressarcimento pela desoneração de Exportações de que trata a LC N.º 87/96;<br />
&#8211; Receitas da Dívida Ativa incidentes sobre estes impostos.</p>
<p>Além dessas nove fontes de recursos, provenientes dos Estados, Distrito Federal e Municípios, há uma parcela de recursos federais que são assegurados sob a forma de Complementação da União. Essa participação foi estabelecida originalmente em R$ 2 bilhões para 2007, R$ 3,0 bilhões para 2008, R$ 4,5 bilhões para 2009 e, a partir de 2010, em 10% do valor total da contribuição dos Estados, Distrito Federal e Municípios.</p>

<!-- This site is optimized with the Yoast SEO plugin v23.0 - https://yoast.com/wordpress/plugins/seo/ -->
<title>Formação do Fundeb - SEMED</title>
<meta name="robots" content="index, follow, max-snippet:-1, max-image-preview:large, max-video-preview:-1" />
<link rel="canonical" href="https://www.manaus.am.gov.br/semed/formacao-do-fundeb/" />
<meta property="og:locale" content="pt_BR" />
<meta property="og:type" content="article" />
<meta property="og:title" content="Formação do Fundeb - SEMED" />
<meta property="og:url" content="https://www.manaus.am.gov.br/semed/formacao-do-fundeb/" />
<meta property="og:site_name" content="SEMED" />
<meta property="article:modified_time" content="2023-03-10T18:45:35+00:00" />
<meta property="og:image" content="https://www.manaus.am.gov.br/semed/wp-content/uploads/sites/3/2024/07/thumb-default-2.png" />
	<meta property="og:image:width" content="966" />
	<meta property="og:image:height" content="520" />
	<meta property="og:image:type" content="image/png" />
<meta name="twitter:card" content="summary_large_image" />
<meta name="twitter:label1" content="Est. reading time" />
	<meta name="twitter:data1" content="2 minutos" />
<script type="application/ld+json" class="yoast-schema-graph">{"@context":"https://schema.org","@graph":[{"@type":"Article","@id":"https://www.manaus.am.gov.br/semed/formacao-do-fundeb/#article","isPartOf":{"@id":"https://www.manaus.am.gov.br/semed/formacao-do-fundeb/"},"author":{"name":"Imarketing Digital","@id":"https://www.manaus.am.gov.br/semed/#/schema/person/79525a47ac5902f50493820d995728ee"},"headline":"Formação do Fundeb","datePublished":"2022-10-19T23:21:45+00:00","dateModified":"2023-03-10T18:45:35+00:00","mainEntityOfPage":{"@id":"https://www.manaus.am.gov.br/semed/formacao-do-fundeb/"},"wordCount":322,"publisher":{"@id":"https://www.manaus.am.gov.br/semed/#organization"},"inLanguage":"pt-BR"},{"@type":"WebPage","@id":"https://www.manaus.am.gov.br/semed/formacao-do-fundeb/","url":"https://www.manaus.am.gov.br/semed/formacao-do-fundeb/","name":"Formação do Fundeb - SEMED","isPartOf":{"@id":"https://www.manaus.am.gov.br/semed/#website"},"datePublished":"2022-10-19T23:21:45+00:00","dateModified":"2023-03-10T18:45:35+00:00","inLanguage":"pt-BR","potentialAction":[{"@type":"ReadAction","target":["https://www.manaus.am.gov.br/semed/formacao-do-fundeb/"]}]},{"@type":"WebSite","@id":"https://www.manaus.am.gov.br/semed/#website","url":"https://www.manaus.am.gov.br/semed/","name":"Secretaria Municipal de Educação","description":"Secretaria Municipal de Educação","publisher":{"@id":"https://www.manaus.am.gov.br/semed/#organization"},"alternateName":"SEMED","potentialAction":[{"@type":"SearchAction","target":{"@type":"EntryPoint","urlTemplate":"https://www.manaus.am.gov.br/semed/?s={search_term_string}"},"query-input":"required name=search_term_string"}],"inLanguage":"pt-BR"},{"@type":"Organization","@id":"https://www.manaus.am.gov.br/semed/#organization","name":"Secretaria de Educação","alternateName":"SEMED","url":"https://www.manaus.am.gov.br/semed/","logo":{"@type":"ImageObject","inLanguage":"pt-BR","@id":"https://www.manaus.am.gov.br/semed/#/schema/logo/image/","url":"https://www.manaus.am.gov.br/semed/wp-content/uploads/sites/3/2022/11/favicon.png","contentUrl":"https://www.manaus.am.gov.br/semed/wp-content/uploads/sites/3/2022/11/favicon.png","width":300,"height":300,"caption":"Secretaria de Educação"},"image":{"@id":"https://www.manaus.am.gov.br/semed/#/schema/logo/image/"}},{"@type":"Person","@id":"https://www.manaus.am.gov.br/semed/#/schema/person/79525a47ac5902f50493820d995728ee","name":"Imarketing Digital","image":{"@type":"ImageObject","inLanguage":"pt-BR","@id":"https://www.manaus.am.gov.br/semed/#/schema/person/image/","url":"https://secure.gravatar.com/avatar/03432d3c57b756ed9760f7019c815a3a?s=96&d=mm&r=g","contentUrl":"https://secure.gravatar.com/avatar/03432d3c57b756ed9760f7019c815a3a?s=96&d=mm&r=g","caption":"Imarketing Digital"}}]}</script>
<!-- / Yoast SEO plugin. -->

Formação do Fundeb - SEMED

Secretaria Municipal de Educação

Secretaria de Educação
