{"id":268,"date":"2022-10-19T19:20:03","date_gmt":"2022-10-19T23:20:03","guid":{"rendered":"https:\/\/hulk.meuprojetoweb.com.br\/website-prefeitura-manaus\/current\/semed\/?page_id=163"},"modified":"2023-03-10T14:44:10","modified_gmt":"2023-03-10T18:44:10","slug":"conselho-de-acompanhamento-e-controle-social-do-fundeb","status":"publish","type":"page","link":"https:\/\/www.manaus.am.gov.br\/semed\/conselho-de-acompanhamento-e-controle-social-do-fundeb\/","title":{"rendered":"Conselho de Acompanhamento e Controle Social do Fundeb"},"content":{"rendered":"<p>O artigo 24 da Lei N.\u00ba 11.494\/2007 e o art. 10 do Dec. N.\u00ba 6.253\/2007 estabelecem a obrigatoriedade de cria\u00e7\u00e3o, no \u00e2mbito de cada esfera governamental, de um Conselho de Acompanhamento e Controle Social do Fundeb, fortalecendo, com essa exig\u00eancia, a presen\u00e7a da sociedade na verifica\u00e7\u00e3o dos recursos p\u00fablicos vinculados \u00e0 educa\u00e7\u00e3o.<\/p>\n<p>O Conselho do Fundeb \u00e9 um colegiado, com fun\u00e7\u00e3o principal de proceder ao acompanhamento e ao controle social sobre a distribui\u00e7\u00e3o, a transfer\u00eancia e a aplica\u00e7\u00e3o dos recursos, no \u00e2mbito de cada esfera, municipal, estadual, distrital ou federal. Os trabalhos a cargo do Conselho do Fundeb n\u00e3o s\u00e3o remunerados e o Colegiado n\u00e3o integra a estrutura administrativa do governo. Sua a\u00e7\u00e3o deve ser independente e, ao mesmo tempo, harm\u00f4nica com os \u00f3rg\u00e3os da administra\u00e7\u00e3o p\u00fablica local.<\/p>\n<p>O Poder Executivo deve oferecer ao Conselho do Fundeb o necess\u00e1rio apoio material e log\u00edstico, disponibilizando, se necess\u00e1rio, local para reuni\u00f5es, meio de transporte, materiais, equipamentos, etc., de forma a assegurar a realiza\u00e7\u00e3o peri\u00f3dica das reuni\u00f5es de trabalho, garantindo assim, condi\u00e7\u00f5es para que o Colegiado desempenhe suas atividades e, efetivamente, exer\u00e7a suas fun\u00e7\u00f5es (artigo 24, \u00a7 10 da Lei N.\u00ba 11.494\/2007).<\/p>\n<p>\u00c9 importante destacar que o trabalho dos Conselhos do Fundeb soma-se ao trabalho das tradicionais inst\u00e2ncias de controle e fiscaliza\u00e7\u00e3o da gest\u00e3o p\u00fablica. Entretanto, o Conselho do Fundeb n\u00e3o se constitui numa nova inst\u00e2ncia de controle, mas sim de representa\u00e7\u00e3o social, n\u00e3o devendo, por conseguinte, ser confundido com o controle interno, executado pelo pr\u00f3prio Poder Executivo (quando este disp\u00f5e de unidade administrativa com essa atribui\u00e7\u00e3o), nem com o controle externo executado pelo Tribunal de Contas na qualidade de \u00f3rg\u00e3o auxiliar do Poder Legislativo, a quem compete \u00e0 aprecia\u00e7\u00e3o das contas do Poder Executivo.<\/p>\n","protected":false},"excerpt":{"rendered":"","protected":false},"author":27,"featured_media":0,"parent":0,"menu_order":0,"comment_status":"closed","ping_status":"closed","template":"templates\/turismo.php","meta":{"footnotes":""},"acf":[],"yoast_head":"<!-- This site is optimized with the Yoast SEO plugin v23.0 - https:\/\/yoast.com\/wordpress\/plugins\/seo\/ -->\n<title>Conselho de Acompanhamento e Controle Social do Fundeb - SEMED<\/title>\n<meta name=\"robots\" content=\"index, follow, max-snippet:-1, max-image-preview:large, max-video-preview:-1\" \/>\n<link rel=\"canonical\" href=\"https:\/\/www.manaus.am.gov.br\/semed\/conselho-de-acompanhamento-e-controle-social-do-fundeb\/\" \/>\n<meta property=\"og:locale\" content=\"pt_BR\" \/>\n<meta property=\"og:type\" content=\"article\" \/>\n<meta property=\"og:title\" content=\"Conselho de Acompanhamento e Controle Social do Fundeb - SEMED\" \/>\n<meta property=\"og:url\" content=\"https:\/\/www.manaus.am.gov.br\/semed\/conselho-de-acompanhamento-e-controle-social-do-fundeb\/\" \/>\n<meta property=\"og:site_name\" content=\"SEMED\" \/>\n<meta property=\"article:modified_time\" content=\"2023-03-10T18:44:10+00:00\" \/>\n<meta property=\"og:image\" content=\"https:\/\/www.manaus.am.gov.br\/semed\/wp-content\/uploads\/sites\/3\/2024\/07\/thumb-default-2.png\" \/>\n\t<meta property=\"og:image:width\" content=\"966\" \/>\n\t<meta property=\"og:image:height\" content=\"520\" \/>\n\t<meta property=\"og:image:type\" content=\"image\/png\" \/>\n<meta name=\"twitter:card\" content=\"summary_large_image\" \/>\n<meta name=\"twitter:label1\" content=\"Est. reading time\" \/>\n\t<meta name=\"twitter:data1\" content=\"2 minutos\" \/>\n<script type=\"application\/ld+json\" class=\"yoast-schema-graph\">{\"@context\":\"https:\/\/schema.org\",\"@graph\":[{\"@type\":\"Article\",\"@id\":\"https:\/\/www.manaus.am.gov.br\/semed\/conselho-de-acompanhamento-e-controle-social-do-fundeb\/#article\",\"isPartOf\":{\"@id\":\"https:\/\/www.manaus.am.gov.br\/semed\/conselho-de-acompanhamento-e-controle-social-do-fundeb\/\"},\"author\":{\"name\":\"Imarketing Digital\",\"@id\":\"https:\/\/www.manaus.am.gov.br\/semed\/#\/schema\/person\/79525a47ac5902f50493820d995728ee\"},\"headline\":\"Conselho de Acompanhamento e Controle Social do Fundeb\",\"datePublished\":\"2022-10-19T23:20:03+00:00\",\"dateModified\":\"2023-03-10T18:44:10+00:00\",\"mainEntityOfPage\":{\"@id\":\"https:\/\/www.manaus.am.gov.br\/semed\/conselho-de-acompanhamento-e-controle-social-do-fundeb\/\"},\"wordCount\":319,\"publisher\":{\"@id\":\"https:\/\/www.manaus.am.gov.br\/semed\/#organization\"},\"inLanguage\":\"pt-BR\"},{\"@type\":\"WebPage\",\"@id\":\"https:\/\/www.manaus.am.gov.br\/semed\/conselho-de-acompanhamento-e-controle-social-do-fundeb\/\",\"url\":\"https:\/\/www.manaus.am.gov.br\/semed\/conselho-de-acompanhamento-e-controle-social-do-fundeb\/\",\"name\":\"Conselho de Acompanhamento e Controle Social do Fundeb - SEMED\",\"isPartOf\":{\"@id\":\"https:\/\/www.manaus.am.gov.br\/semed\/#website\"},\"datePublished\":\"2022-10-19T23:20:03+00:00\",\"dateModified\":\"2023-03-10T18:44:10+00:00\",\"inLanguage\":\"pt-BR\",\"potentialAction\":[{\"@type\":\"ReadAction\",\"target\":[\"https:\/\/www.manaus.am.gov.br\/semed\/conselho-de-acompanhamento-e-controle-social-do-fundeb\/\"]}]},{\"@type\":\"WebSite\",\"@id\":\"https:\/\/www.manaus.am.gov.br\/semed\/#website\",\"url\":\"https:\/\/www.manaus.am.gov.br\/semed\/\",\"name\":\"Secretaria Municipal de Educa\u00e7\u00e3o\",\"description\":\"Secretaria Municipal de Educa\u00e7\u00e3o\",\"publisher\":{\"@id\":\"https:\/\/www.manaus.am.gov.br\/semed\/#organization\"},\"alternateName\":\"SEMED\",\"potentialAction\":[{\"@type\":\"SearchAction\",\"target\":{\"@type\":\"EntryPoint\",\"urlTemplate\":\"https:\/\/www.manaus.am.gov.br\/semed\/?s={search_term_string}\"},\"query-input\":\"required name=search_term_string\"}],\"inLanguage\":\"pt-BR\"},{\"@type\":\"Organization\",\"@id\":\"https:\/\/www.manaus.am.gov.br\/semed\/#organization\",\"name\":\"Secretaria de Educa\u00e7\u00e3o\",\"alternateName\":\"SEMED\",\"url\":\"https:\/\/www.manaus.am.gov.br\/semed\/\",\"logo\":{\"@type\":\"ImageObject\",\"inLanguage\":\"pt-BR\",\"@id\":\"https:\/\/www.manaus.am.gov.br\/semed\/#\/schema\/logo\/image\/\",\"url\":\"https:\/\/www.manaus.am.gov.br\/semed\/wp-content\/uploads\/sites\/3\/2022\/11\/favicon.png\",\"contentUrl\":\"https:\/\/www.manaus.am.gov.br\/semed\/wp-content\/uploads\/sites\/3\/2022\/11\/favicon.png\",\"width\":300,\"height\":300,\"caption\":\"Secretaria de Educa\u00e7\u00e3o\"},\"image\":{\"@id\":\"https:\/\/www.manaus.am.gov.br\/semed\/#\/schema\/logo\/image\/\"}},{\"@type\":\"Person\",\"@id\":\"https:\/\/www.manaus.am.gov.br\/semed\/#\/schema\/person\/79525a47ac5902f50493820d995728ee\",\"name\":\"Imarketing Digital\",\"image\":{\"@type\":\"ImageObject\",\"inLanguage\":\"pt-BR\",\"@id\":\"https:\/\/www.manaus.am.gov.br\/semed\/#\/schema\/person\/image\/\",\"url\":\"https:\/\/secure.gravatar.com\/avatar\/03432d3c57b756ed9760f7019c815a3a?s=96&d=mm&r=g\",\"contentUrl\":\"https:\/\/secure.gravatar.com\/avatar\/03432d3c57b756ed9760f7019c815a3a?s=96&d=mm&r=g\",\"caption\":\"Imarketing Digital\"}}]}<\/script>\n<!-- \/ Yoast SEO plugin. -->","yoast_head_json":{"title":"Conselho de Acompanhamento e Controle Social do Fundeb - SEMED","robots":{"index":"index","follow":"follow","max-snippet":"max-snippet:-1","max-image-preview":"max-image-preview:large","max-video-preview":"max-video-preview:-1"},"canonical":"https:\/\/www.manaus.am.gov.br\/semed\/conselho-de-acompanhamento-e-controle-social-do-fundeb\/","og_locale":"pt_BR","og_type":"article","og_title":"Conselho de Acompanhamento e Controle Social do Fundeb - SEMED","og_url":"https:\/\/www.manaus.am.gov.br\/semed\/conselho-de-acompanhamento-e-controle-social-do-fundeb\/","og_site_name":"SEMED","article_modified_time":"2023-03-10T18:44:10+00:00","og_image":[{"width":966,"height":520,"url":"https:\/\/www.manaus.am.gov.br\/semed\/wp-content\/uploads\/sites\/3\/2024\/07\/thumb-default-2.png","type":"image\/png"}],"twitter_card":"summary_large_image","twitter_misc":{"Est. reading time":"2 minutos"},"schema":{"@context":"https:\/\/schema.org","@graph":[{"@type":"Article","@id":"https:\/\/www.manaus.am.gov.br\/semed\/conselho-de-acompanhamento-e-controle-social-do-fundeb\/#article","isPartOf":{"@id":"https:\/\/www.manaus.am.gov.br\/semed\/conselho-de-acompanhamento-e-controle-social-do-fundeb\/"},"author":{"name":"Imarketing Digital","@id":"https:\/\/www.manaus.am.gov.br\/semed\/#\/schema\/person\/79525a47ac5902f50493820d995728ee"},"headline":"Conselho de Acompanhamento e Controle Social do Fundeb","datePublished":"2022-10-19T23:20:03+00:00","dateModified":"2023-03-10T18:44:10+00:00","mainEntityOfPage":{"@id":"https:\/\/www.manaus.am.gov.br\/semed\/conselho-de-acompanhamento-e-controle-social-do-fundeb\/"},"wordCount":319,"publisher":{"@id":"https:\/\/www.manaus.am.gov.br\/semed\/#organization"},"inLanguage":"pt-BR"},{"@type":"WebPage","@id":"https:\/\/www.manaus.am.gov.br\/semed\/conselho-de-acompanhamento-e-controle-social-do-fundeb\/","url":"https:\/\/www.manaus.am.gov.br\/semed\/conselho-de-acompanhamento-e-controle-social-do-fundeb\/","name":"Conselho de Acompanhamento e Controle Social do Fundeb - SEMED","isPartOf":{"@id":"https:\/\/www.manaus.am.gov.br\/semed\/#website"},"datePublished":"2022-10-19T23:20:03+00:00","dateModified":"2023-03-10T18:44:10+00:00","inLanguage":"pt-BR","potentialAction":[{"@type":"ReadAction","target":["https:\/\/www.manaus.am.gov.br\/semed\/conselho-de-acompanhamento-e-controle-social-do-fundeb\/"]}]},{"@type":"WebSite","@id":"https:\/\/www.manaus.am.gov.br\/semed\/#website","url":"https:\/\/www.manaus.am.gov.br\/semed\/","name":"Secretaria Municipal de Educa\u00e7\u00e3o","description":"Secretaria Municipal de Educa\u00e7\u00e3o","publisher":{"@id":"https:\/\/www.manaus.am.gov.br\/semed\/#organization"},"alternateName":"SEMED","potentialAction":[{"@type":"SearchAction","target":{"@type":"EntryPoint","urlTemplate":"https:\/\/www.manaus.am.gov.br\/semed\/?s={search_term_string}"},"query-input":"required name=search_term_string"}],"inLanguage":"pt-BR"},{"@type":"Organization","@id":"https:\/\/www.manaus.am.gov.br\/semed\/#organization","name":"Secretaria de Educa\u00e7\u00e3o","alternateName":"SEMED","url":"https:\/\/www.manaus.am.gov.br\/semed\/","logo":{"@type":"ImageObject","inLanguage":"pt-BR","@id":"https:\/\/www.manaus.am.gov.br\/semed\/#\/schema\/logo\/image\/","url":"https:\/\/www.manaus.am.gov.br\/semed\/wp-content\/uploads\/sites\/3\/2022\/11\/favicon.png","contentUrl":"https:\/\/www.manaus.am.gov.br\/semed\/wp-content\/uploads\/sites\/3\/2022\/11\/favicon.png","width":300,"height":300,"caption":"Secretaria de Educa\u00e7\u00e3o"},"image":{"@id":"https:\/\/www.manaus.am.gov.br\/semed\/#\/schema\/logo\/image\/"}},{"@type":"Person","@id":"https:\/\/www.manaus.am.gov.br\/semed\/#\/schema\/person\/79525a47ac5902f50493820d995728ee","name":"Imarketing Digital","image":{"@type":"ImageObject","inLanguage":"pt-BR","@id":"https:\/\/www.manaus.am.gov.br\/semed\/#\/schema\/person\/image\/","url":"https:\/\/secure.gravatar.com\/avatar\/03432d3c57b756ed9760f7019c815a3a?s=96&d=mm&r=g","contentUrl":"https:\/\/secure.gravatar.com\/avatar\/03432d3c57b756ed9760f7019c815a3a?s=96&d=mm&r=g","caption":"Imarketing Digital"}}]}},"_links":{"self":[{"href":"https:\/\/www.manaus.am.gov.br\/semed\/wp-json\/wp\/v2\/pages\/268"}],"collection":[{"href":"https:\/\/www.manaus.am.gov.br\/semed\/wp-json\/wp\/v2\/pages"}],"about":[{"href":"https:\/\/www.manaus.am.gov.br\/semed\/wp-json\/wp\/v2\/types\/page"}],"author":[{"embeddable":true,"href":"https:\/\/www.manaus.am.gov.br\/semed\/wp-json\/wp\/v2\/users\/27"}],"replies":[{"embeddable":true,"href":"https:\/\/www.manaus.am.gov.br\/semed\/wp-json\/wp\/v2\/comments?post=268"}],"version-history":[{"count":2,"href":"https:\/\/www.manaus.am.gov.br\/semed\/wp-json\/wp\/v2\/pages\/268\/revisions"}],"predecessor-version":[{"id":424,"href":"https:\/\/www.manaus.am.gov.br\/semed\/wp-json\/wp\/v2\/pages\/268\/revisions\/424"}],"wp:attachment":[{"href":"https:\/\/www.manaus.am.gov.br\/semed\/wp-json\/wp\/v2\/media?parent=268"}],"curies":[{"name":"wp","href":"https:\/\/api.w.org\/{rel}","templated":true}]}}

<p>O artigo 24 da Lei N.º 11.494/2007 e o art. 10 do Dec. N.º 6.253/2007 estabelecem a obrigatoriedade de criação, no âmbito de cada esfera governamental, de um Conselho de Acompanhamento e Controle Social do Fundeb, fortalecendo, com essa exigência, a presença da sociedade na verificação dos recursos públicos vinculados à educação.</p>
<p>O Conselho do Fundeb é um colegiado, com função principal de proceder ao acompanhamento e ao controle social sobre a distribuição, a transferência e a aplicação dos recursos, no âmbito de cada esfera, municipal, estadual, distrital ou federal. Os trabalhos a cargo do Conselho do Fundeb não são remunerados e o Colegiado não integra a estrutura administrativa do governo. Sua ação deve ser independente e, ao mesmo tempo, harmônica com os órgãos da administração pública local.</p>
<p>O Poder Executivo deve oferecer ao Conselho do Fundeb o necessário apoio material e logístico, disponibilizando, se necessário, local para reuniões, meio de transporte, materiais, equipamentos, etc., de forma a assegurar a realização periódica das reuniões de trabalho, garantindo assim, condições para que o Colegiado desempenhe suas atividades e, efetivamente, exerça suas funções (artigo 24, § 10 da Lei N.º 11.494/2007).</p>
<p>É importante destacar que o trabalho dos Conselhos do Fundeb soma-se ao trabalho das tradicionais instâncias de controle e fiscalização da gestão pública. Entretanto, o Conselho do Fundeb não se constitui numa nova instância de controle, mas sim de representação social, não devendo, por conseguinte, ser confundido com o controle interno, executado pelo próprio Poder Executivo (quando este dispõe de unidade administrativa com essa atribuição), nem com o controle externo executado pelo Tribunal de Contas na qualidade de órgão auxiliar do Poder Legislativo, a quem compete à apreciação das contas do Poder Executivo.</p>

<!-- This site is optimized with the Yoast SEO plugin v23.0 - https://yoast.com/wordpress/plugins/seo/ -->
<title>Conselho de Acompanhamento e Controle Social do Fundeb - SEMED</title>
<meta name="robots" content="index, follow, max-snippet:-1, max-image-preview:large, max-video-preview:-1" />
<link rel="canonical" href="https://www.manaus.am.gov.br/semed/conselho-de-acompanhamento-e-controle-social-do-fundeb/" />
<meta property="og:locale" content="pt_BR" />
<meta property="og:type" content="article" />
<meta property="og:title" content="Conselho de Acompanhamento e Controle Social do Fundeb - SEMED" />
<meta property="og:url" content="https://www.manaus.am.gov.br/semed/conselho-de-acompanhamento-e-controle-social-do-fundeb/" />
<meta property="og:site_name" content="SEMED" />
<meta property="article:modified_time" content="2023-03-10T18:44:10+00:00" />
<meta property="og:image" content="https://www.manaus.am.gov.br/semed/wp-content/uploads/sites/3/2024/07/thumb-default-2.png" />
	<meta property="og:image:width" content="966" />
	<meta property="og:image:height" content="520" />
	<meta property="og:image:type" content="image/png" />
<meta name="twitter:card" content="summary_large_image" />
<meta name="twitter:label1" content="Est. reading time" />
	<meta name="twitter:data1" content="2 minutos" />
<script type="application/ld+json" class="yoast-schema-graph">{"@context":"https://schema.org","@graph":[{"@type":"Article","@id":"https://www.manaus.am.gov.br/semed/conselho-de-acompanhamento-e-controle-social-do-fundeb/#article","isPartOf":{"@id":"https://www.manaus.am.gov.br/semed/conselho-de-acompanhamento-e-controle-social-do-fundeb/"},"author":{"name":"Imarketing Digital","@id":"https://www.manaus.am.gov.br/semed/#/schema/person/79525a47ac5902f50493820d995728ee"},"headline":"Conselho de Acompanhamento e Controle Social do Fundeb","datePublished":"2022-10-19T23:20:03+00:00","dateModified":"2023-03-10T18:44:10+00:00","mainEntityOfPage":{"@id":"https://www.manaus.am.gov.br/semed/conselho-de-acompanhamento-e-controle-social-do-fundeb/"},"wordCount":319,"publisher":{"@id":"https://www.manaus.am.gov.br/semed/#organization"},"inLanguage":"pt-BR"},{"@type":"WebPage","@id":"https://www.manaus.am.gov.br/semed/conselho-de-acompanhamento-e-controle-social-do-fundeb/","url":"https://www.manaus.am.gov.br/semed/conselho-de-acompanhamento-e-controle-social-do-fundeb/","name":"Conselho de Acompanhamento e Controle Social do Fundeb - SEMED","isPartOf":{"@id":"https://www.manaus.am.gov.br/semed/#website"},"datePublished":"2022-10-19T23:20:03+00:00","dateModified":"2023-03-10T18:44:10+00:00","inLanguage":"pt-BR","potentialAction":[{"@type":"ReadAction","target":["https://www.manaus.am.gov.br/semed/conselho-de-acompanhamento-e-controle-social-do-fundeb/"]}]},{"@type":"WebSite","@id":"https://www.manaus.am.gov.br/semed/#website","url":"https://www.manaus.am.gov.br/semed/","name":"Secretaria Municipal de Educação","description":"Secretaria Municipal de Educação","publisher":{"@id":"https://www.manaus.am.gov.br/semed/#organization"},"alternateName":"SEMED","potentialAction":[{"@type":"SearchAction","target":{"@type":"EntryPoint","urlTemplate":"https://www.manaus.am.gov.br/semed/?s={search_term_string}"},"query-input":"required name=search_term_string"}],"inLanguage":"pt-BR"},{"@type":"Organization","@id":"https://www.manaus.am.gov.br/semed/#organization","name":"Secretaria de Educação","alternateName":"SEMED","url":"https://www.manaus.am.gov.br/semed/","logo":{"@type":"ImageObject","inLanguage":"pt-BR","@id":"https://www.manaus.am.gov.br/semed/#/schema/logo/image/","url":"https://www.manaus.am.gov.br/semed/wp-content/uploads/sites/3/2022/11/favicon.png","contentUrl":"https://www.manaus.am.gov.br/semed/wp-content/uploads/sites/3/2022/11/favicon.png","width":300,"height":300,"caption":"Secretaria de Educação"},"image":{"@id":"https://www.manaus.am.gov.br/semed/#/schema/logo/image/"}},{"@type":"Person","@id":"https://www.manaus.am.gov.br/semed/#/schema/person/79525a47ac5902f50493820d995728ee","name":"Imarketing Digital","image":{"@type":"ImageObject","inLanguage":"pt-BR","@id":"https://www.manaus.am.gov.br/semed/#/schema/person/image/","url":"https://secure.gravatar.com/avatar/03432d3c57b756ed9760f7019c815a3a?s=96&d=mm&r=g","contentUrl":"https://secure.gravatar.com/avatar/03432d3c57b756ed9760f7019c815a3a?s=96&d=mm&r=g","caption":"Imarketing Digital"}}]}</script>
<!-- / Yoast SEO plugin. -->

Secretaria Municipal de Educação

Secretaria de Educação
