{"id":2236,"date":"2023-03-21T09:57:39","date_gmt":"2023-03-21T13:57:39","guid":{"rendered":"https:\/\/www.manaus.am.gov.br\/semed\/?page_id=2236"},"modified":"2023-05-17T11:44:20","modified_gmt":"2023-05-17T15:44:20","slug":"projeto-caravana-da-educacao-fisica-da-educacao-infantil","status":"publish","type":"page","link":"https:\/\/www.manaus.am.gov.br\/semed\/projeto-caravana-da-educacao-fisica-da-educacao-infantil\/","title":{"rendered":"Projeto Caravana da Educa\u00e7\u00e3o F\u00edsica da Educa\u00e7\u00e3o Infantil"},"content":{"rendered":"\n<p>O referido projeto tem como objetivo geral proporcionar espa\u00e7o e tempo para o desenvolvimento psicomotor das crian\u00e7as que estudam nas unidades de ensino de Educa\u00e7\u00e3o Infantil (CMEI e escolas mistas).<\/p>\n\n\n\n<p>A metodologia utilizada no projeto consiste em a\u00e7\u00e3o itinerante, onde s\u00e3o levadas \u00e0s unidades de ensino diversas atividades, como circuito psicomotor, gin\u00e1stica, dan\u00e7a e uso de brinquedos, pois acredita-se que a aprendizagem \u00e9 a resposta de um indiv\u00edduo ao est\u00edmulo ambiental, o qual acarreta na mudan\u00e7a de comportamento. Quanto \u00e0s experi\u00eancias motoras da crian\u00e7a, informa-se que s\u00e3o decisivas para o desenvolvimento e organiza\u00e7\u00e3o mental, para obten\u00e7\u00e3o de racioc\u00ednios mais complexos.<\/p>\n\n\n\n<p>P\u00fablico-alvo: crian\u00e7as e professores dos Centros Municipais de Educa\u00e7\u00e3o Infantil.<\/p>\n","protected":false},"excerpt":{"rendered":"","protected":false},"author":27,"featured_media":0,"parent":0,"menu_order":0,"comment_status":"closed","ping_status":"closed","template":"page_servicos_menu.php","meta":{"footnotes":""},"acf":[],"yoast_head":"<!-- This site is optimized with the Yoast SEO plugin v23.0 - https:\/\/yoast.com\/wordpress\/plugins\/seo\/ -->\n<title>Projeto Caravana da Educa\u00e7\u00e3o F\u00edsica da Educa\u00e7\u00e3o Infantil - SEMED<\/title>\n<meta name=\"robots\" content=\"index, follow, max-snippet:-1, max-image-preview:large, max-video-preview:-1\" \/>\n<link rel=\"canonical\" href=\"https:\/\/www.manaus.am.gov.br\/semed\/projeto-caravana-da-educacao-fisica-da-educacao-infantil\/\" \/>\n<meta property=\"og:locale\" content=\"pt_BR\" \/>\n<meta property=\"og:type\" content=\"article\" \/>\n<meta property=\"og:title\" content=\"Projeto Caravana da Educa\u00e7\u00e3o F\u00edsica da Educa\u00e7\u00e3o Infantil - SEMED\" \/>\n<meta property=\"og:url\" content=\"https:\/\/www.manaus.am.gov.br\/semed\/projeto-caravana-da-educacao-fisica-da-educacao-infantil\/\" \/>\n<meta property=\"og:site_name\" content=\"SEMED\" \/>\n<meta property=\"article:modified_time\" content=\"2023-05-17T15:44:20+00:00\" \/>\n<meta property=\"og:image\" content=\"https:\/\/www.manaus.am.gov.br\/semed\/wp-content\/uploads\/sites\/3\/2024\/07\/thumb-default-2.png\" \/>\n\t<meta property=\"og:image:width\" content=\"966\" \/>\n\t<meta property=\"og:image:height\" content=\"520\" \/>\n\t<meta property=\"og:image:type\" content=\"image\/png\" \/>\n<meta name=\"twitter:card\" content=\"summary_large_image\" \/>\n<meta name=\"twitter:label1\" content=\"Est. reading time\" \/>\n\t<meta name=\"twitter:data1\" content=\"1 minuto\" \/>\n<script type=\"application\/ld+json\" class=\"yoast-schema-graph\">{\"@context\":\"https:\/\/schema.org\",\"@graph\":[{\"@type\":\"Article\",\"@id\":\"https:\/\/www.manaus.am.gov.br\/semed\/projeto-caravana-da-educacao-fisica-da-educacao-infantil\/#article\",\"isPartOf\":{\"@id\":\"https:\/\/www.manaus.am.gov.br\/semed\/projeto-caravana-da-educacao-fisica-da-educacao-infantil\/\"},\"author\":{\"name\":\"Imarketing Digital\",\"@id\":\"https:\/\/www.manaus.am.gov.br\/semed\/#\/schema\/person\/79525a47ac5902f50493820d995728ee\"},\"headline\":\"Projeto Caravana da Educa\u00e7\u00e3o F\u00edsica da Educa\u00e7\u00e3o Infantil\",\"datePublished\":\"2023-03-21T13:57:39+00:00\",\"dateModified\":\"2023-05-17T15:44:20+00:00\",\"mainEntityOfPage\":{\"@id\":\"https:\/\/www.manaus.am.gov.br\/semed\/projeto-caravana-da-educacao-fisica-da-educacao-infantil\/\"},\"wordCount\":139,\"publisher\":{\"@id\":\"https:\/\/www.manaus.am.gov.br\/semed\/#organization\"},\"inLanguage\":\"pt-BR\"},{\"@type\":\"WebPage\",\"@id\":\"https:\/\/www.manaus.am.gov.br\/semed\/projeto-caravana-da-educacao-fisica-da-educacao-infantil\/\",\"url\":\"https:\/\/www.manaus.am.gov.br\/semed\/projeto-caravana-da-educacao-fisica-da-educacao-infantil\/\",\"name\":\"Projeto Caravana da Educa\u00e7\u00e3o F\u00edsica da Educa\u00e7\u00e3o Infantil - SEMED\",\"isPartOf\":{\"@id\":\"https:\/\/www.manaus.am.gov.br\/semed\/#website\"},\"datePublished\":\"2023-03-21T13:57:39+00:00\",\"dateModified\":\"2023-05-17T15:44:20+00:00\",\"inLanguage\":\"pt-BR\",\"potentialAction\":[{\"@type\":\"ReadAction\",\"target\":[\"https:\/\/www.manaus.am.gov.br\/semed\/projeto-caravana-da-educacao-fisica-da-educacao-infantil\/\"]}]},{\"@type\":\"WebSite\",\"@id\":\"https:\/\/www.manaus.am.gov.br\/semed\/#website\",\"url\":\"https:\/\/www.manaus.am.gov.br\/semed\/\",\"name\":\"Secretaria Municipal de Educa\u00e7\u00e3o\",\"description\":\"Secretaria Municipal de Educa\u00e7\u00e3o\",\"publisher\":{\"@id\":\"https:\/\/www.manaus.am.gov.br\/semed\/#organization\"},\"alternateName\":\"SEMED\",\"potentialAction\":[{\"@type\":\"SearchAction\",\"target\":{\"@type\":\"EntryPoint\",\"urlTemplate\":\"https:\/\/www.manaus.am.gov.br\/semed\/?s={search_term_string}\"},\"query-input\":\"required name=search_term_string\"}],\"inLanguage\":\"pt-BR\"},{\"@type\":\"Organization\",\"@id\":\"https:\/\/www.manaus.am.gov.br\/semed\/#organization\",\"name\":\"Secretaria de Educa\u00e7\u00e3o\",\"alternateName\":\"SEMED\",\"url\":\"https:\/\/www.manaus.am.gov.br\/semed\/\",\"logo\":{\"@type\":\"ImageObject\",\"inLanguage\":\"pt-BR\",\"@id\":\"https:\/\/www.manaus.am.gov.br\/semed\/#\/schema\/logo\/image\/\",\"url\":\"https:\/\/www.manaus.am.gov.br\/semed\/wp-content\/uploads\/sites\/3\/2022\/11\/favicon.png\",\"contentUrl\":\"https:\/\/www.manaus.am.gov.br\/semed\/wp-content\/uploads\/sites\/3\/2022\/11\/favicon.png\",\"width\":300,\"height\":300,\"caption\":\"Secretaria de Educa\u00e7\u00e3o\"},\"image\":{\"@id\":\"https:\/\/www.manaus.am.gov.br\/semed\/#\/schema\/logo\/image\/\"}},{\"@type\":\"Person\",\"@id\":\"https:\/\/www.manaus.am.gov.br\/semed\/#\/schema\/person\/79525a47ac5902f50493820d995728ee\",\"name\":\"Imarketing Digital\",\"image\":{\"@type\":\"ImageObject\",\"inLanguage\":\"pt-BR\",\"@id\":\"https:\/\/www.manaus.am.gov.br\/semed\/#\/schema\/person\/image\/\",\"url\":\"https:\/\/secure.gravatar.com\/avatar\/03432d3c57b756ed9760f7019c815a3a?s=96&d=mm&r=g\",\"contentUrl\":\"https:\/\/secure.gravatar.com\/avatar\/03432d3c57b756ed9760f7019c815a3a?s=96&d=mm&r=g\",\"caption\":\"Imarketing Digital\"}}]}<\/script>\n<!-- \/ Yoast SEO plugin. -->","yoast_head_json":{"title":"Projeto Caravana da Educa\u00e7\u00e3o F\u00edsica da Educa\u00e7\u00e3o Infantil - SEMED","robots":{"index":"index","follow":"follow","max-snippet":"max-snippet:-1","max-image-preview":"max-image-preview:large","max-video-preview":"max-video-preview:-1"},"canonical":"https:\/\/www.manaus.am.gov.br\/semed\/projeto-caravana-da-educacao-fisica-da-educacao-infantil\/","og_locale":"pt_BR","og_type":"article","og_title":"Projeto Caravana da Educa\u00e7\u00e3o F\u00edsica da Educa\u00e7\u00e3o Infantil - SEMED","og_url":"https:\/\/www.manaus.am.gov.br\/semed\/projeto-caravana-da-educacao-fisica-da-educacao-infantil\/","og_site_name":"SEMED","article_modified_time":"2023-05-17T15:44:20+00:00","og_image":[{"width":966,"height":520,"url":"https:\/\/www.manaus.am.gov.br\/semed\/wp-content\/uploads\/sites\/3\/2024\/07\/thumb-default-2.png","type":"image\/png"}],"twitter_card":"summary_large_image","twitter_misc":{"Est. reading time":"1 minuto"},"schema":{"@context":"https:\/\/schema.org","@graph":[{"@type":"Article","@id":"https:\/\/www.manaus.am.gov.br\/semed\/projeto-caravana-da-educacao-fisica-da-educacao-infantil\/#article","isPartOf":{"@id":"https:\/\/www.manaus.am.gov.br\/semed\/projeto-caravana-da-educacao-fisica-da-educacao-infantil\/"},"author":{"name":"Imarketing Digital","@id":"https:\/\/www.manaus.am.gov.br\/semed\/#\/schema\/person\/79525a47ac5902f50493820d995728ee"},"headline":"Projeto Caravana da Educa\u00e7\u00e3o F\u00edsica da Educa\u00e7\u00e3o Infantil","datePublished":"2023-03-21T13:57:39+00:00","dateModified":"2023-05-17T15:44:20+00:00","mainEntityOfPage":{"@id":"https:\/\/www.manaus.am.gov.br\/semed\/projeto-caravana-da-educacao-fisica-da-educacao-infantil\/"},"wordCount":139,"publisher":{"@id":"https:\/\/www.manaus.am.gov.br\/semed\/#organization"},"inLanguage":"pt-BR"},{"@type":"WebPage","@id":"https:\/\/www.manaus.am.gov.br\/semed\/projeto-caravana-da-educacao-fisica-da-educacao-infantil\/","url":"https:\/\/www.manaus.am.gov.br\/semed\/projeto-caravana-da-educacao-fisica-da-educacao-infantil\/","name":"Projeto Caravana da Educa\u00e7\u00e3o F\u00edsica da Educa\u00e7\u00e3o Infantil - SEMED","isPartOf":{"@id":"https:\/\/www.manaus.am.gov.br\/semed\/#website"},"datePublished":"2023-03-21T13:57:39+00:00","dateModified":"2023-05-17T15:44:20+00:00","inLanguage":"pt-BR","potentialAction":[{"@type":"ReadAction","target":["https:\/\/www.manaus.am.gov.br\/semed\/projeto-caravana-da-educacao-fisica-da-educacao-infantil\/"]}]},{"@type":"WebSite","@id":"https:\/\/www.manaus.am.gov.br\/semed\/#website","url":"https:\/\/www.manaus.am.gov.br\/semed\/","name":"Secretaria Municipal de Educa\u00e7\u00e3o","description":"Secretaria Municipal de Educa\u00e7\u00e3o","publisher":{"@id":"https:\/\/www.manaus.am.gov.br\/semed\/#organization"},"alternateName":"SEMED","potentialAction":[{"@type":"SearchAction","target":{"@type":"EntryPoint","urlTemplate":"https:\/\/www.manaus.am.gov.br\/semed\/?s={search_term_string}"},"query-input":"required name=search_term_string"}],"inLanguage":"pt-BR"},{"@type":"Organization","@id":"https:\/\/www.manaus.am.gov.br\/semed\/#organization","name":"Secretaria de Educa\u00e7\u00e3o","alternateName":"SEMED","url":"https:\/\/www.manaus.am.gov.br\/semed\/","logo":{"@type":"ImageObject","inLanguage":"pt-BR","@id":"https:\/\/www.manaus.am.gov.br\/semed\/#\/schema\/logo\/image\/","url":"https:\/\/www.manaus.am.gov.br\/semed\/wp-content\/uploads\/sites\/3\/2022\/11\/favicon.png","contentUrl":"https:\/\/www.manaus.am.gov.br\/semed\/wp-content\/uploads\/sites\/3\/2022\/11\/favicon.png","width":300,"height":300,"caption":"Secretaria de Educa\u00e7\u00e3o"},"image":{"@id":"https:\/\/www.manaus.am.gov.br\/semed\/#\/schema\/logo\/image\/"}},{"@type":"Person","@id":"https:\/\/www.manaus.am.gov.br\/semed\/#\/schema\/person\/79525a47ac5902f50493820d995728ee","name":"Imarketing Digital","image":{"@type":"ImageObject","inLanguage":"pt-BR","@id":"https:\/\/www.manaus.am.gov.br\/semed\/#\/schema\/person\/image\/","url":"https:\/\/secure.gravatar.com\/avatar\/03432d3c57b756ed9760f7019c815a3a?s=96&d=mm&r=g","contentUrl":"https:\/\/secure.gravatar.com\/avatar\/03432d3c57b756ed9760f7019c815a3a?s=96&d=mm&r=g","caption":"Imarketing Digital"}}]}},"_links":{"self":[{"href":"https:\/\/www.manaus.am.gov.br\/semed\/wp-json\/wp\/v2\/pages\/2236"}],"collection":[{"href":"https:\/\/www.manaus.am.gov.br\/semed\/wp-json\/wp\/v2\/pages"}],"about":[{"href":"https:\/\/www.manaus.am.gov.br\/semed\/wp-json\/wp\/v2\/types\/page"}],"author":[{"embeddable":true,"href":"https:\/\/www.manaus.am.gov.br\/semed\/wp-json\/wp\/v2\/users\/27"}],"replies":[{"embeddable":true,"href":"https:\/\/www.manaus.am.gov.br\/semed\/wp-json\/wp\/v2\/comments?post=2236"}],"version-history":[{"count":3,"href":"https:\/\/www.manaus.am.gov.br\/semed\/wp-json\/wp\/v2\/pages\/2236\/revisions"}],"predecessor-version":[{"id":2865,"href":"https:\/\/www.manaus.am.gov.br\/semed\/wp-json\/wp\/v2\/pages\/2236\/revisions\/2865"}],"wp:attachment":[{"href":"https:\/\/www.manaus.am.gov.br\/semed\/wp-json\/wp\/v2\/media?parent=2236"}],"curies":[{"name":"wp","href":"https:\/\/api.w.org\/{rel}","templated":true}]}}

Projeto Caravana da Educação Física da Educação Infantil

<p>O referido projeto tem como objetivo geral proporcionar espaço e tempo para o desenvolvimento psicomotor das crianças que estudam nas unidades de ensino de Educação Infantil (CMEI e escolas mistas).</p>



<p>A metodologia utilizada no projeto consiste em ação itinerante, onde são levadas às unidades de ensino diversas atividades, como circuito psicomotor, ginástica, dança e uso de brinquedos, pois acredita-se que a aprendizagem é a resposta de um indivíduo ao estímulo ambiental, o qual acarreta na mudança de comportamento. Quanto às experiências motoras da criança, informa-se que são decisivas para o desenvolvimento e organização mental, para obtenção de raciocínios mais complexos.</p>



<p>Público-alvo: crianças e professores dos Centros Municipais de Educação Infantil.</p>

<!-- This site is optimized with the Yoast SEO plugin v23.0 - https://yoast.com/wordpress/plugins/seo/ -->
<title>Projeto Caravana da Educação Física da Educação Infantil - SEMED</title>
<meta name="robots" content="index, follow, max-snippet:-1, max-image-preview:large, max-video-preview:-1" />
<link rel="canonical" href="https://www.manaus.am.gov.br/semed/projeto-caravana-da-educacao-fisica-da-educacao-infantil/" />
<meta property="og:locale" content="pt_BR" />
<meta property="og:type" content="article" />
<meta property="og:title" content="Projeto Caravana da Educação Física da Educação Infantil - SEMED" />
<meta property="og:url" content="https://www.manaus.am.gov.br/semed/projeto-caravana-da-educacao-fisica-da-educacao-infantil/" />
<meta property="og:site_name" content="SEMED" />
<meta property="article:modified_time" content="2023-05-17T15:44:20+00:00" />
<meta property="og:image" content="https://www.manaus.am.gov.br/semed/wp-content/uploads/sites/3/2024/07/thumb-default-2.png" />
	<meta property="og:image:width" content="966" />
	<meta property="og:image:height" content="520" />
	<meta property="og:image:type" content="image/png" />
<meta name="twitter:card" content="summary_large_image" />
<meta name="twitter:label1" content="Est. reading time" />
	<meta name="twitter:data1" content="1 minuto" />
<script type="application/ld+json" class="yoast-schema-graph">{"@context":"https://schema.org","@graph":[{"@type":"Article","@id":"https://www.manaus.am.gov.br/semed/projeto-caravana-da-educacao-fisica-da-educacao-infantil/#article","isPartOf":{"@id":"https://www.manaus.am.gov.br/semed/projeto-caravana-da-educacao-fisica-da-educacao-infantil/"},"author":{"name":"Imarketing Digital","@id":"https://www.manaus.am.gov.br/semed/#/schema/person/79525a47ac5902f50493820d995728ee"},"headline":"Projeto Caravana da Educação Física da Educação Infantil","datePublished":"2023-03-21T13:57:39+00:00","dateModified":"2023-05-17T15:44:20+00:00","mainEntityOfPage":{"@id":"https://www.manaus.am.gov.br/semed/projeto-caravana-da-educacao-fisica-da-educacao-infantil/"},"wordCount":139,"publisher":{"@id":"https://www.manaus.am.gov.br/semed/#organization"},"inLanguage":"pt-BR"},{"@type":"WebPage","@id":"https://www.manaus.am.gov.br/semed/projeto-caravana-da-educacao-fisica-da-educacao-infantil/","url":"https://www.manaus.am.gov.br/semed/projeto-caravana-da-educacao-fisica-da-educacao-infantil/","name":"Projeto Caravana da Educação Física da Educação Infantil - SEMED","isPartOf":{"@id":"https://www.manaus.am.gov.br/semed/#website"},"datePublished":"2023-03-21T13:57:39+00:00","dateModified":"2023-05-17T15:44:20+00:00","inLanguage":"pt-BR","potentialAction":[{"@type":"ReadAction","target":["https://www.manaus.am.gov.br/semed/projeto-caravana-da-educacao-fisica-da-educacao-infantil/"]}]},{"@type":"WebSite","@id":"https://www.manaus.am.gov.br/semed/#website","url":"https://www.manaus.am.gov.br/semed/","name":"Secretaria Municipal de Educação","description":"Secretaria Municipal de Educação","publisher":{"@id":"https://www.manaus.am.gov.br/semed/#organization"},"alternateName":"SEMED","potentialAction":[{"@type":"SearchAction","target":{"@type":"EntryPoint","urlTemplate":"https://www.manaus.am.gov.br/semed/?s={search_term_string}"},"query-input":"required name=search_term_string"}],"inLanguage":"pt-BR"},{"@type":"Organization","@id":"https://www.manaus.am.gov.br/semed/#organization","name":"Secretaria de Educação","alternateName":"SEMED","url":"https://www.manaus.am.gov.br/semed/","logo":{"@type":"ImageObject","inLanguage":"pt-BR","@id":"https://www.manaus.am.gov.br/semed/#/schema/logo/image/","url":"https://www.manaus.am.gov.br/semed/wp-content/uploads/sites/3/2022/11/favicon.png","contentUrl":"https://www.manaus.am.gov.br/semed/wp-content/uploads/sites/3/2022/11/favicon.png","width":300,"height":300,"caption":"Secretaria de Educação"},"image":{"@id":"https://www.manaus.am.gov.br/semed/#/schema/logo/image/"}},{"@type":"Person","@id":"https://www.manaus.am.gov.br/semed/#/schema/person/79525a47ac5902f50493820d995728ee","name":"Imarketing Digital","image":{"@type":"ImageObject","inLanguage":"pt-BR","@id":"https://www.manaus.am.gov.br/semed/#/schema/person/image/","url":"https://secure.gravatar.com/avatar/03432d3c57b756ed9760f7019c815a3a?s=96&d=mm&r=g","contentUrl":"https://secure.gravatar.com/avatar/03432d3c57b756ed9760f7019c815a3a?s=96&d=mm&r=g","caption":"Imarketing Digital"}}]}</script>
<!-- / Yoast SEO plugin. -->

Projeto Caravana da Educação Física da Educação Infantil - SEMED

Secretaria Municipal de Educação

Secretaria de Educação
