{"id":2205,"date":"2023-03-21T09:37:38","date_gmt":"2023-03-21T13:37:38","guid":{"rendered":"https:\/\/www.manaus.am.gov.br\/semed\/?page_id=2205"},"modified":"2023-03-21T09:38:55","modified_gmt":"2023-03-21T13:38:55","slug":"enfrentamento-e-prevencao-a-violencia-sexual-infantojuvenil","status":"publish","type":"page","link":"https:\/\/www.manaus.am.gov.br\/semed\/enfrentamento-e-prevencao-a-violencia-sexual-infantojuvenil\/","title":{"rendered":"Enfrentamento e preven\u00e7\u00e3o \u00e0 viol\u00eancia sexual infantojuvenil"},"content":{"rendered":"\n<p>As a\u00e7\u00f5es de Enfrentamento e Preven\u00e7\u00e3o \u00e0 Viol\u00eancia Sexual Infantojuvenil desenvolvidas pela Semed visam favorecer, com a comunidade escolar e sociedade civil, a preven\u00e7\u00e3o do abuso e da explora\u00e7\u00e3o sexual de crian\u00e7as e adolescentes. Sua participa\u00e7\u00e3o ativa e qualificada tem o objetivo de cumprir o papel da escola na rede de prote\u00e7\u00e3o da inf\u00e2ncia e da juventude, por meio da realiza\u00e7\u00e3o de palestras, semin\u00e1rios, mobiliza\u00e7\u00f5es, caminhadas e outras a\u00e7\u00f5es.<\/p>\n","protected":false},"excerpt":{"rendered":"","protected":false},"author":27,"featured_media":0,"parent":0,"menu_order":0,"comment_status":"closed","ping_status":"closed","template":"page_servicos_menu.php","meta":{"footnotes":""},"acf":[],"yoast_head":"<!-- This site is optimized with the Yoast SEO plugin v23.0 - https:\/\/yoast.com\/wordpress\/plugins\/seo\/ -->\n<title>Enfrentamento e preven\u00e7\u00e3o \u00e0 viol\u00eancia sexual infantojuvenil - SEMED<\/title>\n<meta name=\"robots\" content=\"index, follow, max-snippet:-1, max-image-preview:large, max-video-preview:-1\" \/>\n<link rel=\"canonical\" href=\"https:\/\/www.manaus.am.gov.br\/semed\/enfrentamento-e-prevencao-a-violencia-sexual-infantojuvenil\/\" \/>\n<meta property=\"og:locale\" content=\"pt_BR\" \/>\n<meta property=\"og:type\" content=\"article\" \/>\n<meta property=\"og:title\" content=\"Enfrentamento e preven\u00e7\u00e3o \u00e0 viol\u00eancia sexual infantojuvenil - SEMED\" \/>\n<meta property=\"og:url\" content=\"https:\/\/www.manaus.am.gov.br\/semed\/enfrentamento-e-prevencao-a-violencia-sexual-infantojuvenil\/\" \/>\n<meta property=\"og:site_name\" content=\"SEMED\" \/>\n<meta property=\"article:modified_time\" content=\"2023-03-21T13:38:55+00:00\" \/>\n<meta property=\"og:image\" content=\"https:\/\/www.manaus.am.gov.br\/semed\/wp-content\/uploads\/sites\/3\/2024\/07\/thumb-default-2.png\" \/>\n\t<meta property=\"og:image:width\" content=\"966\" \/>\n\t<meta property=\"og:image:height\" content=\"520\" \/>\n\t<meta property=\"og:image:type\" content=\"image\/png\" \/>\n<meta name=\"twitter:card\" content=\"summary_large_image\" \/>\n<meta name=\"twitter:label1\" content=\"Est. reading time\" \/>\n\t<meta name=\"twitter:data1\" content=\"1 minuto\" \/>\n<script type=\"application\/ld+json\" class=\"yoast-schema-graph\">{\"@context\":\"https:\/\/schema.org\",\"@graph\":[{\"@type\":\"Article\",\"@id\":\"https:\/\/www.manaus.am.gov.br\/semed\/enfrentamento-e-prevencao-a-violencia-sexual-infantojuvenil\/#article\",\"isPartOf\":{\"@id\":\"https:\/\/www.manaus.am.gov.br\/semed\/enfrentamento-e-prevencao-a-violencia-sexual-infantojuvenil\/\"},\"author\":{\"name\":\"Imarketing Digital\",\"@id\":\"https:\/\/www.manaus.am.gov.br\/semed\/#\/schema\/person\/79525a47ac5902f50493820d995728ee\"},\"headline\":\"Enfrentamento e preven\u00e7\u00e3o \u00e0 viol\u00eancia sexual infantojuvenil\",\"datePublished\":\"2023-03-21T13:37:38+00:00\",\"dateModified\":\"2023-03-21T13:38:55+00:00\",\"mainEntityOfPage\":{\"@id\":\"https:\/\/www.manaus.am.gov.br\/semed\/enfrentamento-e-prevencao-a-violencia-sexual-infantojuvenil\/\"},\"wordCount\":89,\"publisher\":{\"@id\":\"https:\/\/www.manaus.am.gov.br\/semed\/#organization\"},\"inLanguage\":\"pt-BR\"},{\"@type\":\"WebPage\",\"@id\":\"https:\/\/www.manaus.am.gov.br\/semed\/enfrentamento-e-prevencao-a-violencia-sexual-infantojuvenil\/\",\"url\":\"https:\/\/www.manaus.am.gov.br\/semed\/enfrentamento-e-prevencao-a-violencia-sexual-infantojuvenil\/\",\"name\":\"Enfrentamento e preven\u00e7\u00e3o \u00e0 viol\u00eancia sexual infantojuvenil - SEMED\",\"isPartOf\":{\"@id\":\"https:\/\/www.manaus.am.gov.br\/semed\/#website\"},\"datePublished\":\"2023-03-21T13:37:38+00:00\",\"dateModified\":\"2023-03-21T13:38:55+00:00\",\"inLanguage\":\"pt-BR\",\"potentialAction\":[{\"@type\":\"ReadAction\",\"target\":[\"https:\/\/www.manaus.am.gov.br\/semed\/enfrentamento-e-prevencao-a-violencia-sexual-infantojuvenil\/\"]}]},{\"@type\":\"WebSite\",\"@id\":\"https:\/\/www.manaus.am.gov.br\/semed\/#website\",\"url\":\"https:\/\/www.manaus.am.gov.br\/semed\/\",\"name\":\"Secretaria Municipal de Educa\u00e7\u00e3o\",\"description\":\"Secretaria Municipal de Educa\u00e7\u00e3o\",\"publisher\":{\"@id\":\"https:\/\/www.manaus.am.gov.br\/semed\/#organization\"},\"alternateName\":\"SEMED\",\"potentialAction\":[{\"@type\":\"SearchAction\",\"target\":{\"@type\":\"EntryPoint\",\"urlTemplate\":\"https:\/\/www.manaus.am.gov.br\/semed\/?s={search_term_string}\"},\"query-input\":\"required name=search_term_string\"}],\"inLanguage\":\"pt-BR\"},{\"@type\":\"Organization\",\"@id\":\"https:\/\/www.manaus.am.gov.br\/semed\/#organization\",\"name\":\"Secretaria de Educa\u00e7\u00e3o\",\"alternateName\":\"SEMED\",\"url\":\"https:\/\/www.manaus.am.gov.br\/semed\/\",\"logo\":{\"@type\":\"ImageObject\",\"inLanguage\":\"pt-BR\",\"@id\":\"https:\/\/www.manaus.am.gov.br\/semed\/#\/schema\/logo\/image\/\",\"url\":\"https:\/\/www.manaus.am.gov.br\/semed\/wp-content\/uploads\/sites\/3\/2022\/11\/favicon.png\",\"contentUrl\":\"https:\/\/www.manaus.am.gov.br\/semed\/wp-content\/uploads\/sites\/3\/2022\/11\/favicon.png\",\"width\":300,\"height\":300,\"caption\":\"Secretaria de Educa\u00e7\u00e3o\"},\"image\":{\"@id\":\"https:\/\/www.manaus.am.gov.br\/semed\/#\/schema\/logo\/image\/\"}},{\"@type\":\"Person\",\"@id\":\"https:\/\/www.manaus.am.gov.br\/semed\/#\/schema\/person\/79525a47ac5902f50493820d995728ee\",\"name\":\"Imarketing Digital\",\"image\":{\"@type\":\"ImageObject\",\"inLanguage\":\"pt-BR\",\"@id\":\"https:\/\/www.manaus.am.gov.br\/semed\/#\/schema\/person\/image\/\",\"url\":\"https:\/\/secure.gravatar.com\/avatar\/03432d3c57b756ed9760f7019c815a3a?s=96&d=mm&r=g\",\"contentUrl\":\"https:\/\/secure.gravatar.com\/avatar\/03432d3c57b756ed9760f7019c815a3a?s=96&d=mm&r=g\",\"caption\":\"Imarketing Digital\"}}]}<\/script>\n<!-- \/ Yoast SEO plugin. -->","yoast_head_json":{"title":"Enfrentamento e preven\u00e7\u00e3o \u00e0 viol\u00eancia sexual infantojuvenil - SEMED","robots":{"index":"index","follow":"follow","max-snippet":"max-snippet:-1","max-image-preview":"max-image-preview:large","max-video-preview":"max-video-preview:-1"},"canonical":"https:\/\/www.manaus.am.gov.br\/semed\/enfrentamento-e-prevencao-a-violencia-sexual-infantojuvenil\/","og_locale":"pt_BR","og_type":"article","og_title":"Enfrentamento e preven\u00e7\u00e3o \u00e0 viol\u00eancia sexual infantojuvenil - SEMED","og_url":"https:\/\/www.manaus.am.gov.br\/semed\/enfrentamento-e-prevencao-a-violencia-sexual-infantojuvenil\/","og_site_name":"SEMED","article_modified_time":"2023-03-21T13:38:55+00:00","og_image":[{"width":966,"height":520,"url":"https:\/\/www.manaus.am.gov.br\/semed\/wp-content\/uploads\/sites\/3\/2024\/07\/thumb-default-2.png","type":"image\/png"}],"twitter_card":"summary_large_image","twitter_misc":{"Est. reading time":"1 minuto"},"schema":{"@context":"https:\/\/schema.org","@graph":[{"@type":"Article","@id":"https:\/\/www.manaus.am.gov.br\/semed\/enfrentamento-e-prevencao-a-violencia-sexual-infantojuvenil\/#article","isPartOf":{"@id":"https:\/\/www.manaus.am.gov.br\/semed\/enfrentamento-e-prevencao-a-violencia-sexual-infantojuvenil\/"},"author":{"name":"Imarketing Digital","@id":"https:\/\/www.manaus.am.gov.br\/semed\/#\/schema\/person\/79525a47ac5902f50493820d995728ee"},"headline":"Enfrentamento e preven\u00e7\u00e3o \u00e0 viol\u00eancia sexual infantojuvenil","datePublished":"2023-03-21T13:37:38+00:00","dateModified":"2023-03-21T13:38:55+00:00","mainEntityOfPage":{"@id":"https:\/\/www.manaus.am.gov.br\/semed\/enfrentamento-e-prevencao-a-violencia-sexual-infantojuvenil\/"},"wordCount":89,"publisher":{"@id":"https:\/\/www.manaus.am.gov.br\/semed\/#organization"},"inLanguage":"pt-BR"},{"@type":"WebPage","@id":"https:\/\/www.manaus.am.gov.br\/semed\/enfrentamento-e-prevencao-a-violencia-sexual-infantojuvenil\/","url":"https:\/\/www.manaus.am.gov.br\/semed\/enfrentamento-e-prevencao-a-violencia-sexual-infantojuvenil\/","name":"Enfrentamento e preven\u00e7\u00e3o \u00e0 viol\u00eancia sexual infantojuvenil - SEMED","isPartOf":{"@id":"https:\/\/www.manaus.am.gov.br\/semed\/#website"},"datePublished":"2023-03-21T13:37:38+00:00","dateModified":"2023-03-21T13:38:55+00:00","inLanguage":"pt-BR","potentialAction":[{"@type":"ReadAction","target":["https:\/\/www.manaus.am.gov.br\/semed\/enfrentamento-e-prevencao-a-violencia-sexual-infantojuvenil\/"]}]},{"@type":"WebSite","@id":"https:\/\/www.manaus.am.gov.br\/semed\/#website","url":"https:\/\/www.manaus.am.gov.br\/semed\/","name":"Secretaria Municipal de Educa\u00e7\u00e3o","description":"Secretaria Municipal de Educa\u00e7\u00e3o","publisher":{"@id":"https:\/\/www.manaus.am.gov.br\/semed\/#organization"},"alternateName":"SEMED","potentialAction":[{"@type":"SearchAction","target":{"@type":"EntryPoint","urlTemplate":"https:\/\/www.manaus.am.gov.br\/semed\/?s={search_term_string}"},"query-input":"required name=search_term_string"}],"inLanguage":"pt-BR"},{"@type":"Organization","@id":"https:\/\/www.manaus.am.gov.br\/semed\/#organization","name":"Secretaria de Educa\u00e7\u00e3o","alternateName":"SEMED","url":"https:\/\/www.manaus.am.gov.br\/semed\/","logo":{"@type":"ImageObject","inLanguage":"pt-BR","@id":"https:\/\/www.manaus.am.gov.br\/semed\/#\/schema\/logo\/image\/","url":"https:\/\/www.manaus.am.gov.br\/semed\/wp-content\/uploads\/sites\/3\/2022\/11\/favicon.png","contentUrl":"https:\/\/www.manaus.am.gov.br\/semed\/wp-content\/uploads\/sites\/3\/2022\/11\/favicon.png","width":300,"height":300,"caption":"Secretaria de Educa\u00e7\u00e3o"},"image":{"@id":"https:\/\/www.manaus.am.gov.br\/semed\/#\/schema\/logo\/image\/"}},{"@type":"Person","@id":"https:\/\/www.manaus.am.gov.br\/semed\/#\/schema\/person\/79525a47ac5902f50493820d995728ee","name":"Imarketing Digital","image":{"@type":"ImageObject","inLanguage":"pt-BR","@id":"https:\/\/www.manaus.am.gov.br\/semed\/#\/schema\/person\/image\/","url":"https:\/\/secure.gravatar.com\/avatar\/03432d3c57b756ed9760f7019c815a3a?s=96&d=mm&r=g","contentUrl":"https:\/\/secure.gravatar.com\/avatar\/03432d3c57b756ed9760f7019c815a3a?s=96&d=mm&r=g","caption":"Imarketing Digital"}}]}},"_links":{"self":[{"href":"https:\/\/www.manaus.am.gov.br\/semed\/wp-json\/wp\/v2\/pages\/2205"}],"collection":[{"href":"https:\/\/www.manaus.am.gov.br\/semed\/wp-json\/wp\/v2\/pages"}],"about":[{"href":"https:\/\/www.manaus.am.gov.br\/semed\/wp-json\/wp\/v2\/types\/page"}],"author":[{"embeddable":true,"href":"https:\/\/www.manaus.am.gov.br\/semed\/wp-json\/wp\/v2\/users\/27"}],"replies":[{"embeddable":true,"href":"https:\/\/www.manaus.am.gov.br\/semed\/wp-json\/wp\/v2\/comments?post=2205"}],"version-history":[{"count":4,"href":"https:\/\/www.manaus.am.gov.br\/semed\/wp-json\/wp\/v2\/pages\/2205\/revisions"}],"predecessor-version":[{"id":2210,"href":"https:\/\/www.manaus.am.gov.br\/semed\/wp-json\/wp\/v2\/pages\/2205\/revisions\/2210"}],"wp:attachment":[{"href":"https:\/\/www.manaus.am.gov.br\/semed\/wp-json\/wp\/v2\/media?parent=2205"}],"curies":[{"name":"wp","href":"https:\/\/api.w.org\/{rel}","templated":true}]}}

Enfrentamento e prevenção à violência sexual infantojuvenil

<p>As ações de Enfrentamento e Prevenção à Violência Sexual Infantojuvenil desenvolvidas pela Semed visam favorecer, com a comunidade escolar e sociedade civil, a prevenção do abuso e da exploração sexual de crianças e adolescentes. Sua participação ativa e qualificada tem o objetivo de cumprir o papel da escola na rede de proteção da infância e da juventude, por meio da realização de palestras, seminários, mobilizações, caminhadas e outras ações.</p>

<!-- This site is optimized with the Yoast SEO plugin v23.0 - https://yoast.com/wordpress/plugins/seo/ -->
<title>Enfrentamento e prevenção à violência sexual infantojuvenil - SEMED</title>
<meta name="robots" content="index, follow, max-snippet:-1, max-image-preview:large, max-video-preview:-1" />
<link rel="canonical" href="https://www.manaus.am.gov.br/semed/enfrentamento-e-prevencao-a-violencia-sexual-infantojuvenil/" />
<meta property="og:locale" content="pt_BR" />
<meta property="og:type" content="article" />
<meta property="og:title" content="Enfrentamento e prevenção à violência sexual infantojuvenil - SEMED" />
<meta property="og:url" content="https://www.manaus.am.gov.br/semed/enfrentamento-e-prevencao-a-violencia-sexual-infantojuvenil/" />
<meta property="og:site_name" content="SEMED" />
<meta property="article:modified_time" content="2023-03-21T13:38:55+00:00" />
<meta property="og:image" content="https://www.manaus.am.gov.br/semed/wp-content/uploads/sites/3/2024/07/thumb-default-2.png" />
	<meta property="og:image:width" content="966" />
	<meta property="og:image:height" content="520" />
	<meta property="og:image:type" content="image/png" />
<meta name="twitter:card" content="summary_large_image" />
<meta name="twitter:label1" content="Est. reading time" />
	<meta name="twitter:data1" content="1 minuto" />
<script type="application/ld+json" class="yoast-schema-graph">{"@context":"https://schema.org","@graph":[{"@type":"Article","@id":"https://www.manaus.am.gov.br/semed/enfrentamento-e-prevencao-a-violencia-sexual-infantojuvenil/#article","isPartOf":{"@id":"https://www.manaus.am.gov.br/semed/enfrentamento-e-prevencao-a-violencia-sexual-infantojuvenil/"},"author":{"name":"Imarketing Digital","@id":"https://www.manaus.am.gov.br/semed/#/schema/person/79525a47ac5902f50493820d995728ee"},"headline":"Enfrentamento e prevenção à violência sexual infantojuvenil","datePublished":"2023-03-21T13:37:38+00:00","dateModified":"2023-03-21T13:38:55+00:00","mainEntityOfPage":{"@id":"https://www.manaus.am.gov.br/semed/enfrentamento-e-prevencao-a-violencia-sexual-infantojuvenil/"},"wordCount":89,"publisher":{"@id":"https://www.manaus.am.gov.br/semed/#organization"},"inLanguage":"pt-BR"},{"@type":"WebPage","@id":"https://www.manaus.am.gov.br/semed/enfrentamento-e-prevencao-a-violencia-sexual-infantojuvenil/","url":"https://www.manaus.am.gov.br/semed/enfrentamento-e-prevencao-a-violencia-sexual-infantojuvenil/","name":"Enfrentamento e prevenção à violência sexual infantojuvenil - SEMED","isPartOf":{"@id":"https://www.manaus.am.gov.br/semed/#website"},"datePublished":"2023-03-21T13:37:38+00:00","dateModified":"2023-03-21T13:38:55+00:00","inLanguage":"pt-BR","potentialAction":[{"@type":"ReadAction","target":["https://www.manaus.am.gov.br/semed/enfrentamento-e-prevencao-a-violencia-sexual-infantojuvenil/"]}]},{"@type":"WebSite","@id":"https://www.manaus.am.gov.br/semed/#website","url":"https://www.manaus.am.gov.br/semed/","name":"Secretaria Municipal de Educação","description":"Secretaria Municipal de Educação","publisher":{"@id":"https://www.manaus.am.gov.br/semed/#organization"},"alternateName":"SEMED","potentialAction":[{"@type":"SearchAction","target":{"@type":"EntryPoint","urlTemplate":"https://www.manaus.am.gov.br/semed/?s={search_term_string}"},"query-input":"required name=search_term_string"}],"inLanguage":"pt-BR"},{"@type":"Organization","@id":"https://www.manaus.am.gov.br/semed/#organization","name":"Secretaria de Educação","alternateName":"SEMED","url":"https://www.manaus.am.gov.br/semed/","logo":{"@type":"ImageObject","inLanguage":"pt-BR","@id":"https://www.manaus.am.gov.br/semed/#/schema/logo/image/","url":"https://www.manaus.am.gov.br/semed/wp-content/uploads/sites/3/2022/11/favicon.png","contentUrl":"https://www.manaus.am.gov.br/semed/wp-content/uploads/sites/3/2022/11/favicon.png","width":300,"height":300,"caption":"Secretaria de Educação"},"image":{"@id":"https://www.manaus.am.gov.br/semed/#/schema/logo/image/"}},{"@type":"Person","@id":"https://www.manaus.am.gov.br/semed/#/schema/person/79525a47ac5902f50493820d995728ee","name":"Imarketing Digital","image":{"@type":"ImageObject","inLanguage":"pt-BR","@id":"https://www.manaus.am.gov.br/semed/#/schema/person/image/","url":"https://secure.gravatar.com/avatar/03432d3c57b756ed9760f7019c815a3a?s=96&d=mm&r=g","contentUrl":"https://secure.gravatar.com/avatar/03432d3c57b756ed9760f7019c815a3a?s=96&d=mm&r=g","caption":"Imarketing Digital"}}]}</script>
<!-- / Yoast SEO plugin. -->

Enfrentamento e prevenção à violência sexual infantojuvenil - SEMED

Secretaria Municipal de Educação

Secretaria de Educação
