{"id":2159,"date":"2023-03-21T07:36:10","date_gmt":"2023-03-21T11:36:10","guid":{"rendered":"https:\/\/www.manaus.am.gov.br\/semed\/?page_id=2159"},"modified":"2023-03-21T08:57:19","modified_gmt":"2023-03-21T12:57:19","slug":"programas-de-correcao-de-fluxo","status":"publish","type":"page","link":"https:\/\/www.manaus.am.gov.br\/semed\/programas-de-correcao-de-fluxo\/","title":{"rendered":"Programas de corre\u00e7\u00e3o de Fluxo"},"content":{"rendered":"\n<p>O Se Liga \u00e9 um programa de alfabetiza\u00e7\u00e3o, que atende aos alunos do 1\u00ba Ano (sem vida escolar) e do 3\u00ba ao 5\u00ba ano n\u00e3o alfabetizados. Para participar do programa, o aluno dever\u00e1 ter, no m\u00ednimo, 2 anos de distor\u00e7\u00e3o. Vale informar que cada turma atende, no m\u00e1ximo, 25 alunos. Al\u00e9m da \u00eanfase dada \u00e0 leitura, o programa oferece \u00e0s crian\u00e7as materiais espec\u00edficos que facilitam e qualificam o aprendizado, bem como a promo\u00e7\u00e3o da autoestima dos alunos.<\/p>\n\n\n\n<p>O Acelera Brasil \u00e9 um programa destinado aos alunos do 3\u00ba ao 5\u00ba ano, que j\u00e1 possuem no\u00e7\u00f5es b\u00e1sicas ou rudimentares de alfabetiza\u00e7\u00e3o e distor\u00e7\u00e3o de, no m\u00ednimo, 2 anos. Ao final do ano, o estudante poder\u00e1 ser acelerado em at\u00e9 2 anos. Informa-se ainda que o programa est\u00e1 dividido em 4 m\u00f3dulos.<\/p>\n\n\n\n<p>* Todos os programas possuem um tutor, o qual realiza acompanhamento semanal em cada uma das turmas.<\/p>\n","protected":false},"excerpt":{"rendered":"","protected":false},"author":27,"featured_media":0,"parent":0,"menu_order":0,"comment_status":"closed","ping_status":"closed","template":"page_servicos_menu.php","meta":{"footnotes":""},"acf":[],"yoast_head":"<!-- This site is optimized with the Yoast SEO plugin v23.0 - https:\/\/yoast.com\/wordpress\/plugins\/seo\/ -->\n<title>Programas de corre\u00e7\u00e3o de Fluxo - SEMED<\/title>\n<meta name=\"robots\" content=\"index, follow, max-snippet:-1, max-image-preview:large, max-video-preview:-1\" \/>\n<link rel=\"canonical\" href=\"https:\/\/www.manaus.am.gov.br\/semed\/programas-de-correcao-de-fluxo\/\" \/>\n<meta property=\"og:locale\" content=\"pt_BR\" \/>\n<meta property=\"og:type\" content=\"article\" \/>\n<meta property=\"og:title\" content=\"Programas de corre\u00e7\u00e3o de Fluxo - SEMED\" \/>\n<meta property=\"og:url\" content=\"https:\/\/www.manaus.am.gov.br\/semed\/programas-de-correcao-de-fluxo\/\" \/>\n<meta property=\"og:site_name\" content=\"SEMED\" \/>\n<meta property=\"article:modified_time\" content=\"2023-03-21T12:57:19+00:00\" \/>\n<meta property=\"og:image\" content=\"https:\/\/www.manaus.am.gov.br\/semed\/wp-content\/uploads\/sites\/3\/2024\/07\/thumb-default-2.png\" \/>\n\t<meta property=\"og:image:width\" content=\"966\" \/>\n\t<meta property=\"og:image:height\" content=\"520\" \/>\n\t<meta property=\"og:image:type\" content=\"image\/png\" \/>\n<meta name=\"twitter:card\" content=\"summary_large_image\" \/>\n<meta name=\"twitter:label1\" content=\"Est. reading time\" \/>\n\t<meta name=\"twitter:data1\" content=\"1 minuto\" \/>\n<script type=\"application\/ld+json\" class=\"yoast-schema-graph\">{\"@context\":\"https:\/\/schema.org\",\"@graph\":[{\"@type\":\"Article\",\"@id\":\"https:\/\/www.manaus.am.gov.br\/semed\/programas-de-correcao-de-fluxo\/#article\",\"isPartOf\":{\"@id\":\"https:\/\/www.manaus.am.gov.br\/semed\/programas-de-correcao-de-fluxo\/\"},\"author\":{\"name\":\"Imarketing Digital\",\"@id\":\"https:\/\/www.manaus.am.gov.br\/semed\/#\/schema\/person\/79525a47ac5902f50493820d995728ee\"},\"headline\":\"Programas de corre\u00e7\u00e3o de Fluxo\",\"datePublished\":\"2023-03-21T11:36:10+00:00\",\"dateModified\":\"2023-03-21T12:57:19+00:00\",\"mainEntityOfPage\":{\"@id\":\"https:\/\/www.manaus.am.gov.br\/semed\/programas-de-correcao-de-fluxo\/\"},\"wordCount\":154,\"publisher\":{\"@id\":\"https:\/\/www.manaus.am.gov.br\/semed\/#organization\"},\"inLanguage\":\"pt-BR\"},{\"@type\":\"WebPage\",\"@id\":\"https:\/\/www.manaus.am.gov.br\/semed\/programas-de-correcao-de-fluxo\/\",\"url\":\"https:\/\/www.manaus.am.gov.br\/semed\/programas-de-correcao-de-fluxo\/\",\"name\":\"Programas de corre\u00e7\u00e3o de Fluxo - SEMED\",\"isPartOf\":{\"@id\":\"https:\/\/www.manaus.am.gov.br\/semed\/#website\"},\"datePublished\":\"2023-03-21T11:36:10+00:00\",\"dateModified\":\"2023-03-21T12:57:19+00:00\",\"inLanguage\":\"pt-BR\",\"potentialAction\":[{\"@type\":\"ReadAction\",\"target\":[\"https:\/\/www.manaus.am.gov.br\/semed\/programas-de-correcao-de-fluxo\/\"]}]},{\"@type\":\"WebSite\",\"@id\":\"https:\/\/www.manaus.am.gov.br\/semed\/#website\",\"url\":\"https:\/\/www.manaus.am.gov.br\/semed\/\",\"name\":\"Secretaria Municipal de Educa\u00e7\u00e3o\",\"description\":\"Secretaria Municipal de Educa\u00e7\u00e3o\",\"publisher\":{\"@id\":\"https:\/\/www.manaus.am.gov.br\/semed\/#organization\"},\"alternateName\":\"SEMED\",\"potentialAction\":[{\"@type\":\"SearchAction\",\"target\":{\"@type\":\"EntryPoint\",\"urlTemplate\":\"https:\/\/www.manaus.am.gov.br\/semed\/?s={search_term_string}\"},\"query-input\":\"required name=search_term_string\"}],\"inLanguage\":\"pt-BR\"},{\"@type\":\"Organization\",\"@id\":\"https:\/\/www.manaus.am.gov.br\/semed\/#organization\",\"name\":\"Secretaria de Educa\u00e7\u00e3o\",\"alternateName\":\"SEMED\",\"url\":\"https:\/\/www.manaus.am.gov.br\/semed\/\",\"logo\":{\"@type\":\"ImageObject\",\"inLanguage\":\"pt-BR\",\"@id\":\"https:\/\/www.manaus.am.gov.br\/semed\/#\/schema\/logo\/image\/\",\"url\":\"https:\/\/www.manaus.am.gov.br\/semed\/wp-content\/uploads\/sites\/3\/2022\/11\/favicon.png\",\"contentUrl\":\"https:\/\/www.manaus.am.gov.br\/semed\/wp-content\/uploads\/sites\/3\/2022\/11\/favicon.png\",\"width\":300,\"height\":300,\"caption\":\"Secretaria de Educa\u00e7\u00e3o\"},\"image\":{\"@id\":\"https:\/\/www.manaus.am.gov.br\/semed\/#\/schema\/logo\/image\/\"}},{\"@type\":\"Person\",\"@id\":\"https:\/\/www.manaus.am.gov.br\/semed\/#\/schema\/person\/79525a47ac5902f50493820d995728ee\",\"name\":\"Imarketing Digital\",\"image\":{\"@type\":\"ImageObject\",\"inLanguage\":\"pt-BR\",\"@id\":\"https:\/\/www.manaus.am.gov.br\/semed\/#\/schema\/person\/image\/\",\"url\":\"https:\/\/secure.gravatar.com\/avatar\/03432d3c57b756ed9760f7019c815a3a?s=96&d=mm&r=g\",\"contentUrl\":\"https:\/\/secure.gravatar.com\/avatar\/03432d3c57b756ed9760f7019c815a3a?s=96&d=mm&r=g\",\"caption\":\"Imarketing Digital\"}}]}<\/script>\n<!-- \/ Yoast SEO plugin. -->","yoast_head_json":{"title":"Programas de corre\u00e7\u00e3o de Fluxo - SEMED","robots":{"index":"index","follow":"follow","max-snippet":"max-snippet:-1","max-image-preview":"max-image-preview:large","max-video-preview":"max-video-preview:-1"},"canonical":"https:\/\/www.manaus.am.gov.br\/semed\/programas-de-correcao-de-fluxo\/","og_locale":"pt_BR","og_type":"article","og_title":"Programas de corre\u00e7\u00e3o de Fluxo - SEMED","og_url":"https:\/\/www.manaus.am.gov.br\/semed\/programas-de-correcao-de-fluxo\/","og_site_name":"SEMED","article_modified_time":"2023-03-21T12:57:19+00:00","og_image":[{"width":966,"height":520,"url":"https:\/\/www.manaus.am.gov.br\/semed\/wp-content\/uploads\/sites\/3\/2024\/07\/thumb-default-2.png","type":"image\/png"}],"twitter_card":"summary_large_image","twitter_misc":{"Est. reading time":"1 minuto"},"schema":{"@context":"https:\/\/schema.org","@graph":[{"@type":"Article","@id":"https:\/\/www.manaus.am.gov.br\/semed\/programas-de-correcao-de-fluxo\/#article","isPartOf":{"@id":"https:\/\/www.manaus.am.gov.br\/semed\/programas-de-correcao-de-fluxo\/"},"author":{"name":"Imarketing Digital","@id":"https:\/\/www.manaus.am.gov.br\/semed\/#\/schema\/person\/79525a47ac5902f50493820d995728ee"},"headline":"Programas de corre\u00e7\u00e3o de Fluxo","datePublished":"2023-03-21T11:36:10+00:00","dateModified":"2023-03-21T12:57:19+00:00","mainEntityOfPage":{"@id":"https:\/\/www.manaus.am.gov.br\/semed\/programas-de-correcao-de-fluxo\/"},"wordCount":154,"publisher":{"@id":"https:\/\/www.manaus.am.gov.br\/semed\/#organization"},"inLanguage":"pt-BR"},{"@type":"WebPage","@id":"https:\/\/www.manaus.am.gov.br\/semed\/programas-de-correcao-de-fluxo\/","url":"https:\/\/www.manaus.am.gov.br\/semed\/programas-de-correcao-de-fluxo\/","name":"Programas de corre\u00e7\u00e3o de Fluxo - SEMED","isPartOf":{"@id":"https:\/\/www.manaus.am.gov.br\/semed\/#website"},"datePublished":"2023-03-21T11:36:10+00:00","dateModified":"2023-03-21T12:57:19+00:00","inLanguage":"pt-BR","potentialAction":[{"@type":"ReadAction","target":["https:\/\/www.manaus.am.gov.br\/semed\/programas-de-correcao-de-fluxo\/"]}]},{"@type":"WebSite","@id":"https:\/\/www.manaus.am.gov.br\/semed\/#website","url":"https:\/\/www.manaus.am.gov.br\/semed\/","name":"Secretaria Municipal de Educa\u00e7\u00e3o","description":"Secretaria Municipal de Educa\u00e7\u00e3o","publisher":{"@id":"https:\/\/www.manaus.am.gov.br\/semed\/#organization"},"alternateName":"SEMED","potentialAction":[{"@type":"SearchAction","target":{"@type":"EntryPoint","urlTemplate":"https:\/\/www.manaus.am.gov.br\/semed\/?s={search_term_string}"},"query-input":"required name=search_term_string"}],"inLanguage":"pt-BR"},{"@type":"Organization","@id":"https:\/\/www.manaus.am.gov.br\/semed\/#organization","name":"Secretaria de Educa\u00e7\u00e3o","alternateName":"SEMED","url":"https:\/\/www.manaus.am.gov.br\/semed\/","logo":{"@type":"ImageObject","inLanguage":"pt-BR","@id":"https:\/\/www.manaus.am.gov.br\/semed\/#\/schema\/logo\/image\/","url":"https:\/\/www.manaus.am.gov.br\/semed\/wp-content\/uploads\/sites\/3\/2022\/11\/favicon.png","contentUrl":"https:\/\/www.manaus.am.gov.br\/semed\/wp-content\/uploads\/sites\/3\/2022\/11\/favicon.png","width":300,"height":300,"caption":"Secretaria de Educa\u00e7\u00e3o"},"image":{"@id":"https:\/\/www.manaus.am.gov.br\/semed\/#\/schema\/logo\/image\/"}},{"@type":"Person","@id":"https:\/\/www.manaus.am.gov.br\/semed\/#\/schema\/person\/79525a47ac5902f50493820d995728ee","name":"Imarketing Digital","image":{"@type":"ImageObject","inLanguage":"pt-BR","@id":"https:\/\/www.manaus.am.gov.br\/semed\/#\/schema\/person\/image\/","url":"https:\/\/secure.gravatar.com\/avatar\/03432d3c57b756ed9760f7019c815a3a?s=96&d=mm&r=g","contentUrl":"https:\/\/secure.gravatar.com\/avatar\/03432d3c57b756ed9760f7019c815a3a?s=96&d=mm&r=g","caption":"Imarketing Digital"}}]}},"_links":{"self":[{"href":"https:\/\/www.manaus.am.gov.br\/semed\/wp-json\/wp\/v2\/pages\/2159"}],"collection":[{"href":"https:\/\/www.manaus.am.gov.br\/semed\/wp-json\/wp\/v2\/pages"}],"about":[{"href":"https:\/\/www.manaus.am.gov.br\/semed\/wp-json\/wp\/v2\/types\/page"}],"author":[{"embeddable":true,"href":"https:\/\/www.manaus.am.gov.br\/semed\/wp-json\/wp\/v2\/users\/27"}],"replies":[{"embeddable":true,"href":"https:\/\/www.manaus.am.gov.br\/semed\/wp-json\/wp\/v2\/comments?post=2159"}],"version-history":[{"count":3,"href":"https:\/\/www.manaus.am.gov.br\/semed\/wp-json\/wp\/v2\/pages\/2159\/revisions"}],"predecessor-version":[{"id":2198,"href":"https:\/\/www.manaus.am.gov.br\/semed\/wp-json\/wp\/v2\/pages\/2159\/revisions\/2198"}],"wp:attachment":[{"href":"https:\/\/www.manaus.am.gov.br\/semed\/wp-json\/wp\/v2\/media?parent=2159"}],"curies":[{"name":"wp","href":"https:\/\/api.w.org\/{rel}","templated":true}]}}

Programas de correção de Fluxo

<p>O Se Liga é um programa de alfabetização, que atende aos alunos do 1º Ano (sem vida escolar) e do 3º ao 5º ano não alfabetizados. Para participar do programa, o aluno deverá ter, no mínimo, 2 anos de distorção. Vale informar que cada turma atende, no máximo, 25 alunos. Além da ênfase dada à leitura, o programa oferece às crianças materiais específicos que facilitam e qualificam o aprendizado, bem como a promoção da autoestima dos alunos.</p>



<p>O Acelera Brasil é um programa destinado aos alunos do 3º ao 5º ano, que já possuem noções básicas ou rudimentares de alfabetização e distorção de, no mínimo, 2 anos. Ao final do ano, o estudante poderá ser acelerado em até 2 anos. Informa-se ainda que o programa está dividido em 4 módulos.</p>



<p>* Todos os programas possuem um tutor, o qual realiza acompanhamento semanal em cada uma das turmas.</p>

<!-- This site is optimized with the Yoast SEO plugin v23.0 - https://yoast.com/wordpress/plugins/seo/ -->
<title>Programas de correção de Fluxo - SEMED</title>
<meta name="robots" content="index, follow, max-snippet:-1, max-image-preview:large, max-video-preview:-1" />
<link rel="canonical" href="https://www.manaus.am.gov.br/semed/programas-de-correcao-de-fluxo/" />
<meta property="og:locale" content="pt_BR" />
<meta property="og:type" content="article" />
<meta property="og:title" content="Programas de correção de Fluxo - SEMED" />
<meta property="og:url" content="https://www.manaus.am.gov.br/semed/programas-de-correcao-de-fluxo/" />
<meta property="og:site_name" content="SEMED" />
<meta property="article:modified_time" content="2023-03-21T12:57:19+00:00" />
<meta property="og:image" content="https://www.manaus.am.gov.br/semed/wp-content/uploads/sites/3/2024/07/thumb-default-2.png" />
	<meta property="og:image:width" content="966" />
	<meta property="og:image:height" content="520" />
	<meta property="og:image:type" content="image/png" />
<meta name="twitter:card" content="summary_large_image" />
<meta name="twitter:label1" content="Est. reading time" />
	<meta name="twitter:data1" content="1 minuto" />
<script type="application/ld+json" class="yoast-schema-graph">{"@context":"https://schema.org","@graph":[{"@type":"Article","@id":"https://www.manaus.am.gov.br/semed/programas-de-correcao-de-fluxo/#article","isPartOf":{"@id":"https://www.manaus.am.gov.br/semed/programas-de-correcao-de-fluxo/"},"author":{"name":"Imarketing Digital","@id":"https://www.manaus.am.gov.br/semed/#/schema/person/79525a47ac5902f50493820d995728ee"},"headline":"Programas de correção de Fluxo","datePublished":"2023-03-21T11:36:10+00:00","dateModified":"2023-03-21T12:57:19+00:00","mainEntityOfPage":{"@id":"https://www.manaus.am.gov.br/semed/programas-de-correcao-de-fluxo/"},"wordCount":154,"publisher":{"@id":"https://www.manaus.am.gov.br/semed/#organization"},"inLanguage":"pt-BR"},{"@type":"WebPage","@id":"https://www.manaus.am.gov.br/semed/programas-de-correcao-de-fluxo/","url":"https://www.manaus.am.gov.br/semed/programas-de-correcao-de-fluxo/","name":"Programas de correção de Fluxo - SEMED","isPartOf":{"@id":"https://www.manaus.am.gov.br/semed/#website"},"datePublished":"2023-03-21T11:36:10+00:00","dateModified":"2023-03-21T12:57:19+00:00","inLanguage":"pt-BR","potentialAction":[{"@type":"ReadAction","target":["https://www.manaus.am.gov.br/semed/programas-de-correcao-de-fluxo/"]}]},{"@type":"WebSite","@id":"https://www.manaus.am.gov.br/semed/#website","url":"https://www.manaus.am.gov.br/semed/","name":"Secretaria Municipal de Educação","description":"Secretaria Municipal de Educação","publisher":{"@id":"https://www.manaus.am.gov.br/semed/#organization"},"alternateName":"SEMED","potentialAction":[{"@type":"SearchAction","target":{"@type":"EntryPoint","urlTemplate":"https://www.manaus.am.gov.br/semed/?s={search_term_string}"},"query-input":"required name=search_term_string"}],"inLanguage":"pt-BR"},{"@type":"Organization","@id":"https://www.manaus.am.gov.br/semed/#organization","name":"Secretaria de Educação","alternateName":"SEMED","url":"https://www.manaus.am.gov.br/semed/","logo":{"@type":"ImageObject","inLanguage":"pt-BR","@id":"https://www.manaus.am.gov.br/semed/#/schema/logo/image/","url":"https://www.manaus.am.gov.br/semed/wp-content/uploads/sites/3/2022/11/favicon.png","contentUrl":"https://www.manaus.am.gov.br/semed/wp-content/uploads/sites/3/2022/11/favicon.png","width":300,"height":300,"caption":"Secretaria de Educação"},"image":{"@id":"https://www.manaus.am.gov.br/semed/#/schema/logo/image/"}},{"@type":"Person","@id":"https://www.manaus.am.gov.br/semed/#/schema/person/79525a47ac5902f50493820d995728ee","name":"Imarketing Digital","image":{"@type":"ImageObject","inLanguage":"pt-BR","@id":"https://www.manaus.am.gov.br/semed/#/schema/person/image/","url":"https://secure.gravatar.com/avatar/03432d3c57b756ed9760f7019c815a3a?s=96&d=mm&r=g","contentUrl":"https://secure.gravatar.com/avatar/03432d3c57b756ed9760f7019c815a3a?s=96&d=mm&r=g","caption":"Imarketing Digital"}}]}</script>
<!-- / Yoast SEO plugin. -->

Programas de correção de Fluxo - SEMED

Secretaria Municipal de Educação

Secretaria de Educação
