{"id":159,"date":"2022-10-19T19:19:24","date_gmt":"2022-10-19T23:19:24","guid":{"rendered":"https:\/\/hulk.meuprojetoweb.com.br\/website-prefeitura-manaus\/current\/semed\/?page_id=159"},"modified":"2023-03-10T14:44:28","modified_gmt":"2023-03-10T18:44:28","slug":"atribuicoes-do-conselho-do-fundeb","status":"publish","type":"page","link":"https:\/\/www.manaus.am.gov.br\/semed\/atribuicoes-do-conselho-do-fundeb\/","title":{"rendered":"Atribui\u00e7\u00f5es do Conselho do Fundeb"},"content":{"rendered":"<p>O controle a ser exercido pelo Conselho do Fundeb resulta no encaminhamento de situa\u00e7\u00f5es que requeiram provid\u00eancias por parte do Poder Executivo ou dos \u00f3rg\u00e3os de controle e fiscaliza\u00e7\u00e3o, sobretudo em casos que apontam falhas ou irregularidades eventualmente cometidas, para que as autoridades constitu\u00eddas, no uso de suas atribui\u00e7\u00f5es legais e regimentais, adotem as provid\u00eancias que cada caso venha a exigir.<\/p>\n<p>Al\u00e9m do acompanhamento e controle social dos recursos, os \u00a7\u00a7 9\u00ba e 13 do artigo 24 e o par\u00e1grafo \u00fanico do artigo 27 da Lei N.\u00ba 11.494\/2007, acrescentam outras fun\u00e7\u00f5es ao Conselho do Fundeb, tais como:<\/p>\n<p>a) supervisionar a realiza\u00e7\u00e3o do censo escolar;<\/p>\n<p>b) elaborar a proposta or\u00e7ament\u00e1ria anual, no \u00e2mbito de suas respectivas esferas governamentais de atua\u00e7\u00e3o;<\/p>\n<p>c) instruir, com parecer, as presta\u00e7\u00f5es de contas a serem apresentadas ao respectivo Tribunal de Contas. O referido parecer deve ser apresentado ao Poder Executivo respectivo at\u00e9 30 dias antes do vencimento do prazo para apresenta\u00e7\u00e3o da presta\u00e7\u00e3o de contas ao Tribunal;<\/p>\n<p>d) acompanhar e controlar a execu\u00e7\u00e3o dos recursos federais transferidos \u00e0 conta do Programa Nacional de Apoio ao Transporte do Escolar \u2013 PNATE, verificando os registros cont\u00e1beis e os demonstrativos gerenciais relativos aos recursos repassados, responsabilizando-se pelo recebimento e an\u00e1lise da presta\u00e7\u00e3o de contas desses programas, encaminhando ao FNDE o Demonstrativo Sint\u00e9tico Anual da Execu\u00e7\u00e3o F\u00edsico-Financeira, acompanhado de parecer conclusivo e, ainda, notificar o \u00f3rg\u00e3o Executor dos Programas e o FNDE quando houver ocorr\u00eancia de eventuais irregularidades na utiliza\u00e7\u00e3o dos recursos.<\/p>\n","protected":false},"excerpt":{"rendered":"","protected":false},"author":27,"featured_media":0,"parent":0,"menu_order":0,"comment_status":"closed","ping_status":"closed","template":"templates\/turismo.php","meta":{"footnotes":""},"acf":[],"yoast_head":"<!-- This site is optimized with the Yoast SEO plugin v23.0 - https:\/\/yoast.com\/wordpress\/plugins\/seo\/ -->\n<title>Atribui\u00e7\u00f5es do Conselho do Fundeb - SEMED<\/title>\n<meta name=\"robots\" content=\"index, follow, max-snippet:-1, max-image-preview:large, max-video-preview:-1\" \/>\n<link rel=\"canonical\" href=\"https:\/\/www.manaus.am.gov.br\/semed\/atribuicoes-do-conselho-do-fundeb\/\" \/>\n<meta property=\"og:locale\" content=\"pt_BR\" \/>\n<meta property=\"og:type\" content=\"article\" \/>\n<meta property=\"og:title\" content=\"Atribui\u00e7\u00f5es do Conselho do Fundeb - SEMED\" \/>\n<meta property=\"og:url\" content=\"https:\/\/www.manaus.am.gov.br\/semed\/atribuicoes-do-conselho-do-fundeb\/\" \/>\n<meta property=\"og:site_name\" content=\"SEMED\" \/>\n<meta property=\"article:modified_time\" content=\"2023-03-10T18:44:28+00:00\" \/>\n<meta property=\"og:image\" content=\"https:\/\/www.manaus.am.gov.br\/semed\/wp-content\/uploads\/sites\/3\/2024\/07\/thumb-default-2.png\" \/>\n\t<meta property=\"og:image:width\" content=\"966\" \/>\n\t<meta property=\"og:image:height\" content=\"520\" \/>\n\t<meta property=\"og:image:type\" content=\"image\/png\" \/>\n<meta name=\"twitter:card\" content=\"summary_large_image\" \/>\n<meta name=\"twitter:label1\" content=\"Est. reading time\" \/>\n\t<meta name=\"twitter:data1\" content=\"2 minutos\" \/>\n<script type=\"application\/ld+json\" class=\"yoast-schema-graph\">{\"@context\":\"https:\/\/schema.org\",\"@graph\":[{\"@type\":\"Article\",\"@id\":\"https:\/\/www.manaus.am.gov.br\/semed\/atribuicoes-do-conselho-do-fundeb\/#article\",\"isPartOf\":{\"@id\":\"https:\/\/www.manaus.am.gov.br\/semed\/atribuicoes-do-conselho-do-fundeb\/\"},\"author\":{\"name\":\"Imarketing Digital\",\"@id\":\"https:\/\/www.manaus.am.gov.br\/semed\/#\/schema\/person\/79525a47ac5902f50493820d995728ee\"},\"headline\":\"Atribui\u00e7\u00f5es do Conselho do Fundeb\",\"datePublished\":\"2022-10-19T23:19:24+00:00\",\"dateModified\":\"2023-03-10T18:44:28+00:00\",\"mainEntityOfPage\":{\"@id\":\"https:\/\/www.manaus.am.gov.br\/semed\/atribuicoes-do-conselho-do-fundeb\/\"},\"wordCount\":266,\"publisher\":{\"@id\":\"https:\/\/www.manaus.am.gov.br\/semed\/#organization\"},\"inLanguage\":\"pt-BR\"},{\"@type\":\"WebPage\",\"@id\":\"https:\/\/www.manaus.am.gov.br\/semed\/atribuicoes-do-conselho-do-fundeb\/\",\"url\":\"https:\/\/www.manaus.am.gov.br\/semed\/atribuicoes-do-conselho-do-fundeb\/\",\"name\":\"Atribui\u00e7\u00f5es do Conselho do Fundeb - SEMED\",\"isPartOf\":{\"@id\":\"https:\/\/www.manaus.am.gov.br\/semed\/#website\"},\"datePublished\":\"2022-10-19T23:19:24+00:00\",\"dateModified\":\"2023-03-10T18:44:28+00:00\",\"inLanguage\":\"pt-BR\",\"potentialAction\":[{\"@type\":\"ReadAction\",\"target\":[\"https:\/\/www.manaus.am.gov.br\/semed\/atribuicoes-do-conselho-do-fundeb\/\"]}]},{\"@type\":\"WebSite\",\"@id\":\"https:\/\/www.manaus.am.gov.br\/semed\/#website\",\"url\":\"https:\/\/www.manaus.am.gov.br\/semed\/\",\"name\":\"Secretaria Municipal de Educa\u00e7\u00e3o\",\"description\":\"Secretaria Municipal de Educa\u00e7\u00e3o\",\"publisher\":{\"@id\":\"https:\/\/www.manaus.am.gov.br\/semed\/#organization\"},\"alternateName\":\"SEMED\",\"potentialAction\":[{\"@type\":\"SearchAction\",\"target\":{\"@type\":\"EntryPoint\",\"urlTemplate\":\"https:\/\/www.manaus.am.gov.br\/semed\/?s={search_term_string}\"},\"query-input\":\"required name=search_term_string\"}],\"inLanguage\":\"pt-BR\"},{\"@type\":\"Organization\",\"@id\":\"https:\/\/www.manaus.am.gov.br\/semed\/#organization\",\"name\":\"Secretaria de Educa\u00e7\u00e3o\",\"alternateName\":\"SEMED\",\"url\":\"https:\/\/www.manaus.am.gov.br\/semed\/\",\"logo\":{\"@type\":\"ImageObject\",\"inLanguage\":\"pt-BR\",\"@id\":\"https:\/\/www.manaus.am.gov.br\/semed\/#\/schema\/logo\/image\/\",\"url\":\"https:\/\/www.manaus.am.gov.br\/semed\/wp-content\/uploads\/sites\/3\/2022\/11\/favicon.png\",\"contentUrl\":\"https:\/\/www.manaus.am.gov.br\/semed\/wp-content\/uploads\/sites\/3\/2022\/11\/favicon.png\",\"width\":300,\"height\":300,\"caption\":\"Secretaria de Educa\u00e7\u00e3o\"},\"image\":{\"@id\":\"https:\/\/www.manaus.am.gov.br\/semed\/#\/schema\/logo\/image\/\"}},{\"@type\":\"Person\",\"@id\":\"https:\/\/www.manaus.am.gov.br\/semed\/#\/schema\/person\/79525a47ac5902f50493820d995728ee\",\"name\":\"Imarketing Digital\",\"image\":{\"@type\":\"ImageObject\",\"inLanguage\":\"pt-BR\",\"@id\":\"https:\/\/www.manaus.am.gov.br\/semed\/#\/schema\/person\/image\/\",\"url\":\"https:\/\/secure.gravatar.com\/avatar\/03432d3c57b756ed9760f7019c815a3a?s=96&d=mm&r=g\",\"contentUrl\":\"https:\/\/secure.gravatar.com\/avatar\/03432d3c57b756ed9760f7019c815a3a?s=96&d=mm&r=g\",\"caption\":\"Imarketing Digital\"}}]}<\/script>\n<!-- \/ Yoast SEO plugin. -->","yoast_head_json":{"title":"Atribui\u00e7\u00f5es do Conselho do Fundeb - SEMED","robots":{"index":"index","follow":"follow","max-snippet":"max-snippet:-1","max-image-preview":"max-image-preview:large","max-video-preview":"max-video-preview:-1"},"canonical":"https:\/\/www.manaus.am.gov.br\/semed\/atribuicoes-do-conselho-do-fundeb\/","og_locale":"pt_BR","og_type":"article","og_title":"Atribui\u00e7\u00f5es do Conselho do Fundeb - SEMED","og_url":"https:\/\/www.manaus.am.gov.br\/semed\/atribuicoes-do-conselho-do-fundeb\/","og_site_name":"SEMED","article_modified_time":"2023-03-10T18:44:28+00:00","og_image":[{"width":966,"height":520,"url":"https:\/\/www.manaus.am.gov.br\/semed\/wp-content\/uploads\/sites\/3\/2024\/07\/thumb-default-2.png","type":"image\/png"}],"twitter_card":"summary_large_image","twitter_misc":{"Est. reading time":"2 minutos"},"schema":{"@context":"https:\/\/schema.org","@graph":[{"@type":"Article","@id":"https:\/\/www.manaus.am.gov.br\/semed\/atribuicoes-do-conselho-do-fundeb\/#article","isPartOf":{"@id":"https:\/\/www.manaus.am.gov.br\/semed\/atribuicoes-do-conselho-do-fundeb\/"},"author":{"name":"Imarketing Digital","@id":"https:\/\/www.manaus.am.gov.br\/semed\/#\/schema\/person\/79525a47ac5902f50493820d995728ee"},"headline":"Atribui\u00e7\u00f5es do Conselho do Fundeb","datePublished":"2022-10-19T23:19:24+00:00","dateModified":"2023-03-10T18:44:28+00:00","mainEntityOfPage":{"@id":"https:\/\/www.manaus.am.gov.br\/semed\/atribuicoes-do-conselho-do-fundeb\/"},"wordCount":266,"publisher":{"@id":"https:\/\/www.manaus.am.gov.br\/semed\/#organization"},"inLanguage":"pt-BR"},{"@type":"WebPage","@id":"https:\/\/www.manaus.am.gov.br\/semed\/atribuicoes-do-conselho-do-fundeb\/","url":"https:\/\/www.manaus.am.gov.br\/semed\/atribuicoes-do-conselho-do-fundeb\/","name":"Atribui\u00e7\u00f5es do Conselho do Fundeb - SEMED","isPartOf":{"@id":"https:\/\/www.manaus.am.gov.br\/semed\/#website"},"datePublished":"2022-10-19T23:19:24+00:00","dateModified":"2023-03-10T18:44:28+00:00","inLanguage":"pt-BR","potentialAction":[{"@type":"ReadAction","target":["https:\/\/www.manaus.am.gov.br\/semed\/atribuicoes-do-conselho-do-fundeb\/"]}]},{"@type":"WebSite","@id":"https:\/\/www.manaus.am.gov.br\/semed\/#website","url":"https:\/\/www.manaus.am.gov.br\/semed\/","name":"Secretaria Municipal de Educa\u00e7\u00e3o","description":"Secretaria Municipal de Educa\u00e7\u00e3o","publisher":{"@id":"https:\/\/www.manaus.am.gov.br\/semed\/#organization"},"alternateName":"SEMED","potentialAction":[{"@type":"SearchAction","target":{"@type":"EntryPoint","urlTemplate":"https:\/\/www.manaus.am.gov.br\/semed\/?s={search_term_string}"},"query-input":"required name=search_term_string"}],"inLanguage":"pt-BR"},{"@type":"Organization","@id":"https:\/\/www.manaus.am.gov.br\/semed\/#organization","name":"Secretaria de Educa\u00e7\u00e3o","alternateName":"SEMED","url":"https:\/\/www.manaus.am.gov.br\/semed\/","logo":{"@type":"ImageObject","inLanguage":"pt-BR","@id":"https:\/\/www.manaus.am.gov.br\/semed\/#\/schema\/logo\/image\/","url":"https:\/\/www.manaus.am.gov.br\/semed\/wp-content\/uploads\/sites\/3\/2022\/11\/favicon.png","contentUrl":"https:\/\/www.manaus.am.gov.br\/semed\/wp-content\/uploads\/sites\/3\/2022\/11\/favicon.png","width":300,"height":300,"caption":"Secretaria de Educa\u00e7\u00e3o"},"image":{"@id":"https:\/\/www.manaus.am.gov.br\/semed\/#\/schema\/logo\/image\/"}},{"@type":"Person","@id":"https:\/\/www.manaus.am.gov.br\/semed\/#\/schema\/person\/79525a47ac5902f50493820d995728ee","name":"Imarketing Digital","image":{"@type":"ImageObject","inLanguage":"pt-BR","@id":"https:\/\/www.manaus.am.gov.br\/semed\/#\/schema\/person\/image\/","url":"https:\/\/secure.gravatar.com\/avatar\/03432d3c57b756ed9760f7019c815a3a?s=96&d=mm&r=g","contentUrl":"https:\/\/secure.gravatar.com\/avatar\/03432d3c57b756ed9760f7019c815a3a?s=96&d=mm&r=g","caption":"Imarketing Digital"}}]}},"_links":{"self":[{"href":"https:\/\/www.manaus.am.gov.br\/semed\/wp-json\/wp\/v2\/pages\/159"}],"collection":[{"href":"https:\/\/www.manaus.am.gov.br\/semed\/wp-json\/wp\/v2\/pages"}],"about":[{"href":"https:\/\/www.manaus.am.gov.br\/semed\/wp-json\/wp\/v2\/types\/page"}],"author":[{"embeddable":true,"href":"https:\/\/www.manaus.am.gov.br\/semed\/wp-json\/wp\/v2\/users\/27"}],"replies":[{"embeddable":true,"href":"https:\/\/www.manaus.am.gov.br\/semed\/wp-json\/wp\/v2\/comments?post=159"}],"version-history":[{"count":2,"href":"https:\/\/www.manaus.am.gov.br\/semed\/wp-json\/wp\/v2\/pages\/159\/revisions"}],"predecessor-version":[{"id":428,"href":"https:\/\/www.manaus.am.gov.br\/semed\/wp-json\/wp\/v2\/pages\/159\/revisions\/428"}],"wp:attachment":[{"href":"https:\/\/www.manaus.am.gov.br\/semed\/wp-json\/wp\/v2\/media?parent=159"}],"curies":[{"name":"wp","href":"https:\/\/api.w.org\/{rel}","templated":true}]}}

Atribuições do Conselho do Fundeb

<p>O controle a ser exercido pelo Conselho do Fundeb resulta no encaminhamento de situações que requeiram providências por parte do Poder Executivo ou dos órgãos de controle e fiscalização, sobretudo em casos que apontam falhas ou irregularidades eventualmente cometidas, para que as autoridades constituídas, no uso de suas atribuições legais e regimentais, adotem as providências que cada caso venha a exigir.</p>
<p>Além do acompanhamento e controle social dos recursos, os §§ 9º e 13 do artigo 24 e o parágrafo único do artigo 27 da Lei N.º 11.494/2007, acrescentam outras funções ao Conselho do Fundeb, tais como:</p>
<p>a) supervisionar a realização do censo escolar;</p>
<p>b) elaborar a proposta orçamentária anual, no âmbito de suas respectivas esferas governamentais de atuação;</p>
<p>c) instruir, com parecer, as prestações de contas a serem apresentadas ao respectivo Tribunal de Contas. O referido parecer deve ser apresentado ao Poder Executivo respectivo até 30 dias antes do vencimento do prazo para apresentação da prestação de contas ao Tribunal;</p>
<p>d) acompanhar e controlar a execução dos recursos federais transferidos à conta do Programa Nacional de Apoio ao Transporte do Escolar – PNATE, verificando os registros contábeis e os demonstrativos gerenciais relativos aos recursos repassados, responsabilizando-se pelo recebimento e análise da prestação de contas desses programas, encaminhando ao FNDE o Demonstrativo Sintético Anual da Execução Físico-Financeira, acompanhado de parecer conclusivo e, ainda, notificar o órgão Executor dos Programas e o FNDE quando houver ocorrência de eventuais irregularidades na utilização dos recursos.</p>

<!-- This site is optimized with the Yoast SEO plugin v23.0 - https://yoast.com/wordpress/plugins/seo/ -->
<title>Atribuições do Conselho do Fundeb - SEMED</title>
<meta name="robots" content="index, follow, max-snippet:-1, max-image-preview:large, max-video-preview:-1" />
<link rel="canonical" href="https://www.manaus.am.gov.br/semed/atribuicoes-do-conselho-do-fundeb/" />
<meta property="og:locale" content="pt_BR" />
<meta property="og:type" content="article" />
<meta property="og:title" content="Atribuições do Conselho do Fundeb - SEMED" />
<meta property="og:url" content="https://www.manaus.am.gov.br/semed/atribuicoes-do-conselho-do-fundeb/" />
<meta property="og:site_name" content="SEMED" />
<meta property="article:modified_time" content="2023-03-10T18:44:28+00:00" />
<meta property="og:image" content="https://www.manaus.am.gov.br/semed/wp-content/uploads/sites/3/2024/07/thumb-default-2.png" />
	<meta property="og:image:width" content="966" />
	<meta property="og:image:height" content="520" />
	<meta property="og:image:type" content="image/png" />
<meta name="twitter:card" content="summary_large_image" />
<meta name="twitter:label1" content="Est. reading time" />
	<meta name="twitter:data1" content="2 minutos" />
<script type="application/ld+json" class="yoast-schema-graph">{"@context":"https://schema.org","@graph":[{"@type":"Article","@id":"https://www.manaus.am.gov.br/semed/atribuicoes-do-conselho-do-fundeb/#article","isPartOf":{"@id":"https://www.manaus.am.gov.br/semed/atribuicoes-do-conselho-do-fundeb/"},"author":{"name":"Imarketing Digital","@id":"https://www.manaus.am.gov.br/semed/#/schema/person/79525a47ac5902f50493820d995728ee"},"headline":"Atribuições do Conselho do Fundeb","datePublished":"2022-10-19T23:19:24+00:00","dateModified":"2023-03-10T18:44:28+00:00","mainEntityOfPage":{"@id":"https://www.manaus.am.gov.br/semed/atribuicoes-do-conselho-do-fundeb/"},"wordCount":266,"publisher":{"@id":"https://www.manaus.am.gov.br/semed/#organization"},"inLanguage":"pt-BR"},{"@type":"WebPage","@id":"https://www.manaus.am.gov.br/semed/atribuicoes-do-conselho-do-fundeb/","url":"https://www.manaus.am.gov.br/semed/atribuicoes-do-conselho-do-fundeb/","name":"Atribuições do Conselho do Fundeb - SEMED","isPartOf":{"@id":"https://www.manaus.am.gov.br/semed/#website"},"datePublished":"2022-10-19T23:19:24+00:00","dateModified":"2023-03-10T18:44:28+00:00","inLanguage":"pt-BR","potentialAction":[{"@type":"ReadAction","target":["https://www.manaus.am.gov.br/semed/atribuicoes-do-conselho-do-fundeb/"]}]},{"@type":"WebSite","@id":"https://www.manaus.am.gov.br/semed/#website","url":"https://www.manaus.am.gov.br/semed/","name":"Secretaria Municipal de Educação","description":"Secretaria Municipal de Educação","publisher":{"@id":"https://www.manaus.am.gov.br/semed/#organization"},"alternateName":"SEMED","potentialAction":[{"@type":"SearchAction","target":{"@type":"EntryPoint","urlTemplate":"https://www.manaus.am.gov.br/semed/?s={search_term_string}"},"query-input":"required name=search_term_string"}],"inLanguage":"pt-BR"},{"@type":"Organization","@id":"https://www.manaus.am.gov.br/semed/#organization","name":"Secretaria de Educação","alternateName":"SEMED","url":"https://www.manaus.am.gov.br/semed/","logo":{"@type":"ImageObject","inLanguage":"pt-BR","@id":"https://www.manaus.am.gov.br/semed/#/schema/logo/image/","url":"https://www.manaus.am.gov.br/semed/wp-content/uploads/sites/3/2022/11/favicon.png","contentUrl":"https://www.manaus.am.gov.br/semed/wp-content/uploads/sites/3/2022/11/favicon.png","width":300,"height":300,"caption":"Secretaria de Educação"},"image":{"@id":"https://www.manaus.am.gov.br/semed/#/schema/logo/image/"}},{"@type":"Person","@id":"https://www.manaus.am.gov.br/semed/#/schema/person/79525a47ac5902f50493820d995728ee","name":"Imarketing Digital","image":{"@type":"ImageObject","inLanguage":"pt-BR","@id":"https://www.manaus.am.gov.br/semed/#/schema/person/image/","url":"https://secure.gravatar.com/avatar/03432d3c57b756ed9760f7019c815a3a?s=96&d=mm&r=g","contentUrl":"https://secure.gravatar.com/avatar/03432d3c57b756ed9760f7019c815a3a?s=96&d=mm&r=g","caption":"Imarketing Digital"}}]}</script>
<!-- / Yoast SEO plugin. -->

Atribuições do Conselho do Fundeb - SEMED

Secretaria Municipal de Educação

Secretaria de Educação
