{"id":1072,"date":"2023-01-30T17:31:35","date_gmt":"2023-01-30T21:31:35","guid":{"rendered":"https:\/\/www.manaus.am.gov.br\/semed\/?page_id=1072"},"modified":"2023-05-30T11:42:57","modified_gmt":"2023-05-30T15:42:57","slug":"cemasps","status":"publish","type":"page","link":"https:\/\/www.manaus.am.gov.br\/semed\/cemasps\/","title":{"rendered":"CEMASPs"},"content":{"rendered":"\n<p>Centro Municipal de Atendimento Sociopsicopedag\u00f3gico (CEMASCP) tem o compromisso \u00e9tico e social de contribuir para solu\u00e7\u00e3o das dificuldades encontradas no processo de ensino-aprendizagem nas escolas da rede Municipal de Manaus, por meio de a\u00e7\u00f5es preventivas e interven\u00e7\u00f5es espec\u00edficas da \u00e1rea de psicologia, pedagogia, psicopedagogia, servi\u00e7o social e fonoaudiologia , com o intuito de promover a perman\u00eancia e supera\u00e7\u00e3o das dificuldades de aprendizagem<\/p>\n\n\n\n<h2 class=\"wp-block-heading\"><strong>MISS\u00c3O<\/strong><\/h2>\n\n\n\n<p>Contribuir para perman\u00eancia e sucesso da aprendizagem dos alunos da Rede Municipal de Manaus.<\/p>\n\n\n\n<h2 class=\"wp-block-heading\"><strong>VIS\u00c3O<\/strong><\/h2>\n\n\n\n<p>Ser reconhecido, at\u00e9 2024, pelas a\u00e7\u00f5es de combate \u00e0 evas\u00e3o escolar e apoio no processo de&nbsp; aprendizagem, com parcerias para encaminhamento dos alunos que necessitem de diagn\u00f3stico e acompanhamento especializado.<\/p>\n\n\n\n<h2 class=\"wp-block-heading\"><strong>VALORES<\/strong><\/h2>\n\n\n\n<p>Amor, equidade, respeito, comprometimento, \u00e9tica, empatia, confian\u00e7a, coopera\u00e7\u00e3o, responsabilidade social e inova\u00e7\u00e3o.<\/p>\n\n\n\n<h2 class=\"wp-block-heading\"><strong>EQUIPE DO CEMASP<\/strong><\/h2>\n\n\n\n<p><strong>Coordena\u00e7\u00e3o Geral:<\/strong> Karla Loura Menezes<\/p>\n\n\n\n<p><strong>Assessora Geral:<\/strong> Ivoni Matos<\/p>\n\n\n\n<p><strong>Coordenadora Do Movimentes: <\/strong>Viviane Pereira<\/p>\n\n\n\n<p><strong>Cemasp Norte: <\/strong>Coord. Valdirene Ishiba (68 Escolas)<\/p>\n\n\n\n<p><strong>Cemasp Sul:<\/strong> Coord. Ytaciara Ferreira (69 Escolas)<\/p>\n\n\n\n<p><strong>Cemasp Centro-Sul: <\/strong>Coordenador Hudes Tavares De Lima (59 Escolas)<\/p>\n\n\n\n<p><strong>Cemasp Leste I:. <\/strong>Coordenador Jos\u00e9 Erivan (70 Escolas)<\/p>\n\n\n\n<p><strong>Cemasp Leste Ii:. <\/strong>Coordenador Nasson Passos (70 Escolas)<\/p>\n\n\n\n<p><strong>Cemasp Rural:. <\/strong>Coordenadora Jane Lara Costa Da Silva. (84 Escolas)<\/p>\n\n\n\n<p><strong>Cemasp Oeste:. <\/strong>Coordenador Weryton Leite Da Cunha (82 Escolas)<\/p>\n\n\n\n<h2 class=\"wp-block-heading\"><strong>P\u00daBLICO-ALVO<\/strong><\/h2>\n\n\n\n<p>Alunos da Educa\u00e7\u00e3o Infantil nos anos iniciais e finais e corre\u00e7\u00e3o de fluxo dos alunos do Ensino Fundamental e EJA.<\/p>\n\n\n\n<h2 class=\"wp-block-heading\"><strong>A\u00c7\u00d5ES REALIZADAS PELO CEMASP:<\/strong><\/h2>\n\n\n\n<ul>\n<li>Busca ativa de alunos infrequentes;<\/li>\n\n\n\n<li>Atendimento sociopsicopedag\u00f3gico aos alunos com dificuldade de aprendizagem;&nbsp;<\/li>\n\n\n\n<li>A\u00e7\u00f5es preventivas e educativas;<\/li>\n\n\n\n<li>Palestras;<\/li>\n\n\n\n<li>Rodas de conversa;<\/li>\n\n\n\n<li>Oficinas<\/li>\n<\/ul>\n\n\n\n<h2 class=\"wp-block-heading\"><strong>QUEM DEVE SER ENCAMINHADOS PARA O CEMASP PARA ASSESSORAMENTO SOCIOPSICOPEDAG\u00d3GICO<\/strong><\/h2>\n\n\n\n<p><\/p>\n\n\n\n<p><strong>ALUNOS DO ENSINO FUNDAMENTAL (1\u00ba&nbsp; AO 9\u00ba ANO)COM DIFICULDADES DE APRENDIZAGEM POR:<\/strong><\/p>\n\n\n\n<ul>\n<li>Dificuldade na aten\u00e7\u00e3o concentra\u00e7\u00e3o com ind\u00edcios de TDAH sem laudo;<\/li>\n\n\n\n<li>Transtorno de d\u00e9ficit de aten\u00e7\u00e3o e hiperatividade &#8211; TDAH com laudo m\u00e9dico;<\/li>\n\n\n\n<li>Vulnerabilidade social;<\/li>\n\n\n\n<li>Dificuldade comportamental;<\/li>\n\n\n\n<li>Dificuldades fonoaudiol\u00f3gicas.<\/li>\n<\/ul>\n\n\n\n<p><strong>A\u00c7\u00d5ES PREVENTIVAS E EDUCATIVAS REALIZADAS COM ESSES ALUNOS<\/strong><\/p>\n\n\n\n<ul>\n<li>Quando se percebe a necessidade de se tratar de algum assunto de forma coletiva<\/li>\n\n\n\n<li>Palestras<\/li>\n\n\n\n<li>Rodas de Conversa<\/li>\n\n\n\n<li>Oficinas<\/li>\n\n\n\n<li>Din\u00e2micas<\/li>\n\n\n\n<li>Educa\u00e7\u00e3o infantil (orienta\u00e7\u00f5es preventivas aos pais e professores);&nbsp;<\/li>\n\n\n\n<li>Ensino Fundamental (orienta\u00e7\u00f5es preventivas aos alunos, pais e professores);<\/li>\n\n\n\n<li>Alunos da Educa\u00e7\u00e3o de Jovens e Adultos (EJA) (orienta\u00e7\u00f5es preventivas aos alunos e professores).<\/li>\n<\/ul>\n\n\n\n<p><strong>QUEM DEVE SER ENCAMINHADOS PARA O CEMASP PARA <\/strong><strong>TELE\/RESGATE<\/strong><\/p>\n\n\n\n<ul>\n<li>Alunos infrequentes (5 faltas consecutivas ou 10 alternadas sem justificativa)<\/li>\n\n\n\n<li>A escola deve detectar alunos infrequentes, sem justificativa,&nbsp; e realizar a\u00e7\u00f5es de resgate desses alunos. as&nbsp; a\u00e7\u00f5es devem ser registradas&nbsp; em livro ata;<\/li>\n\n\n\n<li>Caso o aluno n\u00e3o retorne \u00e0 escola, a ficha de comunica\u00e7\u00e3o do aluno infrequente (FICAI) deve ser encaminhada ao CEMASP via sigeam;<\/li>\n\n\n\n<li>Quando o respons\u00e1vel \u00e9 encontrado pelo CEMASP, ocorre uma oitiva seguida de orienta\u00e7\u00f5es que garantam o retorno do aluno \u00e0 escola. o resgate \u00e9 consolidado quando o respons\u00e1vel leva seu(ua) filho(a) \u00e0 escola e assina o termo de responsabilidade, o mesmo deve ser anexado na pasta do aluno;<\/li>\n\n\n\n<li>Em caso de reincid\u00eancia da infrequ\u00eancia, o ficai dever\u00e1 ser encaminhada ao conselho tutelar;<\/li>\n\n\n\n<li>Os alunos n\u00e3o resgatados, o cemasp dar\u00e1 a devolutiva das causas e orientar\u00e1 a escola a encaminhar a FICAI desses alunos ao Conselho Tutelar.<\/li>\n<\/ul>\n\n\n\n<p><strong>ALUNOS QUE N\u00c3O DEVEM SER ENCAMINHADOS AO CEMASP<\/strong><\/p>\n\n\n\n<ul>\n<li>Alunos com Transtorno Do Espectro Autista \u2013 TEA&nbsp;<\/li>\n\n\n\n<li>Alunos com Altas Habilidades&nbsp;<\/li>\n\n\n\n<li>Alunos com Necessidades Especiais&nbsp;<\/li>\n<\/ul>\n\n\n\n<p><strong>Encaminh\u00e1-los para:<\/strong><br><br>CMEE \u2013 Complexo&nbsp; Municipal de Educa\u00e7\u00e3o Especial<br>Contato: (92) 99150-1313<\/p>\n\n\n\n<p><strong>OUTROS CASOS E PARA QUEM DEVEM SER ENCAMINHADOS<\/strong><\/p>\n\n\n\n<ul>\n<li>Alunos com suspeita de abuso e viol\u00eancia intrafamiliar (PAIR);<\/li>\n\n\n\n<li>Alunos com problemas de uso abusivo de \u00e1lcool e outras drogas (CAPSi ou CREAS);<\/li>\n\n\n\n<li>Idea\u00e7\u00e3o suicida e ou automutila\u00e7\u00e3o (UBS, CAPSi e parceiros das IES)<\/li>\n<\/ul>\n\n\n\n<p>      Contato PAIR: 99150-1313 &#8211; Seguir Protocolo da SEMED<br>      Contato CREAS: 0800 921407<br>      SITE: assistenciasocial.org\/creas-manaus-am-endereco-e-atendimento\/<\/p>\n\n\n\n<ul>\n<li>Alunos v\u00edtimas de viola\u00e7\u00e3o de direitos humanos (neglig\u00eancia, a falta de cuidados dos respons\u00e1veis com a sa\u00fade , higiene f\u00edsica e a falta de aten\u00e7\u00e3o dos pais com a educa\u00e7\u00e3o dos filhos): CONSELHO TUTELAR<br><br>CONTATO CONSELHO TUTELAR GERAL: 3611-5208<br>E-mail:ctzcentrosul@pmm.am.gov.br<\/li>\n<\/ul>\n\n\n\n<h2 class=\"wp-block-heading\"><strong>PROGRAMAS DESENVOLVIDOS PELO CEMASP<\/strong><\/h2>\n\n\n\n<p><\/p>\n\n\n\n<h3 class=\"wp-block-heading\"><strong>FAM\u00cdLIA NA ESCOLA \u00c9 10<\/strong><\/h3>\n\n\n\n<p>Objetivo: Orientar os pais sobre como ajudar seu(s) filho(s) a superar suas dificuldades no processo de ensino- aprendizagem.<\/p>\n\n\n\n<p>P\u00fablico-alvo: Pais dos alunos do Ensino Fundamental I da Rede Municipal de Ensino da Cidade de Manaus que estejam com baixo desempenho acad\u00eamico.<\/p>\n\n\n\n<h3 class=\"wp-block-heading\"><strong>MOVIMENTES<\/strong><\/h3>\n\n\n\n<p>\u00c9 um Programa de Interven\u00e7\u00e3o Motora que,&nbsp; atrav\u00e9s da psicomotricidade e dos jogos pedag\u00f3gicos, auxilia no processo de alfabetiza\u00e7\u00e3o de alunos.&nbsp;<\/p>\n\n\n\n<p>P\u00fablico-alvo: Alunos do Ensino Fundamental I da Rede Municipal de Ensino da Cidade de Manaus que estejam com baixo desempenho acad\u00eamico.<\/p>\n\n\n\n<h2 class=\"wp-block-heading\"><strong>CONTATOS DOS COORDENADORES e LOCALIZA\u00c7\u00c3O DOS POLOS<\/strong><\/h2>\n\n\n\n<p><\/p>\n\n\n\n<p><strong>Coordena\u00e7\u00e3o Geral do CEMASP<\/strong><\/p>\n\n\n\n<p>Karla Menezes<\/p>\n\n\n\n<p>Contato: 98844-5240<\/p>\n\n\n\n<p>karla.menezes@semed.manaus.am.gov.br\/cemasp.gacpe@semed.manaus.am.gov.br<\/p>\n\n\n\n<p><strong>CEMASP NORTE<\/strong><\/p>\n\n\n\n<p>Rua Curi\u00f3 n\u00ba 64 &#8211; Cidade Nova I&nbsp;<\/p>\n\n\n\n<p>Contato: 99214-5639&nbsp;<\/p>\n\n\n\n<p>Coordenadora: Valdirene Ishiba<\/p>\n\n\n\n<p>valdirene.ishiba@semed.manaus.am.gov.br \/ cemasp.polonorte@semed.manaus.manaus.am.gov.br<\/p>\n\n\n\n<p><strong>CEMASP SUL<\/strong><\/p>\n\n\n\n<p>Rua Macei\u00f3, n\u00ba 307 \u2013 Nossa Senhora das Gra\u00e7as<\/p>\n\n\n\n<p>Coordenadora: Ytaciara Ferreira<\/p>\n\n\n\n<p>Contato: 9122-2071<\/p>\n\n\n\n<p>ytaciara.ferreira@semed.manaus.gov.br\/ cemasp.polosul@semed.manaus.am.gov.br<\/p>\n\n\n\n<p><strong>CEMASP CENTRO-SUL<\/strong><\/p>\n\n\n\n<p>Rua Francisca Mendes, N 1950 Cidade de Deus, 3\u00ba Andar (pr\u00e9dio verde)&nbsp;<\/p>\n\n\n\n<p>Coordenador: Hudes Tavares de Lima<\/p>\n\n\n\n<p>Contato: 99962-5535<\/p>\n\n\n\n<p>&nbsp;cemasp.polocentrosul@semed.manaus.am.gov.br<\/p>\n\n\n\n<p><strong>CEMASP LESTE I<\/strong><\/p>\n\n\n\n<p>AV. Autaz Mirim, 2091 S\u00e3o Jos\u00e9 Oper\u00e1rio&nbsp;<\/p>\n\n\n\n<p>Coordenador: Jos\u00e9 Erivan&nbsp;<\/p>\n\n\n\n<p>Contato: 99962-6215<\/p>\n\n\n\n<p>jose.erivan@semed.manaus.am.gov.br\/cemasp.pololesteII@semed.manaus.am.gov.br<\/p>\n\n\n\n<p><strong>CEMASP LESTE II<\/strong><\/p>\n\n\n\n<p>Av. Ita\u00faba, 117- Jorge Teixeira (Depend\u00eancias da Escola Municipal Maria Ferreira da Silva &#8211; Biblioteca)&nbsp;<\/p>\n\n\n\n<p>Coordenador: Nasson Passos<\/p>\n\n\n\n<p>Contato: 98844-5426<\/p>\n\n\n\n<p>nasson.passos@semed.manaus.am.gov.br\/ cemasp.pololesteII@semed.manaus.am.gov.br<\/p>\n\n\n\n<p><strong>CEMASP RURAL<\/strong><\/p>\n\n\n\n<p>Av. Pedro Teixeira, n\u00ba 149 \u2013 Cj. Dom Pedro I<\/p>\n\n\n\n<p>Coordenadora: Jane Lara Costa da Silva<\/p>\n\n\n\n<p>Contato: 98842-2574<\/p>\n\n\n\n<p>jane.lara@<a href=\"http:\/\/semed.manaus.am.gov.br\/cemasp.polorural@semed.manaus.am.gov.br\">semed.manaus.am.gov.br\/cemasp.polorural@semed.manaus.am.gov.br<\/a><\/p>\n\n\n\n<p><strong>CEMASP OESTE<\/strong><\/p>\n\n\n\n<p>Av. Torquato Tapaj\u00f3s, n\u00ba S\/N \u2013 Bairro da Paz &#8211; Depend\u00eancias da do Pr\u00e9dio da Engenharia e Transporte da SEMED<\/p>\n\n\n\n<p>Coordenadora: Weryton Leite da Cunha<\/p>\n\n\n\n<p>Contato: 99962-4900<\/p>\n\n\n\n<p>weryton.cunha@semed.manaus.am.gov.br\/ cemasp.polooeste@semed.manaus.am.gov.br<strong>.&nbsp;<\/strong><\/p>\n","protected":false},"excerpt":{"rendered":"","protected":false},"author":27,"featured_media":0,"parent":0,"menu_order":0,"comment_status":"closed","ping_status":"closed","template":"page_servicos.php","meta":{"footnotes":""},"acf":[],"yoast_head":"<!-- This site is optimized with the Yoast SEO plugin v23.0 - https:\/\/yoast.com\/wordpress\/plugins\/seo\/ -->\n<title>CEMASPs - SEMED<\/title>\n<meta name=\"robots\" content=\"index, follow, max-snippet:-1, max-image-preview:large, max-video-preview:-1\" \/>\n<link rel=\"canonical\" href=\"https:\/\/www.manaus.am.gov.br\/semed\/cemasps\/\" \/>\n<meta property=\"og:locale\" content=\"pt_BR\" \/>\n<meta property=\"og:type\" content=\"article\" \/>\n<meta property=\"og:title\" content=\"CEMASPs - SEMED\" \/>\n<meta property=\"og:url\" content=\"https:\/\/www.manaus.am.gov.br\/semed\/cemasps\/\" \/>\n<meta property=\"og:site_name\" content=\"SEMED\" \/>\n<meta property=\"article:modified_time\" content=\"2023-05-30T15:42:57+00:00\" \/>\n<meta property=\"og:image\" content=\"https:\/\/www.manaus.am.gov.br\/semed\/wp-content\/uploads\/sites\/3\/2024\/07\/thumb-default-2.png\" \/>\n\t<meta property=\"og:image:width\" content=\"966\" \/>\n\t<meta property=\"og:image:height\" content=\"520\" \/>\n\t<meta property=\"og:image:type\" content=\"image\/png\" \/>\n<meta name=\"twitter:card\" content=\"summary_large_image\" \/>\n<meta name=\"twitter:label1\" content=\"Est. reading time\" \/>\n\t<meta name=\"twitter:data1\" content=\"5 minutos\" \/>\n<script type=\"application\/ld+json\" class=\"yoast-schema-graph\">{\"@context\":\"https:\/\/schema.org\",\"@graph\":[{\"@type\":\"Article\",\"@id\":\"https:\/\/www.manaus.am.gov.br\/semed\/cemasps\/#article\",\"isPartOf\":{\"@id\":\"https:\/\/www.manaus.am.gov.br\/semed\/cemasps\/\"},\"author\":{\"name\":\"Imarketing Digital\",\"@id\":\"https:\/\/www.manaus.am.gov.br\/semed\/#\/schema\/person\/79525a47ac5902f50493820d995728ee\"},\"headline\":\"CEMASPs\",\"datePublished\":\"2023-01-30T21:31:35+00:00\",\"dateModified\":\"2023-05-30T15:42:57+00:00\",\"mainEntityOfPage\":{\"@id\":\"https:\/\/www.manaus.am.gov.br\/semed\/cemasps\/\"},\"wordCount\":1067,\"publisher\":{\"@id\":\"https:\/\/www.manaus.am.gov.br\/semed\/#organization\"},\"inLanguage\":\"pt-BR\"},{\"@type\":\"WebPage\",\"@id\":\"https:\/\/www.manaus.am.gov.br\/semed\/cemasps\/\",\"url\":\"https:\/\/www.manaus.am.gov.br\/semed\/cemasps\/\",\"name\":\"CEMASPs - SEMED\",\"isPartOf\":{\"@id\":\"https:\/\/www.manaus.am.gov.br\/semed\/#website\"},\"datePublished\":\"2023-01-30T21:31:35+00:00\",\"dateModified\":\"2023-05-30T15:42:57+00:00\",\"inLanguage\":\"pt-BR\",\"potentialAction\":[{\"@type\":\"ReadAction\",\"target\":[\"https:\/\/www.manaus.am.gov.br\/semed\/cemasps\/\"]}]},{\"@type\":\"WebSite\",\"@id\":\"https:\/\/www.manaus.am.gov.br\/semed\/#website\",\"url\":\"https:\/\/www.manaus.am.gov.br\/semed\/\",\"name\":\"Secretaria Municipal de Educa\u00e7\u00e3o\",\"description\":\"Secretaria Municipal de Educa\u00e7\u00e3o\",\"publisher\":{\"@id\":\"https:\/\/www.manaus.am.gov.br\/semed\/#organization\"},\"alternateName\":\"SEMED\",\"potentialAction\":[{\"@type\":\"SearchAction\",\"target\":{\"@type\":\"EntryPoint\",\"urlTemplate\":\"https:\/\/www.manaus.am.gov.br\/semed\/?s={search_term_string}\"},\"query-input\":\"required name=search_term_string\"}],\"inLanguage\":\"pt-BR\"},{\"@type\":\"Organization\",\"@id\":\"https:\/\/www.manaus.am.gov.br\/semed\/#organization\",\"name\":\"Secretaria de Educa\u00e7\u00e3o\",\"alternateName\":\"SEMED\",\"url\":\"https:\/\/www.manaus.am.gov.br\/semed\/\",\"logo\":{\"@type\":\"ImageObject\",\"inLanguage\":\"pt-BR\",\"@id\":\"https:\/\/www.manaus.am.gov.br\/semed\/#\/schema\/logo\/image\/\",\"url\":\"https:\/\/www.manaus.am.gov.br\/semed\/wp-content\/uploads\/sites\/3\/2022\/11\/favicon.png\",\"contentUrl\":\"https:\/\/www.manaus.am.gov.br\/semed\/wp-content\/uploads\/sites\/3\/2022\/11\/favicon.png\",\"width\":300,\"height\":300,\"caption\":\"Secretaria de Educa\u00e7\u00e3o\"},\"image\":{\"@id\":\"https:\/\/www.manaus.am.gov.br\/semed\/#\/schema\/logo\/image\/\"}},{\"@type\":\"Person\",\"@id\":\"https:\/\/www.manaus.am.gov.br\/semed\/#\/schema\/person\/79525a47ac5902f50493820d995728ee\",\"name\":\"Imarketing Digital\",\"image\":{\"@type\":\"ImageObject\",\"inLanguage\":\"pt-BR\",\"@id\":\"https:\/\/www.manaus.am.gov.br\/semed\/#\/schema\/person\/image\/\",\"url\":\"https:\/\/secure.gravatar.com\/avatar\/03432d3c57b756ed9760f7019c815a3a?s=96&d=mm&r=g\",\"contentUrl\":\"https:\/\/secure.gravatar.com\/avatar\/03432d3c57b756ed9760f7019c815a3a?s=96&d=mm&r=g\",\"caption\":\"Imarketing Digital\"}}]}<\/script>\n<!-- \/ Yoast SEO plugin. -->","yoast_head_json":{"title":"CEMASPs - SEMED","robots":{"index":"index","follow":"follow","max-snippet":"max-snippet:-1","max-image-preview":"max-image-preview:large","max-video-preview":"max-video-preview:-1"},"canonical":"https:\/\/www.manaus.am.gov.br\/semed\/cemasps\/","og_locale":"pt_BR","og_type":"article","og_title":"CEMASPs - SEMED","og_url":"https:\/\/www.manaus.am.gov.br\/semed\/cemasps\/","og_site_name":"SEMED","article_modified_time":"2023-05-30T15:42:57+00:00","og_image":[{"width":966,"height":520,"url":"https:\/\/www.manaus.am.gov.br\/semed\/wp-content\/uploads\/sites\/3\/2024\/07\/thumb-default-2.png","type":"image\/png"}],"twitter_card":"summary_large_image","twitter_misc":{"Est. reading time":"5 minutos"},"schema":{"@context":"https:\/\/schema.org","@graph":[{"@type":"Article","@id":"https:\/\/www.manaus.am.gov.br\/semed\/cemasps\/#article","isPartOf":{"@id":"https:\/\/www.manaus.am.gov.br\/semed\/cemasps\/"},"author":{"name":"Imarketing Digital","@id":"https:\/\/www.manaus.am.gov.br\/semed\/#\/schema\/person\/79525a47ac5902f50493820d995728ee"},"headline":"CEMASPs","datePublished":"2023-01-30T21:31:35+00:00","dateModified":"2023-05-30T15:42:57+00:00","mainEntityOfPage":{"@id":"https:\/\/www.manaus.am.gov.br\/semed\/cemasps\/"},"wordCount":1067,"publisher":{"@id":"https:\/\/www.manaus.am.gov.br\/semed\/#organization"},"inLanguage":"pt-BR"},{"@type":"WebPage","@id":"https:\/\/www.manaus.am.gov.br\/semed\/cemasps\/","url":"https:\/\/www.manaus.am.gov.br\/semed\/cemasps\/","name":"CEMASPs - SEMED","isPartOf":{"@id":"https:\/\/www.manaus.am.gov.br\/semed\/#website"},"datePublished":"2023-01-30T21:31:35+00:00","dateModified":"2023-05-30T15:42:57+00:00","inLanguage":"pt-BR","potentialAction":[{"@type":"ReadAction","target":["https:\/\/www.manaus.am.gov.br\/semed\/cemasps\/"]}]},{"@type":"WebSite","@id":"https:\/\/www.manaus.am.gov.br\/semed\/#website","url":"https:\/\/www.manaus.am.gov.br\/semed\/","name":"Secretaria Municipal de Educa\u00e7\u00e3o","description":"Secretaria Municipal de Educa\u00e7\u00e3o","publisher":{"@id":"https:\/\/www.manaus.am.gov.br\/semed\/#organization"},"alternateName":"SEMED","potentialAction":[{"@type":"SearchAction","target":{"@type":"EntryPoint","urlTemplate":"https:\/\/www.manaus.am.gov.br\/semed\/?s={search_term_string}"},"query-input":"required name=search_term_string"}],"inLanguage":"pt-BR"},{"@type":"Organization","@id":"https:\/\/www.manaus.am.gov.br\/semed\/#organization","name":"Secretaria de Educa\u00e7\u00e3o","alternateName":"SEMED","url":"https:\/\/www.manaus.am.gov.br\/semed\/","logo":{"@type":"ImageObject","inLanguage":"pt-BR","@id":"https:\/\/www.manaus.am.gov.br\/semed\/#\/schema\/logo\/image\/","url":"https:\/\/www.manaus.am.gov.br\/semed\/wp-content\/uploads\/sites\/3\/2022\/11\/favicon.png","contentUrl":"https:\/\/www.manaus.am.gov.br\/semed\/wp-content\/uploads\/sites\/3\/2022\/11\/favicon.png","width":300,"height":300,"caption":"Secretaria de Educa\u00e7\u00e3o"},"image":{"@id":"https:\/\/www.manaus.am.gov.br\/semed\/#\/schema\/logo\/image\/"}},{"@type":"Person","@id":"https:\/\/www.manaus.am.gov.br\/semed\/#\/schema\/person\/79525a47ac5902f50493820d995728ee","name":"Imarketing Digital","image":{"@type":"ImageObject","inLanguage":"pt-BR","@id":"https:\/\/www.manaus.am.gov.br\/semed\/#\/schema\/person\/image\/","url":"https:\/\/secure.gravatar.com\/avatar\/03432d3c57b756ed9760f7019c815a3a?s=96&d=mm&r=g","contentUrl":"https:\/\/secure.gravatar.com\/avatar\/03432d3c57b756ed9760f7019c815a3a?s=96&d=mm&r=g","caption":"Imarketing Digital"}}]}},"_links":{"self":[{"href":"https:\/\/www.manaus.am.gov.br\/semed\/wp-json\/wp\/v2\/pages\/1072"}],"collection":[{"href":"https:\/\/www.manaus.am.gov.br\/semed\/wp-json\/wp\/v2\/pages"}],"about":[{"href":"https:\/\/www.manaus.am.gov.br\/semed\/wp-json\/wp\/v2\/types\/page"}],"author":[{"embeddable":true,"href":"https:\/\/www.manaus.am.gov.br\/semed\/wp-json\/wp\/v2\/users\/27"}],"replies":[{"embeddable":true,"href":"https:\/\/www.manaus.am.gov.br\/semed\/wp-json\/wp\/v2\/comments?post=1072"}],"version-history":[{"count":11,"href":"https:\/\/www.manaus.am.gov.br\/semed\/wp-json\/wp\/v2\/pages\/1072\/revisions"}],"predecessor-version":[{"id":3070,"href":"https:\/\/www.manaus.am.gov.br\/semed\/wp-json\/wp\/v2\/pages\/1072\/revisions\/3070"}],"wp:attachment":[{"href":"https:\/\/www.manaus.am.gov.br\/semed\/wp-json\/wp\/v2\/media?parent=1072"}],"curies":[{"name":"wp","href":"https:\/\/api.w.org\/{rel}","templated":true}]}}