{"id":1046,"date":"2023-01-30T17:21:25","date_gmt":"2023-01-30T21:21:25","guid":{"rendered":"https:\/\/www.manaus.am.gov.br\/semed\/?page_id=1046"},"modified":"2023-02-14T15:40:31","modified_gmt":"2023-02-14T19:40:31","slug":"municipiadas-regulamento-2022","status":"publish","type":"page","link":"https:\/\/www.manaus.am.gov.br\/semed\/municipiadas-regulamento-2022\/","title":{"rendered":"Municip\u00edadas &#8211; Regulamento 2022"},"content":{"rendered":"\n<p class=\"has-text-align-center\"><a href=\"https:\/\/www.manaus.am.gov.br\/semed\/wp-content\/uploads\/sites\/3\/2023\/01\/23a-MUNICIPIADAS-BOLETIM-PRELIMINAR.pdf\n\">23\u00aa MUNICIPIADAS BOLETIM PRELIMINAR<\/a><\/p>\n\n\n<div class=\"wp-block-image\">\n<figure class=\"aligncenter is-resized\"><img loading=\"lazy\" decoding=\"async\" src=\"https:\/\/semed.manaus.am.gov.br\/wp-content\/uploads\/2022\/09\/banners-SITE-SEMED-187-x-85-px-1.png\" alt=\"\" class=\"wp-image-51451\" width=\"280\" height=\"96\"\/><\/figure><\/div>\n\n\n<p><a href=\"https:\/\/www.manaus.am.gov.br\/semed\/wp-content\/uploads\/sites\/3\/2023\/01\/REGULAMENTO-xadrez-2022.pdf\">REGULAMENTO-xadrez-2022<\/a><\/p>\n\n\n\n<p><a href=\"https:\/\/www.manaus.am.gov.br\/semed\/wp-content\/uploads\/sites\/3\/2023\/01\/REGULAMENTO-TENIS-DE-MESA-2022.pdf\">REGULAMENTO-T\u00caNIS-DE-MESA-2022<\/a><\/p>\n\n\n\n<p><a href=\"https:\/\/semed.manaus.am.gov.br\/wp-content\/uploads\/2022\/09\/REGULAMENTO-JUDO-2022.pdf\">REGULAMENTO-JUD\u00d4-2022<\/a><\/p>\n\n\n\n<p><a href=\"https:\/\/www.manaus.am.gov.br\/semed\/wp-content\/uploads\/sites\/3\/2023\/01\/REGULAMENTO-JIU-JITSU-2022.pdf\">REGULAMENTO-JIU-JITSU-2022<\/a><\/p>\n\n\n\n<p><a href=\"https:\/\/www.manaus.am.gov.br\/semed\/wp-content\/uploads\/sites\/3\/2023\/01\/Regulamento-HANDEBOL-2022.pdf\">Regulamento-HANDEBOL-2022<\/a><\/p>\n\n\n\n<p><a href=\"https:\/\/www.manaus.am.gov.br\/semed\/wp-content\/uploads\/sites\/3\/2023\/01\/Regulamento-FUTEBOL-2022.pdf\">Regulamento-FUTEBOL-2022<\/a><\/p>\n\n\n\n<p><a href=\"https:\/\/www.manaus.am.gov.br\/semed\/wp-content\/uploads\/sites\/3\/2023\/01\/Regulamento-BASQUETEBOL-3X3-2022..pdf\">Regulamento-BASQUETEBOL-3X3-2022.<\/a><\/p>\n\n\n\n<p><a href=\"https:\/\/www.manaus.am.gov.br\/semed\/wp-content\/uploads\/sites\/3\/2023\/01\/REGULAMENTO-VOLEIBOL-2022.pdf\">REGULAMENTO VOLEIBOL \u2013 2022<\/a><\/p>\n\n\n\n<p><a href=\"https:\/\/www.manaus.am.gov.br\/semed\/wp-content\/uploads\/sites\/3\/2023\/01\/REGULAMENTO-NATACAO-2022.pdf\">REGULAMENTO NATA\u00c7\u00c3O 2022<\/a><\/p>\n\n\n\n<p><a href=\"https:\/\/www.manaus.am.gov.br\/semed\/wp-content\/uploads\/sites\/3\/2023\/01\/REGULAMENTO-MINIVOLEIBOL-2022.pdf\">REGULAMENTO MINIVOLEIBOL \u2013 2022<\/a><\/p>\n\n\n\n<p><a href=\"https:\/\/www.manaus.am.gov.br\/semed\/wp-content\/uploads\/sites\/3\/2023\/01\/Regulamento-FUTSAL-2022.pdf\">Regulamento FUTSAL 2022<\/a><\/p>\n\n\n\n<p><a href=\"https:\/\/www.manaus.am.gov.br\/semed\/wp-content\/uploads\/sites\/3\/2023\/01\/REGULAMENTO-BADMINTON-2022.pdf\">REGULAMENTO BADMINTON-2022<\/a><\/p>\n\n\n\n<p><a href=\"https:\/\/www.manaus.am.gov.br\/semed\/wp-content\/uploads\/sites\/3\/2023\/01\/REGULAMENTO-BADMINTON-2022-1.pdf\">REGULAMENTO BADMINTON-2022<\/a><\/p>\n\n\n\n<p><a href=\"https:\/\/www.manaus.am.gov.br\/semed\/wp-content\/uploads\/sites\/3\/2023\/01\/REGULAMENTO-ATLETISMO-2022.pdf\">REGULAMENTO ATLETISMO-2022<\/a><\/p>\n\n\n\n<p><a href=\"https:\/\/www.manaus.am.gov.br\/semed\/wp-content\/uploads\/sites\/3\/2023\/01\/MUNICIPIADA-REGULAMENTO-ESPECIFICO-DA-MODALIDADE-GINASTICA-RITMICA4005-1.pdf\">MUNICIPIADA REGULAMENTO ESPEC\u00cdFICO DA MODALIDADE GIN\u00c1STICA R\u00cdTMICA[4005] (1)<\/a><\/p>\n\n\n\n<p><a href=\"https:\/\/www.manaus.am.gov.br\/semed\/wp-content\/uploads\/sites\/3\/2023\/01\/Nota-oficial-No-001-Municipiada-2022.pdf\">Nota oficial N\u00ba 001 Municip\u00edada 2022<\/a><\/p>\n\n\n\n<p><a href=\"https:\/\/www.manaus.am.gov.br\/semed\/wp-content\/uploads\/sites\/3\/2023\/01\/BOLETIM-01-23a-MUNICIPIADA-2022.pdf\">BOLETIM 01 \u2013 23a MUNICIP\u00cdADA \u2013 2022<\/a><\/p>\n\n\n\n<p><a href=\"https:\/\/semed.manaus.am.gov.br\/wp-content\/uploads\/2022\/10\/Nota-Oficial-04-23a-MUNICIPIADA.docx-1.pdf\">Nota Oficial 04 \u2013 23\u00aa MUNICIPIADA \u2013 2022)<\/a><\/p>\n\n\n\n<p><a href=\"https:\/\/www.manaus.am.gov.br\/semed\/wp-content\/uploads\/sites\/3\/2023\/01\/BOLETIM-02-23a-MUNICIPIADA-2022.docx-1.pdf\">BOLETIM 02 \u2013 23a MUNICIP\u00cdADA \u2013 2022.docx (1)<\/a><\/p>\n\n\n\n<p><a href=\"https:\/\/www.manaus.am.gov.br\/semed\/wp-content\/uploads\/sites\/3\/2023\/01\/BOLETIM-03-23a-MUNICIPIADA-2022.pdf\">BOLETIM 03 \u2013 23a MUNICIP\u00cdADA \u2013 2022<\/a><\/p>\n\n\n\n<p><a href=\"https:\/\/www.manaus.am.gov.br\/semed\/wp-content\/uploads\/sites\/3\/2023\/01\/23a-MUNICIPIADA-BOLETIM-04.pdf\">BOLETIM 04 \u2013 23a MUNICIP\u00cdADA<\/a><\/p>\n\n\n\n<p><a href=\"https:\/\/www.manaus.am.gov.br\/semed\/wp-content\/uploads\/sites\/3\/2023\/01\/BOLETIM-FINAL-05.pdf\">BOLETIM FINAL 05 23\u00aa MUNICIP\u00cdADA<\/a><\/p>\n","protected":false},"excerpt":{"rendered":"","protected":false},"author":27,"featured_media":0,"parent":0,"menu_order":0,"comment_status":"closed","ping_status":"closed","template":"","meta":{"footnotes":""},"acf":[],"yoast_head":"<!-- This site is optimized with the Yoast SEO plugin v23.0 - https:\/\/yoast.com\/wordpress\/plugins\/seo\/ -->\n<title>Municip\u00edadas - Regulamento 2022 - SEMED<\/title>\n<meta name=\"robots\" content=\"index, follow, max-snippet:-1, max-image-preview:large, max-video-preview:-1\" \/>\n<link rel=\"canonical\" href=\"https:\/\/www.manaus.am.gov.br\/semed\/municipiadas-regulamento-2022\/\" \/>\n<meta property=\"og:locale\" content=\"pt_BR\" \/>\n<meta property=\"og:type\" content=\"article\" \/>\n<meta property=\"og:title\" content=\"Municip\u00edadas - Regulamento 2022 - SEMED\" \/>\n<meta property=\"og:url\" content=\"https:\/\/www.manaus.am.gov.br\/semed\/municipiadas-regulamento-2022\/\" \/>\n<meta property=\"og:site_name\" content=\"SEMED\" \/>\n<meta property=\"article:modified_time\" content=\"2023-02-14T19:40:31+00:00\" \/>\n<meta property=\"og:image\" content=\"https:\/\/semed.manaus.am.gov.br\/wp-content\/uploads\/2022\/09\/banners-SITE-SEMED-187-x-85-px-1.png\" \/>\n<meta name=\"twitter:card\" content=\"summary_large_image\" \/>\n<meta name=\"twitter:label1\" content=\"Est. reading time\" \/>\n\t<meta name=\"twitter:data1\" content=\"1 minuto\" \/>\n<script type=\"application\/ld+json\" class=\"yoast-schema-graph\">{\"@context\":\"https:\/\/schema.org\",\"@graph\":[{\"@type\":\"Article\",\"@id\":\"https:\/\/www.manaus.am.gov.br\/semed\/municipiadas-regulamento-2022\/#article\",\"isPartOf\":{\"@id\":\"https:\/\/www.manaus.am.gov.br\/semed\/municipiadas-regulamento-2022\/\"},\"author\":{\"name\":\"Imarketing Digital\",\"@id\":\"https:\/\/www.manaus.am.gov.br\/semed\/#\/schema\/person\/79525a47ac5902f50493820d995728ee\"},\"headline\":\"Municip\u00edadas &#8211; Regulamento 2022\",\"datePublished\":\"2023-01-30T21:21:25+00:00\",\"dateModified\":\"2023-02-14T19:40:31+00:00\",\"mainEntityOfPage\":{\"@id\":\"https:\/\/www.manaus.am.gov.br\/semed\/municipiadas-regulamento-2022\/\"},\"wordCount\":72,\"publisher\":{\"@id\":\"https:\/\/www.manaus.am.gov.br\/semed\/#organization\"},\"image\":{\"@id\":\"https:\/\/www.manaus.am.gov.br\/semed\/municipiadas-regulamento-2022\/#primaryimage\"},\"thumbnailUrl\":\"https:\/\/semed.manaus.am.gov.br\/wp-content\/uploads\/2022\/09\/banners-SITE-SEMED-187-x-85-px-1.png\",\"inLanguage\":\"pt-BR\"},{\"@type\":\"WebPage\",\"@id\":\"https:\/\/www.manaus.am.gov.br\/semed\/municipiadas-regulamento-2022\/\",\"url\":\"https:\/\/www.manaus.am.gov.br\/semed\/municipiadas-regulamento-2022\/\",\"name\":\"Municip\u00edadas - Regulamento 2022 - SEMED\",\"isPartOf\":{\"@id\":\"https:\/\/www.manaus.am.gov.br\/semed\/#website\"},\"primaryImageOfPage\":{\"@id\":\"https:\/\/www.manaus.am.gov.br\/semed\/municipiadas-regulamento-2022\/#primaryimage\"},\"image\":{\"@id\":\"https:\/\/www.manaus.am.gov.br\/semed\/municipiadas-regulamento-2022\/#primaryimage\"},\"thumbnailUrl\":\"https:\/\/semed.manaus.am.gov.br\/wp-content\/uploads\/2022\/09\/banners-SITE-SEMED-187-x-85-px-1.png\",\"datePublished\":\"2023-01-30T21:21:25+00:00\",\"dateModified\":\"2023-02-14T19:40:31+00:00\",\"inLanguage\":\"pt-BR\",\"potentialAction\":[{\"@type\":\"ReadAction\",\"target\":[\"https:\/\/www.manaus.am.gov.br\/semed\/municipiadas-regulamento-2022\/\"]}]},{\"@type\":\"ImageObject\",\"inLanguage\":\"pt-BR\",\"@id\":\"https:\/\/www.manaus.am.gov.br\/semed\/municipiadas-regulamento-2022\/#primaryimage\",\"url\":\"https:\/\/semed.manaus.am.gov.br\/wp-content\/uploads\/2022\/09\/banners-SITE-SEMED-187-x-85-px-1.png\",\"contentUrl\":\"https:\/\/semed.manaus.am.gov.br\/wp-content\/uploads\/2022\/09\/banners-SITE-SEMED-187-x-85-px-1.png\"},{\"@type\":\"WebSite\",\"@id\":\"https:\/\/www.manaus.am.gov.br\/semed\/#website\",\"url\":\"https:\/\/www.manaus.am.gov.br\/semed\/\",\"name\":\"Secretaria Municipal de Educa\u00e7\u00e3o\",\"description\":\"Secretaria Municipal de Educa\u00e7\u00e3o\",\"publisher\":{\"@id\":\"https:\/\/www.manaus.am.gov.br\/semed\/#organization\"},\"alternateName\":\"SEMED\",\"potentialAction\":[{\"@type\":\"SearchAction\",\"target\":{\"@type\":\"EntryPoint\",\"urlTemplate\":\"https:\/\/www.manaus.am.gov.br\/semed\/?s={search_term_string}\"},\"query-input\":\"required name=search_term_string\"}],\"inLanguage\":\"pt-BR\"},{\"@type\":\"Organization\",\"@id\":\"https:\/\/www.manaus.am.gov.br\/semed\/#organization\",\"name\":\"Secretaria de Educa\u00e7\u00e3o\",\"alternateName\":\"SEMED\",\"url\":\"https:\/\/www.manaus.am.gov.br\/semed\/\",\"logo\":{\"@type\":\"ImageObject\",\"inLanguage\":\"pt-BR\",\"@id\":\"https:\/\/www.manaus.am.gov.br\/semed\/#\/schema\/logo\/image\/\",\"url\":\"https:\/\/www.manaus.am.gov.br\/semed\/wp-content\/uploads\/sites\/3\/2022\/11\/favicon.png\",\"contentUrl\":\"https:\/\/www.manaus.am.gov.br\/semed\/wp-content\/uploads\/sites\/3\/2022\/11\/favicon.png\",\"width\":300,\"height\":300,\"caption\":\"Secretaria de Educa\u00e7\u00e3o\"},\"image\":{\"@id\":\"https:\/\/www.manaus.am.gov.br\/semed\/#\/schema\/logo\/image\/\"}},{\"@type\":\"Person\",\"@id\":\"https:\/\/www.manaus.am.gov.br\/semed\/#\/schema\/person\/79525a47ac5902f50493820d995728ee\",\"name\":\"Imarketing Digital\",\"image\":{\"@type\":\"ImageObject\",\"inLanguage\":\"pt-BR\",\"@id\":\"https:\/\/www.manaus.am.gov.br\/semed\/#\/schema\/person\/image\/\",\"url\":\"https:\/\/secure.gravatar.com\/avatar\/03432d3c57b756ed9760f7019c815a3a?s=96&d=mm&r=g\",\"contentUrl\":\"https:\/\/secure.gravatar.com\/avatar\/03432d3c57b756ed9760f7019c815a3a?s=96&d=mm&r=g\",\"caption\":\"Imarketing Digital\"}}]}<\/script>\n<!-- \/ Yoast SEO plugin. -->","yoast_head_json":{"title":"Municip\u00edadas - Regulamento 2022 - SEMED","robots":{"index":"index","follow":"follow","max-snippet":"max-snippet:-1","max-image-preview":"max-image-preview:large","max-video-preview":"max-video-preview:-1"},"canonical":"https:\/\/www.manaus.am.gov.br\/semed\/municipiadas-regulamento-2022\/","og_locale":"pt_BR","og_type":"article","og_title":"Municip\u00edadas - Regulamento 2022 - SEMED","og_url":"https:\/\/www.manaus.am.gov.br\/semed\/municipiadas-regulamento-2022\/","og_site_name":"SEMED","article_modified_time":"2023-02-14T19:40:31+00:00","og_image":[{"url":"https:\/\/semed.manaus.am.gov.br\/wp-content\/uploads\/2022\/09\/banners-SITE-SEMED-187-x-85-px-1.png"}],"twitter_card":"summary_large_image","twitter_misc":{"Est. reading time":"1 minuto"},"schema":{"@context":"https:\/\/schema.org","@graph":[{"@type":"Article","@id":"https:\/\/www.manaus.am.gov.br\/semed\/municipiadas-regulamento-2022\/#article","isPartOf":{"@id":"https:\/\/www.manaus.am.gov.br\/semed\/municipiadas-regulamento-2022\/"},"author":{"name":"Imarketing Digital","@id":"https:\/\/www.manaus.am.gov.br\/semed\/#\/schema\/person\/79525a47ac5902f50493820d995728ee"},"headline":"Municip\u00edadas &#8211; Regulamento 2022","datePublished":"2023-01-30T21:21:25+00:00","dateModified":"2023-02-14T19:40:31+00:00","mainEntityOfPage":{"@id":"https:\/\/www.manaus.am.gov.br\/semed\/municipiadas-regulamento-2022\/"},"wordCount":72,"publisher":{"@id":"https:\/\/www.manaus.am.gov.br\/semed\/#organization"},"image":{"@id":"https:\/\/www.manaus.am.gov.br\/semed\/municipiadas-regulamento-2022\/#primaryimage"},"thumbnailUrl":"https:\/\/semed.manaus.am.gov.br\/wp-content\/uploads\/2022\/09\/banners-SITE-SEMED-187-x-85-px-1.png","inLanguage":"pt-BR"},{"@type":"WebPage","@id":"https:\/\/www.manaus.am.gov.br\/semed\/municipiadas-regulamento-2022\/","url":"https:\/\/www.manaus.am.gov.br\/semed\/municipiadas-regulamento-2022\/","name":"Municip\u00edadas - Regulamento 2022 - SEMED","isPartOf":{"@id":"https:\/\/www.manaus.am.gov.br\/semed\/#website"},"primaryImageOfPage":{"@id":"https:\/\/www.manaus.am.gov.br\/semed\/municipiadas-regulamento-2022\/#primaryimage"},"image":{"@id":"https:\/\/www.manaus.am.gov.br\/semed\/municipiadas-regulamento-2022\/#primaryimage"},"thumbnailUrl":"https:\/\/semed.manaus.am.gov.br\/wp-content\/uploads\/2022\/09\/banners-SITE-SEMED-187-x-85-px-1.png","datePublished":"2023-01-30T21:21:25+00:00","dateModified":"2023-02-14T19:40:31+00:00","inLanguage":"pt-BR","potentialAction":[{"@type":"ReadAction","target":["https:\/\/www.manaus.am.gov.br\/semed\/municipiadas-regulamento-2022\/"]}]},{"@type":"ImageObject","inLanguage":"pt-BR","@id":"https:\/\/www.manaus.am.gov.br\/semed\/municipiadas-regulamento-2022\/#primaryimage","url":"https:\/\/semed.manaus.am.gov.br\/wp-content\/uploads\/2022\/09\/banners-SITE-SEMED-187-x-85-px-1.png","contentUrl":"https:\/\/semed.manaus.am.gov.br\/wp-content\/uploads\/2022\/09\/banners-SITE-SEMED-187-x-85-px-1.png"},{"@type":"WebSite","@id":"https:\/\/www.manaus.am.gov.br\/semed\/#website","url":"https:\/\/www.manaus.am.gov.br\/semed\/","name":"Secretaria Municipal de Educa\u00e7\u00e3o","description":"Secretaria Municipal de Educa\u00e7\u00e3o","publisher":{"@id":"https:\/\/www.manaus.am.gov.br\/semed\/#organization"},"alternateName":"SEMED","potentialAction":[{"@type":"SearchAction","target":{"@type":"EntryPoint","urlTemplate":"https:\/\/www.manaus.am.gov.br\/semed\/?s={search_term_string}"},"query-input":"required name=search_term_string"}],"inLanguage":"pt-BR"},{"@type":"Organization","@id":"https:\/\/www.manaus.am.gov.br\/semed\/#organization","name":"Secretaria de Educa\u00e7\u00e3o","alternateName":"SEMED","url":"https:\/\/www.manaus.am.gov.br\/semed\/","logo":{"@type":"ImageObject","inLanguage":"pt-BR","@id":"https:\/\/www.manaus.am.gov.br\/semed\/#\/schema\/logo\/image\/","url":"https:\/\/www.manaus.am.gov.br\/semed\/wp-content\/uploads\/sites\/3\/2022\/11\/favicon.png","contentUrl":"https:\/\/www.manaus.am.gov.br\/semed\/wp-content\/uploads\/sites\/3\/2022\/11\/favicon.png","width":300,"height":300,"caption":"Secretaria de Educa\u00e7\u00e3o"},"image":{"@id":"https:\/\/www.manaus.am.gov.br\/semed\/#\/schema\/logo\/image\/"}},{"@type":"Person","@id":"https:\/\/www.manaus.am.gov.br\/semed\/#\/schema\/person\/79525a47ac5902f50493820d995728ee","name":"Imarketing Digital","image":{"@type":"ImageObject","inLanguage":"pt-BR","@id":"https:\/\/www.manaus.am.gov.br\/semed\/#\/schema\/person\/image\/","url":"https:\/\/secure.gravatar.com\/avatar\/03432d3c57b756ed9760f7019c815a3a?s=96&d=mm&r=g","contentUrl":"https:\/\/secure.gravatar.com\/avatar\/03432d3c57b756ed9760f7019c815a3a?s=96&d=mm&r=g","caption":"Imarketing Digital"}}]}},"_links":{"self":[{"href":"https:\/\/www.manaus.am.gov.br\/semed\/wp-json\/wp\/v2\/pages\/1046"}],"collection":[{"href":"https:\/\/www.manaus.am.gov.br\/semed\/wp-json\/wp\/v2\/pages"}],"about":[{"href":"https:\/\/www.manaus.am.gov.br\/semed\/wp-json\/wp\/v2\/types\/page"}],"author":[{"embeddable":true,"href":"https:\/\/www.manaus.am.gov.br\/semed\/wp-json\/wp\/v2\/users\/27"}],"replies":[{"embeddable":true,"href":"https:\/\/www.manaus.am.gov.br\/semed\/wp-json\/wp\/v2\/comments?post=1046"}],"version-history":[{"count":3,"href":"https:\/\/www.manaus.am.gov.br\/semed\/wp-json\/wp\/v2\/pages\/1046\/revisions"}],"predecessor-version":[{"id":1303,"href":"https:\/\/www.manaus.am.gov.br\/semed\/wp-json\/wp\/v2\/pages\/1046\/revisions\/1303"}],"wp:attachment":[{"href":"https:\/\/www.manaus.am.gov.br\/semed\/wp-json\/wp\/v2\/media?parent=1046"}],"curies":[{"name":"wp","href":"https:\/\/api.w.org\/{rel}","templated":true}]}}