{"version":"1.0","provider_name":"SEMED","provider_url":"https:\/\/www.manaus.am.gov.br\/semed","title":"Prefeitura de Manaus equipa escola no Japiim com novos itens mobili\u00e1rios e beneficia quase 1,5 mil alunos","type":"rich","width":600,"height":338,"html":"<blockquote class=\"wp-embedded-content\" data-secret=\"OJby4fB67F\"><a href=\"https:\/\/www.manaus.am.gov.br\/semed\/not\u00edcias\/educacao\/prefeitura-semed-escola-entregamobiliarios\/\">Prefeitura de Manaus equipa escola no Japiim com novos\u00a0itens mobili\u00e1rios\u00a0e beneficia quase 1,5 mil alunos<\/a><\/blockquote><iframe sandbox=\"allow-scripts\" security=\"restricted\" src=\"https:\/\/www.manaus.am.gov.br\/semed\/not\u00edcias\/educacao\/prefeitura-semed-escola-entregamobiliarios\/embed\/#?secret=OJby4fB67F\" width=\"600\" height=\"338\" title=\"&#8220;Prefeitura de Manaus equipa escola no Japiim com novos\u00a0itens mobili\u00e1rios\u00a0e beneficia quase 1,5 mil alunos&#8221; &#8212; SEMED\" data-secret=\"OJby4fB67F\" frameborder=\"0\" marginwidth=\"0\" marginheight=\"0\" scrolling=\"no\" class=\"wp-embedded-content\"><\/iframe><script type=\"text\/javascript\">\n\/* <![CDATA[ *\/\n\/*! This file is auto-generated *\/\n!function(d,l){\"use strict\";l.querySelector&&d.addEventListener&&\"undefined\"!=typeof URL&&(d.wp=d.wp||{},d.wp.receiveEmbedMessage||(d.wp.receiveEmbedMessage=function(e){var t=e.data;if((t||t.secret||t.message||t.value)&&!\/[^a-zA-Z0-9]\/.test(t.secret)){for(var s,r,n,a=l.querySelectorAll('iframe[data-secret=\"'+t.secret+'\"]'),o=l.querySelectorAll('blockquote[data-secret=\"'+t.secret+'\"]'),c=new RegExp(\"^https?:$\",\"i\"),i=0;i<o.length;i++)o[i].style.display=\"none\";for(i=0;i<a.length;i++)s=a[i],e.source===s.contentWindow&&(s.removeAttribute(\"style\"),\"height\"===t.message?(1e3<(r=parseInt(t.value,10))?r=1e3:~~r<200&&(r=200),s.height=r):\"link\"===t.message&&(r=new URL(s.getAttribute(\"src\")),n=new URL(t.value),c.test(n.protocol))&&n.host===r.host&&l.activeElement===s&&(d.top.location.href=t.value))}},d.addEventListener(\"message\",d.wp.receiveEmbedMessage,!1),l.addEventListener(\"DOMContentLoaded\",function(){for(var e,t,s=l.querySelectorAll(\"iframe.wp-embedded-content\"),r=0;r<s.length;r++)(t=(e=s[r]).getAttribute(\"data-secret\"))||(t=Math.random().toString(36).substring(2,12),e.src+=\"#?secret=\"+t,e.setAttribute(\"data-secret\",t)),e.contentWindow.postMessage({message:\"ready\",secret:t},\"*\")},!1)))}(window,document);\n\/* ]]> *\/\n<\/script>\n","thumbnail_url":"https:\/\/www.manaus.am.gov.br\/semed\/wp-content\/uploads\/sites\/3\/2026\/09\/55506541435_4914d47147_c.jpg","thumbnail_width":799,"thumbnail_height":533,"description":"Mesas, cadeiras, quadros de avisos e brancos, gaveteiros, arm\u00e1rios de MDF e conjuntos sextavados (mesa com seis cadeiras) est\u00e3o entre os novos mobili\u00e1rios entregues pela Prefeitura de Manaus, por meio da Secretaria Municipal de Educa\u00e7\u00e3o (Semed), \u00e0 escola municipal Vicente de Paula, localizada no bairro Japiim, zona Sul da capital."}

Prefeitura de Manaus equipa escola no Japiim com novos itens mobiliários e beneficia quase 1,5 mil alunos

<blockquote class="wp-embedded-content" data-secret="OJby4fB67F"><a href="https://www.manaus.am.gov.br/semed/notícias/educacao/prefeitura-semed-escola-entregamobiliarios/">Prefeitura de Manaus equipa escola no Japiim com novos itens mobiliários e beneficia quase 1,5 mil alunos</a></blockquote><iframe sandbox="allow-scripts" security="restricted" src="https://www.manaus.am.gov.br/semed/notícias/educacao/prefeitura-semed-escola-entregamobiliarios/embed/#?secret=OJby4fB67F" width="600" height="338" title="&#8220;Prefeitura de Manaus equipa escola no Japiim com novos itens mobiliários e beneficia quase 1,5 mil alunos&#8221; &#8212; SEMED" data-secret="OJby4fB67F" frameborder="0" marginwidth="0" marginheight="0" scrolling="no" class="wp-embedded-content"></iframe><script type="text/javascript">
/* <![CDATA[ */
/*! This file is auto-generated */
!function(d,l){"use strict";l.querySelector&&d.addEventListener&&"undefined"!=typeof URL&&(d.wp=d.wp||{},d.wp.receiveEmbedMessage||(d.wp.receiveEmbedMessage=function(e){var t=e.data;if((t||t.secret||t.message||t.value)&&!/[^a-zA-Z0-9]/.test(t.secret)){for(var s,r,n,a=l.querySelectorAll('iframe[data-secret="'+t.secret+'"]'),o=l.querySelectorAll('blockquote[data-secret="'+t.secret+'"]'),c=new RegExp("^https?:$","i"),i=0;i<o.length;i++)o[i].style.display="none";for(i=0;i<a.length;i++)s=a[i],e.source===s.contentWindow&&(s.removeAttribute("style"),"height"===t.message?(1e3<(r=parseInt(t.value,10))?r=1e3:~~r<200&&(r=200),s.height=r):"link"===t.message&&(r=new URL(s.getAttribute("src")),n=new URL(t.value),c.test(n.protocol))&&n.host===r.host&&l.activeElement===s&&(d.top.location.href=t.value))}},d.addEventListener("message",d.wp.receiveEmbedMessage,!1),l.addEventListener("DOMContentLoaded",function(){for(var e,t,s=l.querySelectorAll("iframe.wp-embedded-content"),r=0;r<s.length;r++)(t=(e=s[r]).getAttribute("data-secret"))||(t=Math.random().toString(36).substring(2,12),e.src+="#?secret="+t,e.setAttribute("data-secret",t)),e.contentWindow.postMessage({message:"ready",secret:t},"*")},!1)))}(window,document);
/* ]]> */
</script>

Mesas, cadeiras, quadros de avisos e brancos, gaveteiros, armários de MDF e conjuntos sextavados (mesa com seis cadeiras) estão entre os novos mobiliários entregues pela Prefeitura de Manaus, por meio da Secretaria Municipal de Educação (Semed), à escola municipal Vicente de Paula, localizada no bairro Japiim, zona Sul da capital.
