{"id":269583,"date":"2026-09-06T17:27:32","date_gmt":"2026-09-06T20:27:32","guid":{"rendered":"https:\/\/www.manaus.am.gov.br\/semcom\/?post_type=pautas&#038;p=269583"},"modified":"2026-09-06T17:28:44","modified_gmt":"2026-09-06T20:28:44","slug":"prefeito-renato-junior-abre-terceira-noite-do-soumanaus-passo-a-paco-2026-e-da-continuidade-a-apresentacoes-nacionais-e-locais","status":"publish","type":"pautas","link":"https:\/\/www.manaus.am.gov.br\/semcom\/pautas\/prefeito-renato-junior-abre-terceira-noite-do-soumanaus-passo-a-paco-2026-e-da-continuidade-a-apresentacoes-nacionais-e-locais\/","title":{"rendered":"Prefeito Renato Junior abre terceira noite do &#8216;#SouManaus Passo a Pa\u00e7o 2026&#8217; e d\u00e1 continuidade a apresenta\u00e7\u00f5es nacionais e locais"},"content":{"rendered":"\n<p><strong><br><\/strong>O prefeito de Manaus, Renato Junior, abre, neste domingo, 6\/9, a terceira noite do \u201c#SouManaus Passo a Pa\u00e7o 2026\u201d. A coletiva de imprensa ser\u00e1 \u00e0s 20h30, no lounge da imprensa, com acesso pelo lado esquerdo do palco Malcher, no centro hist\u00f3rico.<br><br>A edi\u00e7\u00e3o 2026 ocupa uma \u00e1rea superior a 63 mil metros quadrados e foi planejada com uma opera\u00e7\u00e3o integrada envolvendo diferentes \u00f3rg\u00e3os da Prefeitura de Manaus. A realiza\u00e7\u00e3o do festival movimenta a cadeia produtiva da cultura, o com\u00e9rcio, os servi\u00e7os, a gastronomia, o turismo e a economia criativa, levando milhares de pessoas ao centro hist\u00f3rico.<\/p>\n\n\n\n<p><br><strong>SERVI\u00c7O:<\/strong><\/p>\n\n\n\n<p><strong><br>O qu\u00ea<\/strong> \u2013 Entrevista coletiva da terceira noite do \u2018#SouManaus Passo a Pa\u00e7o 2026\u2019<br><strong>Quando <\/strong>\u2013 Domingo, 6\/9<br><strong>Hor\u00e1rio <\/strong>\u2013 20h30<br><strong>Local<\/strong> &#8211; Palco Malcher (acesso pelo mirante L\u00facia Almeida, na avenida 7 de Setembro, n\u00ba 8, Centro, zona Sul)<br><strong>Localiza\u00e7\u00e3o<\/strong> &#8211; <a href=\"https:\/\/share.google\/LeiXSePAK36RlFsqM\">https:\/\/share.google\/LeiXSePAK36RlFsqM<\/a><\/p>\n","protected":false},"featured_media":208729,"template":"","categories":[799],"acf":[],"yoast_head":"<!-- This site is optimized with the Yoast SEO plugin v23.0 - https:\/\/yoast.com\/wordpress\/plugins\/seo\/ -->\n<title>Prefeito Renato Junior abre terceira noite do &#039;#SouManaus Passo a Pa\u00e7o 2026&#039; e d\u00e1 continuidade a apresenta\u00e7\u00f5es nacionais e locais - SEMCOM<\/title>\n<meta name=\"robots\" content=\"index, follow, max-snippet:-1, max-image-preview:large, max-video-preview:-1\" \/>\n<link rel=\"canonical\" href=\"https:\/\/www.manaus.am.gov.br\/semcom\/pautas\/prefeito-renato-junior-abre-terceira-noite-do-soumanaus-passo-a-paco-2026-e-da-continuidade-a-apresentacoes-nacionais-e-locais\/\" \/>\n<meta property=\"og:locale\" content=\"pt_BR\" \/>\n<meta property=\"og:type\" content=\"article\" \/>\n<meta property=\"og:title\" content=\"Prefeito Renato Junior abre terceira noite do &#039;#SouManaus Passo a Pa\u00e7o 2026&#039; e d\u00e1 continuidade a apresenta\u00e7\u00f5es nacionais e locais - SEMCOM\" \/>\n<meta property=\"og:url\" content=\"https:\/\/www.manaus.am.gov.br\/semcom\/pautas\/prefeito-renato-junior-abre-terceira-noite-do-soumanaus-passo-a-paco-2026-e-da-continuidade-a-apresentacoes-nacionais-e-locais\/\" \/>\n<meta property=\"og:site_name\" content=\"SEMCOM\" \/>\n<meta property=\"article:modified_time\" content=\"2026-09-06T20:28:44+00:00\" \/>\n<meta property=\"og:image\" content=\"https:\/\/www.manaus.am.gov.br\/semcom\/wp-content\/uploads\/sites\/5\/2023\/02\/sugestaodepauta.png\" \/>\n\t<meta property=\"og:image:width\" content=\"1020\" \/>\n\t<meta property=\"og:image:height\" content=\"540\" \/>\n\t<meta property=\"og:image:type\" content=\"image\/png\" \/>\n<meta name=\"twitter:card\" content=\"summary_large_image\" \/>\n<meta name=\"twitter:label1\" content=\"Est. reading time\" \/>\n\t<meta name=\"twitter:data1\" content=\"1 minuto\" \/>\n<script type=\"application\/ld+json\" class=\"yoast-schema-graph\">{\"@context\":\"https:\/\/schema.org\",\"@graph\":[{\"@type\":\"WebPage\",\"@id\":\"https:\/\/www.manaus.am.gov.br\/semcom\/pautas\/prefeito-renato-junior-abre-terceira-noite-do-soumanaus-passo-a-paco-2026-e-da-continuidade-a-apresentacoes-nacionais-e-locais\/\",\"url\":\"https:\/\/www.manaus.am.gov.br\/semcom\/pautas\/prefeito-renato-junior-abre-terceira-noite-do-soumanaus-passo-a-paco-2026-e-da-continuidade-a-apresentacoes-nacionais-e-locais\/\",\"name\":\"Prefeito Renato Junior abre terceira noite do '#SouManaus Passo a Pa\u00e7o 2026' e d\u00e1 continuidade a apresenta\u00e7\u00f5es nacionais e locais - SEMCOM\",\"isPartOf\":{\"@id\":\"https:\/\/www.manaus.am.gov.br\/semcom\/#website\"},\"primaryImageOfPage\":{\"@id\":\"https:\/\/www.manaus.am.gov.br\/semcom\/pautas\/prefeito-renato-junior-abre-terceira-noite-do-soumanaus-passo-a-paco-2026-e-da-continuidade-a-apresentacoes-nacionais-e-locais\/#primaryimage\"},\"image\":{\"@id\":\"https:\/\/www.manaus.am.gov.br\/semcom\/pautas\/prefeito-renato-junior-abre-terceira-noite-do-soumanaus-passo-a-paco-2026-e-da-continuidade-a-apresentacoes-nacionais-e-locais\/#primaryimage\"},\"thumbnailUrl\":\"https:\/\/www.manaus.am.gov.br\/semcom\/wp-content\/uploads\/sites\/5\/2023\/02\/sugestaodepauta.png\",\"datePublished\":\"2026-09-06T20:27:32+00:00\",\"dateModified\":\"2026-09-06T20:28:44+00:00\",\"inLanguage\":\"pt-BR\",\"potentialAction\":[{\"@type\":\"ReadAction\",\"target\":[\"https:\/\/www.manaus.am.gov.br\/semcom\/pautas\/prefeito-renato-junior-abre-terceira-noite-do-soumanaus-passo-a-paco-2026-e-da-continuidade-a-apresentacoes-nacionais-e-locais\/\"]}]},{\"@type\":\"ImageObject\",\"inLanguage\":\"pt-BR\",\"@id\":\"https:\/\/www.manaus.am.gov.br\/semcom\/pautas\/prefeito-renato-junior-abre-terceira-noite-do-soumanaus-passo-a-paco-2026-e-da-continuidade-a-apresentacoes-nacionais-e-locais\/#primaryimage\",\"url\":\"https:\/\/www.manaus.am.gov.br\/semcom\/wp-content\/uploads\/sites\/5\/2023\/02\/sugestaodepauta.png\",\"contentUrl\":\"https:\/\/www.manaus.am.gov.br\/semcom\/wp-content\/uploads\/sites\/5\/2023\/02\/sugestaodepauta.png\",\"width\":1020,\"height\":540},{\"@type\":\"WebSite\",\"@id\":\"https:\/\/www.manaus.am.gov.br\/semcom\/#website\",\"url\":\"https:\/\/www.manaus.am.gov.br\/semcom\/\",\"name\":\"SEMCOM\",\"description\":\"Secretaria Municipal de Comunica\u00e7\u00e3o\",\"potentialAction\":[{\"@type\":\"SearchAction\",\"target\":{\"@type\":\"EntryPoint\",\"urlTemplate\":\"https:\/\/www.manaus.am.gov.br\/semcom\/?s={search_term_string}\"},\"query-input\":\"required name=search_term_string\"}],\"inLanguage\":\"pt-BR\"}]}<\/script>\n<!-- \/ Yoast SEO plugin. -->","yoast_head_json":{"title":"Prefeito Renato Junior abre terceira noite do '#SouManaus Passo a Pa\u00e7o 2026' e d\u00e1 continuidade a apresenta\u00e7\u00f5es nacionais e locais - SEMCOM","robots":{"index":"index","follow":"follow","max-snippet":"max-snippet:-1","max-image-preview":"max-image-preview:large","max-video-preview":"max-video-preview:-1"},"canonical":"https:\/\/www.manaus.am.gov.br\/semcom\/pautas\/prefeito-renato-junior-abre-terceira-noite-do-soumanaus-passo-a-paco-2026-e-da-continuidade-a-apresentacoes-nacionais-e-locais\/","og_locale":"pt_BR","og_type":"article","og_title":"Prefeito Renato Junior abre terceira noite do '#SouManaus Passo a Pa\u00e7o 2026' e d\u00e1 continuidade a apresenta\u00e7\u00f5es nacionais e locais - SEMCOM","og_url":"https:\/\/www.manaus.am.gov.br\/semcom\/pautas\/prefeito-renato-junior-abre-terceira-noite-do-soumanaus-passo-a-paco-2026-e-da-continuidade-a-apresentacoes-nacionais-e-locais\/","og_site_name":"SEMCOM","article_modified_time":"2026-09-06T20:28:44+00:00","og_image":[{"width":1020,"height":540,"url":"https:\/\/www.manaus.am.gov.br\/semcom\/wp-content\/uploads\/sites\/5\/2023\/02\/sugestaodepauta.png","type":"image\/png"}],"twitter_card":"summary_large_image","twitter_misc":{"Est. reading time":"1 minuto"},"schema":{"@context":"https:\/\/schema.org","@graph":[{"@type":"WebPage","@id":"https:\/\/www.manaus.am.gov.br\/semcom\/pautas\/prefeito-renato-junior-abre-terceira-noite-do-soumanaus-passo-a-paco-2026-e-da-continuidade-a-apresentacoes-nacionais-e-locais\/","url":"https:\/\/www.manaus.am.gov.br\/semcom\/pautas\/prefeito-renato-junior-abre-terceira-noite-do-soumanaus-passo-a-paco-2026-e-da-continuidade-a-apresentacoes-nacionais-e-locais\/","name":"Prefeito Renato Junior abre terceira noite do '#SouManaus Passo a Pa\u00e7o 2026' e d\u00e1 continuidade a apresenta\u00e7\u00f5es nacionais e locais - SEMCOM","isPartOf":{"@id":"https:\/\/www.manaus.am.gov.br\/semcom\/#website"},"primaryImageOfPage":{"@id":"https:\/\/www.manaus.am.gov.br\/semcom\/pautas\/prefeito-renato-junior-abre-terceira-noite-do-soumanaus-passo-a-paco-2026-e-da-continuidade-a-apresentacoes-nacionais-e-locais\/#primaryimage"},"image":{"@id":"https:\/\/www.manaus.am.gov.br\/semcom\/pautas\/prefeito-renato-junior-abre-terceira-noite-do-soumanaus-passo-a-paco-2026-e-da-continuidade-a-apresentacoes-nacionais-e-locais\/#primaryimage"},"thumbnailUrl":"https:\/\/www.manaus.am.gov.br\/semcom\/wp-content\/uploads\/sites\/5\/2023\/02\/sugestaodepauta.png","datePublished":"2026-09-06T20:27:32+00:00","dateModified":"2026-09-06T20:28:44+00:00","inLanguage":"pt-BR","potentialAction":[{"@type":"ReadAction","target":["https:\/\/www.manaus.am.gov.br\/semcom\/pautas\/prefeito-renato-junior-abre-terceira-noite-do-soumanaus-passo-a-paco-2026-e-da-continuidade-a-apresentacoes-nacionais-e-locais\/"]}]},{"@type":"ImageObject","inLanguage":"pt-BR","@id":"https:\/\/www.manaus.am.gov.br\/semcom\/pautas\/prefeito-renato-junior-abre-terceira-noite-do-soumanaus-passo-a-paco-2026-e-da-continuidade-a-apresentacoes-nacionais-e-locais\/#primaryimage","url":"https:\/\/www.manaus.am.gov.br\/semcom\/wp-content\/uploads\/sites\/5\/2023\/02\/sugestaodepauta.png","contentUrl":"https:\/\/www.manaus.am.gov.br\/semcom\/wp-content\/uploads\/sites\/5\/2023\/02\/sugestaodepauta.png","width":1020,"height":540},{"@type":"WebSite","@id":"https:\/\/www.manaus.am.gov.br\/semcom\/#website","url":"https:\/\/www.manaus.am.gov.br\/semcom\/","name":"SEMCOM","description":"Secretaria Municipal de Comunica\u00e7\u00e3o","potentialAction":[{"@type":"SearchAction","target":{"@type":"EntryPoint","urlTemplate":"https:\/\/www.manaus.am.gov.br\/semcom\/?s={search_term_string}"},"query-input":"required name=search_term_string"}],"inLanguage":"pt-BR"}]}},"_links":{"self":[{"href":"https:\/\/www.manaus.am.gov.br\/semcom\/wp-json\/wp\/v2\/pautas\/269583"}],"collection":[{"href":"https:\/\/www.manaus.am.gov.br\/semcom\/wp-json\/wp\/v2\/pautas"}],"about":[{"href":"https:\/\/www.manaus.am.gov.br\/semcom\/wp-json\/wp\/v2\/types\/pautas"}],"wp:featuredmedia":[{"embeddable":true,"href":"https:\/\/www.manaus.am.gov.br\/semcom\/wp-json\/wp\/v2\/media\/208729"}],"wp:attachment":[{"href":"https:\/\/www.manaus.am.gov.br\/semcom\/wp-json\/wp\/v2\/media?parent=269583"}],"wp:term":[{"taxonomy":"category","embeddable":true,"href":"https:\/\/www.manaus.am.gov.br\/semcom\/wp-json\/wp\/v2\/categories?post=269583"}],"curies":[{"name":"wp","href":"https:\/\/api.w.org\/{rel}","templated":true}]}}

Prefeito Renato Junior abre terceira noite do &#8216;#SouManaus Passo a Paço 2026&#8217; e dá continuidade a apresentações nacionais e locais

<p><strong><br></strong>O prefeito de Manaus, Renato Junior, abre, neste domingo, 6/9, a terceira noite do “#SouManaus Passo a Paço 2026”. A coletiva de imprensa será às 20h30, no lounge da imprensa, com acesso pelo lado esquerdo do palco Malcher, no centro histórico.<br><br>A edição 2026 ocupa uma área superior a 63 mil metros quadrados e foi planejada com uma operação integrada envolvendo diferentes órgãos da Prefeitura de Manaus. A realização do festival movimenta a cadeia produtiva da cultura, o comércio, os serviços, a gastronomia, o turismo e a economia criativa, levando milhares de pessoas ao centro histórico.</p>



<p><br><strong>SERVIÇO:</strong></p>



<p><strong><br>O quê</strong> – Entrevista coletiva da terceira noite do ‘#SouManaus Passo a Paço 2026’<br><strong>Quando </strong>– Domingo, 6/9<br><strong>Horário </strong>– 20h30<br><strong>Local</strong> &#8211; Palco Malcher (acesso pelo mirante Lúcia Almeida, na avenida 7 de Setembro, nº 8, Centro, zona Sul)<br><strong>Localização</strong> &#8211; <a href="https://share.google/LeiXSePAK36RlFsqM">https://share.google/LeiXSePAK36RlFsqM</a></p>

<!-- This site is optimized with the Yoast SEO plugin v23.0 - https://yoast.com/wordpress/plugins/seo/ -->
<title>Prefeito Renato Junior abre terceira noite do &#039;#SouManaus Passo a Paço 2026&#039; e dá continuidade a apresentações nacionais e locais - SEMCOM</title>
<meta name="robots" content="index, follow, max-snippet:-1, max-image-preview:large, max-video-preview:-1" />
<link rel="canonical" href="https://www.manaus.am.gov.br/semcom/pautas/prefeito-renato-junior-abre-terceira-noite-do-soumanaus-passo-a-paco-2026-e-da-continuidade-a-apresentacoes-nacionais-e-locais/" />
<meta property="og:locale" content="pt_BR" />
<meta property="og:type" content="article" />
<meta property="og:title" content="Prefeito Renato Junior abre terceira noite do &#039;#SouManaus Passo a Paço 2026&#039; e dá continuidade a apresentações nacionais e locais - SEMCOM" />
<meta property="og:url" content="https://www.manaus.am.gov.br/semcom/pautas/prefeito-renato-junior-abre-terceira-noite-do-soumanaus-passo-a-paco-2026-e-da-continuidade-a-apresentacoes-nacionais-e-locais/" />
<meta property="og:site_name" content="SEMCOM" />
<meta property="article:modified_time" content="2026-09-06T20:28:44+00:00" />
<meta property="og:image" content="https://www.manaus.am.gov.br/semcom/wp-content/uploads/sites/5/2023/02/sugestaodepauta.png" />
	<meta property="og:image:width" content="1020" />
	<meta property="og:image:height" content="540" />
	<meta property="og:image:type" content="image/png" />
<meta name="twitter:card" content="summary_large_image" />
<meta name="twitter:label1" content="Est. reading time" />
	<meta name="twitter:data1" content="1 minuto" />
<script type="application/ld+json" class="yoast-schema-graph">{"@context":"https://schema.org","@graph":[{"@type":"WebPage","@id":"https://www.manaus.am.gov.br/semcom/pautas/prefeito-renato-junior-abre-terceira-noite-do-soumanaus-passo-a-paco-2026-e-da-continuidade-a-apresentacoes-nacionais-e-locais/","url":"https://www.manaus.am.gov.br/semcom/pautas/prefeito-renato-junior-abre-terceira-noite-do-soumanaus-passo-a-paco-2026-e-da-continuidade-a-apresentacoes-nacionais-e-locais/","name":"Prefeito Renato Junior abre terceira noite do '#SouManaus Passo a Paço 2026' e dá continuidade a apresentações nacionais e locais - SEMCOM","isPartOf":{"@id":"https://www.manaus.am.gov.br/semcom/#website"},"primaryImageOfPage":{"@id":"https://www.manaus.am.gov.br/semcom/pautas/prefeito-renato-junior-abre-terceira-noite-do-soumanaus-passo-a-paco-2026-e-da-continuidade-a-apresentacoes-nacionais-e-locais/#primaryimage"},"image":{"@id":"https://www.manaus.am.gov.br/semcom/pautas/prefeito-renato-junior-abre-terceira-noite-do-soumanaus-passo-a-paco-2026-e-da-continuidade-a-apresentacoes-nacionais-e-locais/#primaryimage"},"thumbnailUrl":"https://www.manaus.am.gov.br/semcom/wp-content/uploads/sites/5/2023/02/sugestaodepauta.png","datePublished":"2026-09-06T20:27:32+00:00","dateModified":"2026-09-06T20:28:44+00:00","inLanguage":"pt-BR","potentialAction":[{"@type":"ReadAction","target":["https://www.manaus.am.gov.br/semcom/pautas/prefeito-renato-junior-abre-terceira-noite-do-soumanaus-passo-a-paco-2026-e-da-continuidade-a-apresentacoes-nacionais-e-locais/"]}]},{"@type":"ImageObject","inLanguage":"pt-BR","@id":"https://www.manaus.am.gov.br/semcom/pautas/prefeito-renato-junior-abre-terceira-noite-do-soumanaus-passo-a-paco-2026-e-da-continuidade-a-apresentacoes-nacionais-e-locais/#primaryimage","url":"https://www.manaus.am.gov.br/semcom/wp-content/uploads/sites/5/2023/02/sugestaodepauta.png","contentUrl":"https://www.manaus.am.gov.br/semcom/wp-content/uploads/sites/5/2023/02/sugestaodepauta.png","width":1020,"height":540},{"@type":"WebSite","@id":"https://www.manaus.am.gov.br/semcom/#website","url":"https://www.manaus.am.gov.br/semcom/","name":"SEMCOM","description":"Secretaria Municipal de Comunicação","potentialAction":[{"@type":"SearchAction","target":{"@type":"EntryPoint","urlTemplate":"https://www.manaus.am.gov.br/semcom/?s={search_term_string}"},"query-input":"required name=search_term_string"}],"inLanguage":"pt-BR"}]}</script>
<!-- / Yoast SEO plugin. -->

Prefeito Renato Junior abre terceira noite do '#SouManaus Passo a Paço 2026' e dá continuidade a apresentações nacionais e locais - SEMCOM

Secretaria Municipal de Comunicação
