{"id":269513,"date":"2026-09-04T19:33:32","date_gmt":"2026-09-04T22:33:32","guid":{"rendered":"https:\/\/www.manaus.am.gov.br\/semcom\/?post_type=pautas&#038;p=269513"},"modified":"2026-09-04T19:33:33","modified_gmt":"2026-09-04T22:33:33","slug":"soumanaus-passo-a-paco-2026","status":"publish","type":"pautas","link":"https:\/\/www.manaus.am.gov.br\/semcom\/pautas\/soumanaus-passo-a-paco-2026\/","title":{"rendered":"Prefeitura de Manaus inicia primeira noite do \u2018#SouManaus Passo a Pa\u00e7o 2026\u2019"},"content":{"rendered":"\n<p>A Prefeitura de Manaus, por meio da Funda\u00e7\u00e3o Municipal de Cultura, Turismo e Eventos (ManausCult), inicia oficialmente a programa\u00e7\u00e3o da primeira noite do \u201c#SouManaus Passo a Pa\u00e7o 2026\u201d. Nesta sexta-feira, 4\/9, \u00e0s 20h, o diretor-presidente da ManausCult, M\u00e1rcio Braz, conceder\u00e1 entrevista coletiva na \u00e1rea do \u201cPassinho\u201d, no palco Alf\u00e2ndega, sobre o in\u00edcio do festival.<\/p>\n\n\n\n<p>Com o conceito \u201cOrigens, \u00c1guas e Manaus\u201d, o festival re\u00fane atividades de 4 a 13\/9, distribu\u00eddas em diferentes espa\u00e7os do Centro Hist\u00f3rico de Manaus. A programa\u00e7\u00e3o conecta a ancestralidade, as \u00e1guas e a diversidade cultural da capital, ocupando palcos, pra\u00e7as, equipamentos culturais e espa\u00e7os hist\u00f3ricos com diferentes linguagens art\u00edsticas.&nbsp;<\/p>\n\n\n\n<p>Observa\u00e7\u00e3o \u00e0 imprensa: N\u00e3o \u00e9 necess\u00e1ria credencial para acesso \u00e0 entrevista coletiva.&nbsp;<\/p>\n\n\n\n<p><strong>SERVI\u00c7O<\/strong><\/p>\n\n\n\n<p><strong>O qu\u00ea \u2013<\/strong> Entrevista coletiva do in\u00edcio do \u201c#SouManaus Passo a Pa\u00e7o 2026\u201d<\/p>\n\n\n\n<p><strong>Quando \u2013 <\/strong>Sexta-feira, 4\/9<\/p>\n\n\n\n<p><strong>Hor\u00e1rio \u2013<\/strong> 20h<\/p>\n\n\n\n<p><strong>Local \u2013<\/strong> \u00c1rea do \u201cPassinho\u201d, no palco Alf\u00e2ndega, Centro.<\/p>\n","protected":false},"featured_media":208729,"template":"","categories":[799],"acf":[],"yoast_head":"<!-- This site is optimized with the Yoast SEO plugin v23.0 - https:\/\/yoast.com\/wordpress\/plugins\/seo\/ -->\n<title>Prefeitura de Manaus inicia primeira noite do \u2018#SouManaus Passo a Pa\u00e7o 2026\u2019<\/title>\n<meta name=\"description\" content=\"A Prefeitura de Manaus, inicia oficialmente a programa\u00e7\u00e3o da primeira noite do \u201c#SouManaus Passo a Pa\u00e7o 2026\u201d.\" \/>\n<meta name=\"robots\" content=\"index, follow, max-snippet:-1, max-image-preview:large, max-video-preview:-1\" \/>\n<link rel=\"canonical\" href=\"https:\/\/www.manaus.am.gov.br\/semcom\/pautas\/soumanaus-passo-a-paco-2026\/\" \/>\n<meta property=\"og:locale\" content=\"pt_BR\" \/>\n<meta property=\"og:type\" content=\"article\" \/>\n<meta property=\"og:title\" content=\"Prefeitura de Manaus inicia primeira noite do \u2018#SouManaus Passo a Pa\u00e7o 2026\u2019\" \/>\n<meta property=\"og:description\" content=\"A Prefeitura de Manaus, inicia oficialmente a programa\u00e7\u00e3o da primeira noite do \u201c#SouManaus Passo a Pa\u00e7o 2026\u201d.\" \/>\n<meta property=\"og:url\" content=\"https:\/\/www.manaus.am.gov.br\/semcom\/pautas\/soumanaus-passo-a-paco-2026\/\" \/>\n<meta property=\"og:site_name\" content=\"SEMCOM\" \/>\n<meta property=\"article:modified_time\" content=\"2026-09-04T22:33:33+00:00\" \/>\n<meta property=\"og:image\" content=\"https:\/\/www.manaus.am.gov.br\/semcom\/wp-content\/uploads\/sites\/5\/2023\/02\/sugestaodepauta.png\" \/>\n\t<meta property=\"og:image:width\" content=\"1020\" \/>\n\t<meta property=\"og:image:height\" content=\"540\" \/>\n\t<meta property=\"og:image:type\" content=\"image\/png\" \/>\n<meta name=\"twitter:card\" content=\"summary_large_image\" \/>\n<meta name=\"twitter:label1\" content=\"Est. reading time\" \/>\n\t<meta name=\"twitter:data1\" content=\"1 minuto\" \/>\n<script type=\"application\/ld+json\" class=\"yoast-schema-graph\">{\"@context\":\"https:\/\/schema.org\",\"@graph\":[{\"@type\":\"WebPage\",\"@id\":\"https:\/\/www.manaus.am.gov.br\/semcom\/pautas\/soumanaus-passo-a-paco-2026\/\",\"url\":\"https:\/\/www.manaus.am.gov.br\/semcom\/pautas\/soumanaus-passo-a-paco-2026\/\",\"name\":\"Prefeitura de Manaus inicia primeira noite do \u2018#SouManaus Passo a Pa\u00e7o 2026\u2019\",\"isPartOf\":{\"@id\":\"https:\/\/www.manaus.am.gov.br\/semcom\/#website\"},\"primaryImageOfPage\":{\"@id\":\"https:\/\/www.manaus.am.gov.br\/semcom\/pautas\/soumanaus-passo-a-paco-2026\/#primaryimage\"},\"image\":{\"@id\":\"https:\/\/www.manaus.am.gov.br\/semcom\/pautas\/soumanaus-passo-a-paco-2026\/#primaryimage\"},\"thumbnailUrl\":\"https:\/\/www.manaus.am.gov.br\/semcom\/wp-content\/uploads\/sites\/5\/2023\/02\/sugestaodepauta.png\",\"datePublished\":\"2026-09-04T22:33:32+00:00\",\"dateModified\":\"2026-09-04T22:33:33+00:00\",\"description\":\"A Prefeitura de Manaus, inicia oficialmente a programa\u00e7\u00e3o da primeira noite do \u201c#SouManaus Passo a Pa\u00e7o 2026\u201d.\",\"inLanguage\":\"pt-BR\",\"potentialAction\":[{\"@type\":\"ReadAction\",\"target\":[\"https:\/\/www.manaus.am.gov.br\/semcom\/pautas\/soumanaus-passo-a-paco-2026\/\"]}]},{\"@type\":\"ImageObject\",\"inLanguage\":\"pt-BR\",\"@id\":\"https:\/\/www.manaus.am.gov.br\/semcom\/pautas\/soumanaus-passo-a-paco-2026\/#primaryimage\",\"url\":\"https:\/\/www.manaus.am.gov.br\/semcom\/wp-content\/uploads\/sites\/5\/2023\/02\/sugestaodepauta.png\",\"contentUrl\":\"https:\/\/www.manaus.am.gov.br\/semcom\/wp-content\/uploads\/sites\/5\/2023\/02\/sugestaodepauta.png\",\"width\":1020,\"height\":540},{\"@type\":\"WebSite\",\"@id\":\"https:\/\/www.manaus.am.gov.br\/semcom\/#website\",\"url\":\"https:\/\/www.manaus.am.gov.br\/semcom\/\",\"name\":\"SEMCOM\",\"description\":\"Secretaria Municipal de Comunica\u00e7\u00e3o\",\"potentialAction\":[{\"@type\":\"SearchAction\",\"target\":{\"@type\":\"EntryPoint\",\"urlTemplate\":\"https:\/\/www.manaus.am.gov.br\/semcom\/?s={search_term_string}\"},\"query-input\":\"required name=search_term_string\"}],\"inLanguage\":\"pt-BR\"}]}<\/script>\n<!-- \/ Yoast SEO plugin. -->","yoast_head_json":{"title":"Prefeitura de Manaus inicia primeira noite do \u2018#SouManaus Passo a Pa\u00e7o 2026\u2019","description":"A Prefeitura de Manaus, inicia oficialmente a programa\u00e7\u00e3o da primeira noite do \u201c#SouManaus Passo a Pa\u00e7o 2026\u201d.","robots":{"index":"index","follow":"follow","max-snippet":"max-snippet:-1","max-image-preview":"max-image-preview:large","max-video-preview":"max-video-preview:-1"},"canonical":"https:\/\/www.manaus.am.gov.br\/semcom\/pautas\/soumanaus-passo-a-paco-2026\/","og_locale":"pt_BR","og_type":"article","og_title":"Prefeitura de Manaus inicia primeira noite do \u2018#SouManaus Passo a Pa\u00e7o 2026\u2019","og_description":"A Prefeitura de Manaus, inicia oficialmente a programa\u00e7\u00e3o da primeira noite do \u201c#SouManaus Passo a Pa\u00e7o 2026\u201d.","og_url":"https:\/\/www.manaus.am.gov.br\/semcom\/pautas\/soumanaus-passo-a-paco-2026\/","og_site_name":"SEMCOM","article_modified_time":"2026-09-04T22:33:33+00:00","og_image":[{"width":1020,"height":540,"url":"https:\/\/www.manaus.am.gov.br\/semcom\/wp-content\/uploads\/sites\/5\/2023\/02\/sugestaodepauta.png","type":"image\/png"}],"twitter_card":"summary_large_image","twitter_misc":{"Est. reading time":"1 minuto"},"schema":{"@context":"https:\/\/schema.org","@graph":[{"@type":"WebPage","@id":"https:\/\/www.manaus.am.gov.br\/semcom\/pautas\/soumanaus-passo-a-paco-2026\/","url":"https:\/\/www.manaus.am.gov.br\/semcom\/pautas\/soumanaus-passo-a-paco-2026\/","name":"Prefeitura de Manaus inicia primeira noite do \u2018#SouManaus Passo a Pa\u00e7o 2026\u2019","isPartOf":{"@id":"https:\/\/www.manaus.am.gov.br\/semcom\/#website"},"primaryImageOfPage":{"@id":"https:\/\/www.manaus.am.gov.br\/semcom\/pautas\/soumanaus-passo-a-paco-2026\/#primaryimage"},"image":{"@id":"https:\/\/www.manaus.am.gov.br\/semcom\/pautas\/soumanaus-passo-a-paco-2026\/#primaryimage"},"thumbnailUrl":"https:\/\/www.manaus.am.gov.br\/semcom\/wp-content\/uploads\/sites\/5\/2023\/02\/sugestaodepauta.png","datePublished":"2026-09-04T22:33:32+00:00","dateModified":"2026-09-04T22:33:33+00:00","description":"A Prefeitura de Manaus, inicia oficialmente a programa\u00e7\u00e3o da primeira noite do \u201c#SouManaus Passo a Pa\u00e7o 2026\u201d.","inLanguage":"pt-BR","potentialAction":[{"@type":"ReadAction","target":["https:\/\/www.manaus.am.gov.br\/semcom\/pautas\/soumanaus-passo-a-paco-2026\/"]}]},{"@type":"ImageObject","inLanguage":"pt-BR","@id":"https:\/\/www.manaus.am.gov.br\/semcom\/pautas\/soumanaus-passo-a-paco-2026\/#primaryimage","url":"https:\/\/www.manaus.am.gov.br\/semcom\/wp-content\/uploads\/sites\/5\/2023\/02\/sugestaodepauta.png","contentUrl":"https:\/\/www.manaus.am.gov.br\/semcom\/wp-content\/uploads\/sites\/5\/2023\/02\/sugestaodepauta.png","width":1020,"height":540},{"@type":"WebSite","@id":"https:\/\/www.manaus.am.gov.br\/semcom\/#website","url":"https:\/\/www.manaus.am.gov.br\/semcom\/","name":"SEMCOM","description":"Secretaria Municipal de Comunica\u00e7\u00e3o","potentialAction":[{"@type":"SearchAction","target":{"@type":"EntryPoint","urlTemplate":"https:\/\/www.manaus.am.gov.br\/semcom\/?s={search_term_string}"},"query-input":"required name=search_term_string"}],"inLanguage":"pt-BR"}]}},"_links":{"self":[{"href":"https:\/\/www.manaus.am.gov.br\/semcom\/wp-json\/wp\/v2\/pautas\/269513"}],"collection":[{"href":"https:\/\/www.manaus.am.gov.br\/semcom\/wp-json\/wp\/v2\/pautas"}],"about":[{"href":"https:\/\/www.manaus.am.gov.br\/semcom\/wp-json\/wp\/v2\/types\/pautas"}],"wp:featuredmedia":[{"embeddable":true,"href":"https:\/\/www.manaus.am.gov.br\/semcom\/wp-json\/wp\/v2\/media\/208729"}],"wp:attachment":[{"href":"https:\/\/www.manaus.am.gov.br\/semcom\/wp-json\/wp\/v2\/media?parent=269513"}],"wp:term":[{"taxonomy":"category","embeddable":true,"href":"https:\/\/www.manaus.am.gov.br\/semcom\/wp-json\/wp\/v2\/categories?post=269513"}],"curies":[{"name":"wp","href":"https:\/\/api.w.org\/{rel}","templated":true}]}}

Prefeitura de Manaus inicia primeira noite do ‘#SouManaus Passo a Paço 2026’

<p>A Prefeitura de Manaus, por meio da Fundação Municipal de Cultura, Turismo e Eventos (ManausCult), inicia oficialmente a programação da primeira noite do “#SouManaus Passo a Paço 2026”. Nesta sexta-feira, 4/9, às 20h, o diretor-presidente da ManausCult, Márcio Braz, concederá entrevista coletiva na área do “Passinho”, no palco Alfândega, sobre o início do festival.</p>



<p>Com o conceito “Origens, Águas e Manaus”, o festival reúne atividades de 4 a 13/9, distribuídas em diferentes espaços do Centro Histórico de Manaus. A programação conecta a ancestralidade, as águas e a diversidade cultural da capital, ocupando palcos, praças, equipamentos culturais e espaços históricos com diferentes linguagens artísticas.&nbsp;</p>



<p>Observação à imprensa: Não é necessária credencial para acesso à entrevista coletiva.&nbsp;</p>



<p><strong>SERVIÇO</strong></p>



<p><strong>O quê –</strong> Entrevista coletiva do início do “#SouManaus Passo a Paço 2026”</p>



<p><strong>Quando – </strong>Sexta-feira, 4/9</p>



<p><strong>Horário –</strong> 20h</p>



<p><strong>Local –</strong> Área do “Passinho”, no palco Alfândega, Centro.</p>

<!-- This site is optimized with the Yoast SEO plugin v23.0 - https://yoast.com/wordpress/plugins/seo/ -->
<title>Prefeitura de Manaus inicia primeira noite do ‘#SouManaus Passo a Paço 2026’</title>
<meta name="description" content="A Prefeitura de Manaus, inicia oficialmente a programação da primeira noite do “#SouManaus Passo a Paço 2026”." />
<meta name="robots" content="index, follow, max-snippet:-1, max-image-preview:large, max-video-preview:-1" />
<link rel="canonical" href="https://www.manaus.am.gov.br/semcom/pautas/soumanaus-passo-a-paco-2026/" />
<meta property="og:locale" content="pt_BR" />
<meta property="og:type" content="article" />
<meta property="og:title" content="Prefeitura de Manaus inicia primeira noite do ‘#SouManaus Passo a Paço 2026’" />
<meta property="og:description" content="A Prefeitura de Manaus, inicia oficialmente a programação da primeira noite do “#SouManaus Passo a Paço 2026”." />
<meta property="og:url" content="https://www.manaus.am.gov.br/semcom/pautas/soumanaus-passo-a-paco-2026/" />
<meta property="og:site_name" content="SEMCOM" />
<meta property="article:modified_time" content="2026-09-04T22:33:33+00:00" />
<meta property="og:image" content="https://www.manaus.am.gov.br/semcom/wp-content/uploads/sites/5/2023/02/sugestaodepauta.png" />
	<meta property="og:image:width" content="1020" />
	<meta property="og:image:height" content="540" />
	<meta property="og:image:type" content="image/png" />
<meta name="twitter:card" content="summary_large_image" />
<meta name="twitter:label1" content="Est. reading time" />
	<meta name="twitter:data1" content="1 minuto" />
<script type="application/ld+json" class="yoast-schema-graph">{"@context":"https://schema.org","@graph":[{"@type":"WebPage","@id":"https://www.manaus.am.gov.br/semcom/pautas/soumanaus-passo-a-paco-2026/","url":"https://www.manaus.am.gov.br/semcom/pautas/soumanaus-passo-a-paco-2026/","name":"Prefeitura de Manaus inicia primeira noite do ‘#SouManaus Passo a Paço 2026’","isPartOf":{"@id":"https://www.manaus.am.gov.br/semcom/#website"},"primaryImageOfPage":{"@id":"https://www.manaus.am.gov.br/semcom/pautas/soumanaus-passo-a-paco-2026/#primaryimage"},"image":{"@id":"https://www.manaus.am.gov.br/semcom/pautas/soumanaus-passo-a-paco-2026/#primaryimage"},"thumbnailUrl":"https://www.manaus.am.gov.br/semcom/wp-content/uploads/sites/5/2023/02/sugestaodepauta.png","datePublished":"2026-09-04T22:33:32+00:00","dateModified":"2026-09-04T22:33:33+00:00","description":"A Prefeitura de Manaus, inicia oficialmente a programação da primeira noite do “#SouManaus Passo a Paço 2026”.","inLanguage":"pt-BR","potentialAction":[{"@type":"ReadAction","target":["https://www.manaus.am.gov.br/semcom/pautas/soumanaus-passo-a-paco-2026/"]}]},{"@type":"ImageObject","inLanguage":"pt-BR","@id":"https://www.manaus.am.gov.br/semcom/pautas/soumanaus-passo-a-paco-2026/#primaryimage","url":"https://www.manaus.am.gov.br/semcom/wp-content/uploads/sites/5/2023/02/sugestaodepauta.png","contentUrl":"https://www.manaus.am.gov.br/semcom/wp-content/uploads/sites/5/2023/02/sugestaodepauta.png","width":1020,"height":540},{"@type":"WebSite","@id":"https://www.manaus.am.gov.br/semcom/#website","url":"https://www.manaus.am.gov.br/semcom/","name":"SEMCOM","description":"Secretaria Municipal de Comunicação","potentialAction":[{"@type":"SearchAction","target":{"@type":"EntryPoint","urlTemplate":"https://www.manaus.am.gov.br/semcom/?s={search_term_string}"},"query-input":"required name=search_term_string"}],"inLanguage":"pt-BR"}]}</script>
<!-- / Yoast SEO plugin. -->

A Prefeitura de Manaus, inicia oficialmente a programação da primeira noite do “#SouManaus Passo a Paço 2026”.

Secretaria Municipal de Comunicação
