{"id":257727,"date":"2026-04-30T16:53:00","date_gmt":"2026-04-30T19:53:00","guid":{"rendered":"https:\/\/www.manaus.am.gov.br\/semcom\/?post_type=pautas&#038;p=257727"},"modified":"2026-04-30T16:53:00","modified_gmt":"2026-04-30T19:53:00","slug":"prefeitura-realiza-festa-do-trabalhador-com-programacao-gratuita-nesta-sexta-feira-na-ponta-negra","status":"publish","type":"pautas","link":"https:\/\/www.manaus.am.gov.br\/semcom\/pautas\/prefeitura-realiza-festa-do-trabalhador-com-programacao-gratuita-nesta-sexta-feira-na-ponta-negra\/","title":{"rendered":"Prefeitura realiza \u2018Festa do Trabalhador\u2019 com programa\u00e7\u00e3o gratuita nesta sexta-feira, na Ponta Negra"},"content":{"rendered":"\n<p>A Prefeitura de Manaus realiza, nesta sexta-feira, 1\u00ba\/5, a \u201cFesta do Trabalhador\u201d no complexo tur\u00edstico Ponta Negra, a partir das 16h, com programa\u00e7\u00e3o gratuita voltada ao lazer, cultura, empreendedorismo e valoriza\u00e7\u00e3o dos trabalhadores. Promovido pela Secretaria Municipal do Trabalho, Empreendedorismo e Inova\u00e7\u00e3o (Semtepi), o evento re\u00fane feira gastron\u00f4mica com mais de 30 empreendedores, aul\u00f5es de dan\u00e7a, atra\u00e7\u00f5es musicais e atividades para toda a fam\u00edlia em diferentes espa\u00e7os da Ponta Negra.<\/p>\n\n\n\n<p>A programa\u00e7\u00e3o acontece simultaneamente na Casa de Praia Zezinho Corr\u00eaa, no anfiteatro e no cal\u00e7ad\u00e3o recuado, com apresenta\u00e7\u00f5es de DJs, shows de pagode, forr\u00f3 e brega rock, al\u00e9m de a\u00e7\u00f5es voltadas ao fortalecimento da economia local e gera\u00e7\u00e3o de renda para pequenos neg\u00f3cios.&nbsp;<\/p>\n\n\n\n<p>A proposta \u00e9 transformar o Dia do Trabalhador em um grande momento de celebra\u00e7\u00e3o popular, conviv\u00eancia e incentivo ao empreendedorismo em um dos principais cart\u00f5es-postais de Manaus.<\/p>\n\n\n\n<p>Atendimento \u00e0 imprensa: o secret\u00e1rio da Semtepi, Alonso de Oliveira, atender\u00e1 os ve\u00edculos de comunica\u00e7\u00e3o \u00e0s 18h desta sexta-feira, na Casa de Praia Zezinho Corr\u00eaa.<\/p>\n\n\n\n<p><strong>SERVI\u00c7O<\/strong><\/p>\n\n\n\n<p><strong>O qu\u00ea \u2013<\/strong> Programa\u00e7\u00e3o da \u2018Festa do Trabalhador\u2019<\/p>\n\n\n\n<p><strong>Quando &#8211;<\/strong> Sexta-feira, 1\u00ba\/5<\/p>\n\n\n\n<p><strong>Hor\u00e1rio \u2013<\/strong> 16h<\/p>\n\n\n\n<p><strong>Local \u2013<\/strong> Casa de Praia Zezinho Corr\u00eaa, no complexo tur\u00edstico Ponta Negra, zona Oeste&nbsp;&nbsp;<\/p>\n\n\n\n<p><strong>Localiza\u00e7\u00e3o &#8211;<\/strong> <a href=\"https:\/\/maps.app.goo.gl\/Ed43iP73ZY7eEh3m9\">https:\/\/maps.app.goo.gl\/Ed43iP73ZY7eEh3m9<\/a>&nbsp;<\/p>\n","protected":false},"featured_media":208729,"template":"","categories":[806],"acf":[],"yoast_head":"<!-- This site is optimized with the Yoast SEO plugin v23.0 - https:\/\/yoast.com\/wordpress\/plugins\/seo\/ -->\n<title>Prefeitura realiza \u2018Festa do Trabalhador\u2019 com programa\u00e7\u00e3o gratuita<\/title>\n<meta name=\"description\" content=\"A Prefeitura de Manaus realiza, nesta sexta-feira, 1\u00ba\/5, a \u201cFesta do Trabalhador\u201d no complexo tur\u00edstico Ponta Negra.\" \/>\n<meta name=\"robots\" content=\"index, follow, max-snippet:-1, max-image-preview:large, max-video-preview:-1\" \/>\n<link rel=\"canonical\" href=\"https:\/\/www.manaus.am.gov.br\/semcom\/pautas\/prefeitura-realiza-festa-do-trabalhador-com-programacao-gratuita-nesta-sexta-feira-na-ponta-negra\/\" \/>\n<meta property=\"og:locale\" content=\"pt_BR\" \/>\n<meta property=\"og:type\" content=\"article\" \/>\n<meta property=\"og:title\" content=\"Prefeitura realiza \u2018Festa do Trabalhador\u2019 com programa\u00e7\u00e3o gratuita\" \/>\n<meta property=\"og:description\" content=\"A Prefeitura de Manaus realiza, nesta sexta-feira, 1\u00ba\/5, a \u201cFesta do Trabalhador\u201d no complexo tur\u00edstico Ponta Negra.\" \/>\n<meta property=\"og:url\" content=\"https:\/\/www.manaus.am.gov.br\/semcom\/pautas\/prefeitura-realiza-festa-do-trabalhador-com-programacao-gratuita-nesta-sexta-feira-na-ponta-negra\/\" \/>\n<meta property=\"og:site_name\" content=\"SEMCOM\" \/>\n<meta property=\"og:image\" content=\"https:\/\/www.manaus.am.gov.br\/semcom\/wp-content\/uploads\/sites\/5\/2023\/02\/sugestaodepauta.png\" \/>\n\t<meta property=\"og:image:width\" content=\"1020\" \/>\n\t<meta property=\"og:image:height\" content=\"540\" \/>\n\t<meta property=\"og:image:type\" content=\"image\/png\" \/>\n<meta name=\"twitter:card\" content=\"summary_large_image\" \/>\n<meta name=\"twitter:label1\" content=\"Est. reading time\" \/>\n\t<meta name=\"twitter:data1\" content=\"2 minutos\" \/>\n<script type=\"application\/ld+json\" class=\"yoast-schema-graph\">{\"@context\":\"https:\/\/schema.org\",\"@graph\":[{\"@type\":\"WebPage\",\"@id\":\"https:\/\/www.manaus.am.gov.br\/semcom\/pautas\/prefeitura-realiza-festa-do-trabalhador-com-programacao-gratuita-nesta-sexta-feira-na-ponta-negra\/\",\"url\":\"https:\/\/www.manaus.am.gov.br\/semcom\/pautas\/prefeitura-realiza-festa-do-trabalhador-com-programacao-gratuita-nesta-sexta-feira-na-ponta-negra\/\",\"name\":\"Prefeitura realiza \u2018Festa do Trabalhador\u2019 com programa\u00e7\u00e3o gratuita\",\"isPartOf\":{\"@id\":\"https:\/\/www.manaus.am.gov.br\/semcom\/#website\"},\"primaryImageOfPage\":{\"@id\":\"https:\/\/www.manaus.am.gov.br\/semcom\/pautas\/prefeitura-realiza-festa-do-trabalhador-com-programacao-gratuita-nesta-sexta-feira-na-ponta-negra\/#primaryimage\"},\"image\":{\"@id\":\"https:\/\/www.manaus.am.gov.br\/semcom\/pautas\/prefeitura-realiza-festa-do-trabalhador-com-programacao-gratuita-nesta-sexta-feira-na-ponta-negra\/#primaryimage\"},\"thumbnailUrl\":\"https:\/\/www.manaus.am.gov.br\/semcom\/wp-content\/uploads\/sites\/5\/2023\/02\/sugestaodepauta.png\",\"datePublished\":\"2026-04-30T19:53:00+00:00\",\"dateModified\":\"2026-04-30T19:53:00+00:00\",\"description\":\"A Prefeitura de Manaus realiza, nesta sexta-feira, 1\u00ba\/5, a \u201cFesta do Trabalhador\u201d no complexo tur\u00edstico Ponta Negra.\",\"inLanguage\":\"pt-BR\",\"potentialAction\":[{\"@type\":\"ReadAction\",\"target\":[\"https:\/\/www.manaus.am.gov.br\/semcom\/pautas\/prefeitura-realiza-festa-do-trabalhador-com-programacao-gratuita-nesta-sexta-feira-na-ponta-negra\/\"]}]},{\"@type\":\"ImageObject\",\"inLanguage\":\"pt-BR\",\"@id\":\"https:\/\/www.manaus.am.gov.br\/semcom\/pautas\/prefeitura-realiza-festa-do-trabalhador-com-programacao-gratuita-nesta-sexta-feira-na-ponta-negra\/#primaryimage\",\"url\":\"https:\/\/www.manaus.am.gov.br\/semcom\/wp-content\/uploads\/sites\/5\/2023\/02\/sugestaodepauta.png\",\"contentUrl\":\"https:\/\/www.manaus.am.gov.br\/semcom\/wp-content\/uploads\/sites\/5\/2023\/02\/sugestaodepauta.png\",\"width\":1020,\"height\":540},{\"@type\":\"WebSite\",\"@id\":\"https:\/\/www.manaus.am.gov.br\/semcom\/#website\",\"url\":\"https:\/\/www.manaus.am.gov.br\/semcom\/\",\"name\":\"SEMCOM\",\"description\":\"Secretaria Municipal de Comunica\u00e7\u00e3o\",\"potentialAction\":[{\"@type\":\"SearchAction\",\"target\":{\"@type\":\"EntryPoint\",\"urlTemplate\":\"https:\/\/www.manaus.am.gov.br\/semcom\/?s={search_term_string}\"},\"query-input\":\"required name=search_term_string\"}],\"inLanguage\":\"pt-BR\"}]}<\/script>\n<!-- \/ Yoast SEO plugin. -->","yoast_head_json":{"title":"Prefeitura realiza \u2018Festa do Trabalhador\u2019 com programa\u00e7\u00e3o gratuita","description":"A Prefeitura de Manaus realiza, nesta sexta-feira, 1\u00ba\/5, a \u201cFesta do Trabalhador\u201d no complexo tur\u00edstico Ponta Negra.","robots":{"index":"index","follow":"follow","max-snippet":"max-snippet:-1","max-image-preview":"max-image-preview:large","max-video-preview":"max-video-preview:-1"},"canonical":"https:\/\/www.manaus.am.gov.br\/semcom\/pautas\/prefeitura-realiza-festa-do-trabalhador-com-programacao-gratuita-nesta-sexta-feira-na-ponta-negra\/","og_locale":"pt_BR","og_type":"article","og_title":"Prefeitura realiza \u2018Festa do Trabalhador\u2019 com programa\u00e7\u00e3o gratuita","og_description":"A Prefeitura de Manaus realiza, nesta sexta-feira, 1\u00ba\/5, a \u201cFesta do Trabalhador\u201d no complexo tur\u00edstico Ponta Negra.","og_url":"https:\/\/www.manaus.am.gov.br\/semcom\/pautas\/prefeitura-realiza-festa-do-trabalhador-com-programacao-gratuita-nesta-sexta-feira-na-ponta-negra\/","og_site_name":"SEMCOM","og_image":[{"width":1020,"height":540,"url":"https:\/\/www.manaus.am.gov.br\/semcom\/wp-content\/uploads\/sites\/5\/2023\/02\/sugestaodepauta.png","type":"image\/png"}],"twitter_card":"summary_large_image","twitter_misc":{"Est. reading time":"2 minutos"},"schema":{"@context":"https:\/\/schema.org","@graph":[{"@type":"WebPage","@id":"https:\/\/www.manaus.am.gov.br\/semcom\/pautas\/prefeitura-realiza-festa-do-trabalhador-com-programacao-gratuita-nesta-sexta-feira-na-ponta-negra\/","url":"https:\/\/www.manaus.am.gov.br\/semcom\/pautas\/prefeitura-realiza-festa-do-trabalhador-com-programacao-gratuita-nesta-sexta-feira-na-ponta-negra\/","name":"Prefeitura realiza \u2018Festa do Trabalhador\u2019 com programa\u00e7\u00e3o gratuita","isPartOf":{"@id":"https:\/\/www.manaus.am.gov.br\/semcom\/#website"},"primaryImageOfPage":{"@id":"https:\/\/www.manaus.am.gov.br\/semcom\/pautas\/prefeitura-realiza-festa-do-trabalhador-com-programacao-gratuita-nesta-sexta-feira-na-ponta-negra\/#primaryimage"},"image":{"@id":"https:\/\/www.manaus.am.gov.br\/semcom\/pautas\/prefeitura-realiza-festa-do-trabalhador-com-programacao-gratuita-nesta-sexta-feira-na-ponta-negra\/#primaryimage"},"thumbnailUrl":"https:\/\/www.manaus.am.gov.br\/semcom\/wp-content\/uploads\/sites\/5\/2023\/02\/sugestaodepauta.png","datePublished":"2026-04-30T19:53:00+00:00","dateModified":"2026-04-30T19:53:00+00:00","description":"A Prefeitura de Manaus realiza, nesta sexta-feira, 1\u00ba\/5, a \u201cFesta do Trabalhador\u201d no complexo tur\u00edstico Ponta Negra.","inLanguage":"pt-BR","potentialAction":[{"@type":"ReadAction","target":["https:\/\/www.manaus.am.gov.br\/semcom\/pautas\/prefeitura-realiza-festa-do-trabalhador-com-programacao-gratuita-nesta-sexta-feira-na-ponta-negra\/"]}]},{"@type":"ImageObject","inLanguage":"pt-BR","@id":"https:\/\/www.manaus.am.gov.br\/semcom\/pautas\/prefeitura-realiza-festa-do-trabalhador-com-programacao-gratuita-nesta-sexta-feira-na-ponta-negra\/#primaryimage","url":"https:\/\/www.manaus.am.gov.br\/semcom\/wp-content\/uploads\/sites\/5\/2023\/02\/sugestaodepauta.png","contentUrl":"https:\/\/www.manaus.am.gov.br\/semcom\/wp-content\/uploads\/sites\/5\/2023\/02\/sugestaodepauta.png","width":1020,"height":540},{"@type":"WebSite","@id":"https:\/\/www.manaus.am.gov.br\/semcom\/#website","url":"https:\/\/www.manaus.am.gov.br\/semcom\/","name":"SEMCOM","description":"Secretaria Municipal de Comunica\u00e7\u00e3o","potentialAction":[{"@type":"SearchAction","target":{"@type":"EntryPoint","urlTemplate":"https:\/\/www.manaus.am.gov.br\/semcom\/?s={search_term_string}"},"query-input":"required name=search_term_string"}],"inLanguage":"pt-BR"}]}},"_links":{"self":[{"href":"https:\/\/www.manaus.am.gov.br\/semcom\/wp-json\/wp\/v2\/pautas\/257727"}],"collection":[{"href":"https:\/\/www.manaus.am.gov.br\/semcom\/wp-json\/wp\/v2\/pautas"}],"about":[{"href":"https:\/\/www.manaus.am.gov.br\/semcom\/wp-json\/wp\/v2\/types\/pautas"}],"wp:featuredmedia":[{"embeddable":true,"href":"https:\/\/www.manaus.am.gov.br\/semcom\/wp-json\/wp\/v2\/media\/208729"}],"wp:attachment":[{"href":"https:\/\/www.manaus.am.gov.br\/semcom\/wp-json\/wp\/v2\/media?parent=257727"}],"wp:term":[{"taxonomy":"category","embeddable":true,"href":"https:\/\/www.manaus.am.gov.br\/semcom\/wp-json\/wp\/v2\/categories?post=257727"}],"curies":[{"name":"wp","href":"https:\/\/api.w.org\/{rel}","templated":true}]}}

Prefeitura realiza ‘Festa do Trabalhador’ com programação gratuita nesta sexta-feira, na Ponta Negra

<p>A Prefeitura de Manaus realiza, nesta sexta-feira, 1º/5, a “Festa do Trabalhador” no complexo turístico Ponta Negra, a partir das 16h, com programação gratuita voltada ao lazer, cultura, empreendedorismo e valorização dos trabalhadores. Promovido pela Secretaria Municipal do Trabalho, Empreendedorismo e Inovação (Semtepi), o evento reúne feira gastronômica com mais de 30 empreendedores, aulões de dança, atrações musicais e atividades para toda a família em diferentes espaços da Ponta Negra.</p>



<p>A programação acontece simultaneamente na Casa de Praia Zezinho Corrêa, no anfiteatro e no calçadão recuado, com apresentações de DJs, shows de pagode, forró e brega rock, além de ações voltadas ao fortalecimento da economia local e geração de renda para pequenos negócios.&nbsp;</p>



<p>A proposta é transformar o Dia do Trabalhador em um grande momento de celebração popular, convivência e incentivo ao empreendedorismo em um dos principais cartões-postais de Manaus.</p>



<p>Atendimento à imprensa: o secretário da Semtepi, Alonso de Oliveira, atenderá os veículos de comunicação às 18h desta sexta-feira, na Casa de Praia Zezinho Corrêa.</p>



<p><strong>SERVIÇO</strong></p>



<p><strong>O quê –</strong> Programação da ‘Festa do Trabalhador’</p>



<p><strong>Quando &#8211;</strong> Sexta-feira, 1º/5</p>



<p><strong>Horário –</strong> 16h</p>



<p><strong>Local –</strong> Casa de Praia Zezinho Corrêa, no complexo turístico Ponta Negra, zona Oeste&nbsp;&nbsp;</p>



<p><strong>Localização &#8211;</strong> <a href="https://maps.app.goo.gl/Ed43iP73ZY7eEh3m9">https://maps.app.goo.gl/Ed43iP73ZY7eEh3m9</a>&nbsp;</p>

<!-- This site is optimized with the Yoast SEO plugin v23.0 - https://yoast.com/wordpress/plugins/seo/ -->
<title>Prefeitura realiza ‘Festa do Trabalhador’ com programação gratuita</title>
<meta name="description" content="A Prefeitura de Manaus realiza, nesta sexta-feira, 1º/5, a “Festa do Trabalhador” no complexo turístico Ponta Negra." />
<meta name="robots" content="index, follow, max-snippet:-1, max-image-preview:large, max-video-preview:-1" />
<link rel="canonical" href="https://www.manaus.am.gov.br/semcom/pautas/prefeitura-realiza-festa-do-trabalhador-com-programacao-gratuita-nesta-sexta-feira-na-ponta-negra/" />
<meta property="og:locale" content="pt_BR" />
<meta property="og:type" content="article" />
<meta property="og:title" content="Prefeitura realiza ‘Festa do Trabalhador’ com programação gratuita" />
<meta property="og:description" content="A Prefeitura de Manaus realiza, nesta sexta-feira, 1º/5, a “Festa do Trabalhador” no complexo turístico Ponta Negra." />
<meta property="og:url" content="https://www.manaus.am.gov.br/semcom/pautas/prefeitura-realiza-festa-do-trabalhador-com-programacao-gratuita-nesta-sexta-feira-na-ponta-negra/" />
<meta property="og:site_name" content="SEMCOM" />
<meta property="og:image" content="https://www.manaus.am.gov.br/semcom/wp-content/uploads/sites/5/2023/02/sugestaodepauta.png" />
	<meta property="og:image:width" content="1020" />
	<meta property="og:image:height" content="540" />
	<meta property="og:image:type" content="image/png" />
<meta name="twitter:card" content="summary_large_image" />
<meta name="twitter:label1" content="Est. reading time" />
	<meta name="twitter:data1" content="2 minutos" />
<script type="application/ld+json" class="yoast-schema-graph">{"@context":"https://schema.org","@graph":[{"@type":"WebPage","@id":"https://www.manaus.am.gov.br/semcom/pautas/prefeitura-realiza-festa-do-trabalhador-com-programacao-gratuita-nesta-sexta-feira-na-ponta-negra/","url":"https://www.manaus.am.gov.br/semcom/pautas/prefeitura-realiza-festa-do-trabalhador-com-programacao-gratuita-nesta-sexta-feira-na-ponta-negra/","name":"Prefeitura realiza ‘Festa do Trabalhador’ com programação gratuita","isPartOf":{"@id":"https://www.manaus.am.gov.br/semcom/#website"},"primaryImageOfPage":{"@id":"https://www.manaus.am.gov.br/semcom/pautas/prefeitura-realiza-festa-do-trabalhador-com-programacao-gratuita-nesta-sexta-feira-na-ponta-negra/#primaryimage"},"image":{"@id":"https://www.manaus.am.gov.br/semcom/pautas/prefeitura-realiza-festa-do-trabalhador-com-programacao-gratuita-nesta-sexta-feira-na-ponta-negra/#primaryimage"},"thumbnailUrl":"https://www.manaus.am.gov.br/semcom/wp-content/uploads/sites/5/2023/02/sugestaodepauta.png","datePublished":"2026-04-30T19:53:00+00:00","dateModified":"2026-04-30T19:53:00+00:00","description":"A Prefeitura de Manaus realiza, nesta sexta-feira, 1º/5, a “Festa do Trabalhador” no complexo turístico Ponta Negra.","inLanguage":"pt-BR","potentialAction":[{"@type":"ReadAction","target":["https://www.manaus.am.gov.br/semcom/pautas/prefeitura-realiza-festa-do-trabalhador-com-programacao-gratuita-nesta-sexta-feira-na-ponta-negra/"]}]},{"@type":"ImageObject","inLanguage":"pt-BR","@id":"https://www.manaus.am.gov.br/semcom/pautas/prefeitura-realiza-festa-do-trabalhador-com-programacao-gratuita-nesta-sexta-feira-na-ponta-negra/#primaryimage","url":"https://www.manaus.am.gov.br/semcom/wp-content/uploads/sites/5/2023/02/sugestaodepauta.png","contentUrl":"https://www.manaus.am.gov.br/semcom/wp-content/uploads/sites/5/2023/02/sugestaodepauta.png","width":1020,"height":540},{"@type":"WebSite","@id":"https://www.manaus.am.gov.br/semcom/#website","url":"https://www.manaus.am.gov.br/semcom/","name":"SEMCOM","description":"Secretaria Municipal de Comunicação","potentialAction":[{"@type":"SearchAction","target":{"@type":"EntryPoint","urlTemplate":"https://www.manaus.am.gov.br/semcom/?s={search_term_string}"},"query-input":"required name=search_term_string"}],"inLanguage":"pt-BR"}]}</script>
<!-- / Yoast SEO plugin. -->

Prefeitura realiza ‘Festa do Trabalhador’ com programação gratuita

A Prefeitura de Manaus realiza, nesta sexta-feira, 1º/5, a “Festa do Trabalhador” no complexo turístico Ponta Negra.

Secretaria Municipal de Comunicação
