{"id":257613,"date":"2026-04-28T19:17:34","date_gmt":"2026-04-28T22:17:34","guid":{"rendered":"https:\/\/www.manaus.am.gov.br\/semcom\/?post_type=pautas&#038;p=257613"},"modified":"2026-04-28T19:17:53","modified_gmt":"2026-04-28T22:17:53","slug":"prefeitura-de-manaus-premia-ganhadores-do-segundo-sorteio-do-ano-da-campanha-nota-premiada","status":"publish","type":"pautas","link":"https:\/\/www.manaus.am.gov.br\/semcom\/pautas\/prefeitura-de-manaus-premia-ganhadores-do-segundo-sorteio-do-ano-da-campanha-nota-premiada\/","title":{"rendered":"Prefeitura de Manaus premia ganhadores do segundo sorteio do ano da campanha Nota Premiada"},"content":{"rendered":"\n<p>A Prefeitura de Manaus, por meio da Secretaria Municipal de Finan\u00e7as e Tecnologia da Informa\u00e7\u00e3o (Semef), realiza mais uma entrega de pr\u00eamios da campanha Nota Premiada. A cerim\u00f4nia de premia\u00e7\u00e3o ocorrer\u00e1 nesta quinta-feira, 30\/4, a partir das 9h, no audit\u00f3rio da Subsecretaria da Receita da Semef, na avenida Japur\u00e1, 493, no Centro, zona Sul.<\/p>\n\n\n\n<p>A grande felizarda deste sorteio foi Moema Rallyme Perrone, que foi contemplada com o pr\u00eamio principal de R$ 40 mil. A ganhadora indicou a Casa do Idoso S\u00e3o Vicente de Paulo para receber o mesmo valor, conforme prev\u00ea o regulamento da campanha. Com isso, a institui\u00e7\u00e3o tamb\u00e9m foi contemplada com R$ 40 mil.<\/p>\n\n\n\n<p>Participaram do sorteio os contribuintes cadastrados na campanha que solicitaram Notas Fiscais de Servi\u00e7os Eletr\u00f4nicas (NFS-e), com CPF registrado. A lista completa com os nomes dos ganhadores do sorteio 2026-02 est\u00e1 dispon\u00edvel no site da campanha: <a href=\"http:\/\/notapremiada.manaus.am.gov.br\">notapremiada.manaus.am.gov.br<\/a>.&nbsp;<\/p>\n\n\n\n<p>SERVI\u00c7O<\/p>\n\n\n\n<p><strong>O qu\u00ea \u2013 <\/strong>Premia\u00e7\u00e3o n\u00ba 2026-02 da campanha Nota Premiada Manaus<\/p>\n\n\n\n<p><strong>Quando \u2013 <\/strong>Quinta-feira, 30\/4<\/p>\n\n\n\n<p><strong>Hor\u00e1rio \u2013<\/strong> 9h<\/p>\n\n\n\n<p><strong>Local \u2013<\/strong> Audit\u00f3rio da Subsecretaria da Receita da Semef &#8211; avenida Japur\u00e1, 493 \u2013 Centro (anexo do Manaus Atende).<\/p>\n","protected":false},"featured_media":208729,"template":"","categories":[804],"acf":[],"yoast_head":"<!-- This site is optimized with the Yoast SEO plugin v23.0 - https:\/\/yoast.com\/wordpress\/plugins\/seo\/ -->\n<title>Prefeitura de Manaus premia ganhadores do segundo sorteio do ano da campanha Nota Premiada<\/title>\n<meta name=\"description\" content=\"A Prefeitura, por meio da Secretaria Municipal de Finan\u00e7as e Tecnologia da Informa\u00e7\u00e3o (Semef), realiza mais uma entrega de pr\u00eamios da Nota Premiada.\" \/>\n<meta name=\"robots\" content=\"index, follow, max-snippet:-1, max-image-preview:large, max-video-preview:-1\" \/>\n<link rel=\"canonical\" href=\"https:\/\/www.manaus.am.gov.br\/semcom\/pautas\/prefeitura-de-manaus-premia-ganhadores-do-segundo-sorteio-do-ano-da-campanha-nota-premiada\/\" \/>\n<meta property=\"og:locale\" content=\"pt_BR\" \/>\n<meta property=\"og:type\" content=\"article\" \/>\n<meta property=\"og:title\" content=\"Prefeitura de Manaus premia ganhadores do segundo sorteio do ano da campanha Nota Premiada\" \/>\n<meta property=\"og:description\" content=\"A Prefeitura, por meio da Secretaria Municipal de Finan\u00e7as e Tecnologia da Informa\u00e7\u00e3o (Semef), realiza mais uma entrega de pr\u00eamios da Nota Premiada.\" \/>\n<meta property=\"og:url\" content=\"https:\/\/www.manaus.am.gov.br\/semcom\/pautas\/prefeitura-de-manaus-premia-ganhadores-do-segundo-sorteio-do-ano-da-campanha-nota-premiada\/\" \/>\n<meta property=\"og:site_name\" content=\"SEMCOM\" \/>\n<meta property=\"article:modified_time\" content=\"2026-04-28T22:17:53+00:00\" \/>\n<meta property=\"og:image\" content=\"https:\/\/www.manaus.am.gov.br\/semcom\/wp-content\/uploads\/sites\/5\/2023\/02\/sugestaodepauta.png\" \/>\n\t<meta property=\"og:image:width\" content=\"1020\" \/>\n\t<meta property=\"og:image:height\" content=\"540\" \/>\n\t<meta property=\"og:image:type\" content=\"image\/png\" \/>\n<meta name=\"twitter:card\" content=\"summary_large_image\" \/>\n<meta name=\"twitter:label1\" content=\"Est. reading time\" \/>\n\t<meta name=\"twitter:data1\" content=\"2 minutos\" \/>\n<script type=\"application\/ld+json\" class=\"yoast-schema-graph\">{\"@context\":\"https:\/\/schema.org\",\"@graph\":[{\"@type\":\"WebPage\",\"@id\":\"https:\/\/www.manaus.am.gov.br\/semcom\/pautas\/prefeitura-de-manaus-premia-ganhadores-do-segundo-sorteio-do-ano-da-campanha-nota-premiada\/\",\"url\":\"https:\/\/www.manaus.am.gov.br\/semcom\/pautas\/prefeitura-de-manaus-premia-ganhadores-do-segundo-sorteio-do-ano-da-campanha-nota-premiada\/\",\"name\":\"Prefeitura de Manaus premia ganhadores do segundo sorteio do ano da campanha Nota Premiada\",\"isPartOf\":{\"@id\":\"https:\/\/www.manaus.am.gov.br\/semcom\/#website\"},\"primaryImageOfPage\":{\"@id\":\"https:\/\/www.manaus.am.gov.br\/semcom\/pautas\/prefeitura-de-manaus-premia-ganhadores-do-segundo-sorteio-do-ano-da-campanha-nota-premiada\/#primaryimage\"},\"image\":{\"@id\":\"https:\/\/www.manaus.am.gov.br\/semcom\/pautas\/prefeitura-de-manaus-premia-ganhadores-do-segundo-sorteio-do-ano-da-campanha-nota-premiada\/#primaryimage\"},\"thumbnailUrl\":\"https:\/\/www.manaus.am.gov.br\/semcom\/wp-content\/uploads\/sites\/5\/2023\/02\/sugestaodepauta.png\",\"datePublished\":\"2026-04-28T22:17:34+00:00\",\"dateModified\":\"2026-04-28T22:17:53+00:00\",\"description\":\"A Prefeitura, por meio da Secretaria Municipal de Finan\u00e7as e Tecnologia da Informa\u00e7\u00e3o (Semef), realiza mais uma entrega de pr\u00eamios da Nota Premiada.\",\"inLanguage\":\"pt-BR\",\"potentialAction\":[{\"@type\":\"ReadAction\",\"target\":[\"https:\/\/www.manaus.am.gov.br\/semcom\/pautas\/prefeitura-de-manaus-premia-ganhadores-do-segundo-sorteio-do-ano-da-campanha-nota-premiada\/\"]}]},{\"@type\":\"ImageObject\",\"inLanguage\":\"pt-BR\",\"@id\":\"https:\/\/www.manaus.am.gov.br\/semcom\/pautas\/prefeitura-de-manaus-premia-ganhadores-do-segundo-sorteio-do-ano-da-campanha-nota-premiada\/#primaryimage\",\"url\":\"https:\/\/www.manaus.am.gov.br\/semcom\/wp-content\/uploads\/sites\/5\/2023\/02\/sugestaodepauta.png\",\"contentUrl\":\"https:\/\/www.manaus.am.gov.br\/semcom\/wp-content\/uploads\/sites\/5\/2023\/02\/sugestaodepauta.png\",\"width\":1020,\"height\":540},{\"@type\":\"WebSite\",\"@id\":\"https:\/\/www.manaus.am.gov.br\/semcom\/#website\",\"url\":\"https:\/\/www.manaus.am.gov.br\/semcom\/\",\"name\":\"SEMCOM\",\"description\":\"Secretaria Municipal de Comunica\u00e7\u00e3o\",\"potentialAction\":[{\"@type\":\"SearchAction\",\"target\":{\"@type\":\"EntryPoint\",\"urlTemplate\":\"https:\/\/www.manaus.am.gov.br\/semcom\/?s={search_term_string}\"},\"query-input\":\"required name=search_term_string\"}],\"inLanguage\":\"pt-BR\"}]}<\/script>\n<!-- \/ Yoast SEO plugin. -->","yoast_head_json":{"title":"Prefeitura de Manaus premia ganhadores do segundo sorteio do ano da campanha Nota Premiada","description":"A Prefeitura, por meio da Secretaria Municipal de Finan\u00e7as e Tecnologia da Informa\u00e7\u00e3o (Semef), realiza mais uma entrega de pr\u00eamios da Nota Premiada.","robots":{"index":"index","follow":"follow","max-snippet":"max-snippet:-1","max-image-preview":"max-image-preview:large","max-video-preview":"max-video-preview:-1"},"canonical":"https:\/\/www.manaus.am.gov.br\/semcom\/pautas\/prefeitura-de-manaus-premia-ganhadores-do-segundo-sorteio-do-ano-da-campanha-nota-premiada\/","og_locale":"pt_BR","og_type":"article","og_title":"Prefeitura de Manaus premia ganhadores do segundo sorteio do ano da campanha Nota Premiada","og_description":"A Prefeitura, por meio da Secretaria Municipal de Finan\u00e7as e Tecnologia da Informa\u00e7\u00e3o (Semef), realiza mais uma entrega de pr\u00eamios da Nota Premiada.","og_url":"https:\/\/www.manaus.am.gov.br\/semcom\/pautas\/prefeitura-de-manaus-premia-ganhadores-do-segundo-sorteio-do-ano-da-campanha-nota-premiada\/","og_site_name":"SEMCOM","article_modified_time":"2026-04-28T22:17:53+00:00","og_image":[{"width":1020,"height":540,"url":"https:\/\/www.manaus.am.gov.br\/semcom\/wp-content\/uploads\/sites\/5\/2023\/02\/sugestaodepauta.png","type":"image\/png"}],"twitter_card":"summary_large_image","twitter_misc":{"Est. reading time":"2 minutos"},"schema":{"@context":"https:\/\/schema.org","@graph":[{"@type":"WebPage","@id":"https:\/\/www.manaus.am.gov.br\/semcom\/pautas\/prefeitura-de-manaus-premia-ganhadores-do-segundo-sorteio-do-ano-da-campanha-nota-premiada\/","url":"https:\/\/www.manaus.am.gov.br\/semcom\/pautas\/prefeitura-de-manaus-premia-ganhadores-do-segundo-sorteio-do-ano-da-campanha-nota-premiada\/","name":"Prefeitura de Manaus premia ganhadores do segundo sorteio do ano da campanha Nota Premiada","isPartOf":{"@id":"https:\/\/www.manaus.am.gov.br\/semcom\/#website"},"primaryImageOfPage":{"@id":"https:\/\/www.manaus.am.gov.br\/semcom\/pautas\/prefeitura-de-manaus-premia-ganhadores-do-segundo-sorteio-do-ano-da-campanha-nota-premiada\/#primaryimage"},"image":{"@id":"https:\/\/www.manaus.am.gov.br\/semcom\/pautas\/prefeitura-de-manaus-premia-ganhadores-do-segundo-sorteio-do-ano-da-campanha-nota-premiada\/#primaryimage"},"thumbnailUrl":"https:\/\/www.manaus.am.gov.br\/semcom\/wp-content\/uploads\/sites\/5\/2023\/02\/sugestaodepauta.png","datePublished":"2026-04-28T22:17:34+00:00","dateModified":"2026-04-28T22:17:53+00:00","description":"A Prefeitura, por meio da Secretaria Municipal de Finan\u00e7as e Tecnologia da Informa\u00e7\u00e3o (Semef), realiza mais uma entrega de pr\u00eamios da Nota Premiada.","inLanguage":"pt-BR","potentialAction":[{"@type":"ReadAction","target":["https:\/\/www.manaus.am.gov.br\/semcom\/pautas\/prefeitura-de-manaus-premia-ganhadores-do-segundo-sorteio-do-ano-da-campanha-nota-premiada\/"]}]},{"@type":"ImageObject","inLanguage":"pt-BR","@id":"https:\/\/www.manaus.am.gov.br\/semcom\/pautas\/prefeitura-de-manaus-premia-ganhadores-do-segundo-sorteio-do-ano-da-campanha-nota-premiada\/#primaryimage","url":"https:\/\/www.manaus.am.gov.br\/semcom\/wp-content\/uploads\/sites\/5\/2023\/02\/sugestaodepauta.png","contentUrl":"https:\/\/www.manaus.am.gov.br\/semcom\/wp-content\/uploads\/sites\/5\/2023\/02\/sugestaodepauta.png","width":1020,"height":540},{"@type":"WebSite","@id":"https:\/\/www.manaus.am.gov.br\/semcom\/#website","url":"https:\/\/www.manaus.am.gov.br\/semcom\/","name":"SEMCOM","description":"Secretaria Municipal de Comunica\u00e7\u00e3o","potentialAction":[{"@type":"SearchAction","target":{"@type":"EntryPoint","urlTemplate":"https:\/\/www.manaus.am.gov.br\/semcom\/?s={search_term_string}"},"query-input":"required name=search_term_string"}],"inLanguage":"pt-BR"}]}},"_links":{"self":[{"href":"https:\/\/www.manaus.am.gov.br\/semcom\/wp-json\/wp\/v2\/pautas\/257613"}],"collection":[{"href":"https:\/\/www.manaus.am.gov.br\/semcom\/wp-json\/wp\/v2\/pautas"}],"about":[{"href":"https:\/\/www.manaus.am.gov.br\/semcom\/wp-json\/wp\/v2\/types\/pautas"}],"wp:featuredmedia":[{"embeddable":true,"href":"https:\/\/www.manaus.am.gov.br\/semcom\/wp-json\/wp\/v2\/media\/208729"}],"wp:attachment":[{"href":"https:\/\/www.manaus.am.gov.br\/semcom\/wp-json\/wp\/v2\/media?parent=257613"}],"wp:term":[{"taxonomy":"category","embeddable":true,"href":"https:\/\/www.manaus.am.gov.br\/semcom\/wp-json\/wp\/v2\/categories?post=257613"}],"curies":[{"name":"wp","href":"https:\/\/api.w.org\/{rel}","templated":true}]}}

<p>A Prefeitura de Manaus, por meio da Secretaria Municipal de Finanças e Tecnologia da Informação (Semef), realiza mais uma entrega de prêmios da campanha Nota Premiada. A cerimônia de premiação ocorrerá nesta quinta-feira, 30/4, a partir das 9h, no auditório da Subsecretaria da Receita da Semef, na avenida Japurá, 493, no Centro, zona Sul.</p>



<p>A grande felizarda deste sorteio foi Moema Rallyme Perrone, que foi contemplada com o prêmio principal de R$ 40 mil. A ganhadora indicou a Casa do Idoso São Vicente de Paulo para receber o mesmo valor, conforme prevê o regulamento da campanha. Com isso, a instituição também foi contemplada com R$ 40 mil.</p>



<p>Participaram do sorteio os contribuintes cadastrados na campanha que solicitaram Notas Fiscais de Serviços Eletrônicas (NFS-e), com CPF registrado. A lista completa com os nomes dos ganhadores do sorteio 2026-02 está disponível no site da campanha: <a href="http://notapremiada.manaus.am.gov.br">notapremiada.manaus.am.gov.br</a>.&nbsp;</p>



<p>SERVIÇO</p>



<p><strong>O quê – </strong>Premiação nº 2026-02 da campanha Nota Premiada Manaus</p>



<p><strong>Quando – </strong>Quinta-feira, 30/4</p>



<p><strong>Horário –</strong> 9h</p>



<p><strong>Local –</strong> Auditório da Subsecretaria da Receita da Semef &#8211; avenida Japurá, 493 – Centro (anexo do Manaus Atende).</p>

<!-- This site is optimized with the Yoast SEO plugin v23.0 - https://yoast.com/wordpress/plugins/seo/ -->
<title>Prefeitura de Manaus premia ganhadores do segundo sorteio do ano da campanha Nota Premiada</title>
<meta name="description" content="A Prefeitura, por meio da Secretaria Municipal de Finanças e Tecnologia da Informação (Semef), realiza mais uma entrega de prêmios da Nota Premiada." />
<meta name="robots" content="index, follow, max-snippet:-1, max-image-preview:large, max-video-preview:-1" />
<link rel="canonical" href="https://www.manaus.am.gov.br/semcom/pautas/prefeitura-de-manaus-premia-ganhadores-do-segundo-sorteio-do-ano-da-campanha-nota-premiada/" />
<meta property="og:locale" content="pt_BR" />
<meta property="og:type" content="article" />
<meta property="og:title" content="Prefeitura de Manaus premia ganhadores do segundo sorteio do ano da campanha Nota Premiada" />
<meta property="og:description" content="A Prefeitura, por meio da Secretaria Municipal de Finanças e Tecnologia da Informação (Semef), realiza mais uma entrega de prêmios da Nota Premiada." />
<meta property="og:url" content="https://www.manaus.am.gov.br/semcom/pautas/prefeitura-de-manaus-premia-ganhadores-do-segundo-sorteio-do-ano-da-campanha-nota-premiada/" />
<meta property="og:site_name" content="SEMCOM" />
<meta property="article:modified_time" content="2026-04-28T22:17:53+00:00" />
<meta property="og:image" content="https://www.manaus.am.gov.br/semcom/wp-content/uploads/sites/5/2023/02/sugestaodepauta.png" />
	<meta property="og:image:width" content="1020" />
	<meta property="og:image:height" content="540" />
	<meta property="og:image:type" content="image/png" />
<meta name="twitter:card" content="summary_large_image" />
<meta name="twitter:label1" content="Est. reading time" />
	<meta name="twitter:data1" content="2 minutos" />
<script type="application/ld+json" class="yoast-schema-graph">{"@context":"https://schema.org","@graph":[{"@type":"WebPage","@id":"https://www.manaus.am.gov.br/semcom/pautas/prefeitura-de-manaus-premia-ganhadores-do-segundo-sorteio-do-ano-da-campanha-nota-premiada/","url":"https://www.manaus.am.gov.br/semcom/pautas/prefeitura-de-manaus-premia-ganhadores-do-segundo-sorteio-do-ano-da-campanha-nota-premiada/","name":"Prefeitura de Manaus premia ganhadores do segundo sorteio do ano da campanha Nota Premiada","isPartOf":{"@id":"https://www.manaus.am.gov.br/semcom/#website"},"primaryImageOfPage":{"@id":"https://www.manaus.am.gov.br/semcom/pautas/prefeitura-de-manaus-premia-ganhadores-do-segundo-sorteio-do-ano-da-campanha-nota-premiada/#primaryimage"},"image":{"@id":"https://www.manaus.am.gov.br/semcom/pautas/prefeitura-de-manaus-premia-ganhadores-do-segundo-sorteio-do-ano-da-campanha-nota-premiada/#primaryimage"},"thumbnailUrl":"https://www.manaus.am.gov.br/semcom/wp-content/uploads/sites/5/2023/02/sugestaodepauta.png","datePublished":"2026-04-28T22:17:34+00:00","dateModified":"2026-04-28T22:17:53+00:00","description":"A Prefeitura, por meio da Secretaria Municipal de Finanças e Tecnologia da Informação (Semef), realiza mais uma entrega de prêmios da Nota Premiada.","inLanguage":"pt-BR","potentialAction":[{"@type":"ReadAction","target":["https://www.manaus.am.gov.br/semcom/pautas/prefeitura-de-manaus-premia-ganhadores-do-segundo-sorteio-do-ano-da-campanha-nota-premiada/"]}]},{"@type":"ImageObject","inLanguage":"pt-BR","@id":"https://www.manaus.am.gov.br/semcom/pautas/prefeitura-de-manaus-premia-ganhadores-do-segundo-sorteio-do-ano-da-campanha-nota-premiada/#primaryimage","url":"https://www.manaus.am.gov.br/semcom/wp-content/uploads/sites/5/2023/02/sugestaodepauta.png","contentUrl":"https://www.manaus.am.gov.br/semcom/wp-content/uploads/sites/5/2023/02/sugestaodepauta.png","width":1020,"height":540},{"@type":"WebSite","@id":"https://www.manaus.am.gov.br/semcom/#website","url":"https://www.manaus.am.gov.br/semcom/","name":"SEMCOM","description":"Secretaria Municipal de Comunicação","potentialAction":[{"@type":"SearchAction","target":{"@type":"EntryPoint","urlTemplate":"https://www.manaus.am.gov.br/semcom/?s={search_term_string}"},"query-input":"required name=search_term_string"}],"inLanguage":"pt-BR"}]}</script>
<!-- / Yoast SEO plugin. -->

A Prefeitura, por meio da Secretaria Municipal de Finanças e Tecnologia da Informação (Semef), realiza mais uma entrega de prêmios da Nota Premiada.

Secretaria Municipal de Comunicação
