{"id":257458,"date":"2026-04-27T17:14:17","date_gmt":"2026-04-27T20:14:17","guid":{"rendered":"https:\/\/www.manaus.am.gov.br\/semcom\/?post_type=pautas&#038;p=257458"},"modified":"2026-04-27T17:14:18","modified_gmt":"2026-04-27T20:14:18","slug":"prefeitura-de-manaus-homenageia-e-orienta-servidores-recem-aposentados","status":"publish","type":"pautas","link":"https:\/\/www.manaus.am.gov.br\/semcom\/pautas\/prefeitura-de-manaus-homenageia-e-orienta-servidores-recem-aposentados\/","title":{"rendered":"Prefeitura de Manaus homenageia e orienta servidores rec\u00e9m-aposentados"},"content":{"rendered":"\n<p>A Prefeitura de Manaus, por meio da Manaus Previd\u00eancia (Manausprev), realiza, nesta ter\u00e7a-feira, 28\/4, a segunda edi\u00e7\u00e3o de 2026 do programa \u201cFeliz Vida Nova\u201d. A a\u00e7\u00e3o reconhece a trajet\u00f3ria e os anos de dedica\u00e7\u00e3o dos servidores municipais rec\u00e9m-aposentados nos meses de janeiro, fevereiro e mar\u00e7o de 2026.<\/p>\n\n\n\n<p>A cerim\u00f4nia inicia \u00e0s 14h, na sede da autarquia, localizada na avenida Constantino Nery, bairro Chapada, zona Centro-Sul, e tem como objetivo acolher os novos aposentados, oferecendo orienta\u00e7\u00f5es que contribuem para uma transi\u00e7\u00e3o mais tranquila para esta nova etapa de vida.<\/p>\n\n\n\n<p>Os participantes v\u00e3o receber uma placa de reconhecimento pelos servi\u00e7os prestados ao munic\u00edpio. A programa\u00e7\u00e3o inclui, ainda, palestras sobre legisla\u00e7\u00e3o previdenci\u00e1ria, com destaque para regras de pens\u00e3o por morte e esclarecimento de d\u00favidas relacionadas \u00e0 previd\u00eancia.<\/p>\n\n\n\n<p><strong>SERVI\u00c7O<\/strong><\/p>\n\n\n\n<p><strong>O qu\u00ea \u2013 <\/strong>Prefeitura de Manaus homenageia e orienta servidores rec\u00e9m-aposentados<\/p>\n\n\n\n<p><strong>Quando \u2013 <\/strong>Ter\u00e7a-feira, 28\/4<\/p>\n\n\n\n<p><strong>Hor\u00e1rio \u2013 <\/strong>14h<\/p>\n\n\n\n<p><strong>Local &#8211; <\/strong>Sede da Manausprev, localizada na avenida Constantino Nery, bairro Chapada, zona Centro-Sul.<br><br><strong>Localiza\u00e7\u00e3o &#8211;<\/strong><a href=\"https:\/\/maps.app.goo.gl\/rfTA4CPRKBNHBezm8\"><strong> <\/strong>https:\/\/maps.app.goo.gl\/rfTA4CPRKBNHBezm8<\/a>\u00a0<\/p>\n","protected":false},"featured_media":208729,"template":"","categories":[800],"acf":[],"yoast_head":"<!-- This site is optimized with the Yoast SEO plugin v23.0 - https:\/\/yoast.com\/wordpress\/plugins\/seo\/ -->\n<title>Prefeitura homenageia e orienta servidores rec\u00e9m-aposentados<\/title>\n<meta name=\"description\" content=\"A Prefeitura, por meio da Manaus Previd\u00eancia, realiza, nesta ter\u00e7a-feira, 28\/4, a segunda edi\u00e7\u00e3o de 2026 do programa \u201cFeliz Vida Nova\u201d.\" \/>\n<meta name=\"robots\" content=\"index, follow, max-snippet:-1, max-image-preview:large, max-video-preview:-1\" \/>\n<link rel=\"canonical\" href=\"https:\/\/www.manaus.am.gov.br\/semcom\/pautas\/prefeitura-de-manaus-homenageia-e-orienta-servidores-recem-aposentados\/\" \/>\n<meta property=\"og:locale\" content=\"pt_BR\" \/>\n<meta property=\"og:type\" content=\"article\" \/>\n<meta property=\"og:title\" content=\"Prefeitura homenageia e orienta servidores rec\u00e9m-aposentados\" \/>\n<meta property=\"og:description\" content=\"A Prefeitura, por meio da Manaus Previd\u00eancia, realiza, nesta ter\u00e7a-feira, 28\/4, a segunda edi\u00e7\u00e3o de 2026 do programa \u201cFeliz Vida Nova\u201d.\" \/>\n<meta property=\"og:url\" content=\"https:\/\/www.manaus.am.gov.br\/semcom\/pautas\/prefeitura-de-manaus-homenageia-e-orienta-servidores-recem-aposentados\/\" \/>\n<meta property=\"og:site_name\" content=\"SEMCOM\" \/>\n<meta property=\"article:modified_time\" content=\"2026-04-27T20:14:18+00:00\" \/>\n<meta property=\"og:image\" content=\"https:\/\/www.manaus.am.gov.br\/semcom\/wp-content\/uploads\/sites\/5\/2023\/02\/sugestaodepauta.png\" \/>\n\t<meta property=\"og:image:width\" content=\"1020\" \/>\n\t<meta property=\"og:image:height\" content=\"540\" \/>\n\t<meta property=\"og:image:type\" content=\"image\/png\" \/>\n<meta name=\"twitter:card\" content=\"summary_large_image\" \/>\n<meta name=\"twitter:label1\" content=\"Est. reading time\" \/>\n\t<meta name=\"twitter:data1\" content=\"2 minutos\" \/>\n<script type=\"application\/ld+json\" class=\"yoast-schema-graph\">{\"@context\":\"https:\/\/schema.org\",\"@graph\":[{\"@type\":\"WebPage\",\"@id\":\"https:\/\/www.manaus.am.gov.br\/semcom\/pautas\/prefeitura-de-manaus-homenageia-e-orienta-servidores-recem-aposentados\/\",\"url\":\"https:\/\/www.manaus.am.gov.br\/semcom\/pautas\/prefeitura-de-manaus-homenageia-e-orienta-servidores-recem-aposentados\/\",\"name\":\"Prefeitura homenageia e orienta servidores rec\u00e9m-aposentados\",\"isPartOf\":{\"@id\":\"https:\/\/www.manaus.am.gov.br\/semcom\/#website\"},\"primaryImageOfPage\":{\"@id\":\"https:\/\/www.manaus.am.gov.br\/semcom\/pautas\/prefeitura-de-manaus-homenageia-e-orienta-servidores-recem-aposentados\/#primaryimage\"},\"image\":{\"@id\":\"https:\/\/www.manaus.am.gov.br\/semcom\/pautas\/prefeitura-de-manaus-homenageia-e-orienta-servidores-recem-aposentados\/#primaryimage\"},\"thumbnailUrl\":\"https:\/\/www.manaus.am.gov.br\/semcom\/wp-content\/uploads\/sites\/5\/2023\/02\/sugestaodepauta.png\",\"datePublished\":\"2026-04-27T20:14:17+00:00\",\"dateModified\":\"2026-04-27T20:14:18+00:00\",\"description\":\"A Prefeitura, por meio da Manaus Previd\u00eancia, realiza, nesta ter\u00e7a-feira, 28\/4, a segunda edi\u00e7\u00e3o de 2026 do programa \u201cFeliz Vida Nova\u201d.\",\"inLanguage\":\"pt-BR\",\"potentialAction\":[{\"@type\":\"ReadAction\",\"target\":[\"https:\/\/www.manaus.am.gov.br\/semcom\/pautas\/prefeitura-de-manaus-homenageia-e-orienta-servidores-recem-aposentados\/\"]}]},{\"@type\":\"ImageObject\",\"inLanguage\":\"pt-BR\",\"@id\":\"https:\/\/www.manaus.am.gov.br\/semcom\/pautas\/prefeitura-de-manaus-homenageia-e-orienta-servidores-recem-aposentados\/#primaryimage\",\"url\":\"https:\/\/www.manaus.am.gov.br\/semcom\/wp-content\/uploads\/sites\/5\/2023\/02\/sugestaodepauta.png\",\"contentUrl\":\"https:\/\/www.manaus.am.gov.br\/semcom\/wp-content\/uploads\/sites\/5\/2023\/02\/sugestaodepauta.png\",\"width\":1020,\"height\":540},{\"@type\":\"WebSite\",\"@id\":\"https:\/\/www.manaus.am.gov.br\/semcom\/#website\",\"url\":\"https:\/\/www.manaus.am.gov.br\/semcom\/\",\"name\":\"SEMCOM\",\"description\":\"Secretaria Municipal de Comunica\u00e7\u00e3o\",\"potentialAction\":[{\"@type\":\"SearchAction\",\"target\":{\"@type\":\"EntryPoint\",\"urlTemplate\":\"https:\/\/www.manaus.am.gov.br\/semcom\/?s={search_term_string}\"},\"query-input\":\"required name=search_term_string\"}],\"inLanguage\":\"pt-BR\"}]}<\/script>\n<!-- \/ Yoast SEO plugin. -->","yoast_head_json":{"title":"Prefeitura homenageia e orienta servidores rec\u00e9m-aposentados","description":"A Prefeitura, por meio da Manaus Previd\u00eancia, realiza, nesta ter\u00e7a-feira, 28\/4, a segunda edi\u00e7\u00e3o de 2026 do programa \u201cFeliz Vida Nova\u201d.","robots":{"index":"index","follow":"follow","max-snippet":"max-snippet:-1","max-image-preview":"max-image-preview:large","max-video-preview":"max-video-preview:-1"},"canonical":"https:\/\/www.manaus.am.gov.br\/semcom\/pautas\/prefeitura-de-manaus-homenageia-e-orienta-servidores-recem-aposentados\/","og_locale":"pt_BR","og_type":"article","og_title":"Prefeitura homenageia e orienta servidores rec\u00e9m-aposentados","og_description":"A Prefeitura, por meio da Manaus Previd\u00eancia, realiza, nesta ter\u00e7a-feira, 28\/4, a segunda edi\u00e7\u00e3o de 2026 do programa \u201cFeliz Vida Nova\u201d.","og_url":"https:\/\/www.manaus.am.gov.br\/semcom\/pautas\/prefeitura-de-manaus-homenageia-e-orienta-servidores-recem-aposentados\/","og_site_name":"SEMCOM","article_modified_time":"2026-04-27T20:14:18+00:00","og_image":[{"width":1020,"height":540,"url":"https:\/\/www.manaus.am.gov.br\/semcom\/wp-content\/uploads\/sites\/5\/2023\/02\/sugestaodepauta.png","type":"image\/png"}],"twitter_card":"summary_large_image","twitter_misc":{"Est. reading time":"2 minutos"},"schema":{"@context":"https:\/\/schema.org","@graph":[{"@type":"WebPage","@id":"https:\/\/www.manaus.am.gov.br\/semcom\/pautas\/prefeitura-de-manaus-homenageia-e-orienta-servidores-recem-aposentados\/","url":"https:\/\/www.manaus.am.gov.br\/semcom\/pautas\/prefeitura-de-manaus-homenageia-e-orienta-servidores-recem-aposentados\/","name":"Prefeitura homenageia e orienta servidores rec\u00e9m-aposentados","isPartOf":{"@id":"https:\/\/www.manaus.am.gov.br\/semcom\/#website"},"primaryImageOfPage":{"@id":"https:\/\/www.manaus.am.gov.br\/semcom\/pautas\/prefeitura-de-manaus-homenageia-e-orienta-servidores-recem-aposentados\/#primaryimage"},"image":{"@id":"https:\/\/www.manaus.am.gov.br\/semcom\/pautas\/prefeitura-de-manaus-homenageia-e-orienta-servidores-recem-aposentados\/#primaryimage"},"thumbnailUrl":"https:\/\/www.manaus.am.gov.br\/semcom\/wp-content\/uploads\/sites\/5\/2023\/02\/sugestaodepauta.png","datePublished":"2026-04-27T20:14:17+00:00","dateModified":"2026-04-27T20:14:18+00:00","description":"A Prefeitura, por meio da Manaus Previd\u00eancia, realiza, nesta ter\u00e7a-feira, 28\/4, a segunda edi\u00e7\u00e3o de 2026 do programa \u201cFeliz Vida Nova\u201d.","inLanguage":"pt-BR","potentialAction":[{"@type":"ReadAction","target":["https:\/\/www.manaus.am.gov.br\/semcom\/pautas\/prefeitura-de-manaus-homenageia-e-orienta-servidores-recem-aposentados\/"]}]},{"@type":"ImageObject","inLanguage":"pt-BR","@id":"https:\/\/www.manaus.am.gov.br\/semcom\/pautas\/prefeitura-de-manaus-homenageia-e-orienta-servidores-recem-aposentados\/#primaryimage","url":"https:\/\/www.manaus.am.gov.br\/semcom\/wp-content\/uploads\/sites\/5\/2023\/02\/sugestaodepauta.png","contentUrl":"https:\/\/www.manaus.am.gov.br\/semcom\/wp-content\/uploads\/sites\/5\/2023\/02\/sugestaodepauta.png","width":1020,"height":540},{"@type":"WebSite","@id":"https:\/\/www.manaus.am.gov.br\/semcom\/#website","url":"https:\/\/www.manaus.am.gov.br\/semcom\/","name":"SEMCOM","description":"Secretaria Municipal de Comunica\u00e7\u00e3o","potentialAction":[{"@type":"SearchAction","target":{"@type":"EntryPoint","urlTemplate":"https:\/\/www.manaus.am.gov.br\/semcom\/?s={search_term_string}"},"query-input":"required name=search_term_string"}],"inLanguage":"pt-BR"}]}},"_links":{"self":[{"href":"https:\/\/www.manaus.am.gov.br\/semcom\/wp-json\/wp\/v2\/pautas\/257458"}],"collection":[{"href":"https:\/\/www.manaus.am.gov.br\/semcom\/wp-json\/wp\/v2\/pautas"}],"about":[{"href":"https:\/\/www.manaus.am.gov.br\/semcom\/wp-json\/wp\/v2\/types\/pautas"}],"wp:featuredmedia":[{"embeddable":true,"href":"https:\/\/www.manaus.am.gov.br\/semcom\/wp-json\/wp\/v2\/media\/208729"}],"wp:attachment":[{"href":"https:\/\/www.manaus.am.gov.br\/semcom\/wp-json\/wp\/v2\/media?parent=257458"}],"wp:term":[{"taxonomy":"category","embeddable":true,"href":"https:\/\/www.manaus.am.gov.br\/semcom\/wp-json\/wp\/v2\/categories?post=257458"}],"curies":[{"name":"wp","href":"https:\/\/api.w.org\/{rel}","templated":true}]}}

Prefeitura de Manaus homenageia e orienta servidores recém-aposentados

<p>A Prefeitura de Manaus, por meio da Manaus Previdência (Manausprev), realiza, nesta terça-feira, 28/4, a segunda edição de 2026 do programa “Feliz Vida Nova”. A ação reconhece a trajetória e os anos de dedicação dos servidores municipais recém-aposentados nos meses de janeiro, fevereiro e março de 2026.</p>



<p>A cerimônia inicia às 14h, na sede da autarquia, localizada na avenida Constantino Nery, bairro Chapada, zona Centro-Sul, e tem como objetivo acolher os novos aposentados, oferecendo orientações que contribuem para uma transição mais tranquila para esta nova etapa de vida.</p>



<p>Os participantes vão receber uma placa de reconhecimento pelos serviços prestados ao município. A programação inclui, ainda, palestras sobre legislação previdenciária, com destaque para regras de pensão por morte e esclarecimento de dúvidas relacionadas à previdência.</p>



<p><strong>SERVIÇO</strong></p>



<p><strong>O quê – </strong>Prefeitura de Manaus homenageia e orienta servidores recém-aposentados</p>



<p><strong>Quando – </strong>Terça-feira, 28/4</p>



<p><strong>Horário – </strong>14h</p>



<p><strong>Local &#8211; </strong>Sede da Manausprev, localizada na avenida Constantino Nery, bairro Chapada, zona Centro-Sul.<br><br><strong>Localização &#8211;</strong><a href="https://maps.app.goo.gl/rfTA4CPRKBNHBezm8"><strong> </strong>https://maps.app.goo.gl/rfTA4CPRKBNHBezm8</a> </p>

<!-- This site is optimized with the Yoast SEO plugin v23.0 - https://yoast.com/wordpress/plugins/seo/ -->
<title>Prefeitura homenageia e orienta servidores recém-aposentados</title>
<meta name="description" content="A Prefeitura, por meio da Manaus Previdência, realiza, nesta terça-feira, 28/4, a segunda edição de 2026 do programa “Feliz Vida Nova”." />
<meta name="robots" content="index, follow, max-snippet:-1, max-image-preview:large, max-video-preview:-1" />
<link rel="canonical" href="https://www.manaus.am.gov.br/semcom/pautas/prefeitura-de-manaus-homenageia-e-orienta-servidores-recem-aposentados/" />
<meta property="og:locale" content="pt_BR" />
<meta property="og:type" content="article" />
<meta property="og:title" content="Prefeitura homenageia e orienta servidores recém-aposentados" />
<meta property="og:description" content="A Prefeitura, por meio da Manaus Previdência, realiza, nesta terça-feira, 28/4, a segunda edição de 2026 do programa “Feliz Vida Nova”." />
<meta property="og:url" content="https://www.manaus.am.gov.br/semcom/pautas/prefeitura-de-manaus-homenageia-e-orienta-servidores-recem-aposentados/" />
<meta property="og:site_name" content="SEMCOM" />
<meta property="article:modified_time" content="2026-04-27T20:14:18+00:00" />
<meta property="og:image" content="https://www.manaus.am.gov.br/semcom/wp-content/uploads/sites/5/2023/02/sugestaodepauta.png" />
	<meta property="og:image:width" content="1020" />
	<meta property="og:image:height" content="540" />
	<meta property="og:image:type" content="image/png" />
<meta name="twitter:card" content="summary_large_image" />
<meta name="twitter:label1" content="Est. reading time" />
	<meta name="twitter:data1" content="2 minutos" />
<script type="application/ld+json" class="yoast-schema-graph">{"@context":"https://schema.org","@graph":[{"@type":"WebPage","@id":"https://www.manaus.am.gov.br/semcom/pautas/prefeitura-de-manaus-homenageia-e-orienta-servidores-recem-aposentados/","url":"https://www.manaus.am.gov.br/semcom/pautas/prefeitura-de-manaus-homenageia-e-orienta-servidores-recem-aposentados/","name":"Prefeitura homenageia e orienta servidores recém-aposentados","isPartOf":{"@id":"https://www.manaus.am.gov.br/semcom/#website"},"primaryImageOfPage":{"@id":"https://www.manaus.am.gov.br/semcom/pautas/prefeitura-de-manaus-homenageia-e-orienta-servidores-recem-aposentados/#primaryimage"},"image":{"@id":"https://www.manaus.am.gov.br/semcom/pautas/prefeitura-de-manaus-homenageia-e-orienta-servidores-recem-aposentados/#primaryimage"},"thumbnailUrl":"https://www.manaus.am.gov.br/semcom/wp-content/uploads/sites/5/2023/02/sugestaodepauta.png","datePublished":"2026-04-27T20:14:17+00:00","dateModified":"2026-04-27T20:14:18+00:00","description":"A Prefeitura, por meio da Manaus Previdência, realiza, nesta terça-feira, 28/4, a segunda edição de 2026 do programa “Feliz Vida Nova”.","inLanguage":"pt-BR","potentialAction":[{"@type":"ReadAction","target":["https://www.manaus.am.gov.br/semcom/pautas/prefeitura-de-manaus-homenageia-e-orienta-servidores-recem-aposentados/"]}]},{"@type":"ImageObject","inLanguage":"pt-BR","@id":"https://www.manaus.am.gov.br/semcom/pautas/prefeitura-de-manaus-homenageia-e-orienta-servidores-recem-aposentados/#primaryimage","url":"https://www.manaus.am.gov.br/semcom/wp-content/uploads/sites/5/2023/02/sugestaodepauta.png","contentUrl":"https://www.manaus.am.gov.br/semcom/wp-content/uploads/sites/5/2023/02/sugestaodepauta.png","width":1020,"height":540},{"@type":"WebSite","@id":"https://www.manaus.am.gov.br/semcom/#website","url":"https://www.manaus.am.gov.br/semcom/","name":"SEMCOM","description":"Secretaria Municipal de Comunicação","potentialAction":[{"@type":"SearchAction","target":{"@type":"EntryPoint","urlTemplate":"https://www.manaus.am.gov.br/semcom/?s={search_term_string}"},"query-input":"required name=search_term_string"}],"inLanguage":"pt-BR"}]}</script>
<!-- / Yoast SEO plugin. -->

Prefeitura homenageia e orienta servidores recém-aposentados

A Prefeitura, por meio da Manaus Previdência, realiza, nesta terça-feira, 28/4, a segunda edição de 2026 do programa “Feliz Vida Nova”.

Secretaria Municipal de Comunicação
