{"id":257403,"date":"2026-04-27T14:31:19","date_gmt":"2026-04-27T17:31:19","guid":{"rendered":"https:\/\/www.manaus.am.gov.br\/semcom\/?post_type=pautas&#038;p=257403"},"modified":"2026-04-27T14:31:20","modified_gmt":"2026-04-27T17:31:20","slug":"manausprev-audiencia-prestacaodecontas","status":"publish","type":"pautas","link":"https:\/\/www.manaus.am.gov.br\/semcom\/pautas\/manausprev-audiencia-prestacaodecontas\/","title":{"rendered":"Manausprev realiza audi\u00eancia p\u00fablica para prestar contas das a\u00e7\u00f5es previdenci\u00e1rias"},"content":{"rendered":"\n<p>Com o compromisso de fortalecer a transpar\u00eancia e o di\u00e1logo com a sociedade, a Prefeitura de Manaus, por meio da Manaus Previd\u00eancia realiza, nesta quarta-feira, 29\/4, \u00e0s 14h, a audi\u00eancia p\u00fablica anual para apresenta\u00e7\u00e3o das a\u00e7\u00f5es e resultados da autarquia ao longo de 2025.<\/p>\n\n\n\n<p>Aberto ao p\u00fablico, o encontro acontecer\u00e1 de forma h\u00edbrida: presencialmente, no audit\u00f3rio da prefeitura, Isabel Victoria de Mattos Pereira do Carmo Ribeiro, no bairro Compensa, zona Oeste, e com transmiss\u00e3o ao vivo pelo canal da prefeitura, no YouTube, com link j\u00e1 dispon\u00edvel para acesso e inscri\u00e7\u00e3o (<a href=\"https:\/\/www.youtube.com\/live\/OWV40xf_f4k\" target=\"_blank\" rel=\"noreferrer noopener\">https:\/\/www.youtube.com\/live\/OWV40xf_f4k<\/a>).<\/p>\n\n\n\n<p>Ser\u00e3o apresentados dados e indicadores que comp\u00f5em o relat\u00f3rio de governan\u00e7a da Manausprev, incluindo o balan\u00e7o da concess\u00e3o de benef\u00edcios a aposentados e pensionistas, os programas e projetos desenvolvidos, a performance da carteira de investimentos, al\u00e9m da situa\u00e7\u00e3o atuarial do regime. O p\u00fablico tamb\u00e9m conhecer\u00e1 os avan\u00e7os institucionais que consolidam a autarquia como refer\u00eancia nacional em gest\u00e3o previdenci\u00e1ria.<\/p>\n\n\n\n<p>O gerente de Previd\u00eancia, Caio Andrade, estar\u00e1 dispon\u00edvel para atendimento \u00e0 imprensa.<\/p>\n\n\n\n<p><strong>SERVI\u00c7O:<\/strong><\/p>\n\n\n\n<p><strong>O qu\u00ea<\/strong> \u2013&nbsp;Manausprev realiza audi\u00eancia p\u00fablica para prestar contas das a\u00e7\u00f5es previdenci\u00e1rias<\/p>\n\n\n\n<p><strong>Quando<\/strong> \u2013&nbsp;Quarta-feira, 29\/4<\/p>\n\n\n\n<p><strong>Hor\u00e1rio<\/strong> \u2013&nbsp;14h \u00e0s 16h<\/p>\n\n\n\n<p><strong>Local<\/strong> &#8211;&nbsp;Audit\u00f3rio da Prefeitura de Manaus, localizado na avenida Brasil, n\u00ba 2.971, bairro Compensa, zona Oeste<\/p>\n\n\n\n<p><strong>Localiza\u00e7\u00e3o<\/strong> \u2013&nbsp;<a href=\"https:\/\/maps.app.goo.gl\/hiBoW3gUCUGjxRrTA\" target=\"_blank\" rel=\"noreferrer noopener\">https:\/\/maps.app.goo.gl\/hiBoW3gUCUGjxRrTA<\/a><\/p>\n","protected":false},"featured_media":208729,"template":"","categories":[800,742],"acf":[],"yoast_head":"<!-- This site is optimized with the Yoast SEO plugin v23.0 - https:\/\/yoast.com\/wordpress\/plugins\/seo\/ -->\n<title>Manausprev realiza audi\u00eancia p\u00fablica para prestar contas das a\u00e7\u00f5es previdenci\u00e1rias<\/title>\n<meta name=\"description\" content=\"Com o compromisso de fortalecer a transpar\u00eancia e o di\u00e1logo com a sociedade, a Prefeitura de Manaus, por meio da Manaus Previd\u00eancia realiza, nesta quarta-feira, 29\/4, \u00e0s 14h, a audi\u00eancia p\u00fablica anual para apresenta\u00e7\u00e3o das a\u00e7\u00f5es e resultados da autarquia ao longo de 2025.\" \/>\n<meta name=\"robots\" content=\"index, follow, max-snippet:-1, max-image-preview:large, max-video-preview:-1\" \/>\n<link rel=\"canonical\" href=\"https:\/\/www.manaus.am.gov.br\/semcom\/pautas\/manausprev-audiencia-prestacaodecontas\/\" \/>\n<meta property=\"og:locale\" content=\"pt_BR\" \/>\n<meta property=\"og:type\" content=\"article\" \/>\n<meta property=\"og:title\" content=\"Manausprev realiza audi\u00eancia p\u00fablica para prestar contas das a\u00e7\u00f5es previdenci\u00e1rias\" \/>\n<meta property=\"og:description\" content=\"Com o compromisso de fortalecer a transpar\u00eancia e o di\u00e1logo com a sociedade, a Prefeitura de Manaus, por meio da Manaus Previd\u00eancia realiza, nesta quarta-feira, 29\/4, \u00e0s 14h, a audi\u00eancia p\u00fablica anual para apresenta\u00e7\u00e3o das a\u00e7\u00f5es e resultados da autarquia ao longo de 2025.\" \/>\n<meta property=\"og:url\" content=\"https:\/\/www.manaus.am.gov.br\/semcom\/pautas\/manausprev-audiencia-prestacaodecontas\/\" \/>\n<meta property=\"og:site_name\" content=\"SEMCOM\" \/>\n<meta property=\"article:modified_time\" content=\"2026-04-27T17:31:20+00:00\" \/>\n<meta property=\"og:image\" content=\"https:\/\/www.manaus.am.gov.br\/semcom\/wp-content\/uploads\/sites\/5\/2023\/02\/sugestaodepauta.png\" \/>\n\t<meta property=\"og:image:width\" content=\"1020\" \/>\n\t<meta property=\"og:image:height\" content=\"540\" \/>\n\t<meta property=\"og:image:type\" content=\"image\/png\" \/>\n<meta name=\"twitter:card\" content=\"summary_large_image\" \/>\n<meta name=\"twitter:label1\" content=\"Est. reading time\" \/>\n\t<meta name=\"twitter:data1\" content=\"2 minutos\" \/>\n<script type=\"application\/ld+json\" class=\"yoast-schema-graph\">{\"@context\":\"https:\/\/schema.org\",\"@graph\":[{\"@type\":\"WebPage\",\"@id\":\"https:\/\/www.manaus.am.gov.br\/semcom\/pautas\/manausprev-audiencia-prestacaodecontas\/\",\"url\":\"https:\/\/www.manaus.am.gov.br\/semcom\/pautas\/manausprev-audiencia-prestacaodecontas\/\",\"name\":\"Manausprev realiza audi\u00eancia p\u00fablica para prestar contas das a\u00e7\u00f5es previdenci\u00e1rias\",\"isPartOf\":{\"@id\":\"https:\/\/www.manaus.am.gov.br\/semcom\/#website\"},\"primaryImageOfPage\":{\"@id\":\"https:\/\/www.manaus.am.gov.br\/semcom\/pautas\/manausprev-audiencia-prestacaodecontas\/#primaryimage\"},\"image\":{\"@id\":\"https:\/\/www.manaus.am.gov.br\/semcom\/pautas\/manausprev-audiencia-prestacaodecontas\/#primaryimage\"},\"thumbnailUrl\":\"https:\/\/www.manaus.am.gov.br\/semcom\/wp-content\/uploads\/sites\/5\/2023\/02\/sugestaodepauta.png\",\"datePublished\":\"2026-04-27T17:31:19+00:00\",\"dateModified\":\"2026-04-27T17:31:20+00:00\",\"description\":\"Com o compromisso de fortalecer a transpar\u00eancia e o di\u00e1logo com a sociedade, a Prefeitura de Manaus, por meio da Manaus Previd\u00eancia realiza, nesta quarta-feira, 29\/4, \u00e0s 14h, a audi\u00eancia p\u00fablica anual para apresenta\u00e7\u00e3o das a\u00e7\u00f5es e resultados da autarquia ao longo de 2025.\",\"inLanguage\":\"pt-BR\",\"potentialAction\":[{\"@type\":\"ReadAction\",\"target\":[\"https:\/\/www.manaus.am.gov.br\/semcom\/pautas\/manausprev-audiencia-prestacaodecontas\/\"]}]},{\"@type\":\"ImageObject\",\"inLanguage\":\"pt-BR\",\"@id\":\"https:\/\/www.manaus.am.gov.br\/semcom\/pautas\/manausprev-audiencia-prestacaodecontas\/#primaryimage\",\"url\":\"https:\/\/www.manaus.am.gov.br\/semcom\/wp-content\/uploads\/sites\/5\/2023\/02\/sugestaodepauta.png\",\"contentUrl\":\"https:\/\/www.manaus.am.gov.br\/semcom\/wp-content\/uploads\/sites\/5\/2023\/02\/sugestaodepauta.png\",\"width\":1020,\"height\":540},{\"@type\":\"WebSite\",\"@id\":\"https:\/\/www.manaus.am.gov.br\/semcom\/#website\",\"url\":\"https:\/\/www.manaus.am.gov.br\/semcom\/\",\"name\":\"SEMCOM\",\"description\":\"Secretaria Municipal de Comunica\u00e7\u00e3o\",\"potentialAction\":[{\"@type\":\"SearchAction\",\"target\":{\"@type\":\"EntryPoint\",\"urlTemplate\":\"https:\/\/www.manaus.am.gov.br\/semcom\/?s={search_term_string}\"},\"query-input\":\"required name=search_term_string\"}],\"inLanguage\":\"pt-BR\"}]}<\/script>\n<!-- \/ Yoast SEO plugin. -->","yoast_head_json":{"title":"Manausprev realiza audi\u00eancia p\u00fablica para prestar contas das a\u00e7\u00f5es previdenci\u00e1rias","description":"Com o compromisso de fortalecer a transpar\u00eancia e o di\u00e1logo com a sociedade, a Prefeitura de Manaus, por meio da Manaus Previd\u00eancia realiza, nesta quarta-feira, 29\/4, \u00e0s 14h, a audi\u00eancia p\u00fablica anual para apresenta\u00e7\u00e3o das a\u00e7\u00f5es e resultados da autarquia ao longo de 2025.","robots":{"index":"index","follow":"follow","max-snippet":"max-snippet:-1","max-image-preview":"max-image-preview:large","max-video-preview":"max-video-preview:-1"},"canonical":"https:\/\/www.manaus.am.gov.br\/semcom\/pautas\/manausprev-audiencia-prestacaodecontas\/","og_locale":"pt_BR","og_type":"article","og_title":"Manausprev realiza audi\u00eancia p\u00fablica para prestar contas das a\u00e7\u00f5es previdenci\u00e1rias","og_description":"Com o compromisso de fortalecer a transpar\u00eancia e o di\u00e1logo com a sociedade, a Prefeitura de Manaus, por meio da Manaus Previd\u00eancia realiza, nesta quarta-feira, 29\/4, \u00e0s 14h, a audi\u00eancia p\u00fablica anual para apresenta\u00e7\u00e3o das a\u00e7\u00f5es e resultados da autarquia ao longo de 2025.","og_url":"https:\/\/www.manaus.am.gov.br\/semcom\/pautas\/manausprev-audiencia-prestacaodecontas\/","og_site_name":"SEMCOM","article_modified_time":"2026-04-27T17:31:20+00:00","og_image":[{"width":1020,"height":540,"url":"https:\/\/www.manaus.am.gov.br\/semcom\/wp-content\/uploads\/sites\/5\/2023\/02\/sugestaodepauta.png","type":"image\/png"}],"twitter_card":"summary_large_image","twitter_misc":{"Est. reading time":"2 minutos"},"schema":{"@context":"https:\/\/schema.org","@graph":[{"@type":"WebPage","@id":"https:\/\/www.manaus.am.gov.br\/semcom\/pautas\/manausprev-audiencia-prestacaodecontas\/","url":"https:\/\/www.manaus.am.gov.br\/semcom\/pautas\/manausprev-audiencia-prestacaodecontas\/","name":"Manausprev realiza audi\u00eancia p\u00fablica para prestar contas das a\u00e7\u00f5es previdenci\u00e1rias","isPartOf":{"@id":"https:\/\/www.manaus.am.gov.br\/semcom\/#website"},"primaryImageOfPage":{"@id":"https:\/\/www.manaus.am.gov.br\/semcom\/pautas\/manausprev-audiencia-prestacaodecontas\/#primaryimage"},"image":{"@id":"https:\/\/www.manaus.am.gov.br\/semcom\/pautas\/manausprev-audiencia-prestacaodecontas\/#primaryimage"},"thumbnailUrl":"https:\/\/www.manaus.am.gov.br\/semcom\/wp-content\/uploads\/sites\/5\/2023\/02\/sugestaodepauta.png","datePublished":"2026-04-27T17:31:19+00:00","dateModified":"2026-04-27T17:31:20+00:00","description":"Com o compromisso de fortalecer a transpar\u00eancia e o di\u00e1logo com a sociedade, a Prefeitura de Manaus, por meio da Manaus Previd\u00eancia realiza, nesta quarta-feira, 29\/4, \u00e0s 14h, a audi\u00eancia p\u00fablica anual para apresenta\u00e7\u00e3o das a\u00e7\u00f5es e resultados da autarquia ao longo de 2025.","inLanguage":"pt-BR","potentialAction":[{"@type":"ReadAction","target":["https:\/\/www.manaus.am.gov.br\/semcom\/pautas\/manausprev-audiencia-prestacaodecontas\/"]}]},{"@type":"ImageObject","inLanguage":"pt-BR","@id":"https:\/\/www.manaus.am.gov.br\/semcom\/pautas\/manausprev-audiencia-prestacaodecontas\/#primaryimage","url":"https:\/\/www.manaus.am.gov.br\/semcom\/wp-content\/uploads\/sites\/5\/2023\/02\/sugestaodepauta.png","contentUrl":"https:\/\/www.manaus.am.gov.br\/semcom\/wp-content\/uploads\/sites\/5\/2023\/02\/sugestaodepauta.png","width":1020,"height":540},{"@type":"WebSite","@id":"https:\/\/www.manaus.am.gov.br\/semcom\/#website","url":"https:\/\/www.manaus.am.gov.br\/semcom\/","name":"SEMCOM","description":"Secretaria Municipal de Comunica\u00e7\u00e3o","potentialAction":[{"@type":"SearchAction","target":{"@type":"EntryPoint","urlTemplate":"https:\/\/www.manaus.am.gov.br\/semcom\/?s={search_term_string}"},"query-input":"required name=search_term_string"}],"inLanguage":"pt-BR"}]}},"_links":{"self":[{"href":"https:\/\/www.manaus.am.gov.br\/semcom\/wp-json\/wp\/v2\/pautas\/257403"}],"collection":[{"href":"https:\/\/www.manaus.am.gov.br\/semcom\/wp-json\/wp\/v2\/pautas"}],"about":[{"href":"https:\/\/www.manaus.am.gov.br\/semcom\/wp-json\/wp\/v2\/types\/pautas"}],"wp:featuredmedia":[{"embeddable":true,"href":"https:\/\/www.manaus.am.gov.br\/semcom\/wp-json\/wp\/v2\/media\/208729"}],"wp:attachment":[{"href":"https:\/\/www.manaus.am.gov.br\/semcom\/wp-json\/wp\/v2\/media?parent=257403"}],"wp:term":[{"taxonomy":"category","embeddable":true,"href":"https:\/\/www.manaus.am.gov.br\/semcom\/wp-json\/wp\/v2\/categories?post=257403"}],"curies":[{"name":"wp","href":"https:\/\/api.w.org\/{rel}","templated":true}]}}

Manausprev realiza audiência pública para prestar contas das ações previdenciárias

<p>Com o compromisso de fortalecer a transparência e o diálogo com a sociedade, a Prefeitura de Manaus, por meio da Manaus Previdência realiza, nesta quarta-feira, 29/4, às 14h, a audiência pública anual para apresentação das ações e resultados da autarquia ao longo de 2025.</p>



<p>Aberto ao público, o encontro acontecerá de forma híbrida: presencialmente, no auditório da prefeitura, Isabel Victoria de Mattos Pereira do Carmo Ribeiro, no bairro Compensa, zona Oeste, e com transmissão ao vivo pelo canal da prefeitura, no YouTube, com link já disponível para acesso e inscrição (<a href="https://www.youtube.com/live/OWV40xf_f4k" target="_blank" rel="noreferrer noopener">https://www.youtube.com/live/OWV40xf_f4k</a>).</p>



<p>Serão apresentados dados e indicadores que compõem o relatório de governança da Manausprev, incluindo o balanço da concessão de benefícios a aposentados e pensionistas, os programas e projetos desenvolvidos, a performance da carteira de investimentos, além da situação atuarial do regime. O público também conhecerá os avanços institucionais que consolidam a autarquia como referência nacional em gestão previdenciária.</p>



<p>O gerente de Previdência, Caio Andrade, estará disponível para atendimento à imprensa.</p>



<p><strong>SERVIÇO:</strong></p>



<p><strong>O quê</strong> –&nbsp;Manausprev realiza audiência pública para prestar contas das ações previdenciárias</p>



<p><strong>Quando</strong> –&nbsp;Quarta-feira, 29/4</p>



<p><strong>Horário</strong> –&nbsp;14h às 16h</p>



<p><strong>Local</strong> &#8211;&nbsp;Auditório da Prefeitura de Manaus, localizado na avenida Brasil, nº 2.971, bairro Compensa, zona Oeste</p>



<p><strong>Localização</strong> –&nbsp;<a href="https://maps.app.goo.gl/hiBoW3gUCUGjxRrTA" target="_blank" rel="noreferrer noopener">https://maps.app.goo.gl/hiBoW3gUCUGjxRrTA</a></p>

<!-- This site is optimized with the Yoast SEO plugin v23.0 - https://yoast.com/wordpress/plugins/seo/ -->
<title>Manausprev realiza audiência pública para prestar contas das ações previdenciárias</title>
<meta name="description" content="Com o compromisso de fortalecer a transparência e o diálogo com a sociedade, a Prefeitura de Manaus, por meio da Manaus Previdência realiza, nesta quarta-feira, 29/4, às 14h, a audiência pública anual para apresentação das ações e resultados da autarquia ao longo de 2025." />
<meta name="robots" content="index, follow, max-snippet:-1, max-image-preview:large, max-video-preview:-1" />
<link rel="canonical" href="https://www.manaus.am.gov.br/semcom/pautas/manausprev-audiencia-prestacaodecontas/" />
<meta property="og:locale" content="pt_BR" />
<meta property="og:type" content="article" />
<meta property="og:title" content="Manausprev realiza audiência pública para prestar contas das ações previdenciárias" />
<meta property="og:description" content="Com o compromisso de fortalecer a transparência e o diálogo com a sociedade, a Prefeitura de Manaus, por meio da Manaus Previdência realiza, nesta quarta-feira, 29/4, às 14h, a audiência pública anual para apresentação das ações e resultados da autarquia ao longo de 2025." />
<meta property="og:url" content="https://www.manaus.am.gov.br/semcom/pautas/manausprev-audiencia-prestacaodecontas/" />
<meta property="og:site_name" content="SEMCOM" />
<meta property="article:modified_time" content="2026-04-27T17:31:20+00:00" />
<meta property="og:image" content="https://www.manaus.am.gov.br/semcom/wp-content/uploads/sites/5/2023/02/sugestaodepauta.png" />
	<meta property="og:image:width" content="1020" />
	<meta property="og:image:height" content="540" />
	<meta property="og:image:type" content="image/png" />
<meta name="twitter:card" content="summary_large_image" />
<meta name="twitter:label1" content="Est. reading time" />
	<meta name="twitter:data1" content="2 minutos" />
<script type="application/ld+json" class="yoast-schema-graph">{"@context":"https://schema.org","@graph":[{"@type":"WebPage","@id":"https://www.manaus.am.gov.br/semcom/pautas/manausprev-audiencia-prestacaodecontas/","url":"https://www.manaus.am.gov.br/semcom/pautas/manausprev-audiencia-prestacaodecontas/","name":"Manausprev realiza audiência pública para prestar contas das ações previdenciárias","isPartOf":{"@id":"https://www.manaus.am.gov.br/semcom/#website"},"primaryImageOfPage":{"@id":"https://www.manaus.am.gov.br/semcom/pautas/manausprev-audiencia-prestacaodecontas/#primaryimage"},"image":{"@id":"https://www.manaus.am.gov.br/semcom/pautas/manausprev-audiencia-prestacaodecontas/#primaryimage"},"thumbnailUrl":"https://www.manaus.am.gov.br/semcom/wp-content/uploads/sites/5/2023/02/sugestaodepauta.png","datePublished":"2026-04-27T17:31:19+00:00","dateModified":"2026-04-27T17:31:20+00:00","description":"Com o compromisso de fortalecer a transparência e o diálogo com a sociedade, a Prefeitura de Manaus, por meio da Manaus Previdência realiza, nesta quarta-feira, 29/4, às 14h, a audiência pública anual para apresentação das ações e resultados da autarquia ao longo de 2025.","inLanguage":"pt-BR","potentialAction":[{"@type":"ReadAction","target":["https://www.manaus.am.gov.br/semcom/pautas/manausprev-audiencia-prestacaodecontas/"]}]},{"@type":"ImageObject","inLanguage":"pt-BR","@id":"https://www.manaus.am.gov.br/semcom/pautas/manausprev-audiencia-prestacaodecontas/#primaryimage","url":"https://www.manaus.am.gov.br/semcom/wp-content/uploads/sites/5/2023/02/sugestaodepauta.png","contentUrl":"https://www.manaus.am.gov.br/semcom/wp-content/uploads/sites/5/2023/02/sugestaodepauta.png","width":1020,"height":540},{"@type":"WebSite","@id":"https://www.manaus.am.gov.br/semcom/#website","url":"https://www.manaus.am.gov.br/semcom/","name":"SEMCOM","description":"Secretaria Municipal de Comunicação","potentialAction":[{"@type":"SearchAction","target":{"@type":"EntryPoint","urlTemplate":"https://www.manaus.am.gov.br/semcom/?s={search_term_string}"},"query-input":"required name=search_term_string"}],"inLanguage":"pt-BR"}]}</script>
<!-- / Yoast SEO plugin. -->

Com o compromisso de fortalecer a transparência e o diálogo com a sociedade, a Prefeitura de Manaus, por meio da Manaus Previdência realiza, nesta quarta-feira, 29/4, às 14h, a audiência pública anual para apresentação das ações e resultados da autarquia ao longo de 2025.

Secretaria Municipal de Comunicação
