{"id":257347,"date":"2026-04-24T17:28:22","date_gmt":"2026-04-24T20:28:22","guid":{"rendered":"https:\/\/www.manaus.am.gov.br\/semcom\/?post_type=pautas&#038;p=257347"},"modified":"2026-04-24T17:28:22","modified_gmt":"2026-04-24T20:28:22","slug":"feirinha-da-manausprev-tera-emissao-de-credencial-de-estacionamento-e-acesso-a-tarifa-social-de-agua-nesta-segunda-feira-27","status":"publish","type":"pautas","link":"https:\/\/www.manaus.am.gov.br\/semcom\/pautas\/feirinha-da-manausprev-tera-emissao-de-credencial-de-estacionamento-e-acesso-a-tarifa-social-de-agua-nesta-segunda-feira-27\/","title":{"rendered":"\u2018Feirinha da Manausprev\u2019 ter\u00e1 emiss\u00e3o de credencial de estacionamento e acesso \u00e0 tarifa social de \u00e1gua nesta segunda-feira, 27"},"content":{"rendered":"\n<p>A Prefeitura de Manaus, por meio da Manaus Previd\u00eancia (Manausprev), realiza, nesta segunda-feira, 27\/4, das 8h \u00e0s 13h, a edi\u00e7\u00e3o turbinada da \u201cFeirinha da Manausprev\u201d. Al\u00e9m da tradicional comercializa\u00e7\u00e3o de hortifruti, artesanato e comidas regionais, a a\u00e7\u00e3o tamb\u00e9m contar\u00e1 com a emiss\u00e3o de credencial especial de estacionamento para pessoas idosas e com defici\u00eancia, inclus\u00e3o na tarifa social de \u00e1gua e esgoto e negocia\u00e7\u00e3o de d\u00edvidas de abastecimento de \u00e1gua.<\/p>\n\n\n\n<p>A feirinha conta com a parceria da Secretaria Municipal do Trabalho, Empreendedorismo e Inova\u00e7\u00e3o (Semtepi), do Instituto Municipal de Mobilidade Urbana (IMMU) e da concession\u00e1ria \u00c1guas de Manaus. As institui\u00e7\u00f5es v\u00e3o levar o atendimento diretamente ao p\u00fablico que comparecer \u00e0 sede da Manausprev, na avenida Constantino Nery, bairro Chapada, zona Centro-Sul.<\/p>\n\n\n\n<p>O porta-voz da Manausprev estar\u00e1 presente durante a a\u00e7\u00e3o para atender \u00e0 imprensa.&nbsp;&nbsp;<\/p>\n\n\n\n<p><strong>SERVI\u00c7O<\/strong><\/p>\n\n\n\n<p><strong>O qu\u00ea \u2013 <\/strong>Edi\u00e7\u00e3o turbinada da \u2018Feirinha da Manausprev\u2019 com emiss\u00e3o de credencial especial de estacionamento e oferta de servi\u00e7os de abastecimento de \u00e1gua<\/p>\n\n\n\n<p><strong>Quando \u2013 <\/strong>Segunda-feira, 27\/4<\/p>\n\n\n\n<p><strong>Hor\u00e1rio &#8211; <\/strong>8h \u00e0s 13h<\/p>\n\n\n\n<p><strong>Local &#8211; <\/strong>Sede da Manausprev, na avenida Constantino Nery, 2.480, bairro Chapada, zona Centro-Sul.<\/p>\n\n\n\n<p><strong>Localiza\u00e7\u00e3o &#8211; <\/strong><a href=\"https:\/\/maps.app.goo.gl\/rfTA4CPRKBNHBezm8\">https:\/\/maps.app.goo.gl\/rfTA4CPRKBNHBezm8<\/a><\/p>\n","protected":false},"featured_media":208729,"template":"","categories":[800],"acf":[],"yoast_head":"<!-- This site is optimized with the Yoast SEO plugin v23.0 - https:\/\/yoast.com\/wordpress\/plugins\/seo\/ -->\n<title>\u2018Feirinha da Manausprev\u2019 ter\u00e1 emiss\u00e3o de credencial de estacionamento e acesso \u00e0 tarifa social de \u00e1gua nesta segunda-feira, 27<\/title>\n<meta name=\"description\" content=\"A Prefeitura de Manaus realiza, nesta segunda-feira, 27\/4, das 8h \u00e0s 13h, a edi\u00e7\u00e3o turbinada da \u201cFeirinha da Manausprev\u201d.\" \/>\n<meta name=\"robots\" content=\"index, follow, max-snippet:-1, max-image-preview:large, max-video-preview:-1\" \/>\n<link rel=\"canonical\" href=\"https:\/\/www.manaus.am.gov.br\/semcom\/pautas\/feirinha-da-manausprev-tera-emissao-de-credencial-de-estacionamento-e-acesso-a-tarifa-social-de-agua-nesta-segunda-feira-27\/\" \/>\n<meta property=\"og:locale\" content=\"pt_BR\" \/>\n<meta property=\"og:type\" content=\"article\" \/>\n<meta property=\"og:title\" content=\"\u2018Feirinha da Manausprev\u2019 ter\u00e1 emiss\u00e3o de credencial de estacionamento e acesso \u00e0 tarifa social de \u00e1gua nesta segunda-feira, 27\" \/>\n<meta property=\"og:description\" content=\"A Prefeitura de Manaus realiza, nesta segunda-feira, 27\/4, das 8h \u00e0s 13h, a edi\u00e7\u00e3o turbinada da \u201cFeirinha da Manausprev\u201d.\" \/>\n<meta property=\"og:url\" content=\"https:\/\/www.manaus.am.gov.br\/semcom\/pautas\/feirinha-da-manausprev-tera-emissao-de-credencial-de-estacionamento-e-acesso-a-tarifa-social-de-agua-nesta-segunda-feira-27\/\" \/>\n<meta property=\"og:site_name\" content=\"SEMCOM\" \/>\n<meta property=\"og:image\" content=\"https:\/\/www.manaus.am.gov.br\/semcom\/wp-content\/uploads\/sites\/5\/2023\/02\/sugestaodepauta.png\" \/>\n\t<meta property=\"og:image:width\" content=\"1020\" \/>\n\t<meta property=\"og:image:height\" content=\"540\" \/>\n\t<meta property=\"og:image:type\" content=\"image\/png\" \/>\n<meta name=\"twitter:card\" content=\"summary_large_image\" \/>\n<meta name=\"twitter:label1\" content=\"Est. reading time\" \/>\n\t<meta name=\"twitter:data1\" content=\"2 minutos\" \/>\n<script type=\"application\/ld+json\" class=\"yoast-schema-graph\">{\"@context\":\"https:\/\/schema.org\",\"@graph\":[{\"@type\":\"WebPage\",\"@id\":\"https:\/\/www.manaus.am.gov.br\/semcom\/pautas\/feirinha-da-manausprev-tera-emissao-de-credencial-de-estacionamento-e-acesso-a-tarifa-social-de-agua-nesta-segunda-feira-27\/\",\"url\":\"https:\/\/www.manaus.am.gov.br\/semcom\/pautas\/feirinha-da-manausprev-tera-emissao-de-credencial-de-estacionamento-e-acesso-a-tarifa-social-de-agua-nesta-segunda-feira-27\/\",\"name\":\"\u2018Feirinha da Manausprev\u2019 ter\u00e1 emiss\u00e3o de credencial de estacionamento e acesso \u00e0 tarifa social de \u00e1gua nesta segunda-feira, 27\",\"isPartOf\":{\"@id\":\"https:\/\/www.manaus.am.gov.br\/semcom\/#website\"},\"primaryImageOfPage\":{\"@id\":\"https:\/\/www.manaus.am.gov.br\/semcom\/pautas\/feirinha-da-manausprev-tera-emissao-de-credencial-de-estacionamento-e-acesso-a-tarifa-social-de-agua-nesta-segunda-feira-27\/#primaryimage\"},\"image\":{\"@id\":\"https:\/\/www.manaus.am.gov.br\/semcom\/pautas\/feirinha-da-manausprev-tera-emissao-de-credencial-de-estacionamento-e-acesso-a-tarifa-social-de-agua-nesta-segunda-feira-27\/#primaryimage\"},\"thumbnailUrl\":\"https:\/\/www.manaus.am.gov.br\/semcom\/wp-content\/uploads\/sites\/5\/2023\/02\/sugestaodepauta.png\",\"datePublished\":\"2026-04-24T20:28:22+00:00\",\"dateModified\":\"2026-04-24T20:28:22+00:00\",\"description\":\"A Prefeitura de Manaus realiza, nesta segunda-feira, 27\/4, das 8h \u00e0s 13h, a edi\u00e7\u00e3o turbinada da \u201cFeirinha da Manausprev\u201d.\",\"inLanguage\":\"pt-BR\",\"potentialAction\":[{\"@type\":\"ReadAction\",\"target\":[\"https:\/\/www.manaus.am.gov.br\/semcom\/pautas\/feirinha-da-manausprev-tera-emissao-de-credencial-de-estacionamento-e-acesso-a-tarifa-social-de-agua-nesta-segunda-feira-27\/\"]}]},{\"@type\":\"ImageObject\",\"inLanguage\":\"pt-BR\",\"@id\":\"https:\/\/www.manaus.am.gov.br\/semcom\/pautas\/feirinha-da-manausprev-tera-emissao-de-credencial-de-estacionamento-e-acesso-a-tarifa-social-de-agua-nesta-segunda-feira-27\/#primaryimage\",\"url\":\"https:\/\/www.manaus.am.gov.br\/semcom\/wp-content\/uploads\/sites\/5\/2023\/02\/sugestaodepauta.png\",\"contentUrl\":\"https:\/\/www.manaus.am.gov.br\/semcom\/wp-content\/uploads\/sites\/5\/2023\/02\/sugestaodepauta.png\",\"width\":1020,\"height\":540},{\"@type\":\"WebSite\",\"@id\":\"https:\/\/www.manaus.am.gov.br\/semcom\/#website\",\"url\":\"https:\/\/www.manaus.am.gov.br\/semcom\/\",\"name\":\"SEMCOM\",\"description\":\"Secretaria Municipal de Comunica\u00e7\u00e3o\",\"potentialAction\":[{\"@type\":\"SearchAction\",\"target\":{\"@type\":\"EntryPoint\",\"urlTemplate\":\"https:\/\/www.manaus.am.gov.br\/semcom\/?s={search_term_string}\"},\"query-input\":\"required name=search_term_string\"}],\"inLanguage\":\"pt-BR\"}]}<\/script>\n<!-- \/ Yoast SEO plugin. -->","yoast_head_json":{"title":"\u2018Feirinha da Manausprev\u2019 ter\u00e1 emiss\u00e3o de credencial de estacionamento e acesso \u00e0 tarifa social de \u00e1gua nesta segunda-feira, 27","description":"A Prefeitura de Manaus realiza, nesta segunda-feira, 27\/4, das 8h \u00e0s 13h, a edi\u00e7\u00e3o turbinada da \u201cFeirinha da Manausprev\u201d.","robots":{"index":"index","follow":"follow","max-snippet":"max-snippet:-1","max-image-preview":"max-image-preview:large","max-video-preview":"max-video-preview:-1"},"canonical":"https:\/\/www.manaus.am.gov.br\/semcom\/pautas\/feirinha-da-manausprev-tera-emissao-de-credencial-de-estacionamento-e-acesso-a-tarifa-social-de-agua-nesta-segunda-feira-27\/","og_locale":"pt_BR","og_type":"article","og_title":"\u2018Feirinha da Manausprev\u2019 ter\u00e1 emiss\u00e3o de credencial de estacionamento e acesso \u00e0 tarifa social de \u00e1gua nesta segunda-feira, 27","og_description":"A Prefeitura de Manaus realiza, nesta segunda-feira, 27\/4, das 8h \u00e0s 13h, a edi\u00e7\u00e3o turbinada da \u201cFeirinha da Manausprev\u201d.","og_url":"https:\/\/www.manaus.am.gov.br\/semcom\/pautas\/feirinha-da-manausprev-tera-emissao-de-credencial-de-estacionamento-e-acesso-a-tarifa-social-de-agua-nesta-segunda-feira-27\/","og_site_name":"SEMCOM","og_image":[{"width":1020,"height":540,"url":"https:\/\/www.manaus.am.gov.br\/semcom\/wp-content\/uploads\/sites\/5\/2023\/02\/sugestaodepauta.png","type":"image\/png"}],"twitter_card":"summary_large_image","twitter_misc":{"Est. reading time":"2 minutos"},"schema":{"@context":"https:\/\/schema.org","@graph":[{"@type":"WebPage","@id":"https:\/\/www.manaus.am.gov.br\/semcom\/pautas\/feirinha-da-manausprev-tera-emissao-de-credencial-de-estacionamento-e-acesso-a-tarifa-social-de-agua-nesta-segunda-feira-27\/","url":"https:\/\/www.manaus.am.gov.br\/semcom\/pautas\/feirinha-da-manausprev-tera-emissao-de-credencial-de-estacionamento-e-acesso-a-tarifa-social-de-agua-nesta-segunda-feira-27\/","name":"\u2018Feirinha da Manausprev\u2019 ter\u00e1 emiss\u00e3o de credencial de estacionamento e acesso \u00e0 tarifa social de \u00e1gua nesta segunda-feira, 27","isPartOf":{"@id":"https:\/\/www.manaus.am.gov.br\/semcom\/#website"},"primaryImageOfPage":{"@id":"https:\/\/www.manaus.am.gov.br\/semcom\/pautas\/feirinha-da-manausprev-tera-emissao-de-credencial-de-estacionamento-e-acesso-a-tarifa-social-de-agua-nesta-segunda-feira-27\/#primaryimage"},"image":{"@id":"https:\/\/www.manaus.am.gov.br\/semcom\/pautas\/feirinha-da-manausprev-tera-emissao-de-credencial-de-estacionamento-e-acesso-a-tarifa-social-de-agua-nesta-segunda-feira-27\/#primaryimage"},"thumbnailUrl":"https:\/\/www.manaus.am.gov.br\/semcom\/wp-content\/uploads\/sites\/5\/2023\/02\/sugestaodepauta.png","datePublished":"2026-04-24T20:28:22+00:00","dateModified":"2026-04-24T20:28:22+00:00","description":"A Prefeitura de Manaus realiza, nesta segunda-feira, 27\/4, das 8h \u00e0s 13h, a edi\u00e7\u00e3o turbinada da \u201cFeirinha da Manausprev\u201d.","inLanguage":"pt-BR","potentialAction":[{"@type":"ReadAction","target":["https:\/\/www.manaus.am.gov.br\/semcom\/pautas\/feirinha-da-manausprev-tera-emissao-de-credencial-de-estacionamento-e-acesso-a-tarifa-social-de-agua-nesta-segunda-feira-27\/"]}]},{"@type":"ImageObject","inLanguage":"pt-BR","@id":"https:\/\/www.manaus.am.gov.br\/semcom\/pautas\/feirinha-da-manausprev-tera-emissao-de-credencial-de-estacionamento-e-acesso-a-tarifa-social-de-agua-nesta-segunda-feira-27\/#primaryimage","url":"https:\/\/www.manaus.am.gov.br\/semcom\/wp-content\/uploads\/sites\/5\/2023\/02\/sugestaodepauta.png","contentUrl":"https:\/\/www.manaus.am.gov.br\/semcom\/wp-content\/uploads\/sites\/5\/2023\/02\/sugestaodepauta.png","width":1020,"height":540},{"@type":"WebSite","@id":"https:\/\/www.manaus.am.gov.br\/semcom\/#website","url":"https:\/\/www.manaus.am.gov.br\/semcom\/","name":"SEMCOM","description":"Secretaria Municipal de Comunica\u00e7\u00e3o","potentialAction":[{"@type":"SearchAction","target":{"@type":"EntryPoint","urlTemplate":"https:\/\/www.manaus.am.gov.br\/semcom\/?s={search_term_string}"},"query-input":"required name=search_term_string"}],"inLanguage":"pt-BR"}]}},"_links":{"self":[{"href":"https:\/\/www.manaus.am.gov.br\/semcom\/wp-json\/wp\/v2\/pautas\/257347"}],"collection":[{"href":"https:\/\/www.manaus.am.gov.br\/semcom\/wp-json\/wp\/v2\/pautas"}],"about":[{"href":"https:\/\/www.manaus.am.gov.br\/semcom\/wp-json\/wp\/v2\/types\/pautas"}],"wp:featuredmedia":[{"embeddable":true,"href":"https:\/\/www.manaus.am.gov.br\/semcom\/wp-json\/wp\/v2\/media\/208729"}],"wp:attachment":[{"href":"https:\/\/www.manaus.am.gov.br\/semcom\/wp-json\/wp\/v2\/media?parent=257347"}],"wp:term":[{"taxonomy":"category","embeddable":true,"href":"https:\/\/www.manaus.am.gov.br\/semcom\/wp-json\/wp\/v2\/categories?post=257347"}],"curies":[{"name":"wp","href":"https:\/\/api.w.org\/{rel}","templated":true}]}}

‘Feirinha da Manausprev’ terá emissão de credencial de estacionamento e acesso à tarifa social de água nesta segunda-feira, 27

<p>A Prefeitura de Manaus, por meio da Manaus Previdência (Manausprev), realiza, nesta segunda-feira, 27/4, das 8h às 13h, a edição turbinada da “Feirinha da Manausprev”. Além da tradicional comercialização de hortifruti, artesanato e comidas regionais, a ação também contará com a emissão de credencial especial de estacionamento para pessoas idosas e com deficiência, inclusão na tarifa social de água e esgoto e negociação de dívidas de abastecimento de água.</p>



<p>A feirinha conta com a parceria da Secretaria Municipal do Trabalho, Empreendedorismo e Inovação (Semtepi), do Instituto Municipal de Mobilidade Urbana (IMMU) e da concessionária Águas de Manaus. As instituições vão levar o atendimento diretamente ao público que comparecer à sede da Manausprev, na avenida Constantino Nery, bairro Chapada, zona Centro-Sul.</p>



<p>O porta-voz da Manausprev estará presente durante a ação para atender à imprensa.&nbsp;&nbsp;</p>



<p><strong>SERVIÇO</strong></p>



<p><strong>O quê – </strong>Edição turbinada da ‘Feirinha da Manausprev’ com emissão de credencial especial de estacionamento e oferta de serviços de abastecimento de água</p>



<p><strong>Quando – </strong>Segunda-feira, 27/4</p>



<p><strong>Horário &#8211; </strong>8h às 13h</p>



<p><strong>Local &#8211; </strong>Sede da Manausprev, na avenida Constantino Nery, 2.480, bairro Chapada, zona Centro-Sul.</p>



<p><strong>Localização &#8211; </strong><a href="https://maps.app.goo.gl/rfTA4CPRKBNHBezm8">https://maps.app.goo.gl/rfTA4CPRKBNHBezm8</a></p>

<!-- This site is optimized with the Yoast SEO plugin v23.0 - https://yoast.com/wordpress/plugins/seo/ -->
<title>‘Feirinha da Manausprev’ terá emissão de credencial de estacionamento e acesso à tarifa social de água nesta segunda-feira, 27</title>
<meta name="description" content="A Prefeitura de Manaus realiza, nesta segunda-feira, 27/4, das 8h às 13h, a edição turbinada da “Feirinha da Manausprev”." />
<meta name="robots" content="index, follow, max-snippet:-1, max-image-preview:large, max-video-preview:-1" />
<link rel="canonical" href="https://www.manaus.am.gov.br/semcom/pautas/feirinha-da-manausprev-tera-emissao-de-credencial-de-estacionamento-e-acesso-a-tarifa-social-de-agua-nesta-segunda-feira-27/" />
<meta property="og:locale" content="pt_BR" />
<meta property="og:type" content="article" />
<meta property="og:title" content="‘Feirinha da Manausprev’ terá emissão de credencial de estacionamento e acesso à tarifa social de água nesta segunda-feira, 27" />
<meta property="og:description" content="A Prefeitura de Manaus realiza, nesta segunda-feira, 27/4, das 8h às 13h, a edição turbinada da “Feirinha da Manausprev”." />
<meta property="og:url" content="https://www.manaus.am.gov.br/semcom/pautas/feirinha-da-manausprev-tera-emissao-de-credencial-de-estacionamento-e-acesso-a-tarifa-social-de-agua-nesta-segunda-feira-27/" />
<meta property="og:site_name" content="SEMCOM" />
<meta property="og:image" content="https://www.manaus.am.gov.br/semcom/wp-content/uploads/sites/5/2023/02/sugestaodepauta.png" />
	<meta property="og:image:width" content="1020" />
	<meta property="og:image:height" content="540" />
	<meta property="og:image:type" content="image/png" />
<meta name="twitter:card" content="summary_large_image" />
<meta name="twitter:label1" content="Est. reading time" />
	<meta name="twitter:data1" content="2 minutos" />
<script type="application/ld+json" class="yoast-schema-graph">{"@context":"https://schema.org","@graph":[{"@type":"WebPage","@id":"https://www.manaus.am.gov.br/semcom/pautas/feirinha-da-manausprev-tera-emissao-de-credencial-de-estacionamento-e-acesso-a-tarifa-social-de-agua-nesta-segunda-feira-27/","url":"https://www.manaus.am.gov.br/semcom/pautas/feirinha-da-manausprev-tera-emissao-de-credencial-de-estacionamento-e-acesso-a-tarifa-social-de-agua-nesta-segunda-feira-27/","name":"‘Feirinha da Manausprev’ terá emissão de credencial de estacionamento e acesso à tarifa social de água nesta segunda-feira, 27","isPartOf":{"@id":"https://www.manaus.am.gov.br/semcom/#website"},"primaryImageOfPage":{"@id":"https://www.manaus.am.gov.br/semcom/pautas/feirinha-da-manausprev-tera-emissao-de-credencial-de-estacionamento-e-acesso-a-tarifa-social-de-agua-nesta-segunda-feira-27/#primaryimage"},"image":{"@id":"https://www.manaus.am.gov.br/semcom/pautas/feirinha-da-manausprev-tera-emissao-de-credencial-de-estacionamento-e-acesso-a-tarifa-social-de-agua-nesta-segunda-feira-27/#primaryimage"},"thumbnailUrl":"https://www.manaus.am.gov.br/semcom/wp-content/uploads/sites/5/2023/02/sugestaodepauta.png","datePublished":"2026-04-24T20:28:22+00:00","dateModified":"2026-04-24T20:28:22+00:00","description":"A Prefeitura de Manaus realiza, nesta segunda-feira, 27/4, das 8h às 13h, a edição turbinada da “Feirinha da Manausprev”.","inLanguage":"pt-BR","potentialAction":[{"@type":"ReadAction","target":["https://www.manaus.am.gov.br/semcom/pautas/feirinha-da-manausprev-tera-emissao-de-credencial-de-estacionamento-e-acesso-a-tarifa-social-de-agua-nesta-segunda-feira-27/"]}]},{"@type":"ImageObject","inLanguage":"pt-BR","@id":"https://www.manaus.am.gov.br/semcom/pautas/feirinha-da-manausprev-tera-emissao-de-credencial-de-estacionamento-e-acesso-a-tarifa-social-de-agua-nesta-segunda-feira-27/#primaryimage","url":"https://www.manaus.am.gov.br/semcom/wp-content/uploads/sites/5/2023/02/sugestaodepauta.png","contentUrl":"https://www.manaus.am.gov.br/semcom/wp-content/uploads/sites/5/2023/02/sugestaodepauta.png","width":1020,"height":540},{"@type":"WebSite","@id":"https://www.manaus.am.gov.br/semcom/#website","url":"https://www.manaus.am.gov.br/semcom/","name":"SEMCOM","description":"Secretaria Municipal de Comunicação","potentialAction":[{"@type":"SearchAction","target":{"@type":"EntryPoint","urlTemplate":"https://www.manaus.am.gov.br/semcom/?s={search_term_string}"},"query-input":"required name=search_term_string"}],"inLanguage":"pt-BR"}]}</script>
<!-- / Yoast SEO plugin. -->

A Prefeitura de Manaus realiza, nesta segunda-feira, 27/4, das 8h às 13h, a edição turbinada da “Feirinha da Manausprev”.

Secretaria Municipal de Comunicação
