{"id":254299,"date":"2026-03-10T16:18:25","date_gmt":"2026-03-10T19:18:25","guid":{"rendered":"https:\/\/www.manaus.am.gov.br\/semcom\/?post_type=pautas&#038;p=254299"},"modified":"2026-03-10T16:18:25","modified_gmt":"2026-03-10T19:18:25","slug":"prefeitura-fdt-cidadaosolidario","status":"publish","type":"pautas","link":"https:\/\/www.manaus.am.gov.br\/semcom\/pautas\/prefeitura-fdt-cidadaosolidario\/","title":{"rendered":"Prefeitura de Manaus realiza o lan\u00e7amento da campanha \u2018Eu Sou Cidad\u00e3o Solid\u00e1rio 2026\u2019"},"content":{"rendered":"\n<p>A Prefeitura de Manaus, por meio da Funda\u00e7\u00e3o de Apoio ao Idoso Doutor Thomas (FDT), realiza, nesta quinta-feira, 12\/3, o lan\u00e7amento da campanha \u201cEu Sou Cidad\u00e3o Solid\u00e1rio 2026\u201d, a partir das 10h, no audit\u00f3rio Isabel Victoria de Mattos Pereira do Carmo Ribeiro, localizado na sede da&nbsp;prefeitura, no bairro Compensa, zona Oeste.<\/p>\n\n\n\n<p>A iniciativa, que re\u00fane a Secretaria Municipal da Mulher, Assist\u00eancia Social e Cidadania (Semasc) e a Secretaria Municipal de Finan\u00e7as e Tecnologia da Informa\u00e7\u00e3o (Semef), al\u00e9m de parceiros estrat\u00e9gicos, visa incentivar os contribuintes a destinarem parte do Imposto de Renda para projetos sociais, por meio do Fundo Municipal dos Direitos da Pessoa Idosa e do Fundo Municipal dos Direitos da Crian\u00e7a e do Adolescente.<\/p>\n\n\n\n<p>Na ocasi\u00e3o, ser\u00e3o detalhados os mecanismos para a destina\u00e7\u00e3o, al\u00e9m de serem discutidos os impactos positivos dessa contribui\u00e7\u00e3o na melhoria da qualidade de vida da popula\u00e7\u00e3o.<\/p>\n\n\n\n<p>A a\u00e7\u00e3o busca engajar a sociedade e o poder p\u00fablico na promo\u00e7\u00e3o de um modelo de doa\u00e7\u00e3o mais acess\u00edvel e eficiente, ampliando os benef\u00edcios para os projetos sociais que atendem as camadas mais vulner\u00e1veis da popula\u00e7\u00e3o.<\/p>\n\n\n\n<p><strong>SERVI\u00c7O:<\/strong><\/p>\n\n\n\n<p><strong>O qu\u00ea<\/strong>&nbsp;\u2013 Lan\u00e7amento da campanha \u201cEu Sou Cidad\u00e3o Solid\u00e1rio 2026\u201d<\/p>\n\n\n\n<p><strong>Quando<\/strong>&nbsp;\u2013 Quinta-feira, 12\/3<\/p>\n\n\n\n<p><strong>Hor\u00e1rio<\/strong>&nbsp;\u2013 10h<\/p>\n\n\n\n<p><strong>Local<\/strong>&nbsp;\u2013 Audit\u00f3rio Isabel Victoria de Mattos Pereira do Carmo Ribeiro, na sede da prefeitura, avenida Brasil,&nbsp;n\u00ba 2.971, bairro Compensa, zona Oeste<\/p>\n\n\n\n<p><strong>Localiza\u00e7\u00e3o<\/strong> \u2013&nbsp;<a href=\"https:\/\/g.co\/kgs\/zX7jjA3\" target=\"_blank\" rel=\"noreferrer noopener\">https:\/\/g.co\/kgs\/zX7jjA3<\/a><\/p>\n\n\n\n<p>&#8212; &#8212; &#8212;<\/p>\n","protected":false},"featured_media":208729,"template":"","categories":[795],"acf":[],"yoast_head":"<!-- This site is optimized with the Yoast SEO plugin v23.0 - https:\/\/yoast.com\/wordpress\/plugins\/seo\/ -->\n<title>Prefeitura de Manaus realiza o lan\u00e7amento da campanha \u2018Eu Sou Cidad\u00e3o Solid\u00e1rio 2026\u2019<\/title>\n<meta name=\"description\" content=\"A Prefeitura de Manaus, por meio da Funda\u00e7\u00e3o de Apoio ao Idoso Doutor Thomas (FDT), realiza, nesta quinta-feira, 12\/3, o lan\u00e7amento da campanha \u201cEu Sou Cidad\u00e3o Solid\u00e1rio 2026\u201d, a partir das 10h, no audit\u00f3rio Isabel Victoria de Mattos Pereira do Carmo Ribeiro, localizado na sede da prefeitura, no bairro Compensa, zona Oeste.\" \/>\n<meta name=\"robots\" content=\"index, follow, max-snippet:-1, max-image-preview:large, max-video-preview:-1\" \/>\n<link rel=\"canonical\" href=\"https:\/\/www.manaus.am.gov.br\/semcom\/pautas\/prefeitura-fdt-cidadaosolidario\/\" \/>\n<meta property=\"og:locale\" content=\"pt_BR\" \/>\n<meta property=\"og:type\" content=\"article\" \/>\n<meta property=\"og:title\" content=\"Prefeitura de Manaus realiza o lan\u00e7amento da campanha \u2018Eu Sou Cidad\u00e3o Solid\u00e1rio 2026\u2019\" \/>\n<meta property=\"og:description\" content=\"A Prefeitura de Manaus, por meio da Funda\u00e7\u00e3o de Apoio ao Idoso Doutor Thomas (FDT), realiza, nesta quinta-feira, 12\/3, o lan\u00e7amento da campanha \u201cEu Sou Cidad\u00e3o Solid\u00e1rio 2026\u201d, a partir das 10h, no audit\u00f3rio Isabel Victoria de Mattos Pereira do Carmo Ribeiro, localizado na sede da prefeitura, no bairro Compensa, zona Oeste.\" \/>\n<meta property=\"og:url\" content=\"https:\/\/www.manaus.am.gov.br\/semcom\/pautas\/prefeitura-fdt-cidadaosolidario\/\" \/>\n<meta property=\"og:site_name\" content=\"SEMCOM\" \/>\n<meta property=\"og:image\" content=\"https:\/\/www.manaus.am.gov.br\/semcom\/wp-content\/uploads\/sites\/5\/2023\/02\/sugestaodepauta.png\" \/>\n\t<meta property=\"og:image:width\" content=\"1020\" \/>\n\t<meta property=\"og:image:height\" content=\"540\" \/>\n\t<meta property=\"og:image:type\" content=\"image\/png\" \/>\n<meta name=\"twitter:card\" content=\"summary_large_image\" \/>\n<meta name=\"twitter:label1\" content=\"Est. reading time\" \/>\n\t<meta name=\"twitter:data1\" content=\"2 minutos\" \/>\n<script type=\"application\/ld+json\" class=\"yoast-schema-graph\">{\"@context\":\"https:\/\/schema.org\",\"@graph\":[{\"@type\":\"WebPage\",\"@id\":\"https:\/\/www.manaus.am.gov.br\/semcom\/pautas\/prefeitura-fdt-cidadaosolidario\/\",\"url\":\"https:\/\/www.manaus.am.gov.br\/semcom\/pautas\/prefeitura-fdt-cidadaosolidario\/\",\"name\":\"Prefeitura de Manaus realiza o lan\u00e7amento da campanha \u2018Eu Sou Cidad\u00e3o Solid\u00e1rio 2026\u2019\",\"isPartOf\":{\"@id\":\"https:\/\/www.manaus.am.gov.br\/semcom\/#website\"},\"primaryImageOfPage\":{\"@id\":\"https:\/\/www.manaus.am.gov.br\/semcom\/pautas\/prefeitura-fdt-cidadaosolidario\/#primaryimage\"},\"image\":{\"@id\":\"https:\/\/www.manaus.am.gov.br\/semcom\/pautas\/prefeitura-fdt-cidadaosolidario\/#primaryimage\"},\"thumbnailUrl\":\"https:\/\/www.manaus.am.gov.br\/semcom\/wp-content\/uploads\/sites\/5\/2023\/02\/sugestaodepauta.png\",\"datePublished\":\"2026-03-10T19:18:25+00:00\",\"dateModified\":\"2026-03-10T19:18:25+00:00\",\"description\":\"A Prefeitura de Manaus, por meio da Funda\u00e7\u00e3o de Apoio ao Idoso Doutor Thomas (FDT), realiza, nesta quinta-feira, 12\/3, o lan\u00e7amento da campanha \u201cEu Sou Cidad\u00e3o Solid\u00e1rio 2026\u201d, a partir das 10h, no audit\u00f3rio Isabel Victoria de Mattos Pereira do Carmo Ribeiro, localizado na sede da prefeitura, no bairro Compensa, zona Oeste.\",\"inLanguage\":\"pt-BR\",\"potentialAction\":[{\"@type\":\"ReadAction\",\"target\":[\"https:\/\/www.manaus.am.gov.br\/semcom\/pautas\/prefeitura-fdt-cidadaosolidario\/\"]}]},{\"@type\":\"ImageObject\",\"inLanguage\":\"pt-BR\",\"@id\":\"https:\/\/www.manaus.am.gov.br\/semcom\/pautas\/prefeitura-fdt-cidadaosolidario\/#primaryimage\",\"url\":\"https:\/\/www.manaus.am.gov.br\/semcom\/wp-content\/uploads\/sites\/5\/2023\/02\/sugestaodepauta.png\",\"contentUrl\":\"https:\/\/www.manaus.am.gov.br\/semcom\/wp-content\/uploads\/sites\/5\/2023\/02\/sugestaodepauta.png\",\"width\":1020,\"height\":540},{\"@type\":\"WebSite\",\"@id\":\"https:\/\/www.manaus.am.gov.br\/semcom\/#website\",\"url\":\"https:\/\/www.manaus.am.gov.br\/semcom\/\",\"name\":\"SEMCOM\",\"description\":\"Secretaria Municipal de Comunica\u00e7\u00e3o\",\"potentialAction\":[{\"@type\":\"SearchAction\",\"target\":{\"@type\":\"EntryPoint\",\"urlTemplate\":\"https:\/\/www.manaus.am.gov.br\/semcom\/?s={search_term_string}\"},\"query-input\":\"required name=search_term_string\"}],\"inLanguage\":\"pt-BR\"}]}<\/script>\n<!-- \/ Yoast SEO plugin. -->","yoast_head_json":{"title":"Prefeitura de Manaus realiza o lan\u00e7amento da campanha \u2018Eu Sou Cidad\u00e3o Solid\u00e1rio 2026\u2019","description":"A Prefeitura de Manaus, por meio da Funda\u00e7\u00e3o de Apoio ao Idoso Doutor Thomas (FDT), realiza, nesta quinta-feira, 12\/3, o lan\u00e7amento da campanha \u201cEu Sou Cidad\u00e3o Solid\u00e1rio 2026\u201d, a partir das 10h, no audit\u00f3rio Isabel Victoria de Mattos Pereira do Carmo Ribeiro, localizado na sede da prefeitura, no bairro Compensa, zona Oeste.","robots":{"index":"index","follow":"follow","max-snippet":"max-snippet:-1","max-image-preview":"max-image-preview:large","max-video-preview":"max-video-preview:-1"},"canonical":"https:\/\/www.manaus.am.gov.br\/semcom\/pautas\/prefeitura-fdt-cidadaosolidario\/","og_locale":"pt_BR","og_type":"article","og_title":"Prefeitura de Manaus realiza o lan\u00e7amento da campanha \u2018Eu Sou Cidad\u00e3o Solid\u00e1rio 2026\u2019","og_description":"A Prefeitura de Manaus, por meio da Funda\u00e7\u00e3o de Apoio ao Idoso Doutor Thomas (FDT), realiza, nesta quinta-feira, 12\/3, o lan\u00e7amento da campanha \u201cEu Sou Cidad\u00e3o Solid\u00e1rio 2026\u201d, a partir das 10h, no audit\u00f3rio Isabel Victoria de Mattos Pereira do Carmo Ribeiro, localizado na sede da prefeitura, no bairro Compensa, zona Oeste.","og_url":"https:\/\/www.manaus.am.gov.br\/semcom\/pautas\/prefeitura-fdt-cidadaosolidario\/","og_site_name":"SEMCOM","og_image":[{"width":1020,"height":540,"url":"https:\/\/www.manaus.am.gov.br\/semcom\/wp-content\/uploads\/sites\/5\/2023\/02\/sugestaodepauta.png","type":"image\/png"}],"twitter_card":"summary_large_image","twitter_misc":{"Est. reading time":"2 minutos"},"schema":{"@context":"https:\/\/schema.org","@graph":[{"@type":"WebPage","@id":"https:\/\/www.manaus.am.gov.br\/semcom\/pautas\/prefeitura-fdt-cidadaosolidario\/","url":"https:\/\/www.manaus.am.gov.br\/semcom\/pautas\/prefeitura-fdt-cidadaosolidario\/","name":"Prefeitura de Manaus realiza o lan\u00e7amento da campanha \u2018Eu Sou Cidad\u00e3o Solid\u00e1rio 2026\u2019","isPartOf":{"@id":"https:\/\/www.manaus.am.gov.br\/semcom\/#website"},"primaryImageOfPage":{"@id":"https:\/\/www.manaus.am.gov.br\/semcom\/pautas\/prefeitura-fdt-cidadaosolidario\/#primaryimage"},"image":{"@id":"https:\/\/www.manaus.am.gov.br\/semcom\/pautas\/prefeitura-fdt-cidadaosolidario\/#primaryimage"},"thumbnailUrl":"https:\/\/www.manaus.am.gov.br\/semcom\/wp-content\/uploads\/sites\/5\/2023\/02\/sugestaodepauta.png","datePublished":"2026-03-10T19:18:25+00:00","dateModified":"2026-03-10T19:18:25+00:00","description":"A Prefeitura de Manaus, por meio da Funda\u00e7\u00e3o de Apoio ao Idoso Doutor Thomas (FDT), realiza, nesta quinta-feira, 12\/3, o lan\u00e7amento da campanha \u201cEu Sou Cidad\u00e3o Solid\u00e1rio 2026\u201d, a partir das 10h, no audit\u00f3rio Isabel Victoria de Mattos Pereira do Carmo Ribeiro, localizado na sede da prefeitura, no bairro Compensa, zona Oeste.","inLanguage":"pt-BR","potentialAction":[{"@type":"ReadAction","target":["https:\/\/www.manaus.am.gov.br\/semcom\/pautas\/prefeitura-fdt-cidadaosolidario\/"]}]},{"@type":"ImageObject","inLanguage":"pt-BR","@id":"https:\/\/www.manaus.am.gov.br\/semcom\/pautas\/prefeitura-fdt-cidadaosolidario\/#primaryimage","url":"https:\/\/www.manaus.am.gov.br\/semcom\/wp-content\/uploads\/sites\/5\/2023\/02\/sugestaodepauta.png","contentUrl":"https:\/\/www.manaus.am.gov.br\/semcom\/wp-content\/uploads\/sites\/5\/2023\/02\/sugestaodepauta.png","width":1020,"height":540},{"@type":"WebSite","@id":"https:\/\/www.manaus.am.gov.br\/semcom\/#website","url":"https:\/\/www.manaus.am.gov.br\/semcom\/","name":"SEMCOM","description":"Secretaria Municipal de Comunica\u00e7\u00e3o","potentialAction":[{"@type":"SearchAction","target":{"@type":"EntryPoint","urlTemplate":"https:\/\/www.manaus.am.gov.br\/semcom\/?s={search_term_string}"},"query-input":"required name=search_term_string"}],"inLanguage":"pt-BR"}]}},"_links":{"self":[{"href":"https:\/\/www.manaus.am.gov.br\/semcom\/wp-json\/wp\/v2\/pautas\/254299"}],"collection":[{"href":"https:\/\/www.manaus.am.gov.br\/semcom\/wp-json\/wp\/v2\/pautas"}],"about":[{"href":"https:\/\/www.manaus.am.gov.br\/semcom\/wp-json\/wp\/v2\/types\/pautas"}],"wp:featuredmedia":[{"embeddable":true,"href":"https:\/\/www.manaus.am.gov.br\/semcom\/wp-json\/wp\/v2\/media\/208729"}],"wp:attachment":[{"href":"https:\/\/www.manaus.am.gov.br\/semcom\/wp-json\/wp\/v2\/media?parent=254299"}],"wp:term":[{"taxonomy":"category","embeddable":true,"href":"https:\/\/www.manaus.am.gov.br\/semcom\/wp-json\/wp\/v2\/categories?post=254299"}],"curies":[{"name":"wp","href":"https:\/\/api.w.org\/{rel}","templated":true}]}}

Prefeitura de Manaus realiza o lançamento da campanha ‘Eu Sou Cidadão Solidário 2026’

<p>A Prefeitura de Manaus, por meio da Fundação de Apoio ao Idoso Doutor Thomas (FDT), realiza, nesta quinta-feira, 12/3, o lançamento da campanha “Eu Sou Cidadão Solidário 2026”, a partir das 10h, no auditório Isabel Victoria de Mattos Pereira do Carmo Ribeiro, localizado na sede da&nbsp;prefeitura, no bairro Compensa, zona Oeste.</p>



<p>A iniciativa, que reúne a Secretaria Municipal da Mulher, Assistência Social e Cidadania (Semasc) e a Secretaria Municipal de Finanças e Tecnologia da Informação (Semef), além de parceiros estratégicos, visa incentivar os contribuintes a destinarem parte do Imposto de Renda para projetos sociais, por meio do Fundo Municipal dos Direitos da Pessoa Idosa e do Fundo Municipal dos Direitos da Criança e do Adolescente.</p>



<p>Na ocasião, serão detalhados os mecanismos para a destinação, além de serem discutidos os impactos positivos dessa contribuição na melhoria da qualidade de vida da população.</p>



<p>A ação busca engajar a sociedade e o poder público na promoção de um modelo de doação mais acessível e eficiente, ampliando os benefícios para os projetos sociais que atendem as camadas mais vulneráveis da população.</p>



<p><strong>SERVIÇO:</strong></p>



<p><strong>O quê</strong>&nbsp;– Lançamento da campanha “Eu Sou Cidadão Solidário 2026”</p>



<p><strong>Quando</strong>&nbsp;– Quinta-feira, 12/3</p>



<p><strong>Horário</strong>&nbsp;– 10h</p>



<p><strong>Local</strong>&nbsp;– Auditório Isabel Victoria de Mattos Pereira do Carmo Ribeiro, na sede da prefeitura, avenida Brasil,&nbsp;nº 2.971, bairro Compensa, zona Oeste</p>



<p><strong>Localização</strong> –&nbsp;<a href="https://g.co/kgs/zX7jjA3" target="_blank" rel="noreferrer noopener">https://g.co/kgs/zX7jjA3</a></p>



<p>&#8212; &#8212; &#8212;</p>

<!-- This site is optimized with the Yoast SEO plugin v23.0 - https://yoast.com/wordpress/plugins/seo/ -->
<title>Prefeitura de Manaus realiza o lançamento da campanha ‘Eu Sou Cidadão Solidário 2026’</title>
<meta name="description" content="A Prefeitura de Manaus, por meio da Fundação de Apoio ao Idoso Doutor Thomas (FDT), realiza, nesta quinta-feira, 12/3, o lançamento da campanha “Eu Sou Cidadão Solidário 2026”, a partir das 10h, no auditório Isabel Victoria de Mattos Pereira do Carmo Ribeiro, localizado na sede da prefeitura, no bairro Compensa, zona Oeste." />
<meta name="robots" content="index, follow, max-snippet:-1, max-image-preview:large, max-video-preview:-1" />
<link rel="canonical" href="https://www.manaus.am.gov.br/semcom/pautas/prefeitura-fdt-cidadaosolidario/" />
<meta property="og:locale" content="pt_BR" />
<meta property="og:type" content="article" />
<meta property="og:title" content="Prefeitura de Manaus realiza o lançamento da campanha ‘Eu Sou Cidadão Solidário 2026’" />
<meta property="og:description" content="A Prefeitura de Manaus, por meio da Fundação de Apoio ao Idoso Doutor Thomas (FDT), realiza, nesta quinta-feira, 12/3, o lançamento da campanha “Eu Sou Cidadão Solidário 2026”, a partir das 10h, no auditório Isabel Victoria de Mattos Pereira do Carmo Ribeiro, localizado na sede da prefeitura, no bairro Compensa, zona Oeste." />
<meta property="og:url" content="https://www.manaus.am.gov.br/semcom/pautas/prefeitura-fdt-cidadaosolidario/" />
<meta property="og:site_name" content="SEMCOM" />
<meta property="og:image" content="https://www.manaus.am.gov.br/semcom/wp-content/uploads/sites/5/2023/02/sugestaodepauta.png" />
	<meta property="og:image:width" content="1020" />
	<meta property="og:image:height" content="540" />
	<meta property="og:image:type" content="image/png" />
<meta name="twitter:card" content="summary_large_image" />
<meta name="twitter:label1" content="Est. reading time" />
	<meta name="twitter:data1" content="2 minutos" />
<script type="application/ld+json" class="yoast-schema-graph">{"@context":"https://schema.org","@graph":[{"@type":"WebPage","@id":"https://www.manaus.am.gov.br/semcom/pautas/prefeitura-fdt-cidadaosolidario/","url":"https://www.manaus.am.gov.br/semcom/pautas/prefeitura-fdt-cidadaosolidario/","name":"Prefeitura de Manaus realiza o lançamento da campanha ‘Eu Sou Cidadão Solidário 2026’","isPartOf":{"@id":"https://www.manaus.am.gov.br/semcom/#website"},"primaryImageOfPage":{"@id":"https://www.manaus.am.gov.br/semcom/pautas/prefeitura-fdt-cidadaosolidario/#primaryimage"},"image":{"@id":"https://www.manaus.am.gov.br/semcom/pautas/prefeitura-fdt-cidadaosolidario/#primaryimage"},"thumbnailUrl":"https://www.manaus.am.gov.br/semcom/wp-content/uploads/sites/5/2023/02/sugestaodepauta.png","datePublished":"2026-03-10T19:18:25+00:00","dateModified":"2026-03-10T19:18:25+00:00","description":"A Prefeitura de Manaus, por meio da Fundação de Apoio ao Idoso Doutor Thomas (FDT), realiza, nesta quinta-feira, 12/3, o lançamento da campanha “Eu Sou Cidadão Solidário 2026”, a partir das 10h, no auditório Isabel Victoria de Mattos Pereira do Carmo Ribeiro, localizado na sede da prefeitura, no bairro Compensa, zona Oeste.","inLanguage":"pt-BR","potentialAction":[{"@type":"ReadAction","target":["https://www.manaus.am.gov.br/semcom/pautas/prefeitura-fdt-cidadaosolidario/"]}]},{"@type":"ImageObject","inLanguage":"pt-BR","@id":"https://www.manaus.am.gov.br/semcom/pautas/prefeitura-fdt-cidadaosolidario/#primaryimage","url":"https://www.manaus.am.gov.br/semcom/wp-content/uploads/sites/5/2023/02/sugestaodepauta.png","contentUrl":"https://www.manaus.am.gov.br/semcom/wp-content/uploads/sites/5/2023/02/sugestaodepauta.png","width":1020,"height":540},{"@type":"WebSite","@id":"https://www.manaus.am.gov.br/semcom/#website","url":"https://www.manaus.am.gov.br/semcom/","name":"SEMCOM","description":"Secretaria Municipal de Comunicação","potentialAction":[{"@type":"SearchAction","target":{"@type":"EntryPoint","urlTemplate":"https://www.manaus.am.gov.br/semcom/?s={search_term_string}"},"query-input":"required name=search_term_string"}],"inLanguage":"pt-BR"}]}</script>
<!-- / Yoast SEO plugin. -->

A Prefeitura de Manaus, por meio da Fundação de Apoio ao Idoso Doutor Thomas (FDT), realiza, nesta quinta-feira, 12/3, o lançamento da campanha “Eu Sou Cidadão Solidário 2026”, a partir das 10h, no auditório Isabel Victoria de Mattos Pereira do Carmo Ribeiro, localizado na sede da prefeitura, no bairro Compensa, zona Oeste.

Secretaria Municipal de Comunicação
