{"id":253893,"date":"2026-03-04T17:37:22","date_gmt":"2026-03-04T20:37:22","guid":{"rendered":"https:\/\/www.manaus.am.gov.br\/semcom\/?post_type=pautas&#038;p=253893"},"modified":"2026-03-04T17:37:23","modified_gmt":"2026-03-04T20:37:23","slug":"lancamento-pedra-fundamental-aquario-de-manaus","status":"publish","type":"pautas","link":"https:\/\/www.manaus.am.gov.br\/semcom\/pautas\/lancamento-pedra-fundamental-aquario-de-manaus\/","title":{"rendered":"David Almeida lan\u00e7a pedra fundamental do aqu\u00e1rio de Manaus nesta quinta-feira, 5\/3"},"content":{"rendered":"\n<p>O prefeito de Manaus, David Almeida, acompanhado do diretor-presidente do Instituto Municipal de Planejamento Urbano (Implurb), Carlos Valente, realiza, nesta quinta-feira, 5\/3, \u00e0s 17h, o lan\u00e7amento da pedra fundamental do futuro aqu\u00e1rio de Manaus, na avenida 7 de Setembro, bairro Centro, zona Sul da capital.<\/p>\n\n\n\n<p>O aqu\u00e1rio municipal nasce como um dos mais importantes equipamentos tur\u00edsticos e ambientais da cidade, integrando arquitetura, arte, natureza e educa\u00e7\u00e3o em um \u00fanico espa\u00e7o. Inserido na segunda etapa do programa \u201cNosso Centro\u201d, o empreendimento ser\u00e1 constru\u00eddo no quarteir\u00e3o da avenida 7 de Setembro com a rua Visconde de Mau\u00e1, pr\u00f3ximo ao mirante L\u00facia Almeida, consolidando o Centro como polo de turismo, cultura e conviv\u00eancia.<\/p>\n\n\n\n<p>O projeto ocupar\u00e1 quatro lotes, com \u00e1rea constru\u00edda de 6,4 mil metros quadrados, contando com quatro pavimentos, incluindo estacionamento, aqu\u00e1rio, lojas, espa\u00e7o multiuso, \u00e1rea t\u00e9cnica\/biologia, quiosques de gastronomia e regional, e um rooftop com vista panor\u00e2mica. Os dois pavimentos dedicados aos aqu\u00e1rios ter\u00e3o identidade pr\u00f3pria e complementar. Um deles representar\u00e1 a fauna e flora aqu\u00e1tica do rio Solim\u00f5es; e o outro, a do rio Negro.<\/p>\n\n\n\n<p>O aqu\u00e1rio de Manaus ser\u00e1, assim, um novo marco arquitet\u00f4nico e ambiental da cidade, s\u00edmbolo do compromisso da atual gest\u00e3o municipal com o desenvolvimento urbano sustent\u00e1vel, com a valoriza\u00e7\u00e3o do patrim\u00f4nio natural e cultural da Amaz\u00f4nia e com investimentos que solidificam o setor tur\u00edstico da cidade, colocando Manaus entre os melhores destinos para se viajar em 2026.<\/p>\n\n\n\n<p><strong>SERVI\u00c7O<\/strong><\/p>\n\n\n\n<p><strong>O qu\u00ea<\/strong> \u2013 Lan\u00e7amento da pedra fundamental do aqu\u00e1rio de Manaus<\/p>\n\n\n\n<p><strong>Quando <\/strong>\u2013 Quinta-feira, 5\/3<\/p>\n\n\n\n<p><strong>Hor\u00e1rio<\/strong> \u2013 17h<\/p>\n\n\n\n<p><strong>Local<\/strong> \u2013 Avenida 7 de Setembro, n\u00ba 140, bairro Centro, zona Sul, no entorno do mirante L\u00facia Almeida<\/p>\n\n\n\n<p><strong>Localiza\u00e7\u00e3o<\/strong> &#8211; <a href=\"https:\/\/maps.app.goo.gl\/weGg88nivFCkGuSV6\">https:\/\/maps.app.goo.gl\/weGg88nivFCkGuSV6<\/a><\/p>\n","protected":false},"featured_media":208729,"template":"","categories":[798],"acf":[],"yoast_head":"<!-- This site is optimized with the Yoast SEO plugin v23.0 - https:\/\/yoast.com\/wordpress\/plugins\/seo\/ -->\n<title>David Almeida lan\u00e7a pedra fundamental do aqu\u00e1rio de Manaus<\/title>\n<meta name=\"description\" content=\"Prefeito David Almeida lan\u00e7a pedra fundamental do aqu\u00e1rio de Manaus nesta quinta-feira, 5\/3, avenida 7 de Setembro, n\u00ba 140, bairro Centro.\" \/>\n<meta name=\"robots\" content=\"index, follow, max-snippet:-1, max-image-preview:large, max-video-preview:-1\" \/>\n<link rel=\"canonical\" href=\"https:\/\/www.manaus.am.gov.br\/semcom\/pautas\/lancamento-pedra-fundamental-aquario-de-manaus\/\" \/>\n<meta property=\"og:locale\" content=\"pt_BR\" \/>\n<meta property=\"og:type\" content=\"article\" \/>\n<meta property=\"og:title\" content=\"David Almeida lan\u00e7a pedra fundamental do aqu\u00e1rio de Manaus\" \/>\n<meta property=\"og:description\" content=\"Prefeito David Almeida lan\u00e7a pedra fundamental do aqu\u00e1rio de Manaus nesta quinta-feira, 5\/3, avenida 7 de Setembro, n\u00ba 140, bairro Centro.\" \/>\n<meta property=\"og:url\" content=\"https:\/\/www.manaus.am.gov.br\/semcom\/pautas\/lancamento-pedra-fundamental-aquario-de-manaus\/\" \/>\n<meta property=\"og:site_name\" content=\"SEMCOM\" \/>\n<meta property=\"article:modified_time\" content=\"2026-03-04T20:37:23+00:00\" \/>\n<meta property=\"og:image\" content=\"https:\/\/www.manaus.am.gov.br\/semcom\/wp-content\/uploads\/sites\/5\/2023\/02\/sugestaodepauta.png\" \/>\n\t<meta property=\"og:image:width\" content=\"1020\" \/>\n\t<meta property=\"og:image:height\" content=\"540\" \/>\n\t<meta property=\"og:image:type\" content=\"image\/png\" \/>\n<meta name=\"twitter:card\" content=\"summary_large_image\" \/>\n<meta name=\"twitter:label1\" content=\"Est. reading time\" \/>\n\t<meta name=\"twitter:data1\" content=\"2 minutos\" \/>\n<script type=\"application\/ld+json\" class=\"yoast-schema-graph\">{\"@context\":\"https:\/\/schema.org\",\"@graph\":[{\"@type\":\"WebPage\",\"@id\":\"https:\/\/www.manaus.am.gov.br\/semcom\/pautas\/lancamento-pedra-fundamental-aquario-de-manaus\/\",\"url\":\"https:\/\/www.manaus.am.gov.br\/semcom\/pautas\/lancamento-pedra-fundamental-aquario-de-manaus\/\",\"name\":\"David Almeida lan\u00e7a pedra fundamental do aqu\u00e1rio de Manaus\",\"isPartOf\":{\"@id\":\"https:\/\/www.manaus.am.gov.br\/semcom\/#website\"},\"primaryImageOfPage\":{\"@id\":\"https:\/\/www.manaus.am.gov.br\/semcom\/pautas\/lancamento-pedra-fundamental-aquario-de-manaus\/#primaryimage\"},\"image\":{\"@id\":\"https:\/\/www.manaus.am.gov.br\/semcom\/pautas\/lancamento-pedra-fundamental-aquario-de-manaus\/#primaryimage\"},\"thumbnailUrl\":\"https:\/\/www.manaus.am.gov.br\/semcom\/wp-content\/uploads\/sites\/5\/2023\/02\/sugestaodepauta.png\",\"datePublished\":\"2026-03-04T20:37:22+00:00\",\"dateModified\":\"2026-03-04T20:37:23+00:00\",\"description\":\"Prefeito David Almeida lan\u00e7a pedra fundamental do aqu\u00e1rio de Manaus nesta quinta-feira, 5\/3, avenida 7 de Setembro, n\u00ba 140, bairro Centro.\",\"inLanguage\":\"pt-BR\",\"potentialAction\":[{\"@type\":\"ReadAction\",\"target\":[\"https:\/\/www.manaus.am.gov.br\/semcom\/pautas\/lancamento-pedra-fundamental-aquario-de-manaus\/\"]}]},{\"@type\":\"ImageObject\",\"inLanguage\":\"pt-BR\",\"@id\":\"https:\/\/www.manaus.am.gov.br\/semcom\/pautas\/lancamento-pedra-fundamental-aquario-de-manaus\/#primaryimage\",\"url\":\"https:\/\/www.manaus.am.gov.br\/semcom\/wp-content\/uploads\/sites\/5\/2023\/02\/sugestaodepauta.png\",\"contentUrl\":\"https:\/\/www.manaus.am.gov.br\/semcom\/wp-content\/uploads\/sites\/5\/2023\/02\/sugestaodepauta.png\",\"width\":1020,\"height\":540},{\"@type\":\"WebSite\",\"@id\":\"https:\/\/www.manaus.am.gov.br\/semcom\/#website\",\"url\":\"https:\/\/www.manaus.am.gov.br\/semcom\/\",\"name\":\"SEMCOM\",\"description\":\"Secretaria Municipal de Comunica\u00e7\u00e3o\",\"potentialAction\":[{\"@type\":\"SearchAction\",\"target\":{\"@type\":\"EntryPoint\",\"urlTemplate\":\"https:\/\/www.manaus.am.gov.br\/semcom\/?s={search_term_string}\"},\"query-input\":\"required name=search_term_string\"}],\"inLanguage\":\"pt-BR\"}]}<\/script>\n<!-- \/ Yoast SEO plugin. -->","yoast_head_json":{"title":"David Almeida lan\u00e7a pedra fundamental do aqu\u00e1rio de Manaus","description":"Prefeito David Almeida lan\u00e7a pedra fundamental do aqu\u00e1rio de Manaus nesta quinta-feira, 5\/3, avenida 7 de Setembro, n\u00ba 140, bairro Centro.","robots":{"index":"index","follow":"follow","max-snippet":"max-snippet:-1","max-image-preview":"max-image-preview:large","max-video-preview":"max-video-preview:-1"},"canonical":"https:\/\/www.manaus.am.gov.br\/semcom\/pautas\/lancamento-pedra-fundamental-aquario-de-manaus\/","og_locale":"pt_BR","og_type":"article","og_title":"David Almeida lan\u00e7a pedra fundamental do aqu\u00e1rio de Manaus","og_description":"Prefeito David Almeida lan\u00e7a pedra fundamental do aqu\u00e1rio de Manaus nesta quinta-feira, 5\/3, avenida 7 de Setembro, n\u00ba 140, bairro Centro.","og_url":"https:\/\/www.manaus.am.gov.br\/semcom\/pautas\/lancamento-pedra-fundamental-aquario-de-manaus\/","og_site_name":"SEMCOM","article_modified_time":"2026-03-04T20:37:23+00:00","og_image":[{"width":1020,"height":540,"url":"https:\/\/www.manaus.am.gov.br\/semcom\/wp-content\/uploads\/sites\/5\/2023\/02\/sugestaodepauta.png","type":"image\/png"}],"twitter_card":"summary_large_image","twitter_misc":{"Est. reading time":"2 minutos"},"schema":{"@context":"https:\/\/schema.org","@graph":[{"@type":"WebPage","@id":"https:\/\/www.manaus.am.gov.br\/semcom\/pautas\/lancamento-pedra-fundamental-aquario-de-manaus\/","url":"https:\/\/www.manaus.am.gov.br\/semcom\/pautas\/lancamento-pedra-fundamental-aquario-de-manaus\/","name":"David Almeida lan\u00e7a pedra fundamental do aqu\u00e1rio de Manaus","isPartOf":{"@id":"https:\/\/www.manaus.am.gov.br\/semcom\/#website"},"primaryImageOfPage":{"@id":"https:\/\/www.manaus.am.gov.br\/semcom\/pautas\/lancamento-pedra-fundamental-aquario-de-manaus\/#primaryimage"},"image":{"@id":"https:\/\/www.manaus.am.gov.br\/semcom\/pautas\/lancamento-pedra-fundamental-aquario-de-manaus\/#primaryimage"},"thumbnailUrl":"https:\/\/www.manaus.am.gov.br\/semcom\/wp-content\/uploads\/sites\/5\/2023\/02\/sugestaodepauta.png","datePublished":"2026-03-04T20:37:22+00:00","dateModified":"2026-03-04T20:37:23+00:00","description":"Prefeito David Almeida lan\u00e7a pedra fundamental do aqu\u00e1rio de Manaus nesta quinta-feira, 5\/3, avenida 7 de Setembro, n\u00ba 140, bairro Centro.","inLanguage":"pt-BR","potentialAction":[{"@type":"ReadAction","target":["https:\/\/www.manaus.am.gov.br\/semcom\/pautas\/lancamento-pedra-fundamental-aquario-de-manaus\/"]}]},{"@type":"ImageObject","inLanguage":"pt-BR","@id":"https:\/\/www.manaus.am.gov.br\/semcom\/pautas\/lancamento-pedra-fundamental-aquario-de-manaus\/#primaryimage","url":"https:\/\/www.manaus.am.gov.br\/semcom\/wp-content\/uploads\/sites\/5\/2023\/02\/sugestaodepauta.png","contentUrl":"https:\/\/www.manaus.am.gov.br\/semcom\/wp-content\/uploads\/sites\/5\/2023\/02\/sugestaodepauta.png","width":1020,"height":540},{"@type":"WebSite","@id":"https:\/\/www.manaus.am.gov.br\/semcom\/#website","url":"https:\/\/www.manaus.am.gov.br\/semcom\/","name":"SEMCOM","description":"Secretaria Municipal de Comunica\u00e7\u00e3o","potentialAction":[{"@type":"SearchAction","target":{"@type":"EntryPoint","urlTemplate":"https:\/\/www.manaus.am.gov.br\/semcom\/?s={search_term_string}"},"query-input":"required name=search_term_string"}],"inLanguage":"pt-BR"}]}},"_links":{"self":[{"href":"https:\/\/www.manaus.am.gov.br\/semcom\/wp-json\/wp\/v2\/pautas\/253893"}],"collection":[{"href":"https:\/\/www.manaus.am.gov.br\/semcom\/wp-json\/wp\/v2\/pautas"}],"about":[{"href":"https:\/\/www.manaus.am.gov.br\/semcom\/wp-json\/wp\/v2\/types\/pautas"}],"wp:featuredmedia":[{"embeddable":true,"href":"https:\/\/www.manaus.am.gov.br\/semcom\/wp-json\/wp\/v2\/media\/208729"}],"wp:attachment":[{"href":"https:\/\/www.manaus.am.gov.br\/semcom\/wp-json\/wp\/v2\/media?parent=253893"}],"wp:term":[{"taxonomy":"category","embeddable":true,"href":"https:\/\/www.manaus.am.gov.br\/semcom\/wp-json\/wp\/v2\/categories?post=253893"}],"curies":[{"name":"wp","href":"https:\/\/api.w.org\/{rel}","templated":true}]}}

David Almeida lança pedra fundamental do aquário de Manaus nesta quinta-feira, 5/3

<p>O prefeito de Manaus, David Almeida, acompanhado do diretor-presidente do Instituto Municipal de Planejamento Urbano (Implurb), Carlos Valente, realiza, nesta quinta-feira, 5/3, às 17h, o lançamento da pedra fundamental do futuro aquário de Manaus, na avenida 7 de Setembro, bairro Centro, zona Sul da capital.</p>



<p>O aquário municipal nasce como um dos mais importantes equipamentos turísticos e ambientais da cidade, integrando arquitetura, arte, natureza e educação em um único espaço. Inserido na segunda etapa do programa “Nosso Centro”, o empreendimento será construído no quarteirão da avenida 7 de Setembro com a rua Visconde de Mauá, próximo ao mirante Lúcia Almeida, consolidando o Centro como polo de turismo, cultura e convivência.</p>



<p>O projeto ocupará quatro lotes, com área construída de 6,4 mil metros quadrados, contando com quatro pavimentos, incluindo estacionamento, aquário, lojas, espaço multiuso, área técnica/biologia, quiosques de gastronomia e regional, e um rooftop com vista panorâmica. Os dois pavimentos dedicados aos aquários terão identidade própria e complementar. Um deles representará a fauna e flora aquática do rio Solimões; e o outro, a do rio Negro.</p>



<p>O aquário de Manaus será, assim, um novo marco arquitetônico e ambiental da cidade, símbolo do compromisso da atual gestão municipal com o desenvolvimento urbano sustentável, com a valorização do patrimônio natural e cultural da Amazônia e com investimentos que solidificam o setor turístico da cidade, colocando Manaus entre os melhores destinos para se viajar em 2026.</p>



<p><strong>SERVIÇO</strong></p>



<p><strong>O quê</strong> – Lançamento da pedra fundamental do aquário de Manaus</p>



<p><strong>Quando </strong>– Quinta-feira, 5/3</p>



<p><strong>Horário</strong> – 17h</p>



<p><strong>Local</strong> – Avenida 7 de Setembro, nº 140, bairro Centro, zona Sul, no entorno do mirante Lúcia Almeida</p>



<p><strong>Localização</strong> &#8211; <a href="https://maps.app.goo.gl/weGg88nivFCkGuSV6">https://maps.app.goo.gl/weGg88nivFCkGuSV6</a></p>

<!-- This site is optimized with the Yoast SEO plugin v23.0 - https://yoast.com/wordpress/plugins/seo/ -->
<title>David Almeida lança pedra fundamental do aquário de Manaus</title>
<meta name="description" content="Prefeito David Almeida lança pedra fundamental do aquário de Manaus nesta quinta-feira, 5/3, avenida 7 de Setembro, nº 140, bairro Centro." />
<meta name="robots" content="index, follow, max-snippet:-1, max-image-preview:large, max-video-preview:-1" />
<link rel="canonical" href="https://www.manaus.am.gov.br/semcom/pautas/lancamento-pedra-fundamental-aquario-de-manaus/" />
<meta property="og:locale" content="pt_BR" />
<meta property="og:type" content="article" />
<meta property="og:title" content="David Almeida lança pedra fundamental do aquário de Manaus" />
<meta property="og:description" content="Prefeito David Almeida lança pedra fundamental do aquário de Manaus nesta quinta-feira, 5/3, avenida 7 de Setembro, nº 140, bairro Centro." />
<meta property="og:url" content="https://www.manaus.am.gov.br/semcom/pautas/lancamento-pedra-fundamental-aquario-de-manaus/" />
<meta property="og:site_name" content="SEMCOM" />
<meta property="article:modified_time" content="2026-03-04T20:37:23+00:00" />
<meta property="og:image" content="https://www.manaus.am.gov.br/semcom/wp-content/uploads/sites/5/2023/02/sugestaodepauta.png" />
	<meta property="og:image:width" content="1020" />
	<meta property="og:image:height" content="540" />
	<meta property="og:image:type" content="image/png" />
<meta name="twitter:card" content="summary_large_image" />
<meta name="twitter:label1" content="Est. reading time" />
	<meta name="twitter:data1" content="2 minutos" />
<script type="application/ld+json" class="yoast-schema-graph">{"@context":"https://schema.org","@graph":[{"@type":"WebPage","@id":"https://www.manaus.am.gov.br/semcom/pautas/lancamento-pedra-fundamental-aquario-de-manaus/","url":"https://www.manaus.am.gov.br/semcom/pautas/lancamento-pedra-fundamental-aquario-de-manaus/","name":"David Almeida lança pedra fundamental do aquário de Manaus","isPartOf":{"@id":"https://www.manaus.am.gov.br/semcom/#website"},"primaryImageOfPage":{"@id":"https://www.manaus.am.gov.br/semcom/pautas/lancamento-pedra-fundamental-aquario-de-manaus/#primaryimage"},"image":{"@id":"https://www.manaus.am.gov.br/semcom/pautas/lancamento-pedra-fundamental-aquario-de-manaus/#primaryimage"},"thumbnailUrl":"https://www.manaus.am.gov.br/semcom/wp-content/uploads/sites/5/2023/02/sugestaodepauta.png","datePublished":"2026-03-04T20:37:22+00:00","dateModified":"2026-03-04T20:37:23+00:00","description":"Prefeito David Almeida lança pedra fundamental do aquário de Manaus nesta quinta-feira, 5/3, avenida 7 de Setembro, nº 140, bairro Centro.","inLanguage":"pt-BR","potentialAction":[{"@type":"ReadAction","target":["https://www.manaus.am.gov.br/semcom/pautas/lancamento-pedra-fundamental-aquario-de-manaus/"]}]},{"@type":"ImageObject","inLanguage":"pt-BR","@id":"https://www.manaus.am.gov.br/semcom/pautas/lancamento-pedra-fundamental-aquario-de-manaus/#primaryimage","url":"https://www.manaus.am.gov.br/semcom/wp-content/uploads/sites/5/2023/02/sugestaodepauta.png","contentUrl":"https://www.manaus.am.gov.br/semcom/wp-content/uploads/sites/5/2023/02/sugestaodepauta.png","width":1020,"height":540},{"@type":"WebSite","@id":"https://www.manaus.am.gov.br/semcom/#website","url":"https://www.manaus.am.gov.br/semcom/","name":"SEMCOM","description":"Secretaria Municipal de Comunicação","potentialAction":[{"@type":"SearchAction","target":{"@type":"EntryPoint","urlTemplate":"https://www.manaus.am.gov.br/semcom/?s={search_term_string}"},"query-input":"required name=search_term_string"}],"inLanguage":"pt-BR"}]}</script>
<!-- / Yoast SEO plugin. -->

David Almeida lança pedra fundamental do aquário de Manaus

Prefeito David Almeida lança pedra fundamental do aquário de Manaus nesta quinta-feira, 5/3, avenida 7 de Setembro, nº 140, bairro Centro.

Secretaria Municipal de Comunicação
