{"id":251262,"date":"2026-01-20T13:38:48","date_gmt":"2026-01-20T16:38:48","guid":{"rendered":"https:\/\/www.manaus.am.gov.br\/semcom\/?post_type=pautas&#038;p=251262"},"modified":"2026-01-20T13:38:48","modified_gmt":"2026-01-20T16:38:48","slug":"prefeitura-cmdpi-posse","status":"publish","type":"pautas","link":"https:\/\/www.manaus.am.gov.br\/semcom\/pautas\/prefeitura-cmdpi-posse\/","title":{"rendered":"Prefeitura de Manaus empossa nova diretoria do Conselho Municipal dos Direitos da Pessoa Idosa para o bi\u00eanio 2026-2027"},"content":{"rendered":"\n<p>A Prefeitura de Manaus, por meio do Conselho Municipal dos Direitos da Pessoa Idosa (CMDPI) e da Funda\u00e7\u00e3o de Apoio ao Idoso Doutor Thomas (FDT), realiza, nesta quarta-feira, 21\/1, \u00e0s 16h, no sal\u00e3o Rio Solim\u00f5es, localizado na avenida 7 de Setembro, n\u00ba 1.546, Centro, a cerim\u00f4nia de posse da nova Diretoria Executiva do CMDPI e dos conselheiros titulares e suplentes para o bi\u00eanio 2026-2027.<\/p>\n\n\n\n<p>A solenidade contar\u00e1 com a participa\u00e7\u00e3o do novo presidente do CMDPI, Yonilson Fernandes Carvalho Neto, e do diretor-presidente da Funda\u00e7\u00e3o Doutor Thomas, Eduardo Lucas, e marca a renova\u00e7\u00e3o da composi\u00e7\u00e3o do conselho, refor\u00e7ando o compromisso com a participa\u00e7\u00e3o social e o fortalecimento das pol\u00edticas p\u00fablicas voltadas \u00e0 popula\u00e7\u00e3o idosa de Manaus.<\/p>\n\n\n\n<p>O Conselho Municipal dos Direitos da Pessoa Idosa \u00e9 um \u00f3rg\u00e3o colegiado de car\u00e1ter deliberativo e de controle social, respons\u00e1vel por acompanhar, fiscalizar e propor a\u00e7\u00f5es e pol\u00edticas p\u00fablicas que assegurem a garantia dos direitos das pessoas idosas, atuando de forma integrada entre o poder p\u00fablico e a sociedade civil.<\/p>\n\n\n\n<p><strong>SERVI\u00c7O<\/strong>:<\/p>\n\n\n\n<p><strong>O qu\u00ea\u00a0<\/strong>\u2013\u00a0Prefeitura de Manaus empossa nova diretoria do Conselho Municipal dos Direitos da Pessoa Idosa para o bi\u00eanio 2026-2027<\/p>\n\n\n\n<p><strong>Quando\u00a0<\/strong>\u2013 Quarta-feira, 21\/1<\/p>\n\n\n\n<p><strong>Hor\u00e1rio\u00a0<\/strong>\u2013 16h<\/p>\n\n\n\n<p><strong>Local\u00a0<\/strong>\u2013 Sal\u00e3o Rio Solim\u00f5es, localizado na avenida 7 de Setembro, n\u00ba 1.546, Centro.<\/p>\n\n\n\n<p><strong>Localiza\u00e7\u00e3o\u00a0<\/strong>&#8211;\u00a0<a href=\"https:\/\/maps.app.goo.gl\/3For6NhJLAXRVmgh8\" target=\"_blank\" rel=\"noreferrer noopener\">https:\/\/maps.app.goo.gl\/3For6NhJLAXRVmgh8<\/a><\/p>\n\n\n\n<p>&#8212; &#8212; &#8212;&nbsp;<\/p>\n","protected":false},"featured_media":208729,"template":"","categories":[795],"acf":[],"yoast_head":"<!-- This site is optimized with the Yoast SEO plugin v23.0 - https:\/\/yoast.com\/wordpress\/plugins\/seo\/ -->\n<title>Prefeitura de Manaus empossa nova diretoria do Conselho Municipal dos Direitos da Pessoa Idosa para o bi\u00eanio 2026-2027<\/title>\n<meta name=\"description\" content=\"A Prefeitura de Manaus, por meio do Conselho Municipal dos Direitos da Pessoa Idosa (CMDPI) e da Funda\u00e7\u00e3o de Apoio ao Idoso Doutor Thomas (FDT), realiza, nesta quarta-feira, 21\/1, \u00e0s 16h, no sal\u00e3o Rio Solim\u00f5es, localizado na avenida 7 de Setembro, n\u00ba 1.546, Centro, a cerim\u00f4nia de posse da nova Diretoria Executiva do CMDPI e dos conselheiros titulares e suplentes para o bi\u00eanio 2026-2027.\" \/>\n<meta name=\"robots\" content=\"index, follow, max-snippet:-1, max-image-preview:large, max-video-preview:-1\" \/>\n<link rel=\"canonical\" href=\"https:\/\/www.manaus.am.gov.br\/semcom\/pautas\/prefeitura-cmdpi-posse\/\" \/>\n<meta property=\"og:locale\" content=\"pt_BR\" \/>\n<meta property=\"og:type\" content=\"article\" \/>\n<meta property=\"og:title\" content=\"Prefeitura de Manaus empossa nova diretoria do Conselho Municipal dos Direitos da Pessoa Idosa para o bi\u00eanio 2026-2027\" \/>\n<meta property=\"og:description\" content=\"A Prefeitura de Manaus, por meio do Conselho Municipal dos Direitos da Pessoa Idosa (CMDPI) e da Funda\u00e7\u00e3o de Apoio ao Idoso Doutor Thomas (FDT), realiza, nesta quarta-feira, 21\/1, \u00e0s 16h, no sal\u00e3o Rio Solim\u00f5es, localizado na avenida 7 de Setembro, n\u00ba 1.546, Centro, a cerim\u00f4nia de posse da nova Diretoria Executiva do CMDPI e dos conselheiros titulares e suplentes para o bi\u00eanio 2026-2027.\" \/>\n<meta property=\"og:url\" content=\"https:\/\/www.manaus.am.gov.br\/semcom\/pautas\/prefeitura-cmdpi-posse\/\" \/>\n<meta property=\"og:site_name\" content=\"SEMCOM\" \/>\n<meta property=\"og:image\" content=\"https:\/\/www.manaus.am.gov.br\/semcom\/wp-content\/uploads\/sites\/5\/2023\/02\/sugestaodepauta.png\" \/>\n\t<meta property=\"og:image:width\" content=\"1020\" \/>\n\t<meta property=\"og:image:height\" content=\"540\" \/>\n\t<meta property=\"og:image:type\" content=\"image\/png\" \/>\n<meta name=\"twitter:card\" content=\"summary_large_image\" \/>\n<meta name=\"twitter:label1\" content=\"Est. reading time\" \/>\n\t<meta name=\"twitter:data1\" content=\"2 minutos\" \/>\n<script type=\"application\/ld+json\" class=\"yoast-schema-graph\">{\"@context\":\"https:\/\/schema.org\",\"@graph\":[{\"@type\":\"WebPage\",\"@id\":\"https:\/\/www.manaus.am.gov.br\/semcom\/pautas\/prefeitura-cmdpi-posse\/\",\"url\":\"https:\/\/www.manaus.am.gov.br\/semcom\/pautas\/prefeitura-cmdpi-posse\/\",\"name\":\"Prefeitura de Manaus empossa nova diretoria do Conselho Municipal dos Direitos da Pessoa Idosa para o bi\u00eanio 2026-2027\",\"isPartOf\":{\"@id\":\"https:\/\/www.manaus.am.gov.br\/semcom\/#website\"},\"primaryImageOfPage\":{\"@id\":\"https:\/\/www.manaus.am.gov.br\/semcom\/pautas\/prefeitura-cmdpi-posse\/#primaryimage\"},\"image\":{\"@id\":\"https:\/\/www.manaus.am.gov.br\/semcom\/pautas\/prefeitura-cmdpi-posse\/#primaryimage\"},\"thumbnailUrl\":\"https:\/\/www.manaus.am.gov.br\/semcom\/wp-content\/uploads\/sites\/5\/2023\/02\/sugestaodepauta.png\",\"datePublished\":\"2026-01-20T16:38:48+00:00\",\"dateModified\":\"2026-01-20T16:38:48+00:00\",\"description\":\"A Prefeitura de Manaus, por meio do Conselho Municipal dos Direitos da Pessoa Idosa (CMDPI) e da Funda\u00e7\u00e3o de Apoio ao Idoso Doutor Thomas (FDT), realiza, nesta quarta-feira, 21\/1, \u00e0s 16h, no sal\u00e3o Rio Solim\u00f5es, localizado na avenida 7 de Setembro, n\u00ba 1.546, Centro, a cerim\u00f4nia de posse da nova Diretoria Executiva do CMDPI e dos conselheiros titulares e suplentes para o bi\u00eanio 2026-2027.\",\"inLanguage\":\"pt-BR\",\"potentialAction\":[{\"@type\":\"ReadAction\",\"target\":[\"https:\/\/www.manaus.am.gov.br\/semcom\/pautas\/prefeitura-cmdpi-posse\/\"]}]},{\"@type\":\"ImageObject\",\"inLanguage\":\"pt-BR\",\"@id\":\"https:\/\/www.manaus.am.gov.br\/semcom\/pautas\/prefeitura-cmdpi-posse\/#primaryimage\",\"url\":\"https:\/\/www.manaus.am.gov.br\/semcom\/wp-content\/uploads\/sites\/5\/2023\/02\/sugestaodepauta.png\",\"contentUrl\":\"https:\/\/www.manaus.am.gov.br\/semcom\/wp-content\/uploads\/sites\/5\/2023\/02\/sugestaodepauta.png\",\"width\":1020,\"height\":540},{\"@type\":\"WebSite\",\"@id\":\"https:\/\/www.manaus.am.gov.br\/semcom\/#website\",\"url\":\"https:\/\/www.manaus.am.gov.br\/semcom\/\",\"name\":\"SEMCOM\",\"description\":\"Secretaria Municipal de Comunica\u00e7\u00e3o\",\"potentialAction\":[{\"@type\":\"SearchAction\",\"target\":{\"@type\":\"EntryPoint\",\"urlTemplate\":\"https:\/\/www.manaus.am.gov.br\/semcom\/?s={search_term_string}\"},\"query-input\":\"required name=search_term_string\"}],\"inLanguage\":\"pt-BR\"}]}<\/script>\n<!-- \/ Yoast SEO plugin. -->","yoast_head_json":{"title":"Prefeitura de Manaus empossa nova diretoria do Conselho Municipal dos Direitos da Pessoa Idosa para o bi\u00eanio 2026-2027","description":"A Prefeitura de Manaus, por meio do Conselho Municipal dos Direitos da Pessoa Idosa (CMDPI) e da Funda\u00e7\u00e3o de Apoio ao Idoso Doutor Thomas (FDT), realiza, nesta quarta-feira, 21\/1, \u00e0s 16h, no sal\u00e3o Rio Solim\u00f5es, localizado na avenida 7 de Setembro, n\u00ba 1.546, Centro, a cerim\u00f4nia de posse da nova Diretoria Executiva do CMDPI e dos conselheiros titulares e suplentes para o bi\u00eanio 2026-2027.","robots":{"index":"index","follow":"follow","max-snippet":"max-snippet:-1","max-image-preview":"max-image-preview:large","max-video-preview":"max-video-preview:-1"},"canonical":"https:\/\/www.manaus.am.gov.br\/semcom\/pautas\/prefeitura-cmdpi-posse\/","og_locale":"pt_BR","og_type":"article","og_title":"Prefeitura de Manaus empossa nova diretoria do Conselho Municipal dos Direitos da Pessoa Idosa para o bi\u00eanio 2026-2027","og_description":"A Prefeitura de Manaus, por meio do Conselho Municipal dos Direitos da Pessoa Idosa (CMDPI) e da Funda\u00e7\u00e3o de Apoio ao Idoso Doutor Thomas (FDT), realiza, nesta quarta-feira, 21\/1, \u00e0s 16h, no sal\u00e3o Rio Solim\u00f5es, localizado na avenida 7 de Setembro, n\u00ba 1.546, Centro, a cerim\u00f4nia de posse da nova Diretoria Executiva do CMDPI e dos conselheiros titulares e suplentes para o bi\u00eanio 2026-2027.","og_url":"https:\/\/www.manaus.am.gov.br\/semcom\/pautas\/prefeitura-cmdpi-posse\/","og_site_name":"SEMCOM","og_image":[{"width":1020,"height":540,"url":"https:\/\/www.manaus.am.gov.br\/semcom\/wp-content\/uploads\/sites\/5\/2023\/02\/sugestaodepauta.png","type":"image\/png"}],"twitter_card":"summary_large_image","twitter_misc":{"Est. reading time":"2 minutos"},"schema":{"@context":"https:\/\/schema.org","@graph":[{"@type":"WebPage","@id":"https:\/\/www.manaus.am.gov.br\/semcom\/pautas\/prefeitura-cmdpi-posse\/","url":"https:\/\/www.manaus.am.gov.br\/semcom\/pautas\/prefeitura-cmdpi-posse\/","name":"Prefeitura de Manaus empossa nova diretoria do Conselho Municipal dos Direitos da Pessoa Idosa para o bi\u00eanio 2026-2027","isPartOf":{"@id":"https:\/\/www.manaus.am.gov.br\/semcom\/#website"},"primaryImageOfPage":{"@id":"https:\/\/www.manaus.am.gov.br\/semcom\/pautas\/prefeitura-cmdpi-posse\/#primaryimage"},"image":{"@id":"https:\/\/www.manaus.am.gov.br\/semcom\/pautas\/prefeitura-cmdpi-posse\/#primaryimage"},"thumbnailUrl":"https:\/\/www.manaus.am.gov.br\/semcom\/wp-content\/uploads\/sites\/5\/2023\/02\/sugestaodepauta.png","datePublished":"2026-01-20T16:38:48+00:00","dateModified":"2026-01-20T16:38:48+00:00","description":"A Prefeitura de Manaus, por meio do Conselho Municipal dos Direitos da Pessoa Idosa (CMDPI) e da Funda\u00e7\u00e3o de Apoio ao Idoso Doutor Thomas (FDT), realiza, nesta quarta-feira, 21\/1, \u00e0s 16h, no sal\u00e3o Rio Solim\u00f5es, localizado na avenida 7 de Setembro, n\u00ba 1.546, Centro, a cerim\u00f4nia de posse da nova Diretoria Executiva do CMDPI e dos conselheiros titulares e suplentes para o bi\u00eanio 2026-2027.","inLanguage":"pt-BR","potentialAction":[{"@type":"ReadAction","target":["https:\/\/www.manaus.am.gov.br\/semcom\/pautas\/prefeitura-cmdpi-posse\/"]}]},{"@type":"ImageObject","inLanguage":"pt-BR","@id":"https:\/\/www.manaus.am.gov.br\/semcom\/pautas\/prefeitura-cmdpi-posse\/#primaryimage","url":"https:\/\/www.manaus.am.gov.br\/semcom\/wp-content\/uploads\/sites\/5\/2023\/02\/sugestaodepauta.png","contentUrl":"https:\/\/www.manaus.am.gov.br\/semcom\/wp-content\/uploads\/sites\/5\/2023\/02\/sugestaodepauta.png","width":1020,"height":540},{"@type":"WebSite","@id":"https:\/\/www.manaus.am.gov.br\/semcom\/#website","url":"https:\/\/www.manaus.am.gov.br\/semcom\/","name":"SEMCOM","description":"Secretaria Municipal de Comunica\u00e7\u00e3o","potentialAction":[{"@type":"SearchAction","target":{"@type":"EntryPoint","urlTemplate":"https:\/\/www.manaus.am.gov.br\/semcom\/?s={search_term_string}"},"query-input":"required name=search_term_string"}],"inLanguage":"pt-BR"}]}},"_links":{"self":[{"href":"https:\/\/www.manaus.am.gov.br\/semcom\/wp-json\/wp\/v2\/pautas\/251262"}],"collection":[{"href":"https:\/\/www.manaus.am.gov.br\/semcom\/wp-json\/wp\/v2\/pautas"}],"about":[{"href":"https:\/\/www.manaus.am.gov.br\/semcom\/wp-json\/wp\/v2\/types\/pautas"}],"wp:featuredmedia":[{"embeddable":true,"href":"https:\/\/www.manaus.am.gov.br\/semcom\/wp-json\/wp\/v2\/media\/208729"}],"wp:attachment":[{"href":"https:\/\/www.manaus.am.gov.br\/semcom\/wp-json\/wp\/v2\/media?parent=251262"}],"wp:term":[{"taxonomy":"category","embeddable":true,"href":"https:\/\/www.manaus.am.gov.br\/semcom\/wp-json\/wp\/v2\/categories?post=251262"}],"curies":[{"name":"wp","href":"https:\/\/api.w.org\/{rel}","templated":true}]}}

Prefeitura de Manaus empossa nova diretoria do Conselho Municipal dos Direitos da Pessoa Idosa para o biênio 2026-2027

<p>A Prefeitura de Manaus, por meio do Conselho Municipal dos Direitos da Pessoa Idosa (CMDPI) e da Fundação de Apoio ao Idoso Doutor Thomas (FDT), realiza, nesta quarta-feira, 21/1, às 16h, no salão Rio Solimões, localizado na avenida 7 de Setembro, nº 1.546, Centro, a cerimônia de posse da nova Diretoria Executiva do CMDPI e dos conselheiros titulares e suplentes para o biênio 2026-2027.</p>



<p>A solenidade contará com a participação do novo presidente do CMDPI, Yonilson Fernandes Carvalho Neto, e do diretor-presidente da Fundação Doutor Thomas, Eduardo Lucas, e marca a renovação da composição do conselho, reforçando o compromisso com a participação social e o fortalecimento das políticas públicas voltadas à população idosa de Manaus.</p>



<p>O Conselho Municipal dos Direitos da Pessoa Idosa é um órgão colegiado de caráter deliberativo e de controle social, responsável por acompanhar, fiscalizar e propor ações e políticas públicas que assegurem a garantia dos direitos das pessoas idosas, atuando de forma integrada entre o poder público e a sociedade civil.</p>



<p><strong>SERVIÇO</strong>:</p>



<p><strong>O quê </strong>– Prefeitura de Manaus empossa nova diretoria do Conselho Municipal dos Direitos da Pessoa Idosa para o biênio 2026-2027</p>



<p><strong>Quando </strong>– Quarta-feira, 21/1</p>



<p><strong>Horário </strong>– 16h</p>



<p><strong>Local </strong>– Salão Rio Solimões, localizado na avenida 7 de Setembro, nº 1.546, Centro.</p>



<p><strong>Localização </strong>&#8211; <a href="https://maps.app.goo.gl/3For6NhJLAXRVmgh8" target="_blank" rel="noreferrer noopener">https://maps.app.goo.gl/3For6NhJLAXRVmgh8</a></p>



<p>&#8212; &#8212; &#8212;&nbsp;</p>

<!-- This site is optimized with the Yoast SEO plugin v23.0 - https://yoast.com/wordpress/plugins/seo/ -->
<title>Prefeitura de Manaus empossa nova diretoria do Conselho Municipal dos Direitos da Pessoa Idosa para o biênio 2026-2027</title>
<meta name="description" content="A Prefeitura de Manaus, por meio do Conselho Municipal dos Direitos da Pessoa Idosa (CMDPI) e da Fundação de Apoio ao Idoso Doutor Thomas (FDT), realiza, nesta quarta-feira, 21/1, às 16h, no salão Rio Solimões, localizado na avenida 7 de Setembro, nº 1.546, Centro, a cerimônia de posse da nova Diretoria Executiva do CMDPI e dos conselheiros titulares e suplentes para o biênio 2026-2027." />
<meta name="robots" content="index, follow, max-snippet:-1, max-image-preview:large, max-video-preview:-1" />
<link rel="canonical" href="https://www.manaus.am.gov.br/semcom/pautas/prefeitura-cmdpi-posse/" />
<meta property="og:locale" content="pt_BR" />
<meta property="og:type" content="article" />
<meta property="og:title" content="Prefeitura de Manaus empossa nova diretoria do Conselho Municipal dos Direitos da Pessoa Idosa para o biênio 2026-2027" />
<meta property="og:description" content="A Prefeitura de Manaus, por meio do Conselho Municipal dos Direitos da Pessoa Idosa (CMDPI) e da Fundação de Apoio ao Idoso Doutor Thomas (FDT), realiza, nesta quarta-feira, 21/1, às 16h, no salão Rio Solimões, localizado na avenida 7 de Setembro, nº 1.546, Centro, a cerimônia de posse da nova Diretoria Executiva do CMDPI e dos conselheiros titulares e suplentes para o biênio 2026-2027." />
<meta property="og:url" content="https://www.manaus.am.gov.br/semcom/pautas/prefeitura-cmdpi-posse/" />
<meta property="og:site_name" content="SEMCOM" />
<meta property="og:image" content="https://www.manaus.am.gov.br/semcom/wp-content/uploads/sites/5/2023/02/sugestaodepauta.png" />
	<meta property="og:image:width" content="1020" />
	<meta property="og:image:height" content="540" />
	<meta property="og:image:type" content="image/png" />
<meta name="twitter:card" content="summary_large_image" />
<meta name="twitter:label1" content="Est. reading time" />
	<meta name="twitter:data1" content="2 minutos" />
<script type="application/ld+json" class="yoast-schema-graph">{"@context":"https://schema.org","@graph":[{"@type":"WebPage","@id":"https://www.manaus.am.gov.br/semcom/pautas/prefeitura-cmdpi-posse/","url":"https://www.manaus.am.gov.br/semcom/pautas/prefeitura-cmdpi-posse/","name":"Prefeitura de Manaus empossa nova diretoria do Conselho Municipal dos Direitos da Pessoa Idosa para o biênio 2026-2027","isPartOf":{"@id":"https://www.manaus.am.gov.br/semcom/#website"},"primaryImageOfPage":{"@id":"https://www.manaus.am.gov.br/semcom/pautas/prefeitura-cmdpi-posse/#primaryimage"},"image":{"@id":"https://www.manaus.am.gov.br/semcom/pautas/prefeitura-cmdpi-posse/#primaryimage"},"thumbnailUrl":"https://www.manaus.am.gov.br/semcom/wp-content/uploads/sites/5/2023/02/sugestaodepauta.png","datePublished":"2026-01-20T16:38:48+00:00","dateModified":"2026-01-20T16:38:48+00:00","description":"A Prefeitura de Manaus, por meio do Conselho Municipal dos Direitos da Pessoa Idosa (CMDPI) e da Fundação de Apoio ao Idoso Doutor Thomas (FDT), realiza, nesta quarta-feira, 21/1, às 16h, no salão Rio Solimões, localizado na avenida 7 de Setembro, nº 1.546, Centro, a cerimônia de posse da nova Diretoria Executiva do CMDPI e dos conselheiros titulares e suplentes para o biênio 2026-2027.","inLanguage":"pt-BR","potentialAction":[{"@type":"ReadAction","target":["https://www.manaus.am.gov.br/semcom/pautas/prefeitura-cmdpi-posse/"]}]},{"@type":"ImageObject","inLanguage":"pt-BR","@id":"https://www.manaus.am.gov.br/semcom/pautas/prefeitura-cmdpi-posse/#primaryimage","url":"https://www.manaus.am.gov.br/semcom/wp-content/uploads/sites/5/2023/02/sugestaodepauta.png","contentUrl":"https://www.manaus.am.gov.br/semcom/wp-content/uploads/sites/5/2023/02/sugestaodepauta.png","width":1020,"height":540},{"@type":"WebSite","@id":"https://www.manaus.am.gov.br/semcom/#website","url":"https://www.manaus.am.gov.br/semcom/","name":"SEMCOM","description":"Secretaria Municipal de Comunicação","potentialAction":[{"@type":"SearchAction","target":{"@type":"EntryPoint","urlTemplate":"https://www.manaus.am.gov.br/semcom/?s={search_term_string}"},"query-input":"required name=search_term_string"}],"inLanguage":"pt-BR"}]}</script>
<!-- / Yoast SEO plugin. -->

A Prefeitura de Manaus, por meio do Conselho Municipal dos Direitos da Pessoa Idosa (CMDPI) e da Fundação de Apoio ao Idoso Doutor Thomas (FDT), realiza, nesta quarta-feira, 21/1, às 16h, no salão Rio Solimões, localizado na avenida 7 de Setembro, nº 1.546, Centro, a cerimônia de posse da nova Diretoria Executiva do CMDPI e dos conselheiros titulares e suplentes para o biênio 2026-2027.

Secretaria Municipal de Comunicação
