{"id":250793,"date":"2026-01-13T16:11:03","date_gmt":"2026-01-13T19:11:03","guid":{"rendered":"https:\/\/www.manaus.am.gov.br\/semcom\/?post_type=pautas&#038;p=250793"},"modified":"2026-01-13T16:11:03","modified_gmt":"2026-01-13T19:11:03","slug":"abertura-ano-letivo-2026-escolas-zona-ribeirinha","status":"publish","type":"pautas","link":"https:\/\/www.manaus.am.gov.br\/semcom\/pautas\/abertura-ano-letivo-2026-escolas-zona-ribeirinha\/","title":{"rendered":"Prefeito David Almeida realiza abertura do ano letivo de 2026 nas escolas da zona ribeirinha dos rios Amazonas e Negro"},"content":{"rendered":"\n<p>O prefeito de Manaus, David Almeida, realiza, nesta quinta-feira, 15\/1, \u00e0s 9h, a abertura do ano letivo de 2026 para 2.519 estudantes das 48 escolas da zona ribeirinha, sendo 29 do rio Negro e 19 do rio Amazonas. A solenidade de abertura ser\u00e1 realizada na escola municipal Cana\u00e3 2, localizada na comunidade de Juli\u00e3o, a margem esquerda do rio Negro, no Tarum\u00e3zinho.<\/p>\n\n\n\n<p>Na ocasi\u00e3o, a prefeitura tamb\u00e9m far\u00e1 a reinaugura\u00e7\u00e3o da escola municipal Cana\u00e3 2, com amplia\u00e7\u00e3o de espa\u00e7os, revis\u00e3o completa das instala\u00e7\u00f5es el\u00e9tricas e a adequa\u00e7\u00e3o do sistema hidr\u00e1ulico, revitaliza\u00e7\u00e3o do refeit\u00f3rio e da quadra poliesportiva, bem como, a constru\u00e7\u00e3o de rampa de acessibilidade, entre outros.<\/p>\n\n\n\n<p>A Semed Manaus estar\u00e1 disponibilizando uma lancha para o transporte da imprensa, a qual sair\u00e1 da marina do Davi, \u00e0s 7h30. <strong>Os ve\u00edculos interessados em realizar a cobertura do evento, devem comunicar \u00e0 Semed, at\u00e9 as 14h desta quarta-feira, 14\/1, pelo e-mail:&nbsp;<a href=\"mailto:falasemed@semed.manaus.am.gov.br\" target=\"_blank\" rel=\"noreferrer noopener\">falasemed@semed.manaus.am.gov.br<\/a>, com&nbsp;os nomes das equipes, sendo disponibilizadas duas vagas (rep\u00f3rter e cinegrafista ou fot\u00f3grafo), por ve\u00edculo.<\/strong><strong><\/strong><\/p>\n\n\n\n<p><strong>SERVI\u00c7O<\/strong><\/p>\n\n\n\n<p><strong>O qu\u00ea<\/strong>&nbsp;\u2013 Abertura do ano letivo de 2026 nas escolas da zona ribeirinha<\/p>\n\n\n\n<p><strong>Quando<\/strong>&nbsp;\u2013 Quinta-feira, 15\/1<\/p>\n\n\n\n<p><strong>Hor\u00e1rio<\/strong>&nbsp;\u2013 7h30 (sa\u00edda da marina do Davi) e 9h (solenidade de abertura)<\/p>\n\n\n\n<p><strong>Local<\/strong>&nbsp;\u2013 Escola municipal Cana\u00e3 2, na comunidade de Juli\u00e3o, a margem do rio Negro, no Tarum\u00e3zinho<\/p>\n","protected":false},"featured_media":208729,"template":"","categories":[788],"acf":[],"yoast_head":"<!-- This site is optimized with the Yoast SEO plugin v23.0 - https:\/\/yoast.com\/wordpress\/plugins\/seo\/ -->\n<title>Prefeito realiza abertura do ano letivo de 2026 nas escolas da zona ribeirinha dos rios Amazonas e Negro<\/title>\n<meta name=\"description\" content=\"Prefeito David Almeida realiza abertura do ano letivo de 2026 nas escolas da zona ribeirinha dos rios Amazonas e Negro.\" \/>\n<meta name=\"robots\" content=\"index, follow, max-snippet:-1, max-image-preview:large, max-video-preview:-1\" \/>\n<link rel=\"canonical\" href=\"https:\/\/www.manaus.am.gov.br\/semcom\/pautas\/abertura-ano-letivo-2026-escolas-zona-ribeirinha\/\" \/>\n<meta property=\"og:locale\" content=\"pt_BR\" \/>\n<meta property=\"og:type\" content=\"article\" \/>\n<meta property=\"og:title\" content=\"Prefeito realiza abertura do ano letivo de 2026 nas escolas da zona ribeirinha dos rios Amazonas e Negro\" \/>\n<meta property=\"og:description\" content=\"Prefeito David Almeida realiza abertura do ano letivo de 2026 nas escolas da zona ribeirinha dos rios Amazonas e Negro.\" \/>\n<meta property=\"og:url\" content=\"https:\/\/www.manaus.am.gov.br\/semcom\/pautas\/abertura-ano-letivo-2026-escolas-zona-ribeirinha\/\" \/>\n<meta property=\"og:site_name\" content=\"SEMCOM\" \/>\n<meta property=\"og:image\" content=\"https:\/\/www.manaus.am.gov.br\/semcom\/wp-content\/uploads\/sites\/5\/2023\/02\/sugestaodepauta.png\" \/>\n\t<meta property=\"og:image:width\" content=\"1020\" \/>\n\t<meta property=\"og:image:height\" content=\"540\" \/>\n\t<meta property=\"og:image:type\" content=\"image\/png\" \/>\n<meta name=\"twitter:card\" content=\"summary_large_image\" \/>\n<meta name=\"twitter:label1\" content=\"Est. reading time\" \/>\n\t<meta name=\"twitter:data1\" content=\"2 minutos\" \/>\n<script type=\"application\/ld+json\" class=\"yoast-schema-graph\">{\"@context\":\"https:\/\/schema.org\",\"@graph\":[{\"@type\":\"WebPage\",\"@id\":\"https:\/\/www.manaus.am.gov.br\/semcom\/pautas\/abertura-ano-letivo-2026-escolas-zona-ribeirinha\/\",\"url\":\"https:\/\/www.manaus.am.gov.br\/semcom\/pautas\/abertura-ano-letivo-2026-escolas-zona-ribeirinha\/\",\"name\":\"Prefeito realiza abertura do ano letivo de 2026 nas escolas da zona ribeirinha dos rios Amazonas e Negro\",\"isPartOf\":{\"@id\":\"https:\/\/www.manaus.am.gov.br\/semcom\/#website\"},\"primaryImageOfPage\":{\"@id\":\"https:\/\/www.manaus.am.gov.br\/semcom\/pautas\/abertura-ano-letivo-2026-escolas-zona-ribeirinha\/#primaryimage\"},\"image\":{\"@id\":\"https:\/\/www.manaus.am.gov.br\/semcom\/pautas\/abertura-ano-letivo-2026-escolas-zona-ribeirinha\/#primaryimage\"},\"thumbnailUrl\":\"https:\/\/www.manaus.am.gov.br\/semcom\/wp-content\/uploads\/sites\/5\/2023\/02\/sugestaodepauta.png\",\"datePublished\":\"2026-01-13T19:11:03+00:00\",\"dateModified\":\"2026-01-13T19:11:03+00:00\",\"description\":\"Prefeito David Almeida realiza abertura do ano letivo de 2026 nas escolas da zona ribeirinha dos rios Amazonas e Negro.\",\"inLanguage\":\"pt-BR\",\"potentialAction\":[{\"@type\":\"ReadAction\",\"target\":[\"https:\/\/www.manaus.am.gov.br\/semcom\/pautas\/abertura-ano-letivo-2026-escolas-zona-ribeirinha\/\"]}]},{\"@type\":\"ImageObject\",\"inLanguage\":\"pt-BR\",\"@id\":\"https:\/\/www.manaus.am.gov.br\/semcom\/pautas\/abertura-ano-letivo-2026-escolas-zona-ribeirinha\/#primaryimage\",\"url\":\"https:\/\/www.manaus.am.gov.br\/semcom\/wp-content\/uploads\/sites\/5\/2023\/02\/sugestaodepauta.png\",\"contentUrl\":\"https:\/\/www.manaus.am.gov.br\/semcom\/wp-content\/uploads\/sites\/5\/2023\/02\/sugestaodepauta.png\",\"width\":1020,\"height\":540},{\"@type\":\"WebSite\",\"@id\":\"https:\/\/www.manaus.am.gov.br\/semcom\/#website\",\"url\":\"https:\/\/www.manaus.am.gov.br\/semcom\/\",\"name\":\"SEMCOM\",\"description\":\"Secretaria Municipal de Comunica\u00e7\u00e3o\",\"potentialAction\":[{\"@type\":\"SearchAction\",\"target\":{\"@type\":\"EntryPoint\",\"urlTemplate\":\"https:\/\/www.manaus.am.gov.br\/semcom\/?s={search_term_string}\"},\"query-input\":\"required name=search_term_string\"}],\"inLanguage\":\"pt-BR\"}]}<\/script>\n<!-- \/ Yoast SEO plugin. -->","yoast_head_json":{"title":"Prefeito realiza abertura do ano letivo de 2026 nas escolas da zona ribeirinha dos rios Amazonas e Negro","description":"Prefeito David Almeida realiza abertura do ano letivo de 2026 nas escolas da zona ribeirinha dos rios Amazonas e Negro.","robots":{"index":"index","follow":"follow","max-snippet":"max-snippet:-1","max-image-preview":"max-image-preview:large","max-video-preview":"max-video-preview:-1"},"canonical":"https:\/\/www.manaus.am.gov.br\/semcom\/pautas\/abertura-ano-letivo-2026-escolas-zona-ribeirinha\/","og_locale":"pt_BR","og_type":"article","og_title":"Prefeito realiza abertura do ano letivo de 2026 nas escolas da zona ribeirinha dos rios Amazonas e Negro","og_description":"Prefeito David Almeida realiza abertura do ano letivo de 2026 nas escolas da zona ribeirinha dos rios Amazonas e Negro.","og_url":"https:\/\/www.manaus.am.gov.br\/semcom\/pautas\/abertura-ano-letivo-2026-escolas-zona-ribeirinha\/","og_site_name":"SEMCOM","og_image":[{"width":1020,"height":540,"url":"https:\/\/www.manaus.am.gov.br\/semcom\/wp-content\/uploads\/sites\/5\/2023\/02\/sugestaodepauta.png","type":"image\/png"}],"twitter_card":"summary_large_image","twitter_misc":{"Est. reading time":"2 minutos"},"schema":{"@context":"https:\/\/schema.org","@graph":[{"@type":"WebPage","@id":"https:\/\/www.manaus.am.gov.br\/semcom\/pautas\/abertura-ano-letivo-2026-escolas-zona-ribeirinha\/","url":"https:\/\/www.manaus.am.gov.br\/semcom\/pautas\/abertura-ano-letivo-2026-escolas-zona-ribeirinha\/","name":"Prefeito realiza abertura do ano letivo de 2026 nas escolas da zona ribeirinha dos rios Amazonas e Negro","isPartOf":{"@id":"https:\/\/www.manaus.am.gov.br\/semcom\/#website"},"primaryImageOfPage":{"@id":"https:\/\/www.manaus.am.gov.br\/semcom\/pautas\/abertura-ano-letivo-2026-escolas-zona-ribeirinha\/#primaryimage"},"image":{"@id":"https:\/\/www.manaus.am.gov.br\/semcom\/pautas\/abertura-ano-letivo-2026-escolas-zona-ribeirinha\/#primaryimage"},"thumbnailUrl":"https:\/\/www.manaus.am.gov.br\/semcom\/wp-content\/uploads\/sites\/5\/2023\/02\/sugestaodepauta.png","datePublished":"2026-01-13T19:11:03+00:00","dateModified":"2026-01-13T19:11:03+00:00","description":"Prefeito David Almeida realiza abertura do ano letivo de 2026 nas escolas da zona ribeirinha dos rios Amazonas e Negro.","inLanguage":"pt-BR","potentialAction":[{"@type":"ReadAction","target":["https:\/\/www.manaus.am.gov.br\/semcom\/pautas\/abertura-ano-letivo-2026-escolas-zona-ribeirinha\/"]}]},{"@type":"ImageObject","inLanguage":"pt-BR","@id":"https:\/\/www.manaus.am.gov.br\/semcom\/pautas\/abertura-ano-letivo-2026-escolas-zona-ribeirinha\/#primaryimage","url":"https:\/\/www.manaus.am.gov.br\/semcom\/wp-content\/uploads\/sites\/5\/2023\/02\/sugestaodepauta.png","contentUrl":"https:\/\/www.manaus.am.gov.br\/semcom\/wp-content\/uploads\/sites\/5\/2023\/02\/sugestaodepauta.png","width":1020,"height":540},{"@type":"WebSite","@id":"https:\/\/www.manaus.am.gov.br\/semcom\/#website","url":"https:\/\/www.manaus.am.gov.br\/semcom\/","name":"SEMCOM","description":"Secretaria Municipal de Comunica\u00e7\u00e3o","potentialAction":[{"@type":"SearchAction","target":{"@type":"EntryPoint","urlTemplate":"https:\/\/www.manaus.am.gov.br\/semcom\/?s={search_term_string}"},"query-input":"required name=search_term_string"}],"inLanguage":"pt-BR"}]}},"_links":{"self":[{"href":"https:\/\/www.manaus.am.gov.br\/semcom\/wp-json\/wp\/v2\/pautas\/250793"}],"collection":[{"href":"https:\/\/www.manaus.am.gov.br\/semcom\/wp-json\/wp\/v2\/pautas"}],"about":[{"href":"https:\/\/www.manaus.am.gov.br\/semcom\/wp-json\/wp\/v2\/types\/pautas"}],"wp:featuredmedia":[{"embeddable":true,"href":"https:\/\/www.manaus.am.gov.br\/semcom\/wp-json\/wp\/v2\/media\/208729"}],"wp:attachment":[{"href":"https:\/\/www.manaus.am.gov.br\/semcom\/wp-json\/wp\/v2\/media?parent=250793"}],"wp:term":[{"taxonomy":"category","embeddable":true,"href":"https:\/\/www.manaus.am.gov.br\/semcom\/wp-json\/wp\/v2\/categories?post=250793"}],"curies":[{"name":"wp","href":"https:\/\/api.w.org\/{rel}","templated":true}]}}

<p>O prefeito de Manaus, David Almeida, realiza, nesta quinta-feira, 15/1, às 9h, a abertura do ano letivo de 2026 para 2.519 estudantes das 48 escolas da zona ribeirinha, sendo 29 do rio Negro e 19 do rio Amazonas. A solenidade de abertura será realizada na escola municipal Canaã 2, localizada na comunidade de Julião, a margem esquerda do rio Negro, no Tarumãzinho.</p>



<p>Na ocasião, a prefeitura também fará a reinauguração da escola municipal Canaã 2, com ampliação de espaços, revisão completa das instalações elétricas e a adequação do sistema hidráulico, revitalização do refeitório e da quadra poliesportiva, bem como, a construção de rampa de acessibilidade, entre outros.</p>



<p>A Semed Manaus estará disponibilizando uma lancha para o transporte da imprensa, a qual sairá da marina do Davi, às 7h30. <strong>Os veículos interessados em realizar a cobertura do evento, devem comunicar à Semed, até as 14h desta quarta-feira, 14/1, pelo e-mail:&nbsp;<a href="mailto:falasemed@semed.manaus.am.gov.br" target="_blank" rel="noreferrer noopener">falasemed@semed.manaus.am.gov.br</a>, com&nbsp;os nomes das equipes, sendo disponibilizadas duas vagas (repórter e cinegrafista ou fotógrafo), por veículo.</strong><strong></strong></p>



<p><strong>SERVIÇO</strong></p>



<p><strong>O quê</strong>&nbsp;– Abertura do ano letivo de 2026 nas escolas da zona ribeirinha</p>



<p><strong>Quando</strong>&nbsp;– Quinta-feira, 15/1</p>



<p><strong>Horário</strong>&nbsp;– 7h30 (saída da marina do Davi) e 9h (solenidade de abertura)</p>



<p><strong>Local</strong>&nbsp;– Escola municipal Canaã 2, na comunidade de Julião, a margem do rio Negro, no Tarumãzinho</p>

<!-- This site is optimized with the Yoast SEO plugin v23.0 - https://yoast.com/wordpress/plugins/seo/ -->
<title>Prefeito realiza abertura do ano letivo de 2026 nas escolas da zona ribeirinha dos rios Amazonas e Negro</title>
<meta name="description" content="Prefeito David Almeida realiza abertura do ano letivo de 2026 nas escolas da zona ribeirinha dos rios Amazonas e Negro." />
<meta name="robots" content="index, follow, max-snippet:-1, max-image-preview:large, max-video-preview:-1" />
<link rel="canonical" href="https://www.manaus.am.gov.br/semcom/pautas/abertura-ano-letivo-2026-escolas-zona-ribeirinha/" />
<meta property="og:locale" content="pt_BR" />
<meta property="og:type" content="article" />
<meta property="og:title" content="Prefeito realiza abertura do ano letivo de 2026 nas escolas da zona ribeirinha dos rios Amazonas e Negro" />
<meta property="og:description" content="Prefeito David Almeida realiza abertura do ano letivo de 2026 nas escolas da zona ribeirinha dos rios Amazonas e Negro." />
<meta property="og:url" content="https://www.manaus.am.gov.br/semcom/pautas/abertura-ano-letivo-2026-escolas-zona-ribeirinha/" />
<meta property="og:site_name" content="SEMCOM" />
<meta property="og:image" content="https://www.manaus.am.gov.br/semcom/wp-content/uploads/sites/5/2023/02/sugestaodepauta.png" />
	<meta property="og:image:width" content="1020" />
	<meta property="og:image:height" content="540" />
	<meta property="og:image:type" content="image/png" />
<meta name="twitter:card" content="summary_large_image" />
<meta name="twitter:label1" content="Est. reading time" />
	<meta name="twitter:data1" content="2 minutos" />
<script type="application/ld+json" class="yoast-schema-graph">{"@context":"https://schema.org","@graph":[{"@type":"WebPage","@id":"https://www.manaus.am.gov.br/semcom/pautas/abertura-ano-letivo-2026-escolas-zona-ribeirinha/","url":"https://www.manaus.am.gov.br/semcom/pautas/abertura-ano-letivo-2026-escolas-zona-ribeirinha/","name":"Prefeito realiza abertura do ano letivo de 2026 nas escolas da zona ribeirinha dos rios Amazonas e Negro","isPartOf":{"@id":"https://www.manaus.am.gov.br/semcom/#website"},"primaryImageOfPage":{"@id":"https://www.manaus.am.gov.br/semcom/pautas/abertura-ano-letivo-2026-escolas-zona-ribeirinha/#primaryimage"},"image":{"@id":"https://www.manaus.am.gov.br/semcom/pautas/abertura-ano-letivo-2026-escolas-zona-ribeirinha/#primaryimage"},"thumbnailUrl":"https://www.manaus.am.gov.br/semcom/wp-content/uploads/sites/5/2023/02/sugestaodepauta.png","datePublished":"2026-01-13T19:11:03+00:00","dateModified":"2026-01-13T19:11:03+00:00","description":"Prefeito David Almeida realiza abertura do ano letivo de 2026 nas escolas da zona ribeirinha dos rios Amazonas e Negro.","inLanguage":"pt-BR","potentialAction":[{"@type":"ReadAction","target":["https://www.manaus.am.gov.br/semcom/pautas/abertura-ano-letivo-2026-escolas-zona-ribeirinha/"]}]},{"@type":"ImageObject","inLanguage":"pt-BR","@id":"https://www.manaus.am.gov.br/semcom/pautas/abertura-ano-letivo-2026-escolas-zona-ribeirinha/#primaryimage","url":"https://www.manaus.am.gov.br/semcom/wp-content/uploads/sites/5/2023/02/sugestaodepauta.png","contentUrl":"https://www.manaus.am.gov.br/semcom/wp-content/uploads/sites/5/2023/02/sugestaodepauta.png","width":1020,"height":540},{"@type":"WebSite","@id":"https://www.manaus.am.gov.br/semcom/#website","url":"https://www.manaus.am.gov.br/semcom/","name":"SEMCOM","description":"Secretaria Municipal de Comunicação","potentialAction":[{"@type":"SearchAction","target":{"@type":"EntryPoint","urlTemplate":"https://www.manaus.am.gov.br/semcom/?s={search_term_string}"},"query-input":"required name=search_term_string"}],"inLanguage":"pt-BR"}]}</script>
<!-- / Yoast SEO plugin. -->

Secretaria Municipal de Comunicação
