{"id":239197,"date":"2025-05-19T11:35:07","date_gmt":"2025-05-19T14:35:07","guid":{"rendered":"https:\/\/www.manaus.am.gov.br\/semcom\/?post_type=pautas&#038;p=239197"},"modified":"2025-05-19T13:43:06","modified_gmt":"2025-05-19T16:43:06","slug":"reinauguracao-usf-leonor-de-freitas","status":"publish","type":"pautas","link":"https:\/\/www.manaus.am.gov.br\/semcom\/pautas\/reinauguracao-usf-leonor-de-freitas\/","title":{"rendered":"Prefeito David Almeida reinaugura\u00a0USF Leonor de Freitas nesta ter\u00e7a-feira, 20\/5"},"content":{"rendered":"\n<p>Dando continuidade ao pacote de obras para ampliar e qualificar os servi\u00e7os da Rede de Aten\u00e7\u00e3o Prim\u00e1ria \u00e0 Sa\u00fade (APS), o prefeito de Manaus, David Almeida, reinaugura, nesta ter\u00e7a-feira, 20\/5, \u00e0s 10h, a Unidade de Sa\u00fade da Fam\u00edlia (USF) Leonor de Freitas, localizada na avenida Brasil, no bairro Compensa 2, zona Oeste da capital.<\/p>\n\n\n\n<p>Unidade de porte 4, a USF Leonor de Freitas ter\u00e1 capacidade de realizar 54 mil procedimentos por m\u00eas, se constituindo em refer\u00eancia para&nbsp;120 mil usu\u00e1rios dos bairros&nbsp;Compensa, Santo Agostinho, Ponta Negra, L\u00edrio do Vale, Dom Pedro, Alvorada, Nova Esperan\u00e7a, Santo Ant\u00f4nio, Vila da Prata, S\u00e3o Jorge e Tarum\u00e3.<\/p>\n\n\n\n<p>Contando com 37 ambientes, o estabelecimento de sa\u00fade foi reformado e ampliado e agora tem nove consult\u00f3rios m\u00e9dicos (eram cinco antes da reforma), um novo consult\u00f3rio farmac\u00eautico e uma nova sala de procedimentos.<\/p>\n\n\n\n<p>A USF Leonor de Freitas ter\u00e1 duas&nbsp;Equipes de Sa\u00fade da Fam\u00edlia (eSF), seis equipes de Aten\u00e7\u00e3o Prim\u00e1ria (eAP) e duas Equipes de Sa\u00fade Bucal (eSB), compostas por m\u00e9dico, enfermeiro, cirurgi\u00e3o dentista, t\u00e9cnico de enfermagem, t\u00e9cnico em sa\u00fade bucal e agente comunit\u00e1rio de sa\u00fade, totalizando aproximadamente 95 servidores das \u00e1reas t\u00e9cnicas em sa\u00fade e administrativa, e&nbsp;funcionar\u00e1 de segunda a sexta-feira, das 7h \u00e0s 19h, e aos s\u00e1bados, domingos e feriados, das 8h \u00e0s 18h.<\/p>\n\n\n\n<p><strong>SERVI\u00c7O<\/strong><\/p>\n\n\n\n<p><strong>O qu\u00ea<\/strong>\u00a0&#8211; \u00a0Reinaugura\u00e7\u00e3o da USF Leonor de Freitas<\/p>\n\n\n\n<p><strong>Quando<\/strong>&nbsp;&#8211; Ter\u00e7a-feira, 20\/5<\/p>\n\n\n\n<p><strong>Hor\u00e1rio<\/strong>&nbsp;&#8211; 10h<\/p>\n\n\n\n<p><strong>Local<\/strong>&nbsp;&#8211;&nbsp;Avenida Brasil, no bairro Compensa 2, zona Oeste&nbsp;<\/p>\n\n\n\n<p> <\/p>\n","protected":false},"featured_media":208729,"template":"","categories":[787],"acf":[],"yoast_head":"<!-- This site is optimized with the Yoast SEO plugin v23.0 - https:\/\/yoast.com\/wordpress\/plugins\/seo\/ -->\n<title>Prefeito David Almeida reinaugura USF Leonor de Freitas<\/title>\n<meta name=\"description\" content=\"Prefeito David Almeida reinaugura USF Leonor de Freitas, localizada na avenida Brasil, no bairro Compensa 2, zona Oeste da capital.\" \/>\n<meta name=\"robots\" content=\"index, follow, max-snippet:-1, max-image-preview:large, max-video-preview:-1\" \/>\n<link rel=\"canonical\" href=\"https:\/\/www.manaus.am.gov.br\/semcom\/pautas\/reinauguracao-usf-leonor-de-freitas\/\" \/>\n<meta property=\"og:locale\" content=\"pt_BR\" \/>\n<meta property=\"og:type\" content=\"article\" \/>\n<meta property=\"og:title\" content=\"Prefeito David Almeida reinaugura USF Leonor de Freitas\" \/>\n<meta property=\"og:description\" content=\"Prefeito David Almeida reinaugura USF Leonor de Freitas, localizada na avenida Brasil, no bairro Compensa 2, zona Oeste da capital.\" \/>\n<meta property=\"og:url\" content=\"https:\/\/www.manaus.am.gov.br\/semcom\/pautas\/reinauguracao-usf-leonor-de-freitas\/\" \/>\n<meta property=\"og:site_name\" content=\"SEMCOM\" \/>\n<meta property=\"article:modified_time\" content=\"2025-05-19T16:43:06+00:00\" \/>\n<meta property=\"og:image\" content=\"https:\/\/www.manaus.am.gov.br\/semcom\/wp-content\/uploads\/sites\/5\/2023\/02\/sugestaodepauta.png\" \/>\n\t<meta property=\"og:image:width\" content=\"1020\" \/>\n\t<meta property=\"og:image:height\" content=\"540\" \/>\n\t<meta property=\"og:image:type\" content=\"image\/png\" \/>\n<meta name=\"twitter:card\" content=\"summary_large_image\" \/>\n<meta name=\"twitter:label1\" content=\"Est. reading time\" \/>\n\t<meta name=\"twitter:data1\" content=\"2 minutos\" \/>\n<script type=\"application\/ld+json\" class=\"yoast-schema-graph\">{\"@context\":\"https:\/\/schema.org\",\"@graph\":[{\"@type\":\"WebPage\",\"@id\":\"https:\/\/www.manaus.am.gov.br\/semcom\/pautas\/reinauguracao-usf-leonor-de-freitas\/\",\"url\":\"https:\/\/www.manaus.am.gov.br\/semcom\/pautas\/reinauguracao-usf-leonor-de-freitas\/\",\"name\":\"Prefeito David Almeida reinaugura USF Leonor de Freitas\",\"isPartOf\":{\"@id\":\"https:\/\/www.manaus.am.gov.br\/semcom\/#website\"},\"primaryImageOfPage\":{\"@id\":\"https:\/\/www.manaus.am.gov.br\/semcom\/pautas\/reinauguracao-usf-leonor-de-freitas\/#primaryimage\"},\"image\":{\"@id\":\"https:\/\/www.manaus.am.gov.br\/semcom\/pautas\/reinauguracao-usf-leonor-de-freitas\/#primaryimage\"},\"thumbnailUrl\":\"https:\/\/www.manaus.am.gov.br\/semcom\/wp-content\/uploads\/sites\/5\/2023\/02\/sugestaodepauta.png\",\"datePublished\":\"2025-05-19T14:35:07+00:00\",\"dateModified\":\"2025-05-19T16:43:06+00:00\",\"description\":\"Prefeito David Almeida reinaugura USF Leonor de Freitas, localizada na avenida Brasil, no bairro Compensa 2, zona Oeste da capital.\",\"inLanguage\":\"pt-BR\",\"potentialAction\":[{\"@type\":\"ReadAction\",\"target\":[\"https:\/\/www.manaus.am.gov.br\/semcom\/pautas\/reinauguracao-usf-leonor-de-freitas\/\"]}]},{\"@type\":\"ImageObject\",\"inLanguage\":\"pt-BR\",\"@id\":\"https:\/\/www.manaus.am.gov.br\/semcom\/pautas\/reinauguracao-usf-leonor-de-freitas\/#primaryimage\",\"url\":\"https:\/\/www.manaus.am.gov.br\/semcom\/wp-content\/uploads\/sites\/5\/2023\/02\/sugestaodepauta.png\",\"contentUrl\":\"https:\/\/www.manaus.am.gov.br\/semcom\/wp-content\/uploads\/sites\/5\/2023\/02\/sugestaodepauta.png\",\"width\":1020,\"height\":540},{\"@type\":\"WebSite\",\"@id\":\"https:\/\/www.manaus.am.gov.br\/semcom\/#website\",\"url\":\"https:\/\/www.manaus.am.gov.br\/semcom\/\",\"name\":\"SEMCOM\",\"description\":\"Secretaria Municipal de Comunica\u00e7\u00e3o\",\"potentialAction\":[{\"@type\":\"SearchAction\",\"target\":{\"@type\":\"EntryPoint\",\"urlTemplate\":\"https:\/\/www.manaus.am.gov.br\/semcom\/?s={search_term_string}\"},\"query-input\":\"required name=search_term_string\"}],\"inLanguage\":\"pt-BR\"}]}<\/script>\n<!-- \/ Yoast SEO plugin. -->","yoast_head_json":{"title":"Prefeito David Almeida reinaugura USF Leonor de Freitas","description":"Prefeito David Almeida reinaugura USF Leonor de Freitas, localizada na avenida Brasil, no bairro Compensa 2, zona Oeste da capital.","robots":{"index":"index","follow":"follow","max-snippet":"max-snippet:-1","max-image-preview":"max-image-preview:large","max-video-preview":"max-video-preview:-1"},"canonical":"https:\/\/www.manaus.am.gov.br\/semcom\/pautas\/reinauguracao-usf-leonor-de-freitas\/","og_locale":"pt_BR","og_type":"article","og_title":"Prefeito David Almeida reinaugura USF Leonor de Freitas","og_description":"Prefeito David Almeida reinaugura USF Leonor de Freitas, localizada na avenida Brasil, no bairro Compensa 2, zona Oeste da capital.","og_url":"https:\/\/www.manaus.am.gov.br\/semcom\/pautas\/reinauguracao-usf-leonor-de-freitas\/","og_site_name":"SEMCOM","article_modified_time":"2025-05-19T16:43:06+00:00","og_image":[{"width":1020,"height":540,"url":"https:\/\/www.manaus.am.gov.br\/semcom\/wp-content\/uploads\/sites\/5\/2023\/02\/sugestaodepauta.png","type":"image\/png"}],"twitter_card":"summary_large_image","twitter_misc":{"Est. reading time":"2 minutos"},"schema":{"@context":"https:\/\/schema.org","@graph":[{"@type":"WebPage","@id":"https:\/\/www.manaus.am.gov.br\/semcom\/pautas\/reinauguracao-usf-leonor-de-freitas\/","url":"https:\/\/www.manaus.am.gov.br\/semcom\/pautas\/reinauguracao-usf-leonor-de-freitas\/","name":"Prefeito David Almeida reinaugura USF Leonor de Freitas","isPartOf":{"@id":"https:\/\/www.manaus.am.gov.br\/semcom\/#website"},"primaryImageOfPage":{"@id":"https:\/\/www.manaus.am.gov.br\/semcom\/pautas\/reinauguracao-usf-leonor-de-freitas\/#primaryimage"},"image":{"@id":"https:\/\/www.manaus.am.gov.br\/semcom\/pautas\/reinauguracao-usf-leonor-de-freitas\/#primaryimage"},"thumbnailUrl":"https:\/\/www.manaus.am.gov.br\/semcom\/wp-content\/uploads\/sites\/5\/2023\/02\/sugestaodepauta.png","datePublished":"2025-05-19T14:35:07+00:00","dateModified":"2025-05-19T16:43:06+00:00","description":"Prefeito David Almeida reinaugura USF Leonor de Freitas, localizada na avenida Brasil, no bairro Compensa 2, zona Oeste da capital.","inLanguage":"pt-BR","potentialAction":[{"@type":"ReadAction","target":["https:\/\/www.manaus.am.gov.br\/semcom\/pautas\/reinauguracao-usf-leonor-de-freitas\/"]}]},{"@type":"ImageObject","inLanguage":"pt-BR","@id":"https:\/\/www.manaus.am.gov.br\/semcom\/pautas\/reinauguracao-usf-leonor-de-freitas\/#primaryimage","url":"https:\/\/www.manaus.am.gov.br\/semcom\/wp-content\/uploads\/sites\/5\/2023\/02\/sugestaodepauta.png","contentUrl":"https:\/\/www.manaus.am.gov.br\/semcom\/wp-content\/uploads\/sites\/5\/2023\/02\/sugestaodepauta.png","width":1020,"height":540},{"@type":"WebSite","@id":"https:\/\/www.manaus.am.gov.br\/semcom\/#website","url":"https:\/\/www.manaus.am.gov.br\/semcom\/","name":"SEMCOM","description":"Secretaria Municipal de Comunica\u00e7\u00e3o","potentialAction":[{"@type":"SearchAction","target":{"@type":"EntryPoint","urlTemplate":"https:\/\/www.manaus.am.gov.br\/semcom\/?s={search_term_string}"},"query-input":"required name=search_term_string"}],"inLanguage":"pt-BR"}]}},"_links":{"self":[{"href":"https:\/\/www.manaus.am.gov.br\/semcom\/wp-json\/wp\/v2\/pautas\/239197"}],"collection":[{"href":"https:\/\/www.manaus.am.gov.br\/semcom\/wp-json\/wp\/v2\/pautas"}],"about":[{"href":"https:\/\/www.manaus.am.gov.br\/semcom\/wp-json\/wp\/v2\/types\/pautas"}],"wp:featuredmedia":[{"embeddable":true,"href":"https:\/\/www.manaus.am.gov.br\/semcom\/wp-json\/wp\/v2\/media\/208729"}],"wp:attachment":[{"href":"https:\/\/www.manaus.am.gov.br\/semcom\/wp-json\/wp\/v2\/media?parent=239197"}],"wp:term":[{"taxonomy":"category","embeddable":true,"href":"https:\/\/www.manaus.am.gov.br\/semcom\/wp-json\/wp\/v2\/categories?post=239197"}],"curies":[{"name":"wp","href":"https:\/\/api.w.org\/{rel}","templated":true}]}}

Prefeito David Almeida reinaugura USF Leonor de Freitas nesta terça-feira, 20/5

<p>Dando continuidade ao pacote de obras para ampliar e qualificar os serviços da Rede de Atenção Primária à Saúde (APS), o prefeito de Manaus, David Almeida, reinaugura, nesta terça-feira, 20/5, às 10h, a Unidade de Saúde da Família (USF) Leonor de Freitas, localizada na avenida Brasil, no bairro Compensa 2, zona Oeste da capital.</p>



<p>Unidade de porte 4, a USF Leonor de Freitas terá capacidade de realizar 54 mil procedimentos por mês, se constituindo em referência para&nbsp;120 mil usuários dos bairros&nbsp;Compensa, Santo Agostinho, Ponta Negra, Lírio do Vale, Dom Pedro, Alvorada, Nova Esperança, Santo Antônio, Vila da Prata, São Jorge e Tarumã.</p>



<p>Contando com 37 ambientes, o estabelecimento de saúde foi reformado e ampliado e agora tem nove consultórios médicos (eram cinco antes da reforma), um novo consultório farmacêutico e uma nova sala de procedimentos.</p>



<p>A USF Leonor de Freitas terá duas&nbsp;Equipes de Saúde da Família (eSF), seis equipes de Atenção Primária (eAP) e duas Equipes de Saúde Bucal (eSB), compostas por médico, enfermeiro, cirurgião dentista, técnico de enfermagem, técnico em saúde bucal e agente comunitário de saúde, totalizando aproximadamente 95 servidores das áreas técnicas em saúde e administrativa, e&nbsp;funcionará de segunda a sexta-feira, das 7h às 19h, e aos sábados, domingos e feriados, das 8h às 18h.</p>



<p><strong>SERVIÇO</strong></p>



<p><strong>O quê</strong> &#8211;  Reinauguração da USF Leonor de Freitas</p>



<p><strong>Quando</strong>&nbsp;&#8211; Terça-feira, 20/5</p>



<p><strong>Horário</strong>&nbsp;&#8211; 10h</p>



<p><strong>Local</strong>&nbsp;&#8211;&nbsp;Avenida Brasil, no bairro Compensa 2, zona Oeste&nbsp;</p>



<p> </p>

<!-- This site is optimized with the Yoast SEO plugin v23.0 - https://yoast.com/wordpress/plugins/seo/ -->
<title>Prefeito David Almeida reinaugura USF Leonor de Freitas</title>
<meta name="description" content="Prefeito David Almeida reinaugura USF Leonor de Freitas, localizada na avenida Brasil, no bairro Compensa 2, zona Oeste da capital." />
<meta name="robots" content="index, follow, max-snippet:-1, max-image-preview:large, max-video-preview:-1" />
<link rel="canonical" href="https://www.manaus.am.gov.br/semcom/pautas/reinauguracao-usf-leonor-de-freitas/" />
<meta property="og:locale" content="pt_BR" />
<meta property="og:type" content="article" />
<meta property="og:title" content="Prefeito David Almeida reinaugura USF Leonor de Freitas" />
<meta property="og:description" content="Prefeito David Almeida reinaugura USF Leonor de Freitas, localizada na avenida Brasil, no bairro Compensa 2, zona Oeste da capital." />
<meta property="og:url" content="https://www.manaus.am.gov.br/semcom/pautas/reinauguracao-usf-leonor-de-freitas/" />
<meta property="og:site_name" content="SEMCOM" />
<meta property="article:modified_time" content="2025-05-19T16:43:06+00:00" />
<meta property="og:image" content="https://www.manaus.am.gov.br/semcom/wp-content/uploads/sites/5/2023/02/sugestaodepauta.png" />
	<meta property="og:image:width" content="1020" />
	<meta property="og:image:height" content="540" />
	<meta property="og:image:type" content="image/png" />
<meta name="twitter:card" content="summary_large_image" />
<meta name="twitter:label1" content="Est. reading time" />
	<meta name="twitter:data1" content="2 minutos" />
<script type="application/ld+json" class="yoast-schema-graph">{"@context":"https://schema.org","@graph":[{"@type":"WebPage","@id":"https://www.manaus.am.gov.br/semcom/pautas/reinauguracao-usf-leonor-de-freitas/","url":"https://www.manaus.am.gov.br/semcom/pautas/reinauguracao-usf-leonor-de-freitas/","name":"Prefeito David Almeida reinaugura USF Leonor de Freitas","isPartOf":{"@id":"https://www.manaus.am.gov.br/semcom/#website"},"primaryImageOfPage":{"@id":"https://www.manaus.am.gov.br/semcom/pautas/reinauguracao-usf-leonor-de-freitas/#primaryimage"},"image":{"@id":"https://www.manaus.am.gov.br/semcom/pautas/reinauguracao-usf-leonor-de-freitas/#primaryimage"},"thumbnailUrl":"https://www.manaus.am.gov.br/semcom/wp-content/uploads/sites/5/2023/02/sugestaodepauta.png","datePublished":"2025-05-19T14:35:07+00:00","dateModified":"2025-05-19T16:43:06+00:00","description":"Prefeito David Almeida reinaugura USF Leonor de Freitas, localizada na avenida Brasil, no bairro Compensa 2, zona Oeste da capital.","inLanguage":"pt-BR","potentialAction":[{"@type":"ReadAction","target":["https://www.manaus.am.gov.br/semcom/pautas/reinauguracao-usf-leonor-de-freitas/"]}]},{"@type":"ImageObject","inLanguage":"pt-BR","@id":"https://www.manaus.am.gov.br/semcom/pautas/reinauguracao-usf-leonor-de-freitas/#primaryimage","url":"https://www.manaus.am.gov.br/semcom/wp-content/uploads/sites/5/2023/02/sugestaodepauta.png","contentUrl":"https://www.manaus.am.gov.br/semcom/wp-content/uploads/sites/5/2023/02/sugestaodepauta.png","width":1020,"height":540},{"@type":"WebSite","@id":"https://www.manaus.am.gov.br/semcom/#website","url":"https://www.manaus.am.gov.br/semcom/","name":"SEMCOM","description":"Secretaria Municipal de Comunicação","potentialAction":[{"@type":"SearchAction","target":{"@type":"EntryPoint","urlTemplate":"https://www.manaus.am.gov.br/semcom/?s={search_term_string}"},"query-input":"required name=search_term_string"}],"inLanguage":"pt-BR"}]}</script>
<!-- / Yoast SEO plugin. -->

Secretaria Municipal de Comunicação
