{"id":239136,"date":"2025-05-16T17:15:00","date_gmt":"2025-05-16T20:15:00","guid":{"rendered":"https:\/\/www.manaus.am.gov.br\/semcom\/?post_type=pautas&#038;p=239136"},"modified":"2025-05-16T18:16:10","modified_gmt":"2025-05-16T21:16:10","slug":"baile-rosas-de-maio","status":"publish","type":"pautas","link":"https:\/\/www.manaus.am.gov.br\/semcom\/pautas\/baile-rosas-de-maio\/","title":{"rendered":"Prefeitura de Manaus realiza tradicional \u2018Baile Rosas de Maio\u2019 em homenagem \u00e0s m\u00e3es"},"content":{"rendered":"\n<p>A Prefeitura de Manaus, por meio da Funda\u00e7\u00e3o Manaus Esporte (FME), realiza, neste s\u00e1bado, 17\/5, a 17\u00aa edi\u00e7\u00e3o do tradicional \u201cBaile Rosas de Maio&#8221;, em homenagem ao Dia das M\u00e3es. O evento acontece a partir das 17h, no Parque Municipal do Idoso (PMI), na rua Rio Mar, 1.324, bairro Nossa Senhora das Gra\u00e7as, e \u00e9 voltado especialmente aos idosos.<\/p>\n\n\n\n<p>O \u201cBaile Rosas de Maio\u201d \u00e9 uma celebra\u00e7\u00e3o j\u00e1 tradicional no calend\u00e1rio da FME, e nesta edi\u00e7\u00e3o ganha um significado ainda mais especial ao homenagear as m\u00e3es da melhor idade, promovendo um momento de confraterniza\u00e7\u00e3o, valoriza\u00e7\u00e3o e lazer. A programa\u00e7\u00e3o contar\u00e1 com m\u00fasica ao vivo, dan\u00e7a, homenagens e o aguardado desfile para a escolha da Rainha do Rosas de Maio, com participa\u00e7\u00e3o das idosas.\u00a0<\/p>\n\n\n\n<p>A iniciativa refor\u00e7a o compromisso da FME com a inclus\u00e3o social, o bem-estar e a valoriza\u00e7\u00e3o da pessoa idosa, por meio de a\u00e7\u00f5es que unem esporte, cultura e entretenimento.<\/p>\n\n\n\n<p><strong>SERVI\u00c7O:<\/strong><br><\/p>\n\n\n\n<p><strong>O qu\u00ea \u2013<\/strong> Prefeitura realiza 17\u00aa edi\u00e7\u00e3o do \u2018Baile Rosas de Maio\u2019<\/p>\n\n\n\n<p><strong>Quando \u2013<\/strong> S\u00e1bado, 17\/5<\/p>\n\n\n\n<p><strong>Hor\u00e1rio \u2013<\/strong> 17h<\/p>\n\n\n\n<p><strong>Local \u2013 <\/strong>Rua Rio Mar, 1.324 \u2013 bairro Nossa Senhora das Gra\u00e7as.<\/p>\n","protected":false},"featured_media":208729,"template":"","categories":[833],"acf":[],"yoast_head":"<!-- This site is optimized with the Yoast SEO plugin v23.0 - https:\/\/yoast.com\/wordpress\/plugins\/seo\/ -->\n<title>Prefeitura de Manaus realiza tradicional \u2018Baile Rosas de Maio\u2019 em homenagem \u00e0s m\u00e3es<\/title>\n<meta name=\"description\" content=\"A Prefeitura de Manaus, por meio da Funda\u00e7\u00e3o Manaus Esporte (FME), realiza, neste s\u00e1bado, 17\/5, a 17\u00aa edi\u00e7\u00e3o do tradicional \u201cBaile Rosas de Maio&quot;, em homenagem ao Dia das M\u00e3es. O evento acontece a partir das 17h, no Parque Municipal do Idoso (PMI), na rua Rio Mar, 1.324, bairro Nossa Senhora das Gra\u00e7as, e \u00e9 voltado especialmente aos idosos.\" \/>\n<meta name=\"robots\" content=\"index, follow, max-snippet:-1, max-image-preview:large, max-video-preview:-1\" \/>\n<link rel=\"canonical\" href=\"https:\/\/www.manaus.am.gov.br\/semcom\/pautas\/baile-rosas-de-maio\/\" \/>\n<meta property=\"og:locale\" content=\"pt_BR\" \/>\n<meta property=\"og:type\" content=\"article\" \/>\n<meta property=\"og:title\" content=\"Prefeitura de Manaus realiza tradicional \u2018Baile Rosas de Maio\u2019 em homenagem \u00e0s m\u00e3es\" \/>\n<meta property=\"og:description\" content=\"A Prefeitura de Manaus, por meio da Funda\u00e7\u00e3o Manaus Esporte (FME), realiza, neste s\u00e1bado, 17\/5, a 17\u00aa edi\u00e7\u00e3o do tradicional \u201cBaile Rosas de Maio&quot;, em homenagem ao Dia das M\u00e3es. O evento acontece a partir das 17h, no Parque Municipal do Idoso (PMI), na rua Rio Mar, 1.324, bairro Nossa Senhora das Gra\u00e7as, e \u00e9 voltado especialmente aos idosos.\" \/>\n<meta property=\"og:url\" content=\"https:\/\/www.manaus.am.gov.br\/semcom\/pautas\/baile-rosas-de-maio\/\" \/>\n<meta property=\"og:site_name\" content=\"SEMCOM\" \/>\n<meta property=\"article:modified_time\" content=\"2025-05-16T21:16:10+00:00\" \/>\n<meta property=\"og:image\" content=\"https:\/\/www.manaus.am.gov.br\/semcom\/wp-content\/uploads\/sites\/5\/2023\/02\/sugestaodepauta.png\" \/>\n\t<meta property=\"og:image:width\" content=\"1020\" \/>\n\t<meta property=\"og:image:height\" content=\"540\" \/>\n\t<meta property=\"og:image:type\" content=\"image\/png\" \/>\n<meta name=\"twitter:card\" content=\"summary_large_image\" \/>\n<meta name=\"twitter:label1\" content=\"Est. reading time\" \/>\n\t<meta name=\"twitter:data1\" content=\"2 minutos\" \/>\n<script type=\"application\/ld+json\" class=\"yoast-schema-graph\">{\"@context\":\"https:\/\/schema.org\",\"@graph\":[{\"@type\":\"WebPage\",\"@id\":\"https:\/\/www.manaus.am.gov.br\/semcom\/pautas\/baile-rosas-de-maio\/\",\"url\":\"https:\/\/www.manaus.am.gov.br\/semcom\/pautas\/baile-rosas-de-maio\/\",\"name\":\"Prefeitura de Manaus realiza tradicional \u2018Baile Rosas de Maio\u2019 em homenagem \u00e0s m\u00e3es\",\"isPartOf\":{\"@id\":\"https:\/\/www.manaus.am.gov.br\/semcom\/#website\"},\"primaryImageOfPage\":{\"@id\":\"https:\/\/www.manaus.am.gov.br\/semcom\/pautas\/baile-rosas-de-maio\/#primaryimage\"},\"image\":{\"@id\":\"https:\/\/www.manaus.am.gov.br\/semcom\/pautas\/baile-rosas-de-maio\/#primaryimage\"},\"thumbnailUrl\":\"https:\/\/www.manaus.am.gov.br\/semcom\/wp-content\/uploads\/sites\/5\/2023\/02\/sugestaodepauta.png\",\"datePublished\":\"2025-05-16T20:15:00+00:00\",\"dateModified\":\"2025-05-16T21:16:10+00:00\",\"description\":\"A Prefeitura de Manaus, por meio da Funda\u00e7\u00e3o Manaus Esporte (FME), realiza, neste s\u00e1bado, 17\/5, a 17\u00aa edi\u00e7\u00e3o do tradicional \u201cBaile Rosas de Maio\\\", em homenagem ao Dia das M\u00e3es. O evento acontece a partir das 17h, no Parque Municipal do Idoso (PMI), na rua Rio Mar, 1.324, bairro Nossa Senhora das Gra\u00e7as, e \u00e9 voltado especialmente aos idosos.\",\"inLanguage\":\"pt-BR\",\"potentialAction\":[{\"@type\":\"ReadAction\",\"target\":[\"https:\/\/www.manaus.am.gov.br\/semcom\/pautas\/baile-rosas-de-maio\/\"]}]},{\"@type\":\"ImageObject\",\"inLanguage\":\"pt-BR\",\"@id\":\"https:\/\/www.manaus.am.gov.br\/semcom\/pautas\/baile-rosas-de-maio\/#primaryimage\",\"url\":\"https:\/\/www.manaus.am.gov.br\/semcom\/wp-content\/uploads\/sites\/5\/2023\/02\/sugestaodepauta.png\",\"contentUrl\":\"https:\/\/www.manaus.am.gov.br\/semcom\/wp-content\/uploads\/sites\/5\/2023\/02\/sugestaodepauta.png\",\"width\":1020,\"height\":540},{\"@type\":\"WebSite\",\"@id\":\"https:\/\/www.manaus.am.gov.br\/semcom\/#website\",\"url\":\"https:\/\/www.manaus.am.gov.br\/semcom\/\",\"name\":\"SEMCOM\",\"description\":\"Secretaria Municipal de Comunica\u00e7\u00e3o\",\"potentialAction\":[{\"@type\":\"SearchAction\",\"target\":{\"@type\":\"EntryPoint\",\"urlTemplate\":\"https:\/\/www.manaus.am.gov.br\/semcom\/?s={search_term_string}\"},\"query-input\":\"required name=search_term_string\"}],\"inLanguage\":\"pt-BR\"}]}<\/script>\n<!-- \/ Yoast SEO plugin. -->","yoast_head_json":{"title":"Prefeitura de Manaus realiza tradicional \u2018Baile Rosas de Maio\u2019 em homenagem \u00e0s m\u00e3es","description":"A Prefeitura de Manaus, por meio da Funda\u00e7\u00e3o Manaus Esporte (FME), realiza, neste s\u00e1bado, 17\/5, a 17\u00aa edi\u00e7\u00e3o do tradicional \u201cBaile Rosas de Maio\", em homenagem ao Dia das M\u00e3es. O evento acontece a partir das 17h, no Parque Municipal do Idoso (PMI), na rua Rio Mar, 1.324, bairro Nossa Senhora das Gra\u00e7as, e \u00e9 voltado especialmente aos idosos.","robots":{"index":"index","follow":"follow","max-snippet":"max-snippet:-1","max-image-preview":"max-image-preview:large","max-video-preview":"max-video-preview:-1"},"canonical":"https:\/\/www.manaus.am.gov.br\/semcom\/pautas\/baile-rosas-de-maio\/","og_locale":"pt_BR","og_type":"article","og_title":"Prefeitura de Manaus realiza tradicional \u2018Baile Rosas de Maio\u2019 em homenagem \u00e0s m\u00e3es","og_description":"A Prefeitura de Manaus, por meio da Funda\u00e7\u00e3o Manaus Esporte (FME), realiza, neste s\u00e1bado, 17\/5, a 17\u00aa edi\u00e7\u00e3o do tradicional \u201cBaile Rosas de Maio\", em homenagem ao Dia das M\u00e3es. O evento acontece a partir das 17h, no Parque Municipal do Idoso (PMI), na rua Rio Mar, 1.324, bairro Nossa Senhora das Gra\u00e7as, e \u00e9 voltado especialmente aos idosos.","og_url":"https:\/\/www.manaus.am.gov.br\/semcom\/pautas\/baile-rosas-de-maio\/","og_site_name":"SEMCOM","article_modified_time":"2025-05-16T21:16:10+00:00","og_image":[{"width":1020,"height":540,"url":"https:\/\/www.manaus.am.gov.br\/semcom\/wp-content\/uploads\/sites\/5\/2023\/02\/sugestaodepauta.png","type":"image\/png"}],"twitter_card":"summary_large_image","twitter_misc":{"Est. reading time":"2 minutos"},"schema":{"@context":"https:\/\/schema.org","@graph":[{"@type":"WebPage","@id":"https:\/\/www.manaus.am.gov.br\/semcom\/pautas\/baile-rosas-de-maio\/","url":"https:\/\/www.manaus.am.gov.br\/semcom\/pautas\/baile-rosas-de-maio\/","name":"Prefeitura de Manaus realiza tradicional \u2018Baile Rosas de Maio\u2019 em homenagem \u00e0s m\u00e3es","isPartOf":{"@id":"https:\/\/www.manaus.am.gov.br\/semcom\/#website"},"primaryImageOfPage":{"@id":"https:\/\/www.manaus.am.gov.br\/semcom\/pautas\/baile-rosas-de-maio\/#primaryimage"},"image":{"@id":"https:\/\/www.manaus.am.gov.br\/semcom\/pautas\/baile-rosas-de-maio\/#primaryimage"},"thumbnailUrl":"https:\/\/www.manaus.am.gov.br\/semcom\/wp-content\/uploads\/sites\/5\/2023\/02\/sugestaodepauta.png","datePublished":"2025-05-16T20:15:00+00:00","dateModified":"2025-05-16T21:16:10+00:00","description":"A Prefeitura de Manaus, por meio da Funda\u00e7\u00e3o Manaus Esporte (FME), realiza, neste s\u00e1bado, 17\/5, a 17\u00aa edi\u00e7\u00e3o do tradicional \u201cBaile Rosas de Maio\", em homenagem ao Dia das M\u00e3es. O evento acontece a partir das 17h, no Parque Municipal do Idoso (PMI), na rua Rio Mar, 1.324, bairro Nossa Senhora das Gra\u00e7as, e \u00e9 voltado especialmente aos idosos.","inLanguage":"pt-BR","potentialAction":[{"@type":"ReadAction","target":["https:\/\/www.manaus.am.gov.br\/semcom\/pautas\/baile-rosas-de-maio\/"]}]},{"@type":"ImageObject","inLanguage":"pt-BR","@id":"https:\/\/www.manaus.am.gov.br\/semcom\/pautas\/baile-rosas-de-maio\/#primaryimage","url":"https:\/\/www.manaus.am.gov.br\/semcom\/wp-content\/uploads\/sites\/5\/2023\/02\/sugestaodepauta.png","contentUrl":"https:\/\/www.manaus.am.gov.br\/semcom\/wp-content\/uploads\/sites\/5\/2023\/02\/sugestaodepauta.png","width":1020,"height":540},{"@type":"WebSite","@id":"https:\/\/www.manaus.am.gov.br\/semcom\/#website","url":"https:\/\/www.manaus.am.gov.br\/semcom\/","name":"SEMCOM","description":"Secretaria Municipal de Comunica\u00e7\u00e3o","potentialAction":[{"@type":"SearchAction","target":{"@type":"EntryPoint","urlTemplate":"https:\/\/www.manaus.am.gov.br\/semcom\/?s={search_term_string}"},"query-input":"required name=search_term_string"}],"inLanguage":"pt-BR"}]}},"_links":{"self":[{"href":"https:\/\/www.manaus.am.gov.br\/semcom\/wp-json\/wp\/v2\/pautas\/239136"}],"collection":[{"href":"https:\/\/www.manaus.am.gov.br\/semcom\/wp-json\/wp\/v2\/pautas"}],"about":[{"href":"https:\/\/www.manaus.am.gov.br\/semcom\/wp-json\/wp\/v2\/types\/pautas"}],"wp:featuredmedia":[{"embeddable":true,"href":"https:\/\/www.manaus.am.gov.br\/semcom\/wp-json\/wp\/v2\/media\/208729"}],"wp:attachment":[{"href":"https:\/\/www.manaus.am.gov.br\/semcom\/wp-json\/wp\/v2\/media?parent=239136"}],"wp:term":[{"taxonomy":"category","embeddable":true,"href":"https:\/\/www.manaus.am.gov.br\/semcom\/wp-json\/wp\/v2\/categories?post=239136"}],"curies":[{"name":"wp","href":"https:\/\/api.w.org\/{rel}","templated":true}]}}

Prefeitura de Manaus realiza tradicional ‘Baile Rosas de Maio’ em homenagem às mães

<p>A Prefeitura de Manaus, por meio da Fundação Manaus Esporte (FME), realiza, neste sábado, 17/5, a 17ª edição do tradicional “Baile Rosas de Maio&#8221;, em homenagem ao Dia das Mães. O evento acontece a partir das 17h, no Parque Municipal do Idoso (PMI), na rua Rio Mar, 1.324, bairro Nossa Senhora das Graças, e é voltado especialmente aos idosos.</p>



<p>O “Baile Rosas de Maio” é uma celebração já tradicional no calendário da FME, e nesta edição ganha um significado ainda mais especial ao homenagear as mães da melhor idade, promovendo um momento de confraternização, valorização e lazer. A programação contará com música ao vivo, dança, homenagens e o aguardado desfile para a escolha da Rainha do Rosas de Maio, com participação das idosas. </p>



<p>A iniciativa reforça o compromisso da FME com a inclusão social, o bem-estar e a valorização da pessoa idosa, por meio de ações que unem esporte, cultura e entretenimento.</p>



<p><strong>SERVIÇO:</strong><br></p>



<p><strong>O quê –</strong> Prefeitura realiza 17ª edição do ‘Baile Rosas de Maio’</p>



<p><strong>Quando –</strong> Sábado, 17/5</p>



<p><strong>Horário –</strong> 17h</p>



<p><strong>Local – </strong>Rua Rio Mar, 1.324 – bairro Nossa Senhora das Graças.</p>

<!-- This site is optimized with the Yoast SEO plugin v23.0 - https://yoast.com/wordpress/plugins/seo/ -->
<title>Prefeitura de Manaus realiza tradicional ‘Baile Rosas de Maio’ em homenagem às mães</title>
<meta name="description" content="A Prefeitura de Manaus, por meio da Fundação Manaus Esporte (FME), realiza, neste sábado, 17/5, a 17ª edição do tradicional “Baile Rosas de Maio&quot;, em homenagem ao Dia das Mães. O evento acontece a partir das 17h, no Parque Municipal do Idoso (PMI), na rua Rio Mar, 1.324, bairro Nossa Senhora das Graças, e é voltado especialmente aos idosos." />
<meta name="robots" content="index, follow, max-snippet:-1, max-image-preview:large, max-video-preview:-1" />
<link rel="canonical" href="https://www.manaus.am.gov.br/semcom/pautas/baile-rosas-de-maio/" />
<meta property="og:locale" content="pt_BR" />
<meta property="og:type" content="article" />
<meta property="og:title" content="Prefeitura de Manaus realiza tradicional ‘Baile Rosas de Maio’ em homenagem às mães" />
<meta property="og:description" content="A Prefeitura de Manaus, por meio da Fundação Manaus Esporte (FME), realiza, neste sábado, 17/5, a 17ª edição do tradicional “Baile Rosas de Maio&quot;, em homenagem ao Dia das Mães. O evento acontece a partir das 17h, no Parque Municipal do Idoso (PMI), na rua Rio Mar, 1.324, bairro Nossa Senhora das Graças, e é voltado especialmente aos idosos." />
<meta property="og:url" content="https://www.manaus.am.gov.br/semcom/pautas/baile-rosas-de-maio/" />
<meta property="og:site_name" content="SEMCOM" />
<meta property="article:modified_time" content="2025-05-16T21:16:10+00:00" />
<meta property="og:image" content="https://www.manaus.am.gov.br/semcom/wp-content/uploads/sites/5/2023/02/sugestaodepauta.png" />
	<meta property="og:image:width" content="1020" />
	<meta property="og:image:height" content="540" />
	<meta property="og:image:type" content="image/png" />
<meta name="twitter:card" content="summary_large_image" />
<meta name="twitter:label1" content="Est. reading time" />
	<meta name="twitter:data1" content="2 minutos" />
<script type="application/ld+json" class="yoast-schema-graph">{"@context":"https://schema.org","@graph":[{"@type":"WebPage","@id":"https://www.manaus.am.gov.br/semcom/pautas/baile-rosas-de-maio/","url":"https://www.manaus.am.gov.br/semcom/pautas/baile-rosas-de-maio/","name":"Prefeitura de Manaus realiza tradicional ‘Baile Rosas de Maio’ em homenagem às mães","isPartOf":{"@id":"https://www.manaus.am.gov.br/semcom/#website"},"primaryImageOfPage":{"@id":"https://www.manaus.am.gov.br/semcom/pautas/baile-rosas-de-maio/#primaryimage"},"image":{"@id":"https://www.manaus.am.gov.br/semcom/pautas/baile-rosas-de-maio/#primaryimage"},"thumbnailUrl":"https://www.manaus.am.gov.br/semcom/wp-content/uploads/sites/5/2023/02/sugestaodepauta.png","datePublished":"2025-05-16T20:15:00+00:00","dateModified":"2025-05-16T21:16:10+00:00","description":"A Prefeitura de Manaus, por meio da Fundação Manaus Esporte (FME), realiza, neste sábado, 17/5, a 17ª edição do tradicional “Baile Rosas de Maio\", em homenagem ao Dia das Mães. O evento acontece a partir das 17h, no Parque Municipal do Idoso (PMI), na rua Rio Mar, 1.324, bairro Nossa Senhora das Graças, e é voltado especialmente aos idosos.","inLanguage":"pt-BR","potentialAction":[{"@type":"ReadAction","target":["https://www.manaus.am.gov.br/semcom/pautas/baile-rosas-de-maio/"]}]},{"@type":"ImageObject","inLanguage":"pt-BR","@id":"https://www.manaus.am.gov.br/semcom/pautas/baile-rosas-de-maio/#primaryimage","url":"https://www.manaus.am.gov.br/semcom/wp-content/uploads/sites/5/2023/02/sugestaodepauta.png","contentUrl":"https://www.manaus.am.gov.br/semcom/wp-content/uploads/sites/5/2023/02/sugestaodepauta.png","width":1020,"height":540},{"@type":"WebSite","@id":"https://www.manaus.am.gov.br/semcom/#website","url":"https://www.manaus.am.gov.br/semcom/","name":"SEMCOM","description":"Secretaria Municipal de Comunicação","potentialAction":[{"@type":"SearchAction","target":{"@type":"EntryPoint","urlTemplate":"https://www.manaus.am.gov.br/semcom/?s={search_term_string}"},"query-input":"required name=search_term_string"}],"inLanguage":"pt-BR"}]}</script>
<!-- / Yoast SEO plugin. -->

A Prefeitura de Manaus, por meio da Fundação Manaus Esporte (FME), realiza, neste sábado, 17/5, a 17ª edição do tradicional “Baile Rosas de Maio", em homenagem ao Dia das Mães. O evento acontece a partir das 17h, no Parque Municipal do Idoso (PMI), na rua Rio Mar, 1.324, bairro Nossa Senhora das Graças, e é voltado especialmente aos idosos.

Secretaria Municipal de Comunicação
