{"id":238976,"date":"2025-05-14T18:17:49","date_gmt":"2025-05-14T21:17:49","guid":{"rendered":"https:\/\/www.manaus.am.gov.br\/semcom\/?post_type=pautas&#038;p=238976"},"modified":"2025-05-14T18:17:50","modified_gmt":"2025-05-14T21:17:50","slug":"prefeito-david-almeida-abre-10a-edicao-do-festival-olimpico-da-educacao-infantil-e-anuncia-o-concurso-publico-da-semed","status":"publish","type":"pautas","link":"https:\/\/www.manaus.am.gov.br\/semcom\/pautas\/prefeito-david-almeida-abre-10a-edicao-do-festival-olimpico-da-educacao-infantil-e-anuncia-o-concurso-publico-da-semed\/","title":{"rendered":"Prefeito David Almeida abre 10\u00aa edi\u00e7\u00e3o do \u2018Festival Ol\u00edmpico da Educa\u00e7\u00e3o Infantil\u2019 e anuncia o concurso p\u00fablico da Semed"},"content":{"rendered":"\n<p>O prefeito de Manaus, David Almeida, e o secret\u00e1rio municipal de Educa\u00e7\u00e3o, J\u00fanior Mar, participam, nesta quinta-feira, 15\/5, \u00e0s 8h30, da comemora\u00e7\u00e3o do 10\u00ba ano do \u201cFestival Ol\u00edmpico da Educa\u00e7\u00e3o Infantil\u201d, com o tema \u201c10 anos de hist\u00f3ria: revisitando nossa jornada\u201d.<\/p>\n\n\n\n<p>A abertura do evento acontece no Centro Integrado Municipal de Educa\u00e7\u00e3o (Cime) Lucia Melo Ferreira Almeida, no bairro Novo Aleixo, zona Norte da cidade, com a participa\u00e7\u00e3o dos Centros Municipais de Educa\u00e7\u00e3o Infantil (Cmeis), creches municipais e escolas mistas com pr\u00e9-escolas.<\/p>\n\n\n\n<p>Durante o evento, ser\u00e1 realizada coletiva de imprensa, na qual o prefeito far\u00e1 o grande an\u00fancio sobre a realiza\u00e7\u00e3o de concurso p\u00fablico para a educa\u00e7\u00e3o de Manaus.<\/p>\n\n\n\n<p><strong>SERVI\u00c7O<\/strong><\/p>\n\n\n\n<p><strong>O qu\u00ea \u2013<\/strong> Abertura de 10 anos do \u201cFestival Ol\u00edmpico da Educa\u00e7\u00e3o Infantil\u201d e an\u00fancio de concurso p\u00fablico da Semed<\/p>\n\n\n\n<p><strong>Quando <\/strong>&#8211; Quinta-feira, 15\/5<\/p>\n\n\n\n<p><strong>Hor\u00e1rio &#8211;<\/strong> 8h30<\/p>\n\n\n\n<p><strong>Local &#8211;<\/strong>&nbsp;&nbsp; Cime Lucia Melo Ferreira Almeida, localizado na avenida Coletora, 1.335, bairro Novo Aleixo, zona Norte.<\/p>\n","protected":false},"featured_media":208729,"template":"","categories":[49],"acf":[],"yoast_head":"<!-- This site is optimized with the Yoast SEO plugin v23.0 - https:\/\/yoast.com\/wordpress\/plugins\/seo\/ -->\n<title>Prefeito David Almeida abre 10\u00aa edi\u00e7\u00e3o do \u2018Festival Ol\u00edmpico da Educa\u00e7\u00e3o Infantil\u2019 e anuncia o concurso p\u00fablico da Semed - SEMCOM<\/title>\n<meta name=\"robots\" content=\"index, follow, max-snippet:-1, max-image-preview:large, max-video-preview:-1\" \/>\n<link rel=\"canonical\" href=\"https:\/\/www.manaus.am.gov.br\/semcom\/pautas\/prefeito-david-almeida-abre-10a-edicao-do-festival-olimpico-da-educacao-infantil-e-anuncia-o-concurso-publico-da-semed\/\" \/>\n<meta property=\"og:locale\" content=\"pt_BR\" \/>\n<meta property=\"og:type\" content=\"article\" \/>\n<meta property=\"og:title\" content=\"Prefeito David Almeida abre 10\u00aa edi\u00e7\u00e3o do \u2018Festival Ol\u00edmpico da Educa\u00e7\u00e3o Infantil\u2019 e anuncia o concurso p\u00fablico da Semed - SEMCOM\" \/>\n<meta property=\"og:url\" content=\"https:\/\/www.manaus.am.gov.br\/semcom\/pautas\/prefeito-david-almeida-abre-10a-edicao-do-festival-olimpico-da-educacao-infantil-e-anuncia-o-concurso-publico-da-semed\/\" \/>\n<meta property=\"og:site_name\" content=\"SEMCOM\" \/>\n<meta property=\"article:modified_time\" content=\"2025-05-14T21:17:50+00:00\" \/>\n<meta property=\"og:image\" content=\"https:\/\/www.manaus.am.gov.br\/semcom\/wp-content\/uploads\/sites\/5\/2023\/02\/sugestaodepauta.png\" \/>\n\t<meta property=\"og:image:width\" content=\"1020\" \/>\n\t<meta property=\"og:image:height\" content=\"540\" \/>\n\t<meta property=\"og:image:type\" content=\"image\/png\" \/>\n<meta name=\"twitter:card\" content=\"summary_large_image\" \/>\n<meta name=\"twitter:label1\" content=\"Est. reading time\" \/>\n\t<meta name=\"twitter:data1\" content=\"2 minutos\" \/>\n<script type=\"application\/ld+json\" class=\"yoast-schema-graph\">{\"@context\":\"https:\/\/schema.org\",\"@graph\":[{\"@type\":\"WebPage\",\"@id\":\"https:\/\/www.manaus.am.gov.br\/semcom\/pautas\/prefeito-david-almeida-abre-10a-edicao-do-festival-olimpico-da-educacao-infantil-e-anuncia-o-concurso-publico-da-semed\/\",\"url\":\"https:\/\/www.manaus.am.gov.br\/semcom\/pautas\/prefeito-david-almeida-abre-10a-edicao-do-festival-olimpico-da-educacao-infantil-e-anuncia-o-concurso-publico-da-semed\/\",\"name\":\"Prefeito David Almeida abre 10\u00aa edi\u00e7\u00e3o do \u2018Festival Ol\u00edmpico da Educa\u00e7\u00e3o Infantil\u2019 e anuncia o concurso p\u00fablico da Semed - SEMCOM\",\"isPartOf\":{\"@id\":\"https:\/\/www.manaus.am.gov.br\/semcom\/#website\"},\"primaryImageOfPage\":{\"@id\":\"https:\/\/www.manaus.am.gov.br\/semcom\/pautas\/prefeito-david-almeida-abre-10a-edicao-do-festival-olimpico-da-educacao-infantil-e-anuncia-o-concurso-publico-da-semed\/#primaryimage\"},\"image\":{\"@id\":\"https:\/\/www.manaus.am.gov.br\/semcom\/pautas\/prefeito-david-almeida-abre-10a-edicao-do-festival-olimpico-da-educacao-infantil-e-anuncia-o-concurso-publico-da-semed\/#primaryimage\"},\"thumbnailUrl\":\"https:\/\/www.manaus.am.gov.br\/semcom\/wp-content\/uploads\/sites\/5\/2023\/02\/sugestaodepauta.png\",\"datePublished\":\"2025-05-14T21:17:49+00:00\",\"dateModified\":\"2025-05-14T21:17:50+00:00\",\"inLanguage\":\"pt-BR\",\"potentialAction\":[{\"@type\":\"ReadAction\",\"target\":[\"https:\/\/www.manaus.am.gov.br\/semcom\/pautas\/prefeito-david-almeida-abre-10a-edicao-do-festival-olimpico-da-educacao-infantil-e-anuncia-o-concurso-publico-da-semed\/\"]}]},{\"@type\":\"ImageObject\",\"inLanguage\":\"pt-BR\",\"@id\":\"https:\/\/www.manaus.am.gov.br\/semcom\/pautas\/prefeito-david-almeida-abre-10a-edicao-do-festival-olimpico-da-educacao-infantil-e-anuncia-o-concurso-publico-da-semed\/#primaryimage\",\"url\":\"https:\/\/www.manaus.am.gov.br\/semcom\/wp-content\/uploads\/sites\/5\/2023\/02\/sugestaodepauta.png\",\"contentUrl\":\"https:\/\/www.manaus.am.gov.br\/semcom\/wp-content\/uploads\/sites\/5\/2023\/02\/sugestaodepauta.png\",\"width\":1020,\"height\":540},{\"@type\":\"WebSite\",\"@id\":\"https:\/\/www.manaus.am.gov.br\/semcom\/#website\",\"url\":\"https:\/\/www.manaus.am.gov.br\/semcom\/\",\"name\":\"SEMCOM\",\"description\":\"Secretaria Municipal de Comunica\u00e7\u00e3o\",\"potentialAction\":[{\"@type\":\"SearchAction\",\"target\":{\"@type\":\"EntryPoint\",\"urlTemplate\":\"https:\/\/www.manaus.am.gov.br\/semcom\/?s={search_term_string}\"},\"query-input\":\"required name=search_term_string\"}],\"inLanguage\":\"pt-BR\"}]}<\/script>\n<!-- \/ Yoast SEO plugin. -->","yoast_head_json":{"title":"Prefeito David Almeida abre 10\u00aa edi\u00e7\u00e3o do \u2018Festival Ol\u00edmpico da Educa\u00e7\u00e3o Infantil\u2019 e anuncia o concurso p\u00fablico da Semed - SEMCOM","robots":{"index":"index","follow":"follow","max-snippet":"max-snippet:-1","max-image-preview":"max-image-preview:large","max-video-preview":"max-video-preview:-1"},"canonical":"https:\/\/www.manaus.am.gov.br\/semcom\/pautas\/prefeito-david-almeida-abre-10a-edicao-do-festival-olimpico-da-educacao-infantil-e-anuncia-o-concurso-publico-da-semed\/","og_locale":"pt_BR","og_type":"article","og_title":"Prefeito David Almeida abre 10\u00aa edi\u00e7\u00e3o do \u2018Festival Ol\u00edmpico da Educa\u00e7\u00e3o Infantil\u2019 e anuncia o concurso p\u00fablico da Semed - SEMCOM","og_url":"https:\/\/www.manaus.am.gov.br\/semcom\/pautas\/prefeito-david-almeida-abre-10a-edicao-do-festival-olimpico-da-educacao-infantil-e-anuncia-o-concurso-publico-da-semed\/","og_site_name":"SEMCOM","article_modified_time":"2025-05-14T21:17:50+00:00","og_image":[{"width":1020,"height":540,"url":"https:\/\/www.manaus.am.gov.br\/semcom\/wp-content\/uploads\/sites\/5\/2023\/02\/sugestaodepauta.png","type":"image\/png"}],"twitter_card":"summary_large_image","twitter_misc":{"Est. reading time":"2 minutos"},"schema":{"@context":"https:\/\/schema.org","@graph":[{"@type":"WebPage","@id":"https:\/\/www.manaus.am.gov.br\/semcom\/pautas\/prefeito-david-almeida-abre-10a-edicao-do-festival-olimpico-da-educacao-infantil-e-anuncia-o-concurso-publico-da-semed\/","url":"https:\/\/www.manaus.am.gov.br\/semcom\/pautas\/prefeito-david-almeida-abre-10a-edicao-do-festival-olimpico-da-educacao-infantil-e-anuncia-o-concurso-publico-da-semed\/","name":"Prefeito David Almeida abre 10\u00aa edi\u00e7\u00e3o do \u2018Festival Ol\u00edmpico da Educa\u00e7\u00e3o Infantil\u2019 e anuncia o concurso p\u00fablico da Semed - SEMCOM","isPartOf":{"@id":"https:\/\/www.manaus.am.gov.br\/semcom\/#website"},"primaryImageOfPage":{"@id":"https:\/\/www.manaus.am.gov.br\/semcom\/pautas\/prefeito-david-almeida-abre-10a-edicao-do-festival-olimpico-da-educacao-infantil-e-anuncia-o-concurso-publico-da-semed\/#primaryimage"},"image":{"@id":"https:\/\/www.manaus.am.gov.br\/semcom\/pautas\/prefeito-david-almeida-abre-10a-edicao-do-festival-olimpico-da-educacao-infantil-e-anuncia-o-concurso-publico-da-semed\/#primaryimage"},"thumbnailUrl":"https:\/\/www.manaus.am.gov.br\/semcom\/wp-content\/uploads\/sites\/5\/2023\/02\/sugestaodepauta.png","datePublished":"2025-05-14T21:17:49+00:00","dateModified":"2025-05-14T21:17:50+00:00","inLanguage":"pt-BR","potentialAction":[{"@type":"ReadAction","target":["https:\/\/www.manaus.am.gov.br\/semcom\/pautas\/prefeito-david-almeida-abre-10a-edicao-do-festival-olimpico-da-educacao-infantil-e-anuncia-o-concurso-publico-da-semed\/"]}]},{"@type":"ImageObject","inLanguage":"pt-BR","@id":"https:\/\/www.manaus.am.gov.br\/semcom\/pautas\/prefeito-david-almeida-abre-10a-edicao-do-festival-olimpico-da-educacao-infantil-e-anuncia-o-concurso-publico-da-semed\/#primaryimage","url":"https:\/\/www.manaus.am.gov.br\/semcom\/wp-content\/uploads\/sites\/5\/2023\/02\/sugestaodepauta.png","contentUrl":"https:\/\/www.manaus.am.gov.br\/semcom\/wp-content\/uploads\/sites\/5\/2023\/02\/sugestaodepauta.png","width":1020,"height":540},{"@type":"WebSite","@id":"https:\/\/www.manaus.am.gov.br\/semcom\/#website","url":"https:\/\/www.manaus.am.gov.br\/semcom\/","name":"SEMCOM","description":"Secretaria Municipal de Comunica\u00e7\u00e3o","potentialAction":[{"@type":"SearchAction","target":{"@type":"EntryPoint","urlTemplate":"https:\/\/www.manaus.am.gov.br\/semcom\/?s={search_term_string}"},"query-input":"required name=search_term_string"}],"inLanguage":"pt-BR"}]}},"_links":{"self":[{"href":"https:\/\/www.manaus.am.gov.br\/semcom\/wp-json\/wp\/v2\/pautas\/238976"}],"collection":[{"href":"https:\/\/www.manaus.am.gov.br\/semcom\/wp-json\/wp\/v2\/pautas"}],"about":[{"href":"https:\/\/www.manaus.am.gov.br\/semcom\/wp-json\/wp\/v2\/types\/pautas"}],"wp:featuredmedia":[{"embeddable":true,"href":"https:\/\/www.manaus.am.gov.br\/semcom\/wp-json\/wp\/v2\/media\/208729"}],"wp:attachment":[{"href":"https:\/\/www.manaus.am.gov.br\/semcom\/wp-json\/wp\/v2\/media?parent=238976"}],"wp:term":[{"taxonomy":"category","embeddable":true,"href":"https:\/\/www.manaus.am.gov.br\/semcom\/wp-json\/wp\/v2\/categories?post=238976"}],"curies":[{"name":"wp","href":"https:\/\/api.w.org\/{rel}","templated":true}]}}

Prefeito David Almeida abre 10ª edição do ‘Festival Olímpico da Educação Infantil’ e anuncia o concurso público da Semed

<p>O prefeito de Manaus, David Almeida, e o secretário municipal de Educação, Júnior Mar, participam, nesta quinta-feira, 15/5, às 8h30, da comemoração do 10º ano do “Festival Olímpico da Educação Infantil”, com o tema “10 anos de história: revisitando nossa jornada”.</p>



<p>A abertura do evento acontece no Centro Integrado Municipal de Educação (Cime) Lucia Melo Ferreira Almeida, no bairro Novo Aleixo, zona Norte da cidade, com a participação dos Centros Municipais de Educação Infantil (Cmeis), creches municipais e escolas mistas com pré-escolas.</p>



<p>Durante o evento, será realizada coletiva de imprensa, na qual o prefeito fará o grande anúncio sobre a realização de concurso público para a educação de Manaus.</p>



<p><strong>SERVIÇO</strong></p>



<p><strong>O quê –</strong> Abertura de 10 anos do “Festival Olímpico da Educação Infantil” e anúncio de concurso público da Semed</p>



<p><strong>Quando </strong>&#8211; Quinta-feira, 15/5</p>



<p><strong>Horário &#8211;</strong> 8h30</p>



<p><strong>Local &#8211;</strong>&nbsp;&nbsp; Cime Lucia Melo Ferreira Almeida, localizado na avenida Coletora, 1.335, bairro Novo Aleixo, zona Norte.</p>

<!-- This site is optimized with the Yoast SEO plugin v23.0 - https://yoast.com/wordpress/plugins/seo/ -->
<title>Prefeito David Almeida abre 10ª edição do ‘Festival Olímpico da Educação Infantil’ e anuncia o concurso público da Semed - SEMCOM</title>
<meta name="robots" content="index, follow, max-snippet:-1, max-image-preview:large, max-video-preview:-1" />
<link rel="canonical" href="https://www.manaus.am.gov.br/semcom/pautas/prefeito-david-almeida-abre-10a-edicao-do-festival-olimpico-da-educacao-infantil-e-anuncia-o-concurso-publico-da-semed/" />
<meta property="og:locale" content="pt_BR" />
<meta property="og:type" content="article" />
<meta property="og:title" content="Prefeito David Almeida abre 10ª edição do ‘Festival Olímpico da Educação Infantil’ e anuncia o concurso público da Semed - SEMCOM" />
<meta property="og:url" content="https://www.manaus.am.gov.br/semcom/pautas/prefeito-david-almeida-abre-10a-edicao-do-festival-olimpico-da-educacao-infantil-e-anuncia-o-concurso-publico-da-semed/" />
<meta property="og:site_name" content="SEMCOM" />
<meta property="article:modified_time" content="2025-05-14T21:17:50+00:00" />
<meta property="og:image" content="https://www.manaus.am.gov.br/semcom/wp-content/uploads/sites/5/2023/02/sugestaodepauta.png" />
	<meta property="og:image:width" content="1020" />
	<meta property="og:image:height" content="540" />
	<meta property="og:image:type" content="image/png" />
<meta name="twitter:card" content="summary_large_image" />
<meta name="twitter:label1" content="Est. reading time" />
	<meta name="twitter:data1" content="2 minutos" />
<script type="application/ld+json" class="yoast-schema-graph">{"@context":"https://schema.org","@graph":[{"@type":"WebPage","@id":"https://www.manaus.am.gov.br/semcom/pautas/prefeito-david-almeida-abre-10a-edicao-do-festival-olimpico-da-educacao-infantil-e-anuncia-o-concurso-publico-da-semed/","url":"https://www.manaus.am.gov.br/semcom/pautas/prefeito-david-almeida-abre-10a-edicao-do-festival-olimpico-da-educacao-infantil-e-anuncia-o-concurso-publico-da-semed/","name":"Prefeito David Almeida abre 10ª edição do ‘Festival Olímpico da Educação Infantil’ e anuncia o concurso público da Semed - SEMCOM","isPartOf":{"@id":"https://www.manaus.am.gov.br/semcom/#website"},"primaryImageOfPage":{"@id":"https://www.manaus.am.gov.br/semcom/pautas/prefeito-david-almeida-abre-10a-edicao-do-festival-olimpico-da-educacao-infantil-e-anuncia-o-concurso-publico-da-semed/#primaryimage"},"image":{"@id":"https://www.manaus.am.gov.br/semcom/pautas/prefeito-david-almeida-abre-10a-edicao-do-festival-olimpico-da-educacao-infantil-e-anuncia-o-concurso-publico-da-semed/#primaryimage"},"thumbnailUrl":"https://www.manaus.am.gov.br/semcom/wp-content/uploads/sites/5/2023/02/sugestaodepauta.png","datePublished":"2025-05-14T21:17:49+00:00","dateModified":"2025-05-14T21:17:50+00:00","inLanguage":"pt-BR","potentialAction":[{"@type":"ReadAction","target":["https://www.manaus.am.gov.br/semcom/pautas/prefeito-david-almeida-abre-10a-edicao-do-festival-olimpico-da-educacao-infantil-e-anuncia-o-concurso-publico-da-semed/"]}]},{"@type":"ImageObject","inLanguage":"pt-BR","@id":"https://www.manaus.am.gov.br/semcom/pautas/prefeito-david-almeida-abre-10a-edicao-do-festival-olimpico-da-educacao-infantil-e-anuncia-o-concurso-publico-da-semed/#primaryimage","url":"https://www.manaus.am.gov.br/semcom/wp-content/uploads/sites/5/2023/02/sugestaodepauta.png","contentUrl":"https://www.manaus.am.gov.br/semcom/wp-content/uploads/sites/5/2023/02/sugestaodepauta.png","width":1020,"height":540},{"@type":"WebSite","@id":"https://www.manaus.am.gov.br/semcom/#website","url":"https://www.manaus.am.gov.br/semcom/","name":"SEMCOM","description":"Secretaria Municipal de Comunicação","potentialAction":[{"@type":"SearchAction","target":{"@type":"EntryPoint","urlTemplate":"https://www.manaus.am.gov.br/semcom/?s={search_term_string}"},"query-input":"required name=search_term_string"}],"inLanguage":"pt-BR"}]}</script>
<!-- / Yoast SEO plugin. -->

Prefeito David Almeida abre 10ª edição do ‘Festival Olímpico da Educação Infantil’ e anuncia o concurso público da Semed - SEMCOM

Secretaria Municipal de Comunicação
