{"id":238900,"date":"2025-05-13T16:27:33","date_gmt":"2025-05-13T19:27:33","guid":{"rendered":"https:\/\/www.manaus.am.gov.br\/semcom\/?post_type=pautas&#038;p=238900"},"modified":"2025-05-13T16:27:33","modified_gmt":"2025-05-13T19:27:33","slug":"prefeito-david-almeida-inaugura-2a-estacao-meteorologica","status":"publish","type":"pautas","link":"https:\/\/www.manaus.am.gov.br\/semcom\/pautas\/prefeito-david-almeida-inaugura-2a-estacao-meteorologica\/","title":{"rendered":"Prefeito David Almeida inaugura 2\u00aa Esta\u00e7\u00e3o Meteorol\u00f3gica na capital"},"content":{"rendered":"\n<p>O prefeito de Manaus, David Almeida, inaugura, na quarta-feira, 14\/5, \u00e0s 9h30, a 2\u00aa Esta\u00e7\u00e3o Meteorol\u00f3gica da cidade. O evento ser\u00e1 realizado na sede do Distrito de Micro e Pequenas Empresas (Dimicro), unidade vinculada \u00e0 Semtepi, localizada na rua Pr\u00edmula &#8211; Distrito Industrial 2.<\/p>\n\n\n\n<p>A sede do Dimicro abrigar\u00e1 a 2\u00aa das nove esta\u00e7\u00f5es meteorol\u00f3gicas que comp\u00f5em o sistema de monitoramento clim\u00e1tico e gest\u00e3o urbana da Prefeitura de Manaus. A Secretaria Municipal de Limpeza Urbana (Semulsp) \u00e9 a respons\u00e1vel pela instala\u00e7\u00e3o das esta\u00e7\u00f5es, e a primeira foi implantada na sede da pr\u00f3pria pasta. As demais ser\u00e3o distribu\u00eddas em pontos estrat\u00e9gicos da cidade.<\/p>\n\n\n\n<p>A a\u00e7\u00e3o faz parte de um trabalho conjunto entre o Centro de Coopera\u00e7\u00e3o da Cidade (CCC), Defesa Civil e das secretarias municipais de Finan\u00e7as e Tecnologia da Informa\u00e7\u00e3o (Semef) e do Trabalho, Empreendedorismo e Inova\u00e7\u00e3o (Semtepi), que visa monitorar par\u00e2metros clim\u00e1ticos e atmosf\u00e9ricos, com o objetivo de subsidiar a\u00e7\u00f5es de preven\u00e7\u00e3o a desastres, emerg\u00eancias e planejamento urbano. A Defesa Civil de Manaus ser\u00e1 respons\u00e1vel pela leitura e interpreta\u00e7\u00e3o dos dados obtidos pelas esta\u00e7\u00f5es meteorol\u00f3gicas, o que fortalecer\u00e1 a capacidade de resposta da prefeitura a situa\u00e7\u00f5es de risco.<\/p>\n\n\n\n<p><strong>SERVI\u00c7O<\/strong><\/p>\n\n\n\n<p><strong>O qu\u00ea \u2013<\/strong> Inaugura\u00e7\u00e3o da 2\u00aa Esta\u00e7\u00e3o Meteorol\u00f3gica da Prefeitura de Manaus<\/p>\n\n\n\n<p><strong>Quando \u2013<\/strong> Quarta-feira, 14\/5<\/p>\n\n\n\n<p><strong>Hor\u00e1rio \u2013<\/strong> 9h30<\/p>\n\n\n\n<p><strong>Local \u2013<\/strong> Sede Dimicro, rua Pr\u00edmula &#8211; Distrito Industrial 2.<\/p>\n\n\n\n<p>Localizador &#8211; <a href=\"https:\/\/maps.app.goo.gl\/Z7uKposAJ7u5ifky9?g_st=com.google.maps.preview.copy\">https:\/\/maps.app.goo.gl\/Z7uKposAJ7u5ifky9?g_st=com.google.maps.preview.copy<\/a><\/p>\n","protected":false},"featured_media":208729,"template":"","categories":[3177],"acf":[],"yoast_head":"<!-- This site is optimized with the Yoast SEO plugin v23.0 - https:\/\/yoast.com\/wordpress\/plugins\/seo\/ -->\n<title>Prefeito David Almeida inaugura 2\u00aa Esta\u00e7\u00e3o Meteorol\u00f3gica<\/title>\n<meta name=\"description\" content=\"O prefeito de Manaus, David Almeida, inaugura, na quarta-feira, 14\/5, \u00e0s 9h30, a 2\u00aa Esta\u00e7\u00e3o Meteorol\u00f3gica da cidade.\" \/>\n<meta name=\"robots\" content=\"index, follow, max-snippet:-1, max-image-preview:large, max-video-preview:-1\" \/>\n<link rel=\"canonical\" href=\"https:\/\/www.manaus.am.gov.br\/semcom\/pautas\/prefeito-david-almeida-inaugura-2a-estacao-meteorologica\/\" \/>\n<meta property=\"og:locale\" content=\"pt_BR\" \/>\n<meta property=\"og:type\" content=\"article\" \/>\n<meta property=\"og:title\" content=\"Prefeito David Almeida inaugura 2\u00aa Esta\u00e7\u00e3o Meteorol\u00f3gica\" \/>\n<meta property=\"og:description\" content=\"O prefeito de Manaus, David Almeida, inaugura, na quarta-feira, 14\/5, \u00e0s 9h30, a 2\u00aa Esta\u00e7\u00e3o Meteorol\u00f3gica da cidade.\" \/>\n<meta property=\"og:url\" content=\"https:\/\/www.manaus.am.gov.br\/semcom\/pautas\/prefeito-david-almeida-inaugura-2a-estacao-meteorologica\/\" \/>\n<meta property=\"og:site_name\" content=\"SEMCOM\" \/>\n<meta property=\"og:image\" content=\"https:\/\/www.manaus.am.gov.br\/semcom\/wp-content\/uploads\/sites\/5\/2023\/02\/sugestaodepauta.png\" \/>\n\t<meta property=\"og:image:width\" content=\"1020\" \/>\n\t<meta property=\"og:image:height\" content=\"540\" \/>\n\t<meta property=\"og:image:type\" content=\"image\/png\" \/>\n<meta name=\"twitter:card\" content=\"summary_large_image\" \/>\n<meta name=\"twitter:label1\" content=\"Est. reading time\" \/>\n\t<meta name=\"twitter:data1\" content=\"2 minutos\" \/>\n<script type=\"application\/ld+json\" class=\"yoast-schema-graph\">{\"@context\":\"https:\/\/schema.org\",\"@graph\":[{\"@type\":\"WebPage\",\"@id\":\"https:\/\/www.manaus.am.gov.br\/semcom\/pautas\/prefeito-david-almeida-inaugura-2a-estacao-meteorologica\/\",\"url\":\"https:\/\/www.manaus.am.gov.br\/semcom\/pautas\/prefeito-david-almeida-inaugura-2a-estacao-meteorologica\/\",\"name\":\"Prefeito David Almeida inaugura 2\u00aa Esta\u00e7\u00e3o Meteorol\u00f3gica\",\"isPartOf\":{\"@id\":\"https:\/\/www.manaus.am.gov.br\/semcom\/#website\"},\"primaryImageOfPage\":{\"@id\":\"https:\/\/www.manaus.am.gov.br\/semcom\/pautas\/prefeito-david-almeida-inaugura-2a-estacao-meteorologica\/#primaryimage\"},\"image\":{\"@id\":\"https:\/\/www.manaus.am.gov.br\/semcom\/pautas\/prefeito-david-almeida-inaugura-2a-estacao-meteorologica\/#primaryimage\"},\"thumbnailUrl\":\"https:\/\/www.manaus.am.gov.br\/semcom\/wp-content\/uploads\/sites\/5\/2023\/02\/sugestaodepauta.png\",\"datePublished\":\"2025-05-13T19:27:33+00:00\",\"dateModified\":\"2025-05-13T19:27:33+00:00\",\"description\":\"O prefeito de Manaus, David Almeida, inaugura, na quarta-feira, 14\/5, \u00e0s 9h30, a 2\u00aa Esta\u00e7\u00e3o Meteorol\u00f3gica da cidade.\",\"inLanguage\":\"pt-BR\",\"potentialAction\":[{\"@type\":\"ReadAction\",\"target\":[\"https:\/\/www.manaus.am.gov.br\/semcom\/pautas\/prefeito-david-almeida-inaugura-2a-estacao-meteorologica\/\"]}]},{\"@type\":\"ImageObject\",\"inLanguage\":\"pt-BR\",\"@id\":\"https:\/\/www.manaus.am.gov.br\/semcom\/pautas\/prefeito-david-almeida-inaugura-2a-estacao-meteorologica\/#primaryimage\",\"url\":\"https:\/\/www.manaus.am.gov.br\/semcom\/wp-content\/uploads\/sites\/5\/2023\/02\/sugestaodepauta.png\",\"contentUrl\":\"https:\/\/www.manaus.am.gov.br\/semcom\/wp-content\/uploads\/sites\/5\/2023\/02\/sugestaodepauta.png\",\"width\":1020,\"height\":540},{\"@type\":\"WebSite\",\"@id\":\"https:\/\/www.manaus.am.gov.br\/semcom\/#website\",\"url\":\"https:\/\/www.manaus.am.gov.br\/semcom\/\",\"name\":\"SEMCOM\",\"description\":\"Secretaria Municipal de Comunica\u00e7\u00e3o\",\"potentialAction\":[{\"@type\":\"SearchAction\",\"target\":{\"@type\":\"EntryPoint\",\"urlTemplate\":\"https:\/\/www.manaus.am.gov.br\/semcom\/?s={search_term_string}\"},\"query-input\":\"required name=search_term_string\"}],\"inLanguage\":\"pt-BR\"}]}<\/script>\n<!-- \/ Yoast SEO plugin. -->","yoast_head_json":{"title":"Prefeito David Almeida inaugura 2\u00aa Esta\u00e7\u00e3o Meteorol\u00f3gica","description":"O prefeito de Manaus, David Almeida, inaugura, na quarta-feira, 14\/5, \u00e0s 9h30, a 2\u00aa Esta\u00e7\u00e3o Meteorol\u00f3gica da cidade.","robots":{"index":"index","follow":"follow","max-snippet":"max-snippet:-1","max-image-preview":"max-image-preview:large","max-video-preview":"max-video-preview:-1"},"canonical":"https:\/\/www.manaus.am.gov.br\/semcom\/pautas\/prefeito-david-almeida-inaugura-2a-estacao-meteorologica\/","og_locale":"pt_BR","og_type":"article","og_title":"Prefeito David Almeida inaugura 2\u00aa Esta\u00e7\u00e3o Meteorol\u00f3gica","og_description":"O prefeito de Manaus, David Almeida, inaugura, na quarta-feira, 14\/5, \u00e0s 9h30, a 2\u00aa Esta\u00e7\u00e3o Meteorol\u00f3gica da cidade.","og_url":"https:\/\/www.manaus.am.gov.br\/semcom\/pautas\/prefeito-david-almeida-inaugura-2a-estacao-meteorologica\/","og_site_name":"SEMCOM","og_image":[{"width":1020,"height":540,"url":"https:\/\/www.manaus.am.gov.br\/semcom\/wp-content\/uploads\/sites\/5\/2023\/02\/sugestaodepauta.png","type":"image\/png"}],"twitter_card":"summary_large_image","twitter_misc":{"Est. reading time":"2 minutos"},"schema":{"@context":"https:\/\/schema.org","@graph":[{"@type":"WebPage","@id":"https:\/\/www.manaus.am.gov.br\/semcom\/pautas\/prefeito-david-almeida-inaugura-2a-estacao-meteorologica\/","url":"https:\/\/www.manaus.am.gov.br\/semcom\/pautas\/prefeito-david-almeida-inaugura-2a-estacao-meteorologica\/","name":"Prefeito David Almeida inaugura 2\u00aa Esta\u00e7\u00e3o Meteorol\u00f3gica","isPartOf":{"@id":"https:\/\/www.manaus.am.gov.br\/semcom\/#website"},"primaryImageOfPage":{"@id":"https:\/\/www.manaus.am.gov.br\/semcom\/pautas\/prefeito-david-almeida-inaugura-2a-estacao-meteorologica\/#primaryimage"},"image":{"@id":"https:\/\/www.manaus.am.gov.br\/semcom\/pautas\/prefeito-david-almeida-inaugura-2a-estacao-meteorologica\/#primaryimage"},"thumbnailUrl":"https:\/\/www.manaus.am.gov.br\/semcom\/wp-content\/uploads\/sites\/5\/2023\/02\/sugestaodepauta.png","datePublished":"2025-05-13T19:27:33+00:00","dateModified":"2025-05-13T19:27:33+00:00","description":"O prefeito de Manaus, David Almeida, inaugura, na quarta-feira, 14\/5, \u00e0s 9h30, a 2\u00aa Esta\u00e7\u00e3o Meteorol\u00f3gica da cidade.","inLanguage":"pt-BR","potentialAction":[{"@type":"ReadAction","target":["https:\/\/www.manaus.am.gov.br\/semcom\/pautas\/prefeito-david-almeida-inaugura-2a-estacao-meteorologica\/"]}]},{"@type":"ImageObject","inLanguage":"pt-BR","@id":"https:\/\/www.manaus.am.gov.br\/semcom\/pautas\/prefeito-david-almeida-inaugura-2a-estacao-meteorologica\/#primaryimage","url":"https:\/\/www.manaus.am.gov.br\/semcom\/wp-content\/uploads\/sites\/5\/2023\/02\/sugestaodepauta.png","contentUrl":"https:\/\/www.manaus.am.gov.br\/semcom\/wp-content\/uploads\/sites\/5\/2023\/02\/sugestaodepauta.png","width":1020,"height":540},{"@type":"WebSite","@id":"https:\/\/www.manaus.am.gov.br\/semcom\/#website","url":"https:\/\/www.manaus.am.gov.br\/semcom\/","name":"SEMCOM","description":"Secretaria Municipal de Comunica\u00e7\u00e3o","potentialAction":[{"@type":"SearchAction","target":{"@type":"EntryPoint","urlTemplate":"https:\/\/www.manaus.am.gov.br\/semcom\/?s={search_term_string}"},"query-input":"required name=search_term_string"}],"inLanguage":"pt-BR"}]}},"_links":{"self":[{"href":"https:\/\/www.manaus.am.gov.br\/semcom\/wp-json\/wp\/v2\/pautas\/238900"}],"collection":[{"href":"https:\/\/www.manaus.am.gov.br\/semcom\/wp-json\/wp\/v2\/pautas"}],"about":[{"href":"https:\/\/www.manaus.am.gov.br\/semcom\/wp-json\/wp\/v2\/types\/pautas"}],"wp:featuredmedia":[{"embeddable":true,"href":"https:\/\/www.manaus.am.gov.br\/semcom\/wp-json\/wp\/v2\/media\/208729"}],"wp:attachment":[{"href":"https:\/\/www.manaus.am.gov.br\/semcom\/wp-json\/wp\/v2\/media?parent=238900"}],"wp:term":[{"taxonomy":"category","embeddable":true,"href":"https:\/\/www.manaus.am.gov.br\/semcom\/wp-json\/wp\/v2\/categories?post=238900"}],"curies":[{"name":"wp","href":"https:\/\/api.w.org\/{rel}","templated":true}]}}

Prefeito David Almeida inaugura 2ª Estação Meteorológica na capital

<p>O prefeito de Manaus, David Almeida, inaugura, na quarta-feira, 14/5, às 9h30, a 2ª Estação Meteorológica da cidade. O evento será realizado na sede do Distrito de Micro e Pequenas Empresas (Dimicro), unidade vinculada à Semtepi, localizada na rua Prímula &#8211; Distrito Industrial 2.</p>



<p>A sede do Dimicro abrigará a 2ª das nove estações meteorológicas que compõem o sistema de monitoramento climático e gestão urbana da Prefeitura de Manaus. A Secretaria Municipal de Limpeza Urbana (Semulsp) é a responsável pela instalação das estações, e a primeira foi implantada na sede da própria pasta. As demais serão distribuídas em pontos estratégicos da cidade.</p>



<p>A ação faz parte de um trabalho conjunto entre o Centro de Cooperação da Cidade (CCC), Defesa Civil e das secretarias municipais de Finanças e Tecnologia da Informação (Semef) e do Trabalho, Empreendedorismo e Inovação (Semtepi), que visa monitorar parâmetros climáticos e atmosféricos, com o objetivo de subsidiar ações de prevenção a desastres, emergências e planejamento urbano. A Defesa Civil de Manaus será responsável pela leitura e interpretação dos dados obtidos pelas estações meteorológicas, o que fortalecerá a capacidade de resposta da prefeitura a situações de risco.</p>



<p><strong>SERVIÇO</strong></p>



<p><strong>O quê –</strong> Inauguração da 2ª Estação Meteorológica da Prefeitura de Manaus</p>



<p><strong>Quando –</strong> Quarta-feira, 14/5</p>



<p><strong>Horário –</strong> 9h30</p>



<p><strong>Local –</strong> Sede Dimicro, rua Prímula &#8211; Distrito Industrial 2.</p>



<p>Localizador &#8211; <a href="https://maps.app.goo.gl/Z7uKposAJ7u5ifky9?g_st=com.google.maps.preview.copy">https://maps.app.goo.gl/Z7uKposAJ7u5ifky9?g_st=com.google.maps.preview.copy</a></p>

<!-- This site is optimized with the Yoast SEO plugin v23.0 - https://yoast.com/wordpress/plugins/seo/ -->
<title>Prefeito David Almeida inaugura 2ª Estação Meteorológica</title>
<meta name="description" content="O prefeito de Manaus, David Almeida, inaugura, na quarta-feira, 14/5, às 9h30, a 2ª Estação Meteorológica da cidade." />
<meta name="robots" content="index, follow, max-snippet:-1, max-image-preview:large, max-video-preview:-1" />
<link rel="canonical" href="https://www.manaus.am.gov.br/semcom/pautas/prefeito-david-almeida-inaugura-2a-estacao-meteorologica/" />
<meta property="og:locale" content="pt_BR" />
<meta property="og:type" content="article" />
<meta property="og:title" content="Prefeito David Almeida inaugura 2ª Estação Meteorológica" />
<meta property="og:description" content="O prefeito de Manaus, David Almeida, inaugura, na quarta-feira, 14/5, às 9h30, a 2ª Estação Meteorológica da cidade." />
<meta property="og:url" content="https://www.manaus.am.gov.br/semcom/pautas/prefeito-david-almeida-inaugura-2a-estacao-meteorologica/" />
<meta property="og:site_name" content="SEMCOM" />
<meta property="og:image" content="https://www.manaus.am.gov.br/semcom/wp-content/uploads/sites/5/2023/02/sugestaodepauta.png" />
	<meta property="og:image:width" content="1020" />
	<meta property="og:image:height" content="540" />
	<meta property="og:image:type" content="image/png" />
<meta name="twitter:card" content="summary_large_image" />
<meta name="twitter:label1" content="Est. reading time" />
	<meta name="twitter:data1" content="2 minutos" />
<script type="application/ld+json" class="yoast-schema-graph">{"@context":"https://schema.org","@graph":[{"@type":"WebPage","@id":"https://www.manaus.am.gov.br/semcom/pautas/prefeito-david-almeida-inaugura-2a-estacao-meteorologica/","url":"https://www.manaus.am.gov.br/semcom/pautas/prefeito-david-almeida-inaugura-2a-estacao-meteorologica/","name":"Prefeito David Almeida inaugura 2ª Estação Meteorológica","isPartOf":{"@id":"https://www.manaus.am.gov.br/semcom/#website"},"primaryImageOfPage":{"@id":"https://www.manaus.am.gov.br/semcom/pautas/prefeito-david-almeida-inaugura-2a-estacao-meteorologica/#primaryimage"},"image":{"@id":"https://www.manaus.am.gov.br/semcom/pautas/prefeito-david-almeida-inaugura-2a-estacao-meteorologica/#primaryimage"},"thumbnailUrl":"https://www.manaus.am.gov.br/semcom/wp-content/uploads/sites/5/2023/02/sugestaodepauta.png","datePublished":"2025-05-13T19:27:33+00:00","dateModified":"2025-05-13T19:27:33+00:00","description":"O prefeito de Manaus, David Almeida, inaugura, na quarta-feira, 14/5, às 9h30, a 2ª Estação Meteorológica da cidade.","inLanguage":"pt-BR","potentialAction":[{"@type":"ReadAction","target":["https://www.manaus.am.gov.br/semcom/pautas/prefeito-david-almeida-inaugura-2a-estacao-meteorologica/"]}]},{"@type":"ImageObject","inLanguage":"pt-BR","@id":"https://www.manaus.am.gov.br/semcom/pautas/prefeito-david-almeida-inaugura-2a-estacao-meteorologica/#primaryimage","url":"https://www.manaus.am.gov.br/semcom/wp-content/uploads/sites/5/2023/02/sugestaodepauta.png","contentUrl":"https://www.manaus.am.gov.br/semcom/wp-content/uploads/sites/5/2023/02/sugestaodepauta.png","width":1020,"height":540},{"@type":"WebSite","@id":"https://www.manaus.am.gov.br/semcom/#website","url":"https://www.manaus.am.gov.br/semcom/","name":"SEMCOM","description":"Secretaria Municipal de Comunicação","potentialAction":[{"@type":"SearchAction","target":{"@type":"EntryPoint","urlTemplate":"https://www.manaus.am.gov.br/semcom/?s={search_term_string}"},"query-input":"required name=search_term_string"}],"inLanguage":"pt-BR"}]}</script>
<!-- / Yoast SEO plugin. -->

Prefeito David Almeida inaugura 2ª Estação Meteorológica

O prefeito de Manaus, David Almeida, inaugura, na quarta-feira, 14/5, às 9h30, a 2ª Estação Meteorológica da cidade.

Secretaria Municipal de Comunicação
