{"id":238700,"date":"2025-05-09T12:32:54","date_gmt":"2025-05-09T15:32:54","guid":{"rendered":"https:\/\/www.manaus.am.gov.br\/semcom\/?post_type=pautas&#038;p=238700"},"modified":"2025-05-09T12:33:19","modified_gmt":"2025-05-09T15:33:19","slug":"corrida-manaus-em-movimento-2","status":"publish","type":"pautas","link":"https:\/\/www.manaus.am.gov.br\/semcom\/pautas\/corrida-manaus-em-movimento-2\/","title":{"rendered":"Prefeitura de Manaus realiza a corrida \u2018Manaus em Movimento\u2019 neste s\u00e1bado, 10\/5"},"content":{"rendered":"\n<p>A Prefeitura de Manaus, por meio da Secretaria Municipal de Sa\u00fade (Semsa), realiza, neste s\u00e1bado, 10\/5, no complexo tur\u00edstico Ponta Negra, zona Oeste, a quarta edi\u00e7\u00e3o da corrida de rua \u201cManaus em Movimento\u201d. As provas ser\u00e3o espec\u00edficas para adultos e complementam as a\u00e7\u00f5es realizadas nos dias 2 e 3\/5, no mirante L\u00facia Almeida, no centro hist\u00f3rico da capital, onde foram promovidos servi\u00e7os e pr\u00e1ticas de sa\u00fade, e a \u201cCorridinha\u201d, com a participa\u00e7\u00e3o de mais de 300 crian\u00e7as.<\/p>\n\n\n\n<p>Est\u00e3o oficialmente inscritos para a corrida deste s\u00e1bado, 4,7 mil pessoas. Tr\u00eas mil atletas ir\u00e3o participar da prova de 5 quil\u00f4metros e outros 1,7 mil da prova de 10 quil\u00f4metros. A largada ser\u00e1 no estacionamento recuado da praia. \u00c0s 17h30, largam os corredores dos 10 quil\u00f4metros; \u00e0s 17h38, largam as pessoas que utilizam cadeira de rodas e as com defici\u00eancia visual; e \u00e0s 17h40, os demais corredores inscritos no percurso de 5 quil\u00f4metros.<\/p>\n\n\n\n<p>Os tr\u00eas primeiros colocados nas categorias masculino e feminino Individual de 5 quil\u00f4metros e 10 quil\u00f4metros e Pessoas com Defici\u00eancia (PcDs) Visual e Cadeirantes ser\u00e3o premiados com trof\u00e9us. Tamb\u00e9m ser\u00e3o premiadas, na categoria Equipes, as tr\u00eas equipes com o maior n\u00famero de participantes que conclu\u00edrem a prova. Todos os inscritos que completarem a prova no tempo m\u00e1ximo de uma hora e 30 minutos receber\u00e3o medalha.<\/p>\n\n\n\n<p>A corrida de rua \u201cManaus em Movimento\u201d integra o calend\u00e1rio oficial de eventos da Prefeitura de Manaus desde 2022, com a proposta de incentivar a sa\u00fade e o bem-estar por meio da pr\u00e1tica esportiva. O evento segue todas as normas do Regulamento Geral de Provas de Rua da Confedera\u00e7\u00e3o Brasileira de Atletismo (CBAt).<\/p>\n\n\n\n<p><strong>SERVI\u00c7O<\/strong><\/p>\n\n\n\n<p><strong>O qu\u00ea<\/strong>&nbsp;\u2013 Provas Adultos \u2013 4\u00aa Corrida \u2018Manaus em Movimento\u201d<\/p>\n\n\n\n<p><strong>Quando&nbsp;<\/strong>\u2013 S\u00e1bado, 10\/5<\/p>\n\n\n\n<p><strong>Hor\u00e1rio&nbsp;<\/strong>\u2013 17h30<\/p>\n\n\n\n<p><strong>Local<\/strong>&nbsp;\u2013 Complexo Tur\u00edstico Ponta Negra, avenida Coronel Teixeira, estacionamento recuado da Ponta Negra, zona Oeste<\/p>\n\n\n\n<p> <\/p>\n","protected":false},"featured_media":208729,"template":"","categories":[787],"acf":[],"yoast_head":"<!-- This site is optimized with the Yoast SEO plugin v23.0 - https:\/\/yoast.com\/wordpress\/plugins\/seo\/ -->\n<title>Corrida \u2018Manaus em Movimento\u2019 neste s\u00e1bado, 10\/5<\/title>\n<meta name=\"description\" content=\"Prefeitura de Manaus, por meio da Semsa, realiza a corrida \u2018Manaus em Movimento\u2019 neste s\u00e1bado, 10\/5, a partir das 17h.\" \/>\n<meta name=\"robots\" content=\"index, follow, max-snippet:-1, max-image-preview:large, max-video-preview:-1\" \/>\n<link rel=\"canonical\" href=\"https:\/\/www.manaus.am.gov.br\/semcom\/pautas\/corrida-manaus-em-movimento-2\/\" \/>\n<meta property=\"og:locale\" content=\"pt_BR\" \/>\n<meta property=\"og:type\" content=\"article\" \/>\n<meta property=\"og:title\" content=\"Corrida \u2018Manaus em Movimento\u2019 neste s\u00e1bado, 10\/5\" \/>\n<meta property=\"og:description\" content=\"Prefeitura de Manaus, por meio da Semsa, realiza a corrida \u2018Manaus em Movimento\u2019 neste s\u00e1bado, 10\/5, a partir das 17h.\" \/>\n<meta property=\"og:url\" content=\"https:\/\/www.manaus.am.gov.br\/semcom\/pautas\/corrida-manaus-em-movimento-2\/\" \/>\n<meta property=\"og:site_name\" content=\"SEMCOM\" \/>\n<meta property=\"article:modified_time\" content=\"2025-05-09T15:33:19+00:00\" \/>\n<meta property=\"og:image\" content=\"https:\/\/www.manaus.am.gov.br\/semcom\/wp-content\/uploads\/sites\/5\/2023\/02\/sugestaodepauta.png\" \/>\n\t<meta property=\"og:image:width\" content=\"1020\" \/>\n\t<meta property=\"og:image:height\" content=\"540\" \/>\n\t<meta property=\"og:image:type\" content=\"image\/png\" \/>\n<meta name=\"twitter:card\" content=\"summary_large_image\" \/>\n<meta name=\"twitter:label1\" content=\"Est. reading time\" \/>\n\t<meta name=\"twitter:data1\" content=\"2 minutos\" \/>\n<script type=\"application\/ld+json\" class=\"yoast-schema-graph\">{\"@context\":\"https:\/\/schema.org\",\"@graph\":[{\"@type\":\"WebPage\",\"@id\":\"https:\/\/www.manaus.am.gov.br\/semcom\/pautas\/corrida-manaus-em-movimento-2\/\",\"url\":\"https:\/\/www.manaus.am.gov.br\/semcom\/pautas\/corrida-manaus-em-movimento-2\/\",\"name\":\"Corrida \u2018Manaus em Movimento\u2019 neste s\u00e1bado, 10\/5\",\"isPartOf\":{\"@id\":\"https:\/\/www.manaus.am.gov.br\/semcom\/#website\"},\"primaryImageOfPage\":{\"@id\":\"https:\/\/www.manaus.am.gov.br\/semcom\/pautas\/corrida-manaus-em-movimento-2\/#primaryimage\"},\"image\":{\"@id\":\"https:\/\/www.manaus.am.gov.br\/semcom\/pautas\/corrida-manaus-em-movimento-2\/#primaryimage\"},\"thumbnailUrl\":\"https:\/\/www.manaus.am.gov.br\/semcom\/wp-content\/uploads\/sites\/5\/2023\/02\/sugestaodepauta.png\",\"datePublished\":\"2025-05-09T15:32:54+00:00\",\"dateModified\":\"2025-05-09T15:33:19+00:00\",\"description\":\"Prefeitura de Manaus, por meio da Semsa, realiza a corrida \u2018Manaus em Movimento\u2019 neste s\u00e1bado, 10\/5, a partir das 17h.\",\"inLanguage\":\"pt-BR\",\"potentialAction\":[{\"@type\":\"ReadAction\",\"target\":[\"https:\/\/www.manaus.am.gov.br\/semcom\/pautas\/corrida-manaus-em-movimento-2\/\"]}]},{\"@type\":\"ImageObject\",\"inLanguage\":\"pt-BR\",\"@id\":\"https:\/\/www.manaus.am.gov.br\/semcom\/pautas\/corrida-manaus-em-movimento-2\/#primaryimage\",\"url\":\"https:\/\/www.manaus.am.gov.br\/semcom\/wp-content\/uploads\/sites\/5\/2023\/02\/sugestaodepauta.png\",\"contentUrl\":\"https:\/\/www.manaus.am.gov.br\/semcom\/wp-content\/uploads\/sites\/5\/2023\/02\/sugestaodepauta.png\",\"width\":1020,\"height\":540},{\"@type\":\"WebSite\",\"@id\":\"https:\/\/www.manaus.am.gov.br\/semcom\/#website\",\"url\":\"https:\/\/www.manaus.am.gov.br\/semcom\/\",\"name\":\"SEMCOM\",\"description\":\"Secretaria Municipal de Comunica\u00e7\u00e3o\",\"potentialAction\":[{\"@type\":\"SearchAction\",\"target\":{\"@type\":\"EntryPoint\",\"urlTemplate\":\"https:\/\/www.manaus.am.gov.br\/semcom\/?s={search_term_string}\"},\"query-input\":\"required name=search_term_string\"}],\"inLanguage\":\"pt-BR\"}]}<\/script>\n<!-- \/ Yoast SEO plugin. -->","yoast_head_json":{"title":"Corrida \u2018Manaus em Movimento\u2019 neste s\u00e1bado, 10\/5","description":"Prefeitura de Manaus, por meio da Semsa, realiza a corrida \u2018Manaus em Movimento\u2019 neste s\u00e1bado, 10\/5, a partir das 17h.","robots":{"index":"index","follow":"follow","max-snippet":"max-snippet:-1","max-image-preview":"max-image-preview:large","max-video-preview":"max-video-preview:-1"},"canonical":"https:\/\/www.manaus.am.gov.br\/semcom\/pautas\/corrida-manaus-em-movimento-2\/","og_locale":"pt_BR","og_type":"article","og_title":"Corrida \u2018Manaus em Movimento\u2019 neste s\u00e1bado, 10\/5","og_description":"Prefeitura de Manaus, por meio da Semsa, realiza a corrida \u2018Manaus em Movimento\u2019 neste s\u00e1bado, 10\/5, a partir das 17h.","og_url":"https:\/\/www.manaus.am.gov.br\/semcom\/pautas\/corrida-manaus-em-movimento-2\/","og_site_name":"SEMCOM","article_modified_time":"2025-05-09T15:33:19+00:00","og_image":[{"width":1020,"height":540,"url":"https:\/\/www.manaus.am.gov.br\/semcom\/wp-content\/uploads\/sites\/5\/2023\/02\/sugestaodepauta.png","type":"image\/png"}],"twitter_card":"summary_large_image","twitter_misc":{"Est. reading time":"2 minutos"},"schema":{"@context":"https:\/\/schema.org","@graph":[{"@type":"WebPage","@id":"https:\/\/www.manaus.am.gov.br\/semcom\/pautas\/corrida-manaus-em-movimento-2\/","url":"https:\/\/www.manaus.am.gov.br\/semcom\/pautas\/corrida-manaus-em-movimento-2\/","name":"Corrida \u2018Manaus em Movimento\u2019 neste s\u00e1bado, 10\/5","isPartOf":{"@id":"https:\/\/www.manaus.am.gov.br\/semcom\/#website"},"primaryImageOfPage":{"@id":"https:\/\/www.manaus.am.gov.br\/semcom\/pautas\/corrida-manaus-em-movimento-2\/#primaryimage"},"image":{"@id":"https:\/\/www.manaus.am.gov.br\/semcom\/pautas\/corrida-manaus-em-movimento-2\/#primaryimage"},"thumbnailUrl":"https:\/\/www.manaus.am.gov.br\/semcom\/wp-content\/uploads\/sites\/5\/2023\/02\/sugestaodepauta.png","datePublished":"2025-05-09T15:32:54+00:00","dateModified":"2025-05-09T15:33:19+00:00","description":"Prefeitura de Manaus, por meio da Semsa, realiza a corrida \u2018Manaus em Movimento\u2019 neste s\u00e1bado, 10\/5, a partir das 17h.","inLanguage":"pt-BR","potentialAction":[{"@type":"ReadAction","target":["https:\/\/www.manaus.am.gov.br\/semcom\/pautas\/corrida-manaus-em-movimento-2\/"]}]},{"@type":"ImageObject","inLanguage":"pt-BR","@id":"https:\/\/www.manaus.am.gov.br\/semcom\/pautas\/corrida-manaus-em-movimento-2\/#primaryimage","url":"https:\/\/www.manaus.am.gov.br\/semcom\/wp-content\/uploads\/sites\/5\/2023\/02\/sugestaodepauta.png","contentUrl":"https:\/\/www.manaus.am.gov.br\/semcom\/wp-content\/uploads\/sites\/5\/2023\/02\/sugestaodepauta.png","width":1020,"height":540},{"@type":"WebSite","@id":"https:\/\/www.manaus.am.gov.br\/semcom\/#website","url":"https:\/\/www.manaus.am.gov.br\/semcom\/","name":"SEMCOM","description":"Secretaria Municipal de Comunica\u00e7\u00e3o","potentialAction":[{"@type":"SearchAction","target":{"@type":"EntryPoint","urlTemplate":"https:\/\/www.manaus.am.gov.br\/semcom\/?s={search_term_string}"},"query-input":"required name=search_term_string"}],"inLanguage":"pt-BR"}]}},"_links":{"self":[{"href":"https:\/\/www.manaus.am.gov.br\/semcom\/wp-json\/wp\/v2\/pautas\/238700"}],"collection":[{"href":"https:\/\/www.manaus.am.gov.br\/semcom\/wp-json\/wp\/v2\/pautas"}],"about":[{"href":"https:\/\/www.manaus.am.gov.br\/semcom\/wp-json\/wp\/v2\/types\/pautas"}],"wp:featuredmedia":[{"embeddable":true,"href":"https:\/\/www.manaus.am.gov.br\/semcom\/wp-json\/wp\/v2\/media\/208729"}],"wp:attachment":[{"href":"https:\/\/www.manaus.am.gov.br\/semcom\/wp-json\/wp\/v2\/media?parent=238700"}],"wp:term":[{"taxonomy":"category","embeddable":true,"href":"https:\/\/www.manaus.am.gov.br\/semcom\/wp-json\/wp\/v2\/categories?post=238700"}],"curies":[{"name":"wp","href":"https:\/\/api.w.org\/{rel}","templated":true}]}}

Prefeitura de Manaus realiza a corrida ‘Manaus em Movimento’ neste sábado, 10/5

<p>A Prefeitura de Manaus, por meio da Secretaria Municipal de Saúde (Semsa), realiza, neste sábado, 10/5, no complexo turístico Ponta Negra, zona Oeste, a quarta edição da corrida de rua “Manaus em Movimento”. As provas serão específicas para adultos e complementam as ações realizadas nos dias 2 e 3/5, no mirante Lúcia Almeida, no centro histórico da capital, onde foram promovidos serviços e práticas de saúde, e a “Corridinha”, com a participação de mais de 300 crianças.</p>



<p>Estão oficialmente inscritos para a corrida deste sábado, 4,7 mil pessoas. Três mil atletas irão participar da prova de 5 quilômetros e outros 1,7 mil da prova de 10 quilômetros. A largada será no estacionamento recuado da praia. Às 17h30, largam os corredores dos 10 quilômetros; às 17h38, largam as pessoas que utilizam cadeira de rodas e as com deficiência visual; e às 17h40, os demais corredores inscritos no percurso de 5 quilômetros.</p>



<p>Os três primeiros colocados nas categorias masculino e feminino Individual de 5 quilômetros e 10 quilômetros e Pessoas com Deficiência (PcDs) Visual e Cadeirantes serão premiados com troféus. Também serão premiadas, na categoria Equipes, as três equipes com o maior número de participantes que concluírem a prova. Todos os inscritos que completarem a prova no tempo máximo de uma hora e 30 minutos receberão medalha.</p>



<p>A corrida de rua “Manaus em Movimento” integra o calendário oficial de eventos da Prefeitura de Manaus desde 2022, com a proposta de incentivar a saúde e o bem-estar por meio da prática esportiva. O evento segue todas as normas do Regulamento Geral de Provas de Rua da Confederação Brasileira de Atletismo (CBAt).</p>



<p><strong>SERVIÇO</strong></p>



<p><strong>O quê</strong>&nbsp;– Provas Adultos – 4ª Corrida ‘Manaus em Movimento”</p>



<p><strong>Quando&nbsp;</strong>– Sábado, 10/5</p>



<p><strong>Horário&nbsp;</strong>– 17h30</p>



<p><strong>Local</strong>&nbsp;– Complexo Turístico Ponta Negra, avenida Coronel Teixeira, estacionamento recuado da Ponta Negra, zona Oeste</p>



<p> </p>

<!-- This site is optimized with the Yoast SEO plugin v23.0 - https://yoast.com/wordpress/plugins/seo/ -->
<title>Corrida ‘Manaus em Movimento’ neste sábado, 10/5</title>
<meta name="description" content="Prefeitura de Manaus, por meio da Semsa, realiza a corrida ‘Manaus em Movimento’ neste sábado, 10/5, a partir das 17h." />
<meta name="robots" content="index, follow, max-snippet:-1, max-image-preview:large, max-video-preview:-1" />
<link rel="canonical" href="https://www.manaus.am.gov.br/semcom/pautas/corrida-manaus-em-movimento-2/" />
<meta property="og:locale" content="pt_BR" />
<meta property="og:type" content="article" />
<meta property="og:title" content="Corrida ‘Manaus em Movimento’ neste sábado, 10/5" />
<meta property="og:description" content="Prefeitura de Manaus, por meio da Semsa, realiza a corrida ‘Manaus em Movimento’ neste sábado, 10/5, a partir das 17h." />
<meta property="og:url" content="https://www.manaus.am.gov.br/semcom/pautas/corrida-manaus-em-movimento-2/" />
<meta property="og:site_name" content="SEMCOM" />
<meta property="article:modified_time" content="2025-05-09T15:33:19+00:00" />
<meta property="og:image" content="https://www.manaus.am.gov.br/semcom/wp-content/uploads/sites/5/2023/02/sugestaodepauta.png" />
	<meta property="og:image:width" content="1020" />
	<meta property="og:image:height" content="540" />
	<meta property="og:image:type" content="image/png" />
<meta name="twitter:card" content="summary_large_image" />
<meta name="twitter:label1" content="Est. reading time" />
	<meta name="twitter:data1" content="2 minutos" />
<script type="application/ld+json" class="yoast-schema-graph">{"@context":"https://schema.org","@graph":[{"@type":"WebPage","@id":"https://www.manaus.am.gov.br/semcom/pautas/corrida-manaus-em-movimento-2/","url":"https://www.manaus.am.gov.br/semcom/pautas/corrida-manaus-em-movimento-2/","name":"Corrida ‘Manaus em Movimento’ neste sábado, 10/5","isPartOf":{"@id":"https://www.manaus.am.gov.br/semcom/#website"},"primaryImageOfPage":{"@id":"https://www.manaus.am.gov.br/semcom/pautas/corrida-manaus-em-movimento-2/#primaryimage"},"image":{"@id":"https://www.manaus.am.gov.br/semcom/pautas/corrida-manaus-em-movimento-2/#primaryimage"},"thumbnailUrl":"https://www.manaus.am.gov.br/semcom/wp-content/uploads/sites/5/2023/02/sugestaodepauta.png","datePublished":"2025-05-09T15:32:54+00:00","dateModified":"2025-05-09T15:33:19+00:00","description":"Prefeitura de Manaus, por meio da Semsa, realiza a corrida ‘Manaus em Movimento’ neste sábado, 10/5, a partir das 17h.","inLanguage":"pt-BR","potentialAction":[{"@type":"ReadAction","target":["https://www.manaus.am.gov.br/semcom/pautas/corrida-manaus-em-movimento-2/"]}]},{"@type":"ImageObject","inLanguage":"pt-BR","@id":"https://www.manaus.am.gov.br/semcom/pautas/corrida-manaus-em-movimento-2/#primaryimage","url":"https://www.manaus.am.gov.br/semcom/wp-content/uploads/sites/5/2023/02/sugestaodepauta.png","contentUrl":"https://www.manaus.am.gov.br/semcom/wp-content/uploads/sites/5/2023/02/sugestaodepauta.png","width":1020,"height":540},{"@type":"WebSite","@id":"https://www.manaus.am.gov.br/semcom/#website","url":"https://www.manaus.am.gov.br/semcom/","name":"SEMCOM","description":"Secretaria Municipal de Comunicação","potentialAction":[{"@type":"SearchAction","target":{"@type":"EntryPoint","urlTemplate":"https://www.manaus.am.gov.br/semcom/?s={search_term_string}"},"query-input":"required name=search_term_string"}],"inLanguage":"pt-BR"}]}</script>
<!-- / Yoast SEO plugin. -->

Corrida ‘Manaus em Movimento’ neste sábado, 10/5

Prefeitura de Manaus, por meio da Semsa, realiza a corrida ‘Manaus em Movimento’ neste sábado, 10/5, a partir das 17h.

Secretaria Municipal de Comunicação
