{"id":238597,"date":"2025-05-07T18:54:23","date_gmt":"2025-05-07T21:54:23","guid":{"rendered":"https:\/\/www.manaus.am.gov.br\/semcom\/?post_type=pautas&#038;p=238597"},"modified":"2025-05-07T21:34:34","modified_gmt":"2025-05-08T00:34:34","slug":"pavimentacao-na-comunidade-parque-riachuelo","status":"publish","type":"pautas","link":"https:\/\/www.manaus.am.gov.br\/semcom\/pautas\/pavimentacao-na-comunidade-parque-riachuelo\/","title":{"rendered":"Prefeitura de Manaus inicia obras de pavimenta\u00e7\u00e3o na comunidade Parque Riachuelo"},"content":{"rendered":"\n<p>O prefeito de Manaus, David Almeida, e o vice-prefeito e titular da Secretaria Municipal de Infraestrutura (Seminf), Renato Junior, assinam, nesta quinta-feira, 8\/5, \u00e0s 11h30, a ordem de servi\u00e7o para o in\u00edcio das obras de recapeamento na comunidade Parque Riachuelo, no bairro Tarum\u00e3, na zona Oeste.<\/p>\n\n\n\n<p>A \u00e1rea recebe o servi\u00e7o de recapeamento em cerca de 20 ruas da comunidade, totalizando 5 mil metros de pavimenta\u00e7\u00e3o. O servi\u00e7o contempla desde a fresagem, que \u00e9 a remo\u00e7\u00e3o do asfalto antigo, at\u00e9 a aplica\u00e7\u00e3o de massa asf\u00e1ltica.<\/p>\n\n\n\n<p>Na ocasi\u00e3o, as autoridades concedem entrevista coletiva aos ve\u00edculos de comunica\u00e7\u00e3o.<\/p>\n\n\n\n<p><strong>SERVI\u00c7O<\/strong><\/p>\n\n\n\n<p><strong>O qu\u00ea \u2013<\/strong> An\u00fancio de frentes de pavimenta\u00e7\u00e3o na comunidade Parque Riachuelo no bairro Tarum\u00e3, na zona oeste de Manaus<\/p>\n\n\n\n<p><strong>Quando \u2013<\/strong> Quinta-feira, 8\/5<\/p>\n\n\n\n<p><strong>Hor\u00e1rio \u2013<\/strong> 11h30<\/p>\n\n\n\n<p><strong>Local \u2013 <\/strong>Rua Xapori com rua Canudos, Comunidade Parque Riachuelo, bairro, Tarum\u00e3, zona Oeste.<\/p>\n\n\n\n<p><strong>Localiza\u00e7\u00e3o &#8211;<\/strong>&nbsp; <a href=\"https:\/\/maps.app.goo.gl\/PyMmxqPfFvEyqDaKA?g_st=com.google.maps.preview.copy\">https:\/\/maps.app.goo.gl\/PyMmxqPfFvEyqDaKA?g_st=com.google.maps.preview.copy<\/a><\/p>\n","protected":false},"featured_media":208729,"template":"","categories":[27],"acf":[],"yoast_head":"<!-- This site is optimized with the Yoast SEO plugin v23.0 - https:\/\/yoast.com\/wordpress\/plugins\/seo\/ -->\n<title>PMM inicia pavimenta\u00e7\u00e3o na comunidade Parque Riachuelo<\/title>\n<meta name=\"description\" content=\"O prefeito de Manaus, David Almeida assina a ordem de servi\u00e7o para o in\u00edcio das obras de recapeamento na comunidade Parque Riachuelo.\" \/>\n<meta name=\"robots\" content=\"index, follow, max-snippet:-1, max-image-preview:large, max-video-preview:-1\" \/>\n<link rel=\"canonical\" href=\"https:\/\/www.manaus.am.gov.br\/semcom\/pautas\/pavimentacao-na-comunidade-parque-riachuelo\/\" \/>\n<meta property=\"og:locale\" content=\"pt_BR\" \/>\n<meta property=\"og:type\" content=\"article\" \/>\n<meta property=\"og:title\" content=\"PMM inicia pavimenta\u00e7\u00e3o na comunidade Parque Riachuelo\" \/>\n<meta property=\"og:description\" content=\"O prefeito de Manaus, David Almeida assina a ordem de servi\u00e7o para o in\u00edcio das obras de recapeamento na comunidade Parque Riachuelo.\" \/>\n<meta property=\"og:url\" content=\"https:\/\/www.manaus.am.gov.br\/semcom\/pautas\/pavimentacao-na-comunidade-parque-riachuelo\/\" \/>\n<meta property=\"og:site_name\" content=\"SEMCOM\" \/>\n<meta property=\"article:modified_time\" content=\"2025-05-08T00:34:34+00:00\" \/>\n<meta property=\"og:image\" content=\"https:\/\/www.manaus.am.gov.br\/semcom\/wp-content\/uploads\/sites\/5\/2023\/02\/sugestaodepauta.png\" \/>\n\t<meta property=\"og:image:width\" content=\"1020\" \/>\n\t<meta property=\"og:image:height\" content=\"540\" \/>\n\t<meta property=\"og:image:type\" content=\"image\/png\" \/>\n<meta name=\"twitter:card\" content=\"summary_large_image\" \/>\n<meta name=\"twitter:label1\" content=\"Est. reading time\" \/>\n\t<meta name=\"twitter:data1\" content=\"1 minuto\" \/>\n<script type=\"application\/ld+json\" class=\"yoast-schema-graph\">{\"@context\":\"https:\/\/schema.org\",\"@graph\":[{\"@type\":\"WebPage\",\"@id\":\"https:\/\/www.manaus.am.gov.br\/semcom\/pautas\/pavimentacao-na-comunidade-parque-riachuelo\/\",\"url\":\"https:\/\/www.manaus.am.gov.br\/semcom\/pautas\/pavimentacao-na-comunidade-parque-riachuelo\/\",\"name\":\"PMM inicia pavimenta\u00e7\u00e3o na comunidade Parque Riachuelo\",\"isPartOf\":{\"@id\":\"https:\/\/www.manaus.am.gov.br\/semcom\/#website\"},\"primaryImageOfPage\":{\"@id\":\"https:\/\/www.manaus.am.gov.br\/semcom\/pautas\/pavimentacao-na-comunidade-parque-riachuelo\/#primaryimage\"},\"image\":{\"@id\":\"https:\/\/www.manaus.am.gov.br\/semcom\/pautas\/pavimentacao-na-comunidade-parque-riachuelo\/#primaryimage\"},\"thumbnailUrl\":\"https:\/\/www.manaus.am.gov.br\/semcom\/wp-content\/uploads\/sites\/5\/2023\/02\/sugestaodepauta.png\",\"datePublished\":\"2025-05-07T21:54:23+00:00\",\"dateModified\":\"2025-05-08T00:34:34+00:00\",\"description\":\"O prefeito de Manaus, David Almeida assina a ordem de servi\u00e7o para o in\u00edcio das obras de recapeamento na comunidade Parque Riachuelo.\",\"inLanguage\":\"pt-BR\",\"potentialAction\":[{\"@type\":\"ReadAction\",\"target\":[\"https:\/\/www.manaus.am.gov.br\/semcom\/pautas\/pavimentacao-na-comunidade-parque-riachuelo\/\"]}]},{\"@type\":\"ImageObject\",\"inLanguage\":\"pt-BR\",\"@id\":\"https:\/\/www.manaus.am.gov.br\/semcom\/pautas\/pavimentacao-na-comunidade-parque-riachuelo\/#primaryimage\",\"url\":\"https:\/\/www.manaus.am.gov.br\/semcom\/wp-content\/uploads\/sites\/5\/2023\/02\/sugestaodepauta.png\",\"contentUrl\":\"https:\/\/www.manaus.am.gov.br\/semcom\/wp-content\/uploads\/sites\/5\/2023\/02\/sugestaodepauta.png\",\"width\":1020,\"height\":540},{\"@type\":\"WebSite\",\"@id\":\"https:\/\/www.manaus.am.gov.br\/semcom\/#website\",\"url\":\"https:\/\/www.manaus.am.gov.br\/semcom\/\",\"name\":\"SEMCOM\",\"description\":\"Secretaria Municipal de Comunica\u00e7\u00e3o\",\"potentialAction\":[{\"@type\":\"SearchAction\",\"target\":{\"@type\":\"EntryPoint\",\"urlTemplate\":\"https:\/\/www.manaus.am.gov.br\/semcom\/?s={search_term_string}\"},\"query-input\":\"required name=search_term_string\"}],\"inLanguage\":\"pt-BR\"}]}<\/script>\n<!-- \/ Yoast SEO plugin. -->","yoast_head_json":{"title":"PMM inicia pavimenta\u00e7\u00e3o na comunidade Parque Riachuelo","description":"O prefeito de Manaus, David Almeida assina a ordem de servi\u00e7o para o in\u00edcio das obras de recapeamento na comunidade Parque Riachuelo.","robots":{"index":"index","follow":"follow","max-snippet":"max-snippet:-1","max-image-preview":"max-image-preview:large","max-video-preview":"max-video-preview:-1"},"canonical":"https:\/\/www.manaus.am.gov.br\/semcom\/pautas\/pavimentacao-na-comunidade-parque-riachuelo\/","og_locale":"pt_BR","og_type":"article","og_title":"PMM inicia pavimenta\u00e7\u00e3o na comunidade Parque Riachuelo","og_description":"O prefeito de Manaus, David Almeida assina a ordem de servi\u00e7o para o in\u00edcio das obras de recapeamento na comunidade Parque Riachuelo.","og_url":"https:\/\/www.manaus.am.gov.br\/semcom\/pautas\/pavimentacao-na-comunidade-parque-riachuelo\/","og_site_name":"SEMCOM","article_modified_time":"2025-05-08T00:34:34+00:00","og_image":[{"width":1020,"height":540,"url":"https:\/\/www.manaus.am.gov.br\/semcom\/wp-content\/uploads\/sites\/5\/2023\/02\/sugestaodepauta.png","type":"image\/png"}],"twitter_card":"summary_large_image","twitter_misc":{"Est. reading time":"1 minuto"},"schema":{"@context":"https:\/\/schema.org","@graph":[{"@type":"WebPage","@id":"https:\/\/www.manaus.am.gov.br\/semcom\/pautas\/pavimentacao-na-comunidade-parque-riachuelo\/","url":"https:\/\/www.manaus.am.gov.br\/semcom\/pautas\/pavimentacao-na-comunidade-parque-riachuelo\/","name":"PMM inicia pavimenta\u00e7\u00e3o na comunidade Parque Riachuelo","isPartOf":{"@id":"https:\/\/www.manaus.am.gov.br\/semcom\/#website"},"primaryImageOfPage":{"@id":"https:\/\/www.manaus.am.gov.br\/semcom\/pautas\/pavimentacao-na-comunidade-parque-riachuelo\/#primaryimage"},"image":{"@id":"https:\/\/www.manaus.am.gov.br\/semcom\/pautas\/pavimentacao-na-comunidade-parque-riachuelo\/#primaryimage"},"thumbnailUrl":"https:\/\/www.manaus.am.gov.br\/semcom\/wp-content\/uploads\/sites\/5\/2023\/02\/sugestaodepauta.png","datePublished":"2025-05-07T21:54:23+00:00","dateModified":"2025-05-08T00:34:34+00:00","description":"O prefeito de Manaus, David Almeida assina a ordem de servi\u00e7o para o in\u00edcio das obras de recapeamento na comunidade Parque Riachuelo.","inLanguage":"pt-BR","potentialAction":[{"@type":"ReadAction","target":["https:\/\/www.manaus.am.gov.br\/semcom\/pautas\/pavimentacao-na-comunidade-parque-riachuelo\/"]}]},{"@type":"ImageObject","inLanguage":"pt-BR","@id":"https:\/\/www.manaus.am.gov.br\/semcom\/pautas\/pavimentacao-na-comunidade-parque-riachuelo\/#primaryimage","url":"https:\/\/www.manaus.am.gov.br\/semcom\/wp-content\/uploads\/sites\/5\/2023\/02\/sugestaodepauta.png","contentUrl":"https:\/\/www.manaus.am.gov.br\/semcom\/wp-content\/uploads\/sites\/5\/2023\/02\/sugestaodepauta.png","width":1020,"height":540},{"@type":"WebSite","@id":"https:\/\/www.manaus.am.gov.br\/semcom\/#website","url":"https:\/\/www.manaus.am.gov.br\/semcom\/","name":"SEMCOM","description":"Secretaria Municipal de Comunica\u00e7\u00e3o","potentialAction":[{"@type":"SearchAction","target":{"@type":"EntryPoint","urlTemplate":"https:\/\/www.manaus.am.gov.br\/semcom\/?s={search_term_string}"},"query-input":"required name=search_term_string"}],"inLanguage":"pt-BR"}]}},"_links":{"self":[{"href":"https:\/\/www.manaus.am.gov.br\/semcom\/wp-json\/wp\/v2\/pautas\/238597"}],"collection":[{"href":"https:\/\/www.manaus.am.gov.br\/semcom\/wp-json\/wp\/v2\/pautas"}],"about":[{"href":"https:\/\/www.manaus.am.gov.br\/semcom\/wp-json\/wp\/v2\/types\/pautas"}],"wp:featuredmedia":[{"embeddable":true,"href":"https:\/\/www.manaus.am.gov.br\/semcom\/wp-json\/wp\/v2\/media\/208729"}],"wp:attachment":[{"href":"https:\/\/www.manaus.am.gov.br\/semcom\/wp-json\/wp\/v2\/media?parent=238597"}],"wp:term":[{"taxonomy":"category","embeddable":true,"href":"https:\/\/www.manaus.am.gov.br\/semcom\/wp-json\/wp\/v2\/categories?post=238597"}],"curies":[{"name":"wp","href":"https:\/\/api.w.org\/{rel}","templated":true}]}}

Prefeitura de Manaus inicia obras de pavimentação na comunidade Parque Riachuelo

<p>O prefeito de Manaus, David Almeida, e o vice-prefeito e titular da Secretaria Municipal de Infraestrutura (Seminf), Renato Junior, assinam, nesta quinta-feira, 8/5, às 11h30, a ordem de serviço para o início das obras de recapeamento na comunidade Parque Riachuelo, no bairro Tarumã, na zona Oeste.</p>



<p>A área recebe o serviço de recapeamento em cerca de 20 ruas da comunidade, totalizando 5 mil metros de pavimentação. O serviço contempla desde a fresagem, que é a remoção do asfalto antigo, até a aplicação de massa asfáltica.</p>



<p>Na ocasião, as autoridades concedem entrevista coletiva aos veículos de comunicação.</p>



<p><strong>SERVIÇO</strong></p>



<p><strong>O quê –</strong> Anúncio de frentes de pavimentação na comunidade Parque Riachuelo no bairro Tarumã, na zona oeste de Manaus</p>



<p><strong>Quando –</strong> Quinta-feira, 8/5</p>



<p><strong>Horário –</strong> 11h30</p>



<p><strong>Local – </strong>Rua Xapori com rua Canudos, Comunidade Parque Riachuelo, bairro, Tarumã, zona Oeste.</p>



<p><strong>Localização &#8211;</strong>&nbsp; <a href="https://maps.app.goo.gl/PyMmxqPfFvEyqDaKA?g_st=com.google.maps.preview.copy">https://maps.app.goo.gl/PyMmxqPfFvEyqDaKA?g_st=com.google.maps.preview.copy</a></p>

<!-- This site is optimized with the Yoast SEO plugin v23.0 - https://yoast.com/wordpress/plugins/seo/ -->
<title>PMM inicia pavimentação na comunidade Parque Riachuelo</title>
<meta name="description" content="O prefeito de Manaus, David Almeida assina a ordem de serviço para o início das obras de recapeamento na comunidade Parque Riachuelo." />
<meta name="robots" content="index, follow, max-snippet:-1, max-image-preview:large, max-video-preview:-1" />
<link rel="canonical" href="https://www.manaus.am.gov.br/semcom/pautas/pavimentacao-na-comunidade-parque-riachuelo/" />
<meta property="og:locale" content="pt_BR" />
<meta property="og:type" content="article" />
<meta property="og:title" content="PMM inicia pavimentação na comunidade Parque Riachuelo" />
<meta property="og:description" content="O prefeito de Manaus, David Almeida assina a ordem de serviço para o início das obras de recapeamento na comunidade Parque Riachuelo." />
<meta property="og:url" content="https://www.manaus.am.gov.br/semcom/pautas/pavimentacao-na-comunidade-parque-riachuelo/" />
<meta property="og:site_name" content="SEMCOM" />
<meta property="article:modified_time" content="2025-05-08T00:34:34+00:00" />
<meta property="og:image" content="https://www.manaus.am.gov.br/semcom/wp-content/uploads/sites/5/2023/02/sugestaodepauta.png" />
	<meta property="og:image:width" content="1020" />
	<meta property="og:image:height" content="540" />
	<meta property="og:image:type" content="image/png" />
<meta name="twitter:card" content="summary_large_image" />
<meta name="twitter:label1" content="Est. reading time" />
	<meta name="twitter:data1" content="1 minuto" />
<script type="application/ld+json" class="yoast-schema-graph">{"@context":"https://schema.org","@graph":[{"@type":"WebPage","@id":"https://www.manaus.am.gov.br/semcom/pautas/pavimentacao-na-comunidade-parque-riachuelo/","url":"https://www.manaus.am.gov.br/semcom/pautas/pavimentacao-na-comunidade-parque-riachuelo/","name":"PMM inicia pavimentação na comunidade Parque Riachuelo","isPartOf":{"@id":"https://www.manaus.am.gov.br/semcom/#website"},"primaryImageOfPage":{"@id":"https://www.manaus.am.gov.br/semcom/pautas/pavimentacao-na-comunidade-parque-riachuelo/#primaryimage"},"image":{"@id":"https://www.manaus.am.gov.br/semcom/pautas/pavimentacao-na-comunidade-parque-riachuelo/#primaryimage"},"thumbnailUrl":"https://www.manaus.am.gov.br/semcom/wp-content/uploads/sites/5/2023/02/sugestaodepauta.png","datePublished":"2025-05-07T21:54:23+00:00","dateModified":"2025-05-08T00:34:34+00:00","description":"O prefeito de Manaus, David Almeida assina a ordem de serviço para o início das obras de recapeamento na comunidade Parque Riachuelo.","inLanguage":"pt-BR","potentialAction":[{"@type":"ReadAction","target":["https://www.manaus.am.gov.br/semcom/pautas/pavimentacao-na-comunidade-parque-riachuelo/"]}]},{"@type":"ImageObject","inLanguage":"pt-BR","@id":"https://www.manaus.am.gov.br/semcom/pautas/pavimentacao-na-comunidade-parque-riachuelo/#primaryimage","url":"https://www.manaus.am.gov.br/semcom/wp-content/uploads/sites/5/2023/02/sugestaodepauta.png","contentUrl":"https://www.manaus.am.gov.br/semcom/wp-content/uploads/sites/5/2023/02/sugestaodepauta.png","width":1020,"height":540},{"@type":"WebSite","@id":"https://www.manaus.am.gov.br/semcom/#website","url":"https://www.manaus.am.gov.br/semcom/","name":"SEMCOM","description":"Secretaria Municipal de Comunicação","potentialAction":[{"@type":"SearchAction","target":{"@type":"EntryPoint","urlTemplate":"https://www.manaus.am.gov.br/semcom/?s={search_term_string}"},"query-input":"required name=search_term_string"}],"inLanguage":"pt-BR"}]}</script>
<!-- / Yoast SEO plugin. -->

PMM inicia pavimentação na comunidade Parque Riachuelo

O prefeito de Manaus, David Almeida assina a ordem de serviço para o início das obras de recapeamento na comunidade Parque Riachuelo.

Secretaria Municipal de Comunicação
