{"id":236588,"date":"2025-03-25T16:16:32","date_gmt":"2025-03-25T19:16:32","guid":{"rendered":"https:\/\/www.manaus.am.gov.br\/semcom\/?post_type=pautas&#038;p=236588"},"modified":"2025-03-25T16:16:32","modified_gmt":"2025-03-25T19:16:32","slug":"prefeito-inauguracao-ageman-ugpmenergia","status":"publish","type":"pautas","link":"https:\/\/www.manaus.am.gov.br\/semcom\/pautas\/prefeito-inauguracao-ageman-ugpmenergia\/","title":{"rendered":"Prefeito inaugura sede administrativa da Ageman e UGPM Energia\u00a0nesta sexta-feira"},"content":{"rendered":"\n<p>O prefeito de Manaus, David Almeida, inaugura, nesta sexta-feira, 28\/3, \u00e0s 10h, a sede&nbsp;administrativa&nbsp;da Ag\u00eancia Reguladora dos Servi\u00e7os P\u00fablicos Delegados do Munic\u00edpio de Manaus (Ageman) e da Unidade Gestora&nbsp;Municipal&nbsp;de&nbsp;Abastecimento de Energia El\u00e9trica&nbsp;(UGPM Energia\/Seminf), na avenida Cosme Ferreira, bairro Aleixo, zona Centro-Sul.<\/p>\n\n\n\n<p>A cerim\u00f4nia marca o in\u00edcio de uma nova etapa para o trabalho das institui\u00e7\u00f5es, em um pr\u00e9dio que garante mais&nbsp;seguran\u00e7a e&nbsp;comodidade, melhor localiza\u00e7\u00e3o e um ambiente mais moderno e integrado para os colaboradores.<\/p>\n\n\n\n<p>O&nbsp;im\u00f3vel&nbsp;possui uma \u00e1rea total constru\u00edda de&nbsp;854,53 metros quadrados, distribu\u00edda em dois andares. No t\u00e9rreo, funcionar\u00e1 a UGPM Energia, com uma \u00e1rea de&nbsp;427,90 metros quadrados. J\u00e1 o&nbsp;andar superior&nbsp;ser\u00e1 ocupado pela sede da Ageman, com&nbsp;426,63 metros quadrados. O novo espa\u00e7o ainda conta com&nbsp;3.397,56 metros quadrados de \u00e1rea externa, oferecendo um ambiente mais amplo e adequado ao desenvolvimento das atividades institucionais.<\/p>\n\n\n\n<p><br>A estrutura foi planejada para proporcionar mais funcionalidade e conforto aos servidores, al\u00e9m de facilitar a integra\u00e7\u00e3o entre os setores.&nbsp;<\/p>\n\n\n\n<p><strong>SERVI\u00c7O<\/strong>:<br><br><strong>O<\/strong> <strong>qu\u00ea<\/strong>\u00a0&#8211;\u00a0Inaugura\u00e7\u00e3o da nova sede administrativa da Ageman e UGPM Energia<\/p>\n\n\n\n<p><strong>Quando\u00a0<\/strong>\u2013\u00a0Sexta, 28\/3<\/p>\n\n\n\n<p><strong>Hor\u00e1rio\u00a0<\/strong>&#8211;\u00a010h<\/p>\n\n\n\n<p><strong>Local<\/strong>\u00a0&#8211;\u00a0Avenida Cosme Ferreira, 1.945, bairro Aleixo, zona Centro-Sul<\/p>\n\n\n\n<p>&#8212; &#8212; &#8212;<\/p>\n","protected":false},"featured_media":208729,"template":"","categories":[791],"acf":[],"yoast_head":"<!-- This site is optimized with the Yoast SEO plugin v23.0 - https:\/\/yoast.com\/wordpress\/plugins\/seo\/ -->\n<title>Prefeito inaugura sede administrativa da Ageman e UGPM Energia nesta sexta-feira<\/title>\n<meta name=\"description\" content=\"O prefeito de Manaus, David Almeida, inaugura, nesta sexta-feira, 28\/3, \u00e0s 10h, a sede administrativa da Ag\u00eancia Reguladora dos Servi\u00e7os P\u00fablicos Delegados do Munic\u00edpio de Manaus (Ageman) e da Unidade Gestora Municipal de Abastecimento de Energia El\u00e9trica (UGPM Energia\/Seminf), na avenida Cosme Ferreira, bairro Aleixo, zona Centro-Sul.\" \/>\n<meta name=\"robots\" content=\"index, follow, max-snippet:-1, max-image-preview:large, max-video-preview:-1\" \/>\n<link rel=\"canonical\" href=\"https:\/\/www.manaus.am.gov.br\/semcom\/pautas\/prefeito-inauguracao-ageman-ugpmenergia\/\" \/>\n<meta property=\"og:locale\" content=\"pt_BR\" \/>\n<meta property=\"og:type\" content=\"article\" \/>\n<meta property=\"og:title\" content=\"Prefeito inaugura sede administrativa da Ageman e UGPM Energia nesta sexta-feira\" \/>\n<meta property=\"og:description\" content=\"O prefeito de Manaus, David Almeida, inaugura, nesta sexta-feira, 28\/3, \u00e0s 10h, a sede administrativa da Ag\u00eancia Reguladora dos Servi\u00e7os P\u00fablicos Delegados do Munic\u00edpio de Manaus (Ageman) e da Unidade Gestora Municipal de Abastecimento de Energia El\u00e9trica (UGPM Energia\/Seminf), na avenida Cosme Ferreira, bairro Aleixo, zona Centro-Sul.\" \/>\n<meta property=\"og:url\" content=\"https:\/\/www.manaus.am.gov.br\/semcom\/pautas\/prefeito-inauguracao-ageman-ugpmenergia\/\" \/>\n<meta property=\"og:site_name\" content=\"SEMCOM\" \/>\n<meta property=\"og:image\" content=\"https:\/\/www.manaus.am.gov.br\/semcom\/wp-content\/uploads\/sites\/5\/2023\/02\/sugestaodepauta.png\" \/>\n\t<meta property=\"og:image:width\" content=\"1020\" \/>\n\t<meta property=\"og:image:height\" content=\"540\" \/>\n\t<meta property=\"og:image:type\" content=\"image\/png\" \/>\n<meta name=\"twitter:card\" content=\"summary_large_image\" \/>\n<meta name=\"twitter:label1\" content=\"Est. reading time\" \/>\n\t<meta name=\"twitter:data1\" content=\"2 minutos\" \/>\n<script type=\"application\/ld+json\" class=\"yoast-schema-graph\">{\"@context\":\"https:\/\/schema.org\",\"@graph\":[{\"@type\":\"WebPage\",\"@id\":\"https:\/\/www.manaus.am.gov.br\/semcom\/pautas\/prefeito-inauguracao-ageman-ugpmenergia\/\",\"url\":\"https:\/\/www.manaus.am.gov.br\/semcom\/pautas\/prefeito-inauguracao-ageman-ugpmenergia\/\",\"name\":\"Prefeito inaugura sede administrativa da Ageman e UGPM Energia nesta sexta-feira\",\"isPartOf\":{\"@id\":\"https:\/\/www.manaus.am.gov.br\/semcom\/#website\"},\"primaryImageOfPage\":{\"@id\":\"https:\/\/www.manaus.am.gov.br\/semcom\/pautas\/prefeito-inauguracao-ageman-ugpmenergia\/#primaryimage\"},\"image\":{\"@id\":\"https:\/\/www.manaus.am.gov.br\/semcom\/pautas\/prefeito-inauguracao-ageman-ugpmenergia\/#primaryimage\"},\"thumbnailUrl\":\"https:\/\/www.manaus.am.gov.br\/semcom\/wp-content\/uploads\/sites\/5\/2023\/02\/sugestaodepauta.png\",\"datePublished\":\"2025-03-25T19:16:32+00:00\",\"dateModified\":\"2025-03-25T19:16:32+00:00\",\"description\":\"O prefeito de Manaus, David Almeida, inaugura, nesta sexta-feira, 28\/3, \u00e0s 10h, a sede administrativa da Ag\u00eancia Reguladora dos Servi\u00e7os P\u00fablicos Delegados do Munic\u00edpio de Manaus (Ageman) e da Unidade Gestora Municipal de Abastecimento de Energia El\u00e9trica (UGPM Energia\/Seminf), na avenida Cosme Ferreira, bairro Aleixo, zona Centro-Sul.\",\"inLanguage\":\"pt-BR\",\"potentialAction\":[{\"@type\":\"ReadAction\",\"target\":[\"https:\/\/www.manaus.am.gov.br\/semcom\/pautas\/prefeito-inauguracao-ageman-ugpmenergia\/\"]}]},{\"@type\":\"ImageObject\",\"inLanguage\":\"pt-BR\",\"@id\":\"https:\/\/www.manaus.am.gov.br\/semcom\/pautas\/prefeito-inauguracao-ageman-ugpmenergia\/#primaryimage\",\"url\":\"https:\/\/www.manaus.am.gov.br\/semcom\/wp-content\/uploads\/sites\/5\/2023\/02\/sugestaodepauta.png\",\"contentUrl\":\"https:\/\/www.manaus.am.gov.br\/semcom\/wp-content\/uploads\/sites\/5\/2023\/02\/sugestaodepauta.png\",\"width\":1020,\"height\":540},{\"@type\":\"WebSite\",\"@id\":\"https:\/\/www.manaus.am.gov.br\/semcom\/#website\",\"url\":\"https:\/\/www.manaus.am.gov.br\/semcom\/\",\"name\":\"SEMCOM\",\"description\":\"Secretaria Municipal de Comunica\u00e7\u00e3o\",\"potentialAction\":[{\"@type\":\"SearchAction\",\"target\":{\"@type\":\"EntryPoint\",\"urlTemplate\":\"https:\/\/www.manaus.am.gov.br\/semcom\/?s={search_term_string}\"},\"query-input\":\"required name=search_term_string\"}],\"inLanguage\":\"pt-BR\"}]}<\/script>\n<!-- \/ Yoast SEO plugin. -->","yoast_head_json":{"title":"Prefeito inaugura sede administrativa da Ageman e UGPM Energia nesta sexta-feira","description":"O prefeito de Manaus, David Almeida, inaugura, nesta sexta-feira, 28\/3, \u00e0s 10h, a sede administrativa da Ag\u00eancia Reguladora dos Servi\u00e7os P\u00fablicos Delegados do Munic\u00edpio de Manaus (Ageman) e da Unidade Gestora Municipal de Abastecimento de Energia El\u00e9trica (UGPM Energia\/Seminf), na avenida Cosme Ferreira, bairro Aleixo, zona Centro-Sul.","robots":{"index":"index","follow":"follow","max-snippet":"max-snippet:-1","max-image-preview":"max-image-preview:large","max-video-preview":"max-video-preview:-1"},"canonical":"https:\/\/www.manaus.am.gov.br\/semcom\/pautas\/prefeito-inauguracao-ageman-ugpmenergia\/","og_locale":"pt_BR","og_type":"article","og_title":"Prefeito inaugura sede administrativa da Ageman e UGPM Energia nesta sexta-feira","og_description":"O prefeito de Manaus, David Almeida, inaugura, nesta sexta-feira, 28\/3, \u00e0s 10h, a sede administrativa da Ag\u00eancia Reguladora dos Servi\u00e7os P\u00fablicos Delegados do Munic\u00edpio de Manaus (Ageman) e da Unidade Gestora Municipal de Abastecimento de Energia El\u00e9trica (UGPM Energia\/Seminf), na avenida Cosme Ferreira, bairro Aleixo, zona Centro-Sul.","og_url":"https:\/\/www.manaus.am.gov.br\/semcom\/pautas\/prefeito-inauguracao-ageman-ugpmenergia\/","og_site_name":"SEMCOM","og_image":[{"width":1020,"height":540,"url":"https:\/\/www.manaus.am.gov.br\/semcom\/wp-content\/uploads\/sites\/5\/2023\/02\/sugestaodepauta.png","type":"image\/png"}],"twitter_card":"summary_large_image","twitter_misc":{"Est. reading time":"2 minutos"},"schema":{"@context":"https:\/\/schema.org","@graph":[{"@type":"WebPage","@id":"https:\/\/www.manaus.am.gov.br\/semcom\/pautas\/prefeito-inauguracao-ageman-ugpmenergia\/","url":"https:\/\/www.manaus.am.gov.br\/semcom\/pautas\/prefeito-inauguracao-ageman-ugpmenergia\/","name":"Prefeito inaugura sede administrativa da Ageman e UGPM Energia nesta sexta-feira","isPartOf":{"@id":"https:\/\/www.manaus.am.gov.br\/semcom\/#website"},"primaryImageOfPage":{"@id":"https:\/\/www.manaus.am.gov.br\/semcom\/pautas\/prefeito-inauguracao-ageman-ugpmenergia\/#primaryimage"},"image":{"@id":"https:\/\/www.manaus.am.gov.br\/semcom\/pautas\/prefeito-inauguracao-ageman-ugpmenergia\/#primaryimage"},"thumbnailUrl":"https:\/\/www.manaus.am.gov.br\/semcom\/wp-content\/uploads\/sites\/5\/2023\/02\/sugestaodepauta.png","datePublished":"2025-03-25T19:16:32+00:00","dateModified":"2025-03-25T19:16:32+00:00","description":"O prefeito de Manaus, David Almeida, inaugura, nesta sexta-feira, 28\/3, \u00e0s 10h, a sede administrativa da Ag\u00eancia Reguladora dos Servi\u00e7os P\u00fablicos Delegados do Munic\u00edpio de Manaus (Ageman) e da Unidade Gestora Municipal de Abastecimento de Energia El\u00e9trica (UGPM Energia\/Seminf), na avenida Cosme Ferreira, bairro Aleixo, zona Centro-Sul.","inLanguage":"pt-BR","potentialAction":[{"@type":"ReadAction","target":["https:\/\/www.manaus.am.gov.br\/semcom\/pautas\/prefeito-inauguracao-ageman-ugpmenergia\/"]}]},{"@type":"ImageObject","inLanguage":"pt-BR","@id":"https:\/\/www.manaus.am.gov.br\/semcom\/pautas\/prefeito-inauguracao-ageman-ugpmenergia\/#primaryimage","url":"https:\/\/www.manaus.am.gov.br\/semcom\/wp-content\/uploads\/sites\/5\/2023\/02\/sugestaodepauta.png","contentUrl":"https:\/\/www.manaus.am.gov.br\/semcom\/wp-content\/uploads\/sites\/5\/2023\/02\/sugestaodepauta.png","width":1020,"height":540},{"@type":"WebSite","@id":"https:\/\/www.manaus.am.gov.br\/semcom\/#website","url":"https:\/\/www.manaus.am.gov.br\/semcom\/","name":"SEMCOM","description":"Secretaria Municipal de Comunica\u00e7\u00e3o","potentialAction":[{"@type":"SearchAction","target":{"@type":"EntryPoint","urlTemplate":"https:\/\/www.manaus.am.gov.br\/semcom\/?s={search_term_string}"},"query-input":"required name=search_term_string"}],"inLanguage":"pt-BR"}]}},"_links":{"self":[{"href":"https:\/\/www.manaus.am.gov.br\/semcom\/wp-json\/wp\/v2\/pautas\/236588"}],"collection":[{"href":"https:\/\/www.manaus.am.gov.br\/semcom\/wp-json\/wp\/v2\/pautas"}],"about":[{"href":"https:\/\/www.manaus.am.gov.br\/semcom\/wp-json\/wp\/v2\/types\/pautas"}],"wp:featuredmedia":[{"embeddable":true,"href":"https:\/\/www.manaus.am.gov.br\/semcom\/wp-json\/wp\/v2\/media\/208729"}],"wp:attachment":[{"href":"https:\/\/www.manaus.am.gov.br\/semcom\/wp-json\/wp\/v2\/media?parent=236588"}],"wp:term":[{"taxonomy":"category","embeddable":true,"href":"https:\/\/www.manaus.am.gov.br\/semcom\/wp-json\/wp\/v2\/categories?post=236588"}],"curies":[{"name":"wp","href":"https:\/\/api.w.org\/{rel}","templated":true}]}}

<p>O prefeito de Manaus, David Almeida, inaugura, nesta sexta-feira, 28/3, às 10h, a sede&nbsp;administrativa&nbsp;da Agência Reguladora dos Serviços Públicos Delegados do Município de Manaus (Ageman) e da Unidade Gestora&nbsp;Municipal&nbsp;de&nbsp;Abastecimento de Energia Elétrica&nbsp;(UGPM Energia/Seminf), na avenida Cosme Ferreira, bairro Aleixo, zona Centro-Sul.</p>



<p>A cerimônia marca o início de uma nova etapa para o trabalho das instituições, em um prédio que garante mais&nbsp;segurança e&nbsp;comodidade, melhor localização e um ambiente mais moderno e integrado para os colaboradores.</p>



<p>O&nbsp;imóvel&nbsp;possui uma área total construída de&nbsp;854,53 metros quadrados, distribuída em dois andares. No térreo, funcionará a UGPM Energia, com uma área de&nbsp;427,90 metros quadrados. Já o&nbsp;andar superior&nbsp;será ocupado pela sede da Ageman, com&nbsp;426,63 metros quadrados. O novo espaço ainda conta com&nbsp;3.397,56 metros quadrados de área externa, oferecendo um ambiente mais amplo e adequado ao desenvolvimento das atividades institucionais.</p>



<p><br>A estrutura foi planejada para proporcionar mais funcionalidade e conforto aos servidores, além de facilitar a integração entre os setores.&nbsp;</p>



<p><strong>SERVIÇO</strong>:<br><br><strong>O</strong> <strong>quê</strong> &#8211; Inauguração da nova sede administrativa da Ageman e UGPM Energia</p>



<p><strong>Quando </strong>– Sexta, 28/3</p>



<p><strong>Horário </strong>&#8211; 10h</p>



<p><strong>Local</strong> &#8211; Avenida Cosme Ferreira, 1.945, bairro Aleixo, zona Centro-Sul</p>



<p>&#8212; &#8212; &#8212;</p>

<!-- This site is optimized with the Yoast SEO plugin v23.0 - https://yoast.com/wordpress/plugins/seo/ -->
<title>Prefeito inaugura sede administrativa da Ageman e UGPM Energia nesta sexta-feira</title>
<meta name="description" content="O prefeito de Manaus, David Almeida, inaugura, nesta sexta-feira, 28/3, às 10h, a sede administrativa da Agência Reguladora dos Serviços Públicos Delegados do Município de Manaus (Ageman) e da Unidade Gestora Municipal de Abastecimento de Energia Elétrica (UGPM Energia/Seminf), na avenida Cosme Ferreira, bairro Aleixo, zona Centro-Sul." />
<meta name="robots" content="index, follow, max-snippet:-1, max-image-preview:large, max-video-preview:-1" />
<link rel="canonical" href="https://www.manaus.am.gov.br/semcom/pautas/prefeito-inauguracao-ageman-ugpmenergia/" />
<meta property="og:locale" content="pt_BR" />
<meta property="og:type" content="article" />
<meta property="og:title" content="Prefeito inaugura sede administrativa da Ageman e UGPM Energia nesta sexta-feira" />
<meta property="og:description" content="O prefeito de Manaus, David Almeida, inaugura, nesta sexta-feira, 28/3, às 10h, a sede administrativa da Agência Reguladora dos Serviços Públicos Delegados do Município de Manaus (Ageman) e da Unidade Gestora Municipal de Abastecimento de Energia Elétrica (UGPM Energia/Seminf), na avenida Cosme Ferreira, bairro Aleixo, zona Centro-Sul." />
<meta property="og:url" content="https://www.manaus.am.gov.br/semcom/pautas/prefeito-inauguracao-ageman-ugpmenergia/" />
<meta property="og:site_name" content="SEMCOM" />
<meta property="og:image" content="https://www.manaus.am.gov.br/semcom/wp-content/uploads/sites/5/2023/02/sugestaodepauta.png" />
	<meta property="og:image:width" content="1020" />
	<meta property="og:image:height" content="540" />
	<meta property="og:image:type" content="image/png" />
<meta name="twitter:card" content="summary_large_image" />
<meta name="twitter:label1" content="Est. reading time" />
	<meta name="twitter:data1" content="2 minutos" />
<script type="application/ld+json" class="yoast-schema-graph">{"@context":"https://schema.org","@graph":[{"@type":"WebPage","@id":"https://www.manaus.am.gov.br/semcom/pautas/prefeito-inauguracao-ageman-ugpmenergia/","url":"https://www.manaus.am.gov.br/semcom/pautas/prefeito-inauguracao-ageman-ugpmenergia/","name":"Prefeito inaugura sede administrativa da Ageman e UGPM Energia nesta sexta-feira","isPartOf":{"@id":"https://www.manaus.am.gov.br/semcom/#website"},"primaryImageOfPage":{"@id":"https://www.manaus.am.gov.br/semcom/pautas/prefeito-inauguracao-ageman-ugpmenergia/#primaryimage"},"image":{"@id":"https://www.manaus.am.gov.br/semcom/pautas/prefeito-inauguracao-ageman-ugpmenergia/#primaryimage"},"thumbnailUrl":"https://www.manaus.am.gov.br/semcom/wp-content/uploads/sites/5/2023/02/sugestaodepauta.png","datePublished":"2025-03-25T19:16:32+00:00","dateModified":"2025-03-25T19:16:32+00:00","description":"O prefeito de Manaus, David Almeida, inaugura, nesta sexta-feira, 28/3, às 10h, a sede administrativa da Agência Reguladora dos Serviços Públicos Delegados do Município de Manaus (Ageman) e da Unidade Gestora Municipal de Abastecimento de Energia Elétrica (UGPM Energia/Seminf), na avenida Cosme Ferreira, bairro Aleixo, zona Centro-Sul.","inLanguage":"pt-BR","potentialAction":[{"@type":"ReadAction","target":["https://www.manaus.am.gov.br/semcom/pautas/prefeito-inauguracao-ageman-ugpmenergia/"]}]},{"@type":"ImageObject","inLanguage":"pt-BR","@id":"https://www.manaus.am.gov.br/semcom/pautas/prefeito-inauguracao-ageman-ugpmenergia/#primaryimage","url":"https://www.manaus.am.gov.br/semcom/wp-content/uploads/sites/5/2023/02/sugestaodepauta.png","contentUrl":"https://www.manaus.am.gov.br/semcom/wp-content/uploads/sites/5/2023/02/sugestaodepauta.png","width":1020,"height":540},{"@type":"WebSite","@id":"https://www.manaus.am.gov.br/semcom/#website","url":"https://www.manaus.am.gov.br/semcom/","name":"SEMCOM","description":"Secretaria Municipal de Comunicação","potentialAction":[{"@type":"SearchAction","target":{"@type":"EntryPoint","urlTemplate":"https://www.manaus.am.gov.br/semcom/?s={search_term_string}"},"query-input":"required name=search_term_string"}],"inLanguage":"pt-BR"}]}</script>
<!-- / Yoast SEO plugin. -->

O prefeito de Manaus, David Almeida, inaugura, nesta sexta-feira, 28/3, às 10h, a sede administrativa da Agência Reguladora dos Serviços Públicos Delegados do Município de Manaus (Ageman) e da Unidade Gestora Municipal de Abastecimento de Energia Elétrica (UGPM Energia/Seminf), na avenida Cosme Ferreira, bairro Aleixo, zona Centro-Sul.

Secretaria Municipal de Comunicação
