{"id":236016,"date":"2025-03-14T11:34:15","date_gmt":"2025-03-14T14:34:15","guid":{"rendered":"https:\/\/www.manaus.am.gov.br\/semcom\/?post_type=pautas&#038;p=236016"},"modified":"2025-03-14T11:34:15","modified_gmt":"2025-03-14T14:34:15","slug":"prefeito-registrodeimoveis-zumbi","status":"publish","type":"pautas","link":"https:\/\/www.manaus.am.gov.br\/semcom\/pautas\/prefeito-registrodeimoveis-zumbi\/","title":{"rendered":"Prefeito David Almeida entrega mil registros de im\u00f3veis a fam\u00edlias beneficiadas do bairro Zumbi dos Palmares"},"content":{"rendered":"\n<p>Dando mais um passo hist\u00f3rico na regulariza\u00e7\u00e3o fundi\u00e1ria na capital, o prefeito de Manaus, David Almeida, e o titular da Secretaria Municipal de Habita\u00e7\u00e3o e Assuntos Fundi\u00e1rios (Semhaf), Jesus Alves, entregam, na segunda-feira, 17\/3, \u00e0s 11h, com a entrega de mil registros de im\u00f3veis para moradores do bairro Zumbi dos Palmares, zona Leste. A cerim\u00f4nia acontecer\u00e1 no Instituto Federal do Amazonas (Ifam) \u2013 Campus Distrito (CMDI), localizado na avenida Governador Danilo de Matos Areosa, no Distrito Industrial 1.<\/p>\n\n\n\n<p>A a\u00e7\u00e3o, que destaca o compromisso da prefeitura com a inclus\u00e3o social e o direito \u00e0 moradia, representa o fim de uma longa espera para centenas de fam\u00edlias que, h\u00e1 d\u00e9cadas, vivem em situa\u00e7\u00e3o de irregularidade fundi\u00e1ria. A falta de documenta\u00e7\u00e3o trouxe desafios como o impedimento de acesso a financiamentos, dificuldade na transmiss\u00e3o dos im\u00f3veis para herdeiros e inseguran\u00e7a jur\u00eddica sobre a posse das propriedades.<\/p>\n\n\n\n<p>Com a regulariza\u00e7\u00e3o, essas fam\u00edlias finalmente ter\u00e3o a garantia legal de suas casas, podendo investir com tranquilidade em melhorias e valoriza\u00e7\u00e3o dos im\u00f3veis. Al\u00e9m disso, a seguran\u00e7a jur\u00eddica proporciona mais dignidade e abre portas para novas oportunidades, como acesso a cr\u00e9dito e servi\u00e7os p\u00fablicos de qualidade.<\/p>\n\n\n\n<p>SERVI\u00c7O<\/p>\n\n\n\n<p><strong>O qu\u00ea<\/strong> &#8211; Entrega de mil registros de im\u00f3veis no bairro do Zumbi dos Palmares<\/p>\n\n\n\n<p><strong>Quando <\/strong>\u2013 Segunda-feira, 17\/3<\/p>\n\n\n\n<p><strong>Hor\u00e1rio <\/strong>&#8211; 11h<\/p>\n\n\n\n<p><strong>Local <\/strong>&#8211; Avenida Governador Danilo de Matos Areosa, n\u00ba 1.731-1.975, bairro Distrito Industrial 1<\/p>\n\n\n\n<p><strong>Localiza\u00e7\u00e3o <\/strong>&#8211; https:\/\/maps.app.goo.gl\/PTEZ1DD6WE236f618<\/p>\n","protected":false},"featured_media":208729,"template":"","categories":[11431],"acf":[],"yoast_head":"<!-- This site is optimized with the Yoast SEO plugin v23.0 - https:\/\/yoast.com\/wordpress\/plugins\/seo\/ -->\n<title>Prefeito David Almeida entrega mil registros de im\u00f3veis a fam\u00edlias beneficiadas do bairro Zumbi dos Palmares<\/title>\n<meta name=\"description\" content=\"Dando mais um passo hist\u00f3rico na regulariza\u00e7\u00e3o fundi\u00e1ria na capital, o prefeito de Manaus, David Almeida, e o titular da Secretaria Municipal de Habita\u00e7\u00e3o e Assuntos Fundi\u00e1rios (Semhaf), Jesus Alves, entregam, na pr\u00f3xima segunda-feira, 17\/3, \u00e0s 11h, com a entrega de mil registros de im\u00f3veis\" \/>\n<meta name=\"robots\" content=\"index, follow, max-snippet:-1, max-image-preview:large, max-video-preview:-1\" \/>\n<link rel=\"canonical\" href=\"https:\/\/www.manaus.am.gov.br\/semcom\/pautas\/prefeito-registrodeimoveis-zumbi\/\" \/>\n<meta property=\"og:locale\" content=\"pt_BR\" \/>\n<meta property=\"og:type\" content=\"article\" \/>\n<meta property=\"og:title\" content=\"Prefeito David Almeida entrega mil registros de im\u00f3veis a fam\u00edlias beneficiadas do bairro Zumbi dos Palmares\" \/>\n<meta property=\"og:description\" content=\"Dando mais um passo hist\u00f3rico na regulariza\u00e7\u00e3o fundi\u00e1ria na capital, o prefeito de Manaus, David Almeida, e o titular da Secretaria Municipal de Habita\u00e7\u00e3o e Assuntos Fundi\u00e1rios (Semhaf), Jesus Alves, entregam, na pr\u00f3xima segunda-feira, 17\/3, \u00e0s 11h, com a entrega de mil registros de im\u00f3veis\" \/>\n<meta property=\"og:url\" content=\"https:\/\/www.manaus.am.gov.br\/semcom\/pautas\/prefeito-registrodeimoveis-zumbi\/\" \/>\n<meta property=\"og:site_name\" content=\"SEMCOM\" \/>\n<meta property=\"og:image\" content=\"https:\/\/www.manaus.am.gov.br\/semcom\/wp-content\/uploads\/sites\/5\/2023\/02\/sugestaodepauta.png\" \/>\n\t<meta property=\"og:image:width\" content=\"1020\" \/>\n\t<meta property=\"og:image:height\" content=\"540\" \/>\n\t<meta property=\"og:image:type\" content=\"image\/png\" \/>\n<meta name=\"twitter:card\" content=\"summary_large_image\" \/>\n<meta name=\"twitter:label1\" content=\"Est. reading time\" \/>\n\t<meta name=\"twitter:data1\" content=\"2 minutos\" \/>\n<script type=\"application\/ld+json\" class=\"yoast-schema-graph\">{\"@context\":\"https:\/\/schema.org\",\"@graph\":[{\"@type\":\"WebPage\",\"@id\":\"https:\/\/www.manaus.am.gov.br\/semcom\/pautas\/prefeito-registrodeimoveis-zumbi\/\",\"url\":\"https:\/\/www.manaus.am.gov.br\/semcom\/pautas\/prefeito-registrodeimoveis-zumbi\/\",\"name\":\"Prefeito David Almeida entrega mil registros de im\u00f3veis a fam\u00edlias beneficiadas do bairro Zumbi dos Palmares\",\"isPartOf\":{\"@id\":\"https:\/\/www.manaus.am.gov.br\/semcom\/#website\"},\"primaryImageOfPage\":{\"@id\":\"https:\/\/www.manaus.am.gov.br\/semcom\/pautas\/prefeito-registrodeimoveis-zumbi\/#primaryimage\"},\"image\":{\"@id\":\"https:\/\/www.manaus.am.gov.br\/semcom\/pautas\/prefeito-registrodeimoveis-zumbi\/#primaryimage\"},\"thumbnailUrl\":\"https:\/\/www.manaus.am.gov.br\/semcom\/wp-content\/uploads\/sites\/5\/2023\/02\/sugestaodepauta.png\",\"datePublished\":\"2025-03-14T14:34:15+00:00\",\"dateModified\":\"2025-03-14T14:34:15+00:00\",\"description\":\"Dando mais um passo hist\u00f3rico na regulariza\u00e7\u00e3o fundi\u00e1ria na capital, o prefeito de Manaus, David Almeida, e o titular da Secretaria Municipal de Habita\u00e7\u00e3o e Assuntos Fundi\u00e1rios (Semhaf), Jesus Alves, entregam, na pr\u00f3xima segunda-feira, 17\/3, \u00e0s 11h, com a entrega de mil registros de im\u00f3veis\",\"inLanguage\":\"pt-BR\",\"potentialAction\":[{\"@type\":\"ReadAction\",\"target\":[\"https:\/\/www.manaus.am.gov.br\/semcom\/pautas\/prefeito-registrodeimoveis-zumbi\/\"]}]},{\"@type\":\"ImageObject\",\"inLanguage\":\"pt-BR\",\"@id\":\"https:\/\/www.manaus.am.gov.br\/semcom\/pautas\/prefeito-registrodeimoveis-zumbi\/#primaryimage\",\"url\":\"https:\/\/www.manaus.am.gov.br\/semcom\/wp-content\/uploads\/sites\/5\/2023\/02\/sugestaodepauta.png\",\"contentUrl\":\"https:\/\/www.manaus.am.gov.br\/semcom\/wp-content\/uploads\/sites\/5\/2023\/02\/sugestaodepauta.png\",\"width\":1020,\"height\":540},{\"@type\":\"WebSite\",\"@id\":\"https:\/\/www.manaus.am.gov.br\/semcom\/#website\",\"url\":\"https:\/\/www.manaus.am.gov.br\/semcom\/\",\"name\":\"SEMCOM\",\"description\":\"Secretaria Municipal de Comunica\u00e7\u00e3o\",\"potentialAction\":[{\"@type\":\"SearchAction\",\"target\":{\"@type\":\"EntryPoint\",\"urlTemplate\":\"https:\/\/www.manaus.am.gov.br\/semcom\/?s={search_term_string}\"},\"query-input\":\"required name=search_term_string\"}],\"inLanguage\":\"pt-BR\"}]}<\/script>\n<!-- \/ Yoast SEO plugin. -->","yoast_head_json":{"title":"Prefeito David Almeida entrega mil registros de im\u00f3veis a fam\u00edlias beneficiadas do bairro Zumbi dos Palmares","description":"Dando mais um passo hist\u00f3rico na regulariza\u00e7\u00e3o fundi\u00e1ria na capital, o prefeito de Manaus, David Almeida, e o titular da Secretaria Municipal de Habita\u00e7\u00e3o e Assuntos Fundi\u00e1rios (Semhaf), Jesus Alves, entregam, na pr\u00f3xima segunda-feira, 17\/3, \u00e0s 11h, com a entrega de mil registros de im\u00f3veis","robots":{"index":"index","follow":"follow","max-snippet":"max-snippet:-1","max-image-preview":"max-image-preview:large","max-video-preview":"max-video-preview:-1"},"canonical":"https:\/\/www.manaus.am.gov.br\/semcom\/pautas\/prefeito-registrodeimoveis-zumbi\/","og_locale":"pt_BR","og_type":"article","og_title":"Prefeito David Almeida entrega mil registros de im\u00f3veis a fam\u00edlias beneficiadas do bairro Zumbi dos Palmares","og_description":"Dando mais um passo hist\u00f3rico na regulariza\u00e7\u00e3o fundi\u00e1ria na capital, o prefeito de Manaus, David Almeida, e o titular da Secretaria Municipal de Habita\u00e7\u00e3o e Assuntos Fundi\u00e1rios (Semhaf), Jesus Alves, entregam, na pr\u00f3xima segunda-feira, 17\/3, \u00e0s 11h, com a entrega de mil registros de im\u00f3veis","og_url":"https:\/\/www.manaus.am.gov.br\/semcom\/pautas\/prefeito-registrodeimoveis-zumbi\/","og_site_name":"SEMCOM","og_image":[{"width":1020,"height":540,"url":"https:\/\/www.manaus.am.gov.br\/semcom\/wp-content\/uploads\/sites\/5\/2023\/02\/sugestaodepauta.png","type":"image\/png"}],"twitter_card":"summary_large_image","twitter_misc":{"Est. reading time":"2 minutos"},"schema":{"@context":"https:\/\/schema.org","@graph":[{"@type":"WebPage","@id":"https:\/\/www.manaus.am.gov.br\/semcom\/pautas\/prefeito-registrodeimoveis-zumbi\/","url":"https:\/\/www.manaus.am.gov.br\/semcom\/pautas\/prefeito-registrodeimoveis-zumbi\/","name":"Prefeito David Almeida entrega mil registros de im\u00f3veis a fam\u00edlias beneficiadas do bairro Zumbi dos Palmares","isPartOf":{"@id":"https:\/\/www.manaus.am.gov.br\/semcom\/#website"},"primaryImageOfPage":{"@id":"https:\/\/www.manaus.am.gov.br\/semcom\/pautas\/prefeito-registrodeimoveis-zumbi\/#primaryimage"},"image":{"@id":"https:\/\/www.manaus.am.gov.br\/semcom\/pautas\/prefeito-registrodeimoveis-zumbi\/#primaryimage"},"thumbnailUrl":"https:\/\/www.manaus.am.gov.br\/semcom\/wp-content\/uploads\/sites\/5\/2023\/02\/sugestaodepauta.png","datePublished":"2025-03-14T14:34:15+00:00","dateModified":"2025-03-14T14:34:15+00:00","description":"Dando mais um passo hist\u00f3rico na regulariza\u00e7\u00e3o fundi\u00e1ria na capital, o prefeito de Manaus, David Almeida, e o titular da Secretaria Municipal de Habita\u00e7\u00e3o e Assuntos Fundi\u00e1rios (Semhaf), Jesus Alves, entregam, na pr\u00f3xima segunda-feira, 17\/3, \u00e0s 11h, com a entrega de mil registros de im\u00f3veis","inLanguage":"pt-BR","potentialAction":[{"@type":"ReadAction","target":["https:\/\/www.manaus.am.gov.br\/semcom\/pautas\/prefeito-registrodeimoveis-zumbi\/"]}]},{"@type":"ImageObject","inLanguage":"pt-BR","@id":"https:\/\/www.manaus.am.gov.br\/semcom\/pautas\/prefeito-registrodeimoveis-zumbi\/#primaryimage","url":"https:\/\/www.manaus.am.gov.br\/semcom\/wp-content\/uploads\/sites\/5\/2023\/02\/sugestaodepauta.png","contentUrl":"https:\/\/www.manaus.am.gov.br\/semcom\/wp-content\/uploads\/sites\/5\/2023\/02\/sugestaodepauta.png","width":1020,"height":540},{"@type":"WebSite","@id":"https:\/\/www.manaus.am.gov.br\/semcom\/#website","url":"https:\/\/www.manaus.am.gov.br\/semcom\/","name":"SEMCOM","description":"Secretaria Municipal de Comunica\u00e7\u00e3o","potentialAction":[{"@type":"SearchAction","target":{"@type":"EntryPoint","urlTemplate":"https:\/\/www.manaus.am.gov.br\/semcom\/?s={search_term_string}"},"query-input":"required name=search_term_string"}],"inLanguage":"pt-BR"}]}},"_links":{"self":[{"href":"https:\/\/www.manaus.am.gov.br\/semcom\/wp-json\/wp\/v2\/pautas\/236016"}],"collection":[{"href":"https:\/\/www.manaus.am.gov.br\/semcom\/wp-json\/wp\/v2\/pautas"}],"about":[{"href":"https:\/\/www.manaus.am.gov.br\/semcom\/wp-json\/wp\/v2\/types\/pautas"}],"wp:featuredmedia":[{"embeddable":true,"href":"https:\/\/www.manaus.am.gov.br\/semcom\/wp-json\/wp\/v2\/media\/208729"}],"wp:attachment":[{"href":"https:\/\/www.manaus.am.gov.br\/semcom\/wp-json\/wp\/v2\/media?parent=236016"}],"wp:term":[{"taxonomy":"category","embeddable":true,"href":"https:\/\/www.manaus.am.gov.br\/semcom\/wp-json\/wp\/v2\/categories?post=236016"}],"curies":[{"name":"wp","href":"https:\/\/api.w.org\/{rel}","templated":true}]}}

Prefeito David Almeida entrega mil registros de imóveis a famílias beneficiadas do bairro Zumbi dos Palmares

<p>Dando mais um passo histórico na regularização fundiária na capital, o prefeito de Manaus, David Almeida, e o titular da Secretaria Municipal de Habitação e Assuntos Fundiários (Semhaf), Jesus Alves, entregam, na segunda-feira, 17/3, às 11h, com a entrega de mil registros de imóveis para moradores do bairro Zumbi dos Palmares, zona Leste. A cerimônia acontecerá no Instituto Federal do Amazonas (Ifam) – Campus Distrito (CMDI), localizado na avenida Governador Danilo de Matos Areosa, no Distrito Industrial 1.</p>



<p>A ação, que destaca o compromisso da prefeitura com a inclusão social e o direito à moradia, representa o fim de uma longa espera para centenas de famílias que, há décadas, vivem em situação de irregularidade fundiária. A falta de documentação trouxe desafios como o impedimento de acesso a financiamentos, dificuldade na transmissão dos imóveis para herdeiros e insegurança jurídica sobre a posse das propriedades.</p>



<p>Com a regularização, essas famílias finalmente terão a garantia legal de suas casas, podendo investir com tranquilidade em melhorias e valorização dos imóveis. Além disso, a segurança jurídica proporciona mais dignidade e abre portas para novas oportunidades, como acesso a crédito e serviços públicos de qualidade.</p>



<p>SERVIÇO</p>



<p><strong>O quê</strong> &#8211; Entrega de mil registros de imóveis no bairro do Zumbi dos Palmares</p>



<p><strong>Quando </strong>– Segunda-feira, 17/3</p>



<p><strong>Horário </strong>&#8211; 11h</p>



<p><strong>Local </strong>&#8211; Avenida Governador Danilo de Matos Areosa, nº 1.731-1.975, bairro Distrito Industrial 1</p>



<p><strong>Localização </strong>&#8211; https://maps.app.goo.gl/PTEZ1DD6WE236f618</p>

<!-- This site is optimized with the Yoast SEO plugin v23.0 - https://yoast.com/wordpress/plugins/seo/ -->
<title>Prefeito David Almeida entrega mil registros de imóveis a famílias beneficiadas do bairro Zumbi dos Palmares</title>
<meta name="description" content="Dando mais um passo histórico na regularização fundiária na capital, o prefeito de Manaus, David Almeida, e o titular da Secretaria Municipal de Habitação e Assuntos Fundiários (Semhaf), Jesus Alves, entregam, na próxima segunda-feira, 17/3, às 11h, com a entrega de mil registros de imóveis" />
<meta name="robots" content="index, follow, max-snippet:-1, max-image-preview:large, max-video-preview:-1" />
<link rel="canonical" href="https://www.manaus.am.gov.br/semcom/pautas/prefeito-registrodeimoveis-zumbi/" />
<meta property="og:locale" content="pt_BR" />
<meta property="og:type" content="article" />
<meta property="og:title" content="Prefeito David Almeida entrega mil registros de imóveis a famílias beneficiadas do bairro Zumbi dos Palmares" />
<meta property="og:description" content="Dando mais um passo histórico na regularização fundiária na capital, o prefeito de Manaus, David Almeida, e o titular da Secretaria Municipal de Habitação e Assuntos Fundiários (Semhaf), Jesus Alves, entregam, na próxima segunda-feira, 17/3, às 11h, com a entrega de mil registros de imóveis" />
<meta property="og:url" content="https://www.manaus.am.gov.br/semcom/pautas/prefeito-registrodeimoveis-zumbi/" />
<meta property="og:site_name" content="SEMCOM" />
<meta property="og:image" content="https://www.manaus.am.gov.br/semcom/wp-content/uploads/sites/5/2023/02/sugestaodepauta.png" />
	<meta property="og:image:width" content="1020" />
	<meta property="og:image:height" content="540" />
	<meta property="og:image:type" content="image/png" />
<meta name="twitter:card" content="summary_large_image" />
<meta name="twitter:label1" content="Est. reading time" />
	<meta name="twitter:data1" content="2 minutos" />
<script type="application/ld+json" class="yoast-schema-graph">{"@context":"https://schema.org","@graph":[{"@type":"WebPage","@id":"https://www.manaus.am.gov.br/semcom/pautas/prefeito-registrodeimoveis-zumbi/","url":"https://www.manaus.am.gov.br/semcom/pautas/prefeito-registrodeimoveis-zumbi/","name":"Prefeito David Almeida entrega mil registros de imóveis a famílias beneficiadas do bairro Zumbi dos Palmares","isPartOf":{"@id":"https://www.manaus.am.gov.br/semcom/#website"},"primaryImageOfPage":{"@id":"https://www.manaus.am.gov.br/semcom/pautas/prefeito-registrodeimoveis-zumbi/#primaryimage"},"image":{"@id":"https://www.manaus.am.gov.br/semcom/pautas/prefeito-registrodeimoveis-zumbi/#primaryimage"},"thumbnailUrl":"https://www.manaus.am.gov.br/semcom/wp-content/uploads/sites/5/2023/02/sugestaodepauta.png","datePublished":"2025-03-14T14:34:15+00:00","dateModified":"2025-03-14T14:34:15+00:00","description":"Dando mais um passo histórico na regularização fundiária na capital, o prefeito de Manaus, David Almeida, e o titular da Secretaria Municipal de Habitação e Assuntos Fundiários (Semhaf), Jesus Alves, entregam, na próxima segunda-feira, 17/3, às 11h, com a entrega de mil registros de imóveis","inLanguage":"pt-BR","potentialAction":[{"@type":"ReadAction","target":["https://www.manaus.am.gov.br/semcom/pautas/prefeito-registrodeimoveis-zumbi/"]}]},{"@type":"ImageObject","inLanguage":"pt-BR","@id":"https://www.manaus.am.gov.br/semcom/pautas/prefeito-registrodeimoveis-zumbi/#primaryimage","url":"https://www.manaus.am.gov.br/semcom/wp-content/uploads/sites/5/2023/02/sugestaodepauta.png","contentUrl":"https://www.manaus.am.gov.br/semcom/wp-content/uploads/sites/5/2023/02/sugestaodepauta.png","width":1020,"height":540},{"@type":"WebSite","@id":"https://www.manaus.am.gov.br/semcom/#website","url":"https://www.manaus.am.gov.br/semcom/","name":"SEMCOM","description":"Secretaria Municipal de Comunicação","potentialAction":[{"@type":"SearchAction","target":{"@type":"EntryPoint","urlTemplate":"https://www.manaus.am.gov.br/semcom/?s={search_term_string}"},"query-input":"required name=search_term_string"}],"inLanguage":"pt-BR"}]}</script>
<!-- / Yoast SEO plugin. -->

Dando mais um passo histórico na regularização fundiária na capital, o prefeito de Manaus, David Almeida, e o titular da Secretaria Municipal de Habitação e Assuntos Fundiários (Semhaf), Jesus Alves, entregam, na próxima segunda-feira, 17/3, às 11h, com a entrega de mil registros de imóveis

Secretaria Municipal de Comunicação
