{"id":236010,"date":"2025-03-13T23:04:36","date_gmt":"2025-03-14T02:04:36","guid":{"rendered":"https:\/\/www.manaus.am.gov.br\/semcom\/?post_type=pautas&#038;p=236010"},"modified":"2025-03-13T23:04:36","modified_gmt":"2025-03-14T02:04:36","slug":"acao-de-sensibilizacao","status":"publish","type":"pautas","link":"https:\/\/www.manaus.am.gov.br\/semcom\/pautas\/acao-de-sensibilizacao\/","title":{"rendered":"Prefeitura de Manaus promove a\u00e7\u00e3o de sensibiliza\u00e7\u00e3o da campanha \u2018Eu Sou Cidad\u00e3o Solid\u00e1rio\u2019 para incentivar doa\u00e7\u00f5es via Imposto de Renda"},"content":{"rendered":"\n<p><strong><br><\/strong>A Prefeitura de Manaus, por meio da Funda\u00e7\u00e3o de Apoio ao Idoso Dr. Thomas (FDT), realiza, nesta sexta-feira, 14\/3, a partir das 17h, simultaneamente, em cinco pontos estrat\u00e9gicos da cidade, uma importante a\u00e7\u00e3o de sensibiliza\u00e7\u00e3o de rua como parte da campanha \u201cEu Sou Cidad\u00e3o Solid\u00e1rio\u201d.<br><br>O objetivo da iniciativa \u00e9 conscientizar a popula\u00e7\u00e3o sobre como a declara\u00e7\u00e3o do Imposto de Renda pode se transformar em uma contribui\u00e7\u00e3o direta para o Fundo dos Direitos da Crian\u00e7a e do Adolescente e para o Fundo dos Direitos da Pessoa Idosa de Manaus. Os recursos recolhidos ser\u00e3o investidos em a\u00e7\u00f5es de cuidados e defesas das crian\u00e7as, adolescentes e idosos.<br><br>A a\u00e7\u00e3o ser\u00e1 realizada nos seguintes pontos: avenida Constantino Nery (em frente ao Centro de Conven\u00e7\u00f5es Vasco Vasques) \u2013 bairro Flores; rotat\u00f3ria do Eldorado (avenida M\u00e1rio Ypiranga Monteiro) \u2013 bairro Parque 10; avenida Djalma Batista, esquina com a rua Par\u00e1 \u2013 bairro Nossa Senhora das Gra\u00e7as; avenida Major Gabriel (em frente \u00e0 Dod\u00f3 Ve\u00edculos) \u2013 bairro Pra\u00e7a 14 e avenida Pedro Teixeira (em frente ao Habib&#8217;s) \u2013 bairro Dom Pedro.\u00a0<br><br>O diretor-presidente da Funda\u00e7\u00e3o Dr. Thomas, Eduardo Lucas, estar\u00e1 presente na a\u00e7\u00e3o realizada na avenida Djalma Batista, esquina com a rua Par\u00e1, no bairro Nossa Senhora das Gra\u00e7as, zona Centro-Sul da cidade, onde atender\u00e1 a imprensa a partir das 17h.<br><br><strong>SERVI\u00c7O:<\/strong><br><br><strong>O qu\u00ea \u2013<\/strong> A\u00e7\u00e3o de sensibiliza\u00e7\u00e3o da campanha \u2018Eu Sou Cidad\u00e3o Solid\u00e1rio\u2019<br><strong>Quando \u2013<\/strong> Sexta-feira, 14\/3<br><strong>Hor\u00e1rio \u2013<\/strong> 17h<br><strong>Local \u2013<\/strong> avenida Djalma Batista, esquina com a rua Par\u00e1, bairro Nossa Senhora das Gra\u00e7as.<\/p>\n","protected":false},"featured_media":208729,"template":"","categories":[795],"acf":[],"yoast_head":"<!-- This site is optimized with the Yoast SEO plugin v23.0 - https:\/\/yoast.com\/wordpress\/plugins\/seo\/ -->\n<title>Prefeitura de Manaus promove a\u00e7\u00e3o de sensibiliza\u00e7\u00e3o da campanha \u2018Eu Sou Cidad\u00e3o Solid\u00e1rio\u2019 para incentivar doa\u00e7\u00f5es via Imposto de Renda<\/title>\n<meta name=\"description\" content=\"A Prefeitura de Manaus, por meio da Funda\u00e7\u00e3o de Apoio ao Idoso Dr. Thomas (FDT), realiza, nesta sexta-feira, 14\/3, a partir das 17h, simultaneamente, em cinco pontos estrat\u00e9gicos da cidade, uma importante a\u00e7\u00e3o de sensibiliza\u00e7\u00e3o de rua como parte da campanha \u201cEu Sou Cidad\u00e3o Solid\u00e1rio\u201d.\" \/>\n<meta name=\"robots\" content=\"index, follow, max-snippet:-1, max-image-preview:large, max-video-preview:-1\" \/>\n<link rel=\"canonical\" href=\"https:\/\/www.manaus.am.gov.br\/semcom\/pautas\/acao-de-sensibilizacao\/\" \/>\n<meta property=\"og:locale\" content=\"pt_BR\" \/>\n<meta property=\"og:type\" content=\"article\" \/>\n<meta property=\"og:title\" content=\"Prefeitura de Manaus promove a\u00e7\u00e3o de sensibiliza\u00e7\u00e3o da campanha \u2018Eu Sou Cidad\u00e3o Solid\u00e1rio\u2019 para incentivar doa\u00e7\u00f5es via Imposto de Renda\" \/>\n<meta property=\"og:description\" content=\"A Prefeitura de Manaus, por meio da Funda\u00e7\u00e3o de Apoio ao Idoso Dr. Thomas (FDT), realiza, nesta sexta-feira, 14\/3, a partir das 17h, simultaneamente, em cinco pontos estrat\u00e9gicos da cidade, uma importante a\u00e7\u00e3o de sensibiliza\u00e7\u00e3o de rua como parte da campanha \u201cEu Sou Cidad\u00e3o Solid\u00e1rio\u201d.\" \/>\n<meta property=\"og:url\" content=\"https:\/\/www.manaus.am.gov.br\/semcom\/pautas\/acao-de-sensibilizacao\/\" \/>\n<meta property=\"og:site_name\" content=\"SEMCOM\" \/>\n<meta property=\"og:image\" content=\"https:\/\/www.manaus.am.gov.br\/semcom\/wp-content\/uploads\/sites\/5\/2023\/02\/sugestaodepauta.png\" \/>\n\t<meta property=\"og:image:width\" content=\"1020\" \/>\n\t<meta property=\"og:image:height\" content=\"540\" \/>\n\t<meta property=\"og:image:type\" content=\"image\/png\" \/>\n<meta name=\"twitter:card\" content=\"summary_large_image\" \/>\n<meta name=\"twitter:label1\" content=\"Est. reading time\" \/>\n\t<meta name=\"twitter:data1\" content=\"2 minutos\" \/>\n<script type=\"application\/ld+json\" class=\"yoast-schema-graph\">{\"@context\":\"https:\/\/schema.org\",\"@graph\":[{\"@type\":\"WebPage\",\"@id\":\"https:\/\/www.manaus.am.gov.br\/semcom\/pautas\/acao-de-sensibilizacao\/\",\"url\":\"https:\/\/www.manaus.am.gov.br\/semcom\/pautas\/acao-de-sensibilizacao\/\",\"name\":\"Prefeitura de Manaus promove a\u00e7\u00e3o de sensibiliza\u00e7\u00e3o da campanha \u2018Eu Sou Cidad\u00e3o Solid\u00e1rio\u2019 para incentivar doa\u00e7\u00f5es via Imposto de Renda\",\"isPartOf\":{\"@id\":\"https:\/\/www.manaus.am.gov.br\/semcom\/#website\"},\"primaryImageOfPage\":{\"@id\":\"https:\/\/www.manaus.am.gov.br\/semcom\/pautas\/acao-de-sensibilizacao\/#primaryimage\"},\"image\":{\"@id\":\"https:\/\/www.manaus.am.gov.br\/semcom\/pautas\/acao-de-sensibilizacao\/#primaryimage\"},\"thumbnailUrl\":\"https:\/\/www.manaus.am.gov.br\/semcom\/wp-content\/uploads\/sites\/5\/2023\/02\/sugestaodepauta.png\",\"datePublished\":\"2025-03-14T02:04:36+00:00\",\"dateModified\":\"2025-03-14T02:04:36+00:00\",\"description\":\"A Prefeitura de Manaus, por meio da Funda\u00e7\u00e3o de Apoio ao Idoso Dr. Thomas (FDT), realiza, nesta sexta-feira, 14\/3, a partir das 17h, simultaneamente, em cinco pontos estrat\u00e9gicos da cidade, uma importante a\u00e7\u00e3o de sensibiliza\u00e7\u00e3o de rua como parte da campanha \u201cEu Sou Cidad\u00e3o Solid\u00e1rio\u201d.\",\"inLanguage\":\"pt-BR\",\"potentialAction\":[{\"@type\":\"ReadAction\",\"target\":[\"https:\/\/www.manaus.am.gov.br\/semcom\/pautas\/acao-de-sensibilizacao\/\"]}]},{\"@type\":\"ImageObject\",\"inLanguage\":\"pt-BR\",\"@id\":\"https:\/\/www.manaus.am.gov.br\/semcom\/pautas\/acao-de-sensibilizacao\/#primaryimage\",\"url\":\"https:\/\/www.manaus.am.gov.br\/semcom\/wp-content\/uploads\/sites\/5\/2023\/02\/sugestaodepauta.png\",\"contentUrl\":\"https:\/\/www.manaus.am.gov.br\/semcom\/wp-content\/uploads\/sites\/5\/2023\/02\/sugestaodepauta.png\",\"width\":1020,\"height\":540},{\"@type\":\"WebSite\",\"@id\":\"https:\/\/www.manaus.am.gov.br\/semcom\/#website\",\"url\":\"https:\/\/www.manaus.am.gov.br\/semcom\/\",\"name\":\"SEMCOM\",\"description\":\"Secretaria Municipal de Comunica\u00e7\u00e3o\",\"potentialAction\":[{\"@type\":\"SearchAction\",\"target\":{\"@type\":\"EntryPoint\",\"urlTemplate\":\"https:\/\/www.manaus.am.gov.br\/semcom\/?s={search_term_string}\"},\"query-input\":\"required name=search_term_string\"}],\"inLanguage\":\"pt-BR\"}]}<\/script>\n<!-- \/ Yoast SEO plugin. -->","yoast_head_json":{"title":"Prefeitura de Manaus promove a\u00e7\u00e3o de sensibiliza\u00e7\u00e3o da campanha \u2018Eu Sou Cidad\u00e3o Solid\u00e1rio\u2019 para incentivar doa\u00e7\u00f5es via Imposto de Renda","description":"A Prefeitura de Manaus, por meio da Funda\u00e7\u00e3o de Apoio ao Idoso Dr. Thomas (FDT), realiza, nesta sexta-feira, 14\/3, a partir das 17h, simultaneamente, em cinco pontos estrat\u00e9gicos da cidade, uma importante a\u00e7\u00e3o de sensibiliza\u00e7\u00e3o de rua como parte da campanha \u201cEu Sou Cidad\u00e3o Solid\u00e1rio\u201d.","robots":{"index":"index","follow":"follow","max-snippet":"max-snippet:-1","max-image-preview":"max-image-preview:large","max-video-preview":"max-video-preview:-1"},"canonical":"https:\/\/www.manaus.am.gov.br\/semcom\/pautas\/acao-de-sensibilizacao\/","og_locale":"pt_BR","og_type":"article","og_title":"Prefeitura de Manaus promove a\u00e7\u00e3o de sensibiliza\u00e7\u00e3o da campanha \u2018Eu Sou Cidad\u00e3o Solid\u00e1rio\u2019 para incentivar doa\u00e7\u00f5es via Imposto de Renda","og_description":"A Prefeitura de Manaus, por meio da Funda\u00e7\u00e3o de Apoio ao Idoso Dr. Thomas (FDT), realiza, nesta sexta-feira, 14\/3, a partir das 17h, simultaneamente, em cinco pontos estrat\u00e9gicos da cidade, uma importante a\u00e7\u00e3o de sensibiliza\u00e7\u00e3o de rua como parte da campanha \u201cEu Sou Cidad\u00e3o Solid\u00e1rio\u201d.","og_url":"https:\/\/www.manaus.am.gov.br\/semcom\/pautas\/acao-de-sensibilizacao\/","og_site_name":"SEMCOM","og_image":[{"width":1020,"height":540,"url":"https:\/\/www.manaus.am.gov.br\/semcom\/wp-content\/uploads\/sites\/5\/2023\/02\/sugestaodepauta.png","type":"image\/png"}],"twitter_card":"summary_large_image","twitter_misc":{"Est. reading time":"2 minutos"},"schema":{"@context":"https:\/\/schema.org","@graph":[{"@type":"WebPage","@id":"https:\/\/www.manaus.am.gov.br\/semcom\/pautas\/acao-de-sensibilizacao\/","url":"https:\/\/www.manaus.am.gov.br\/semcom\/pautas\/acao-de-sensibilizacao\/","name":"Prefeitura de Manaus promove a\u00e7\u00e3o de sensibiliza\u00e7\u00e3o da campanha \u2018Eu Sou Cidad\u00e3o Solid\u00e1rio\u2019 para incentivar doa\u00e7\u00f5es via Imposto de Renda","isPartOf":{"@id":"https:\/\/www.manaus.am.gov.br\/semcom\/#website"},"primaryImageOfPage":{"@id":"https:\/\/www.manaus.am.gov.br\/semcom\/pautas\/acao-de-sensibilizacao\/#primaryimage"},"image":{"@id":"https:\/\/www.manaus.am.gov.br\/semcom\/pautas\/acao-de-sensibilizacao\/#primaryimage"},"thumbnailUrl":"https:\/\/www.manaus.am.gov.br\/semcom\/wp-content\/uploads\/sites\/5\/2023\/02\/sugestaodepauta.png","datePublished":"2025-03-14T02:04:36+00:00","dateModified":"2025-03-14T02:04:36+00:00","description":"A Prefeitura de Manaus, por meio da Funda\u00e7\u00e3o de Apoio ao Idoso Dr. Thomas (FDT), realiza, nesta sexta-feira, 14\/3, a partir das 17h, simultaneamente, em cinco pontos estrat\u00e9gicos da cidade, uma importante a\u00e7\u00e3o de sensibiliza\u00e7\u00e3o de rua como parte da campanha \u201cEu Sou Cidad\u00e3o Solid\u00e1rio\u201d.","inLanguage":"pt-BR","potentialAction":[{"@type":"ReadAction","target":["https:\/\/www.manaus.am.gov.br\/semcom\/pautas\/acao-de-sensibilizacao\/"]}]},{"@type":"ImageObject","inLanguage":"pt-BR","@id":"https:\/\/www.manaus.am.gov.br\/semcom\/pautas\/acao-de-sensibilizacao\/#primaryimage","url":"https:\/\/www.manaus.am.gov.br\/semcom\/wp-content\/uploads\/sites\/5\/2023\/02\/sugestaodepauta.png","contentUrl":"https:\/\/www.manaus.am.gov.br\/semcom\/wp-content\/uploads\/sites\/5\/2023\/02\/sugestaodepauta.png","width":1020,"height":540},{"@type":"WebSite","@id":"https:\/\/www.manaus.am.gov.br\/semcom\/#website","url":"https:\/\/www.manaus.am.gov.br\/semcom\/","name":"SEMCOM","description":"Secretaria Municipal de Comunica\u00e7\u00e3o","potentialAction":[{"@type":"SearchAction","target":{"@type":"EntryPoint","urlTemplate":"https:\/\/www.manaus.am.gov.br\/semcom\/?s={search_term_string}"},"query-input":"required name=search_term_string"}],"inLanguage":"pt-BR"}]}},"_links":{"self":[{"href":"https:\/\/www.manaus.am.gov.br\/semcom\/wp-json\/wp\/v2\/pautas\/236010"}],"collection":[{"href":"https:\/\/www.manaus.am.gov.br\/semcom\/wp-json\/wp\/v2\/pautas"}],"about":[{"href":"https:\/\/www.manaus.am.gov.br\/semcom\/wp-json\/wp\/v2\/types\/pautas"}],"wp:featuredmedia":[{"embeddable":true,"href":"https:\/\/www.manaus.am.gov.br\/semcom\/wp-json\/wp\/v2\/media\/208729"}],"wp:attachment":[{"href":"https:\/\/www.manaus.am.gov.br\/semcom\/wp-json\/wp\/v2\/media?parent=236010"}],"wp:term":[{"taxonomy":"category","embeddable":true,"href":"https:\/\/www.manaus.am.gov.br\/semcom\/wp-json\/wp\/v2\/categories?post=236010"}],"curies":[{"name":"wp","href":"https:\/\/api.w.org\/{rel}","templated":true}]}}

Prefeitura de Manaus promove ação de sensibilização da campanha ‘Eu Sou Cidadão Solidário’ para incentivar doações via Imposto de Renda

<p><strong><br></strong>A Prefeitura de Manaus, por meio da Fundação de Apoio ao Idoso Dr. Thomas (FDT), realiza, nesta sexta-feira, 14/3, a partir das 17h, simultaneamente, em cinco pontos estratégicos da cidade, uma importante ação de sensibilização de rua como parte da campanha “Eu Sou Cidadão Solidário”.<br><br>O objetivo da iniciativa é conscientizar a população sobre como a declaração do Imposto de Renda pode se transformar em uma contribuição direta para o Fundo dos Direitos da Criança e do Adolescente e para o Fundo dos Direitos da Pessoa Idosa de Manaus. Os recursos recolhidos serão investidos em ações de cuidados e defesas das crianças, adolescentes e idosos.<br><br>A ação será realizada nos seguintes pontos: avenida Constantino Nery (em frente ao Centro de Convenções Vasco Vasques) – bairro Flores; rotatória do Eldorado (avenida Mário Ypiranga Monteiro) – bairro Parque 10; avenida Djalma Batista, esquina com a rua Pará – bairro Nossa Senhora das Graças; avenida Major Gabriel (em frente à Dodó Veículos) – bairro Praça 14 e avenida Pedro Teixeira (em frente ao Habib&#8217;s) – bairro Dom Pedro. <br><br>O diretor-presidente da Fundação Dr. Thomas, Eduardo Lucas, estará presente na ação realizada na avenida Djalma Batista, esquina com a rua Pará, no bairro Nossa Senhora das Graças, zona Centro-Sul da cidade, onde atenderá a imprensa a partir das 17h.<br><br><strong>SERVIÇO:</strong><br><br><strong>O quê –</strong> Ação de sensibilização da campanha ‘Eu Sou Cidadão Solidário’<br><strong>Quando –</strong> Sexta-feira, 14/3<br><strong>Horário –</strong> 17h<br><strong>Local –</strong> avenida Djalma Batista, esquina com a rua Pará, bairro Nossa Senhora das Graças.</p>

<!-- This site is optimized with the Yoast SEO plugin v23.0 - https://yoast.com/wordpress/plugins/seo/ -->
<title>Prefeitura de Manaus promove ação de sensibilização da campanha ‘Eu Sou Cidadão Solidário’ para incentivar doações via Imposto de Renda</title>
<meta name="description" content="A Prefeitura de Manaus, por meio da Fundação de Apoio ao Idoso Dr. Thomas (FDT), realiza, nesta sexta-feira, 14/3, a partir das 17h, simultaneamente, em cinco pontos estratégicos da cidade, uma importante ação de sensibilização de rua como parte da campanha “Eu Sou Cidadão Solidário”." />
<meta name="robots" content="index, follow, max-snippet:-1, max-image-preview:large, max-video-preview:-1" />
<link rel="canonical" href="https://www.manaus.am.gov.br/semcom/pautas/acao-de-sensibilizacao/" />
<meta property="og:locale" content="pt_BR" />
<meta property="og:type" content="article" />
<meta property="og:title" content="Prefeitura de Manaus promove ação de sensibilização da campanha ‘Eu Sou Cidadão Solidário’ para incentivar doações via Imposto de Renda" />
<meta property="og:description" content="A Prefeitura de Manaus, por meio da Fundação de Apoio ao Idoso Dr. Thomas (FDT), realiza, nesta sexta-feira, 14/3, a partir das 17h, simultaneamente, em cinco pontos estratégicos da cidade, uma importante ação de sensibilização de rua como parte da campanha “Eu Sou Cidadão Solidário”." />
<meta property="og:url" content="https://www.manaus.am.gov.br/semcom/pautas/acao-de-sensibilizacao/" />
<meta property="og:site_name" content="SEMCOM" />
<meta property="og:image" content="https://www.manaus.am.gov.br/semcom/wp-content/uploads/sites/5/2023/02/sugestaodepauta.png" />
	<meta property="og:image:width" content="1020" />
	<meta property="og:image:height" content="540" />
	<meta property="og:image:type" content="image/png" />
<meta name="twitter:card" content="summary_large_image" />
<meta name="twitter:label1" content="Est. reading time" />
	<meta name="twitter:data1" content="2 minutos" />
<script type="application/ld+json" class="yoast-schema-graph">{"@context":"https://schema.org","@graph":[{"@type":"WebPage","@id":"https://www.manaus.am.gov.br/semcom/pautas/acao-de-sensibilizacao/","url":"https://www.manaus.am.gov.br/semcom/pautas/acao-de-sensibilizacao/","name":"Prefeitura de Manaus promove ação de sensibilização da campanha ‘Eu Sou Cidadão Solidário’ para incentivar doações via Imposto de Renda","isPartOf":{"@id":"https://www.manaus.am.gov.br/semcom/#website"},"primaryImageOfPage":{"@id":"https://www.manaus.am.gov.br/semcom/pautas/acao-de-sensibilizacao/#primaryimage"},"image":{"@id":"https://www.manaus.am.gov.br/semcom/pautas/acao-de-sensibilizacao/#primaryimage"},"thumbnailUrl":"https://www.manaus.am.gov.br/semcom/wp-content/uploads/sites/5/2023/02/sugestaodepauta.png","datePublished":"2025-03-14T02:04:36+00:00","dateModified":"2025-03-14T02:04:36+00:00","description":"A Prefeitura de Manaus, por meio da Fundação de Apoio ao Idoso Dr. Thomas (FDT), realiza, nesta sexta-feira, 14/3, a partir das 17h, simultaneamente, em cinco pontos estratégicos da cidade, uma importante ação de sensibilização de rua como parte da campanha “Eu Sou Cidadão Solidário”.","inLanguage":"pt-BR","potentialAction":[{"@type":"ReadAction","target":["https://www.manaus.am.gov.br/semcom/pautas/acao-de-sensibilizacao/"]}]},{"@type":"ImageObject","inLanguage":"pt-BR","@id":"https://www.manaus.am.gov.br/semcom/pautas/acao-de-sensibilizacao/#primaryimage","url":"https://www.manaus.am.gov.br/semcom/wp-content/uploads/sites/5/2023/02/sugestaodepauta.png","contentUrl":"https://www.manaus.am.gov.br/semcom/wp-content/uploads/sites/5/2023/02/sugestaodepauta.png","width":1020,"height":540},{"@type":"WebSite","@id":"https://www.manaus.am.gov.br/semcom/#website","url":"https://www.manaus.am.gov.br/semcom/","name":"SEMCOM","description":"Secretaria Municipal de Comunicação","potentialAction":[{"@type":"SearchAction","target":{"@type":"EntryPoint","urlTemplate":"https://www.manaus.am.gov.br/semcom/?s={search_term_string}"},"query-input":"required name=search_term_string"}],"inLanguage":"pt-BR"}]}</script>
<!-- / Yoast SEO plugin. -->

A Prefeitura de Manaus, por meio da Fundação de Apoio ao Idoso Dr. Thomas (FDT), realiza, nesta sexta-feira, 14/3, a partir das 17h, simultaneamente, em cinco pontos estratégicos da cidade, uma importante ação de sensibilização de rua como parte da campanha “Eu Sou Cidadão Solidário”.

Secretaria Municipal de Comunicação
