{"id":235918,"date":"2025-03-12T15:22:21","date_gmt":"2025-03-12T18:22:21","guid":{"rendered":"https:\/\/www.manaus.am.gov.br\/semcom\/?post_type=pautas&#038;p=235918"},"modified":"2025-03-12T15:22:21","modified_gmt":"2025-03-12T18:22:21","slug":"prefeito-david-almeida-entrega-mais-15-moradias-reformadas-pelo-programa-casa-manauara-na-comunidade-rio-piorini","status":"publish","type":"pautas","link":"https:\/\/www.manaus.am.gov.br\/semcom\/pautas\/prefeito-david-almeida-entrega-mais-15-moradias-reformadas-pelo-programa-casa-manauara-na-comunidade-rio-piorini\/","title":{"rendered":"Prefeito David Almeida entrega mais 15 moradias reformadas pelo programa Casa Manauara na comunidade Rio Piorini"},"content":{"rendered":"\n<p>O prefeito de Manaus, David Almeida, entrega, nesta quinta-feira, 13\/3, mais 15 moradias reformadas pelo programa Casa Manauara, coordenado pela Secretaria Municipal de Habita\u00e7\u00e3o e Assuntos Fundi\u00e1rios (Semhaf). O evento acontece \u00e0s 10h, na comunidade Rio Piorini, bairro Col\u00f4nia Terra Nova, na zona Norte.<\/p>\n\n\n\n<p>O programa tem como objetivo melhorar as condi\u00e7\u00f5es de moradia de fam\u00edlias de baixa renda, realizando reparos estruturais essenciais, como troca de telhado, forro, parte el\u00e9trica, reboco, pintura e at\u00e9 a constru\u00e7\u00e3o de banheiros, de acordo com a necessidade de cada im\u00f3vel. Os moradores beneficiados destacam que a iniciativa tem impactado diretamente na qualidade de vida das fam\u00edlias.<\/p>\n\n\n\n<p>Al\u00e9m das reformas habitacionais, a prefeitura tamb\u00e9m est\u00e1 promovendo a regulariza\u00e7\u00e3o fundi\u00e1ria da \u00e1rea, aguardada h\u00e1 mais de 20 anos, garantindo seguran\u00e7a jur\u00eddica aos moradores e contribuindo para o desenvolvimento local.<\/p>\n\n\n\n<p>A a\u00e7\u00e3o refor\u00e7a o compromisso da gest\u00e3o municipal em proporcionar moradias mais dignas e seguras \u00e0 popula\u00e7\u00e3o, por meio de projetos que unem infraestrutura e dignidade.<\/p>\n\n\n\n<p><strong>SERVI\u00c7O:<\/strong><\/p>\n\n\n\n<p><strong>O qu\u00ea <\/strong>\u2013 Entrega de 15 moradias reformadas pelo programa Casa Manauara<\/p>\n\n\n\n<p><strong>Quando <\/strong>\u2013 Quinta-Feira, 13\/3<\/p>\n\n\n\n<p><strong>Hor\u00e1rio<\/strong> \u2013 10h<\/p>\n\n\n\n<p><strong>Local<\/strong> &#8211; Rua Santa Catarina, 689, comunidade Rio Piorini, bairro Col\u00f4nia Terra Nova<\/p>\n","protected":false},"featured_media":208729,"template":"","categories":[11431],"acf":[],"yoast_head":"<!-- This site is optimized with the Yoast SEO plugin v23.0 - https:\/\/yoast.com\/wordpress\/plugins\/seo\/ -->\n<title>Prefeito David Almeida entrega mais 15 moradias reformadas pelo programa Casa Manauara na comunidade Rio Piorini - SEMCOM<\/title>\n<meta name=\"robots\" content=\"index, follow, max-snippet:-1, max-image-preview:large, max-video-preview:-1\" \/>\n<link rel=\"canonical\" href=\"https:\/\/www.manaus.am.gov.br\/semcom\/pautas\/prefeito-david-almeida-entrega-mais-15-moradias-reformadas-pelo-programa-casa-manauara-na-comunidade-rio-piorini\/\" \/>\n<meta property=\"og:locale\" content=\"pt_BR\" \/>\n<meta property=\"og:type\" content=\"article\" \/>\n<meta property=\"og:title\" content=\"Prefeito David Almeida entrega mais 15 moradias reformadas pelo programa Casa Manauara na comunidade Rio Piorini - SEMCOM\" \/>\n<meta property=\"og:url\" content=\"https:\/\/www.manaus.am.gov.br\/semcom\/pautas\/prefeito-david-almeida-entrega-mais-15-moradias-reformadas-pelo-programa-casa-manauara-na-comunidade-rio-piorini\/\" \/>\n<meta property=\"og:site_name\" content=\"SEMCOM\" \/>\n<meta property=\"og:image\" content=\"https:\/\/www.manaus.am.gov.br\/semcom\/wp-content\/uploads\/sites\/5\/2023\/02\/sugestaodepauta.png\" \/>\n\t<meta property=\"og:image:width\" content=\"1020\" \/>\n\t<meta property=\"og:image:height\" content=\"540\" \/>\n\t<meta property=\"og:image:type\" content=\"image\/png\" \/>\n<meta name=\"twitter:card\" content=\"summary_large_image\" \/>\n<meta name=\"twitter:label1\" content=\"Est. reading time\" \/>\n\t<meta name=\"twitter:data1\" content=\"2 minutos\" \/>\n<script type=\"application\/ld+json\" class=\"yoast-schema-graph\">{\"@context\":\"https:\/\/schema.org\",\"@graph\":[{\"@type\":\"WebPage\",\"@id\":\"https:\/\/www.manaus.am.gov.br\/semcom\/pautas\/prefeito-david-almeida-entrega-mais-15-moradias-reformadas-pelo-programa-casa-manauara-na-comunidade-rio-piorini\/\",\"url\":\"https:\/\/www.manaus.am.gov.br\/semcom\/pautas\/prefeito-david-almeida-entrega-mais-15-moradias-reformadas-pelo-programa-casa-manauara-na-comunidade-rio-piorini\/\",\"name\":\"Prefeito David Almeida entrega mais 15 moradias reformadas pelo programa Casa Manauara na comunidade Rio Piorini - SEMCOM\",\"isPartOf\":{\"@id\":\"https:\/\/www.manaus.am.gov.br\/semcom\/#website\"},\"primaryImageOfPage\":{\"@id\":\"https:\/\/www.manaus.am.gov.br\/semcom\/pautas\/prefeito-david-almeida-entrega-mais-15-moradias-reformadas-pelo-programa-casa-manauara-na-comunidade-rio-piorini\/#primaryimage\"},\"image\":{\"@id\":\"https:\/\/www.manaus.am.gov.br\/semcom\/pautas\/prefeito-david-almeida-entrega-mais-15-moradias-reformadas-pelo-programa-casa-manauara-na-comunidade-rio-piorini\/#primaryimage\"},\"thumbnailUrl\":\"https:\/\/www.manaus.am.gov.br\/semcom\/wp-content\/uploads\/sites\/5\/2023\/02\/sugestaodepauta.png\",\"datePublished\":\"2025-03-12T18:22:21+00:00\",\"dateModified\":\"2025-03-12T18:22:21+00:00\",\"inLanguage\":\"pt-BR\",\"potentialAction\":[{\"@type\":\"ReadAction\",\"target\":[\"https:\/\/www.manaus.am.gov.br\/semcom\/pautas\/prefeito-david-almeida-entrega-mais-15-moradias-reformadas-pelo-programa-casa-manauara-na-comunidade-rio-piorini\/\"]}]},{\"@type\":\"ImageObject\",\"inLanguage\":\"pt-BR\",\"@id\":\"https:\/\/www.manaus.am.gov.br\/semcom\/pautas\/prefeito-david-almeida-entrega-mais-15-moradias-reformadas-pelo-programa-casa-manauara-na-comunidade-rio-piorini\/#primaryimage\",\"url\":\"https:\/\/www.manaus.am.gov.br\/semcom\/wp-content\/uploads\/sites\/5\/2023\/02\/sugestaodepauta.png\",\"contentUrl\":\"https:\/\/www.manaus.am.gov.br\/semcom\/wp-content\/uploads\/sites\/5\/2023\/02\/sugestaodepauta.png\",\"width\":1020,\"height\":540},{\"@type\":\"WebSite\",\"@id\":\"https:\/\/www.manaus.am.gov.br\/semcom\/#website\",\"url\":\"https:\/\/www.manaus.am.gov.br\/semcom\/\",\"name\":\"SEMCOM\",\"description\":\"Secretaria Municipal de Comunica\u00e7\u00e3o\",\"potentialAction\":[{\"@type\":\"SearchAction\",\"target\":{\"@type\":\"EntryPoint\",\"urlTemplate\":\"https:\/\/www.manaus.am.gov.br\/semcom\/?s={search_term_string}\"},\"query-input\":\"required name=search_term_string\"}],\"inLanguage\":\"pt-BR\"}]}<\/script>\n<!-- \/ Yoast SEO plugin. -->","yoast_head_json":{"title":"Prefeito David Almeida entrega mais 15 moradias reformadas pelo programa Casa Manauara na comunidade Rio Piorini - SEMCOM","robots":{"index":"index","follow":"follow","max-snippet":"max-snippet:-1","max-image-preview":"max-image-preview:large","max-video-preview":"max-video-preview:-1"},"canonical":"https:\/\/www.manaus.am.gov.br\/semcom\/pautas\/prefeito-david-almeida-entrega-mais-15-moradias-reformadas-pelo-programa-casa-manauara-na-comunidade-rio-piorini\/","og_locale":"pt_BR","og_type":"article","og_title":"Prefeito David Almeida entrega mais 15 moradias reformadas pelo programa Casa Manauara na comunidade Rio Piorini - SEMCOM","og_url":"https:\/\/www.manaus.am.gov.br\/semcom\/pautas\/prefeito-david-almeida-entrega-mais-15-moradias-reformadas-pelo-programa-casa-manauara-na-comunidade-rio-piorini\/","og_site_name":"SEMCOM","og_image":[{"width":1020,"height":540,"url":"https:\/\/www.manaus.am.gov.br\/semcom\/wp-content\/uploads\/sites\/5\/2023\/02\/sugestaodepauta.png","type":"image\/png"}],"twitter_card":"summary_large_image","twitter_misc":{"Est. reading time":"2 minutos"},"schema":{"@context":"https:\/\/schema.org","@graph":[{"@type":"WebPage","@id":"https:\/\/www.manaus.am.gov.br\/semcom\/pautas\/prefeito-david-almeida-entrega-mais-15-moradias-reformadas-pelo-programa-casa-manauara-na-comunidade-rio-piorini\/","url":"https:\/\/www.manaus.am.gov.br\/semcom\/pautas\/prefeito-david-almeida-entrega-mais-15-moradias-reformadas-pelo-programa-casa-manauara-na-comunidade-rio-piorini\/","name":"Prefeito David Almeida entrega mais 15 moradias reformadas pelo programa Casa Manauara na comunidade Rio Piorini - SEMCOM","isPartOf":{"@id":"https:\/\/www.manaus.am.gov.br\/semcom\/#website"},"primaryImageOfPage":{"@id":"https:\/\/www.manaus.am.gov.br\/semcom\/pautas\/prefeito-david-almeida-entrega-mais-15-moradias-reformadas-pelo-programa-casa-manauara-na-comunidade-rio-piorini\/#primaryimage"},"image":{"@id":"https:\/\/www.manaus.am.gov.br\/semcom\/pautas\/prefeito-david-almeida-entrega-mais-15-moradias-reformadas-pelo-programa-casa-manauara-na-comunidade-rio-piorini\/#primaryimage"},"thumbnailUrl":"https:\/\/www.manaus.am.gov.br\/semcom\/wp-content\/uploads\/sites\/5\/2023\/02\/sugestaodepauta.png","datePublished":"2025-03-12T18:22:21+00:00","dateModified":"2025-03-12T18:22:21+00:00","inLanguage":"pt-BR","potentialAction":[{"@type":"ReadAction","target":["https:\/\/www.manaus.am.gov.br\/semcom\/pautas\/prefeito-david-almeida-entrega-mais-15-moradias-reformadas-pelo-programa-casa-manauara-na-comunidade-rio-piorini\/"]}]},{"@type":"ImageObject","inLanguage":"pt-BR","@id":"https:\/\/www.manaus.am.gov.br\/semcom\/pautas\/prefeito-david-almeida-entrega-mais-15-moradias-reformadas-pelo-programa-casa-manauara-na-comunidade-rio-piorini\/#primaryimage","url":"https:\/\/www.manaus.am.gov.br\/semcom\/wp-content\/uploads\/sites\/5\/2023\/02\/sugestaodepauta.png","contentUrl":"https:\/\/www.manaus.am.gov.br\/semcom\/wp-content\/uploads\/sites\/5\/2023\/02\/sugestaodepauta.png","width":1020,"height":540},{"@type":"WebSite","@id":"https:\/\/www.manaus.am.gov.br\/semcom\/#website","url":"https:\/\/www.manaus.am.gov.br\/semcom\/","name":"SEMCOM","description":"Secretaria Municipal de Comunica\u00e7\u00e3o","potentialAction":[{"@type":"SearchAction","target":{"@type":"EntryPoint","urlTemplate":"https:\/\/www.manaus.am.gov.br\/semcom\/?s={search_term_string}"},"query-input":"required name=search_term_string"}],"inLanguage":"pt-BR"}]}},"_links":{"self":[{"href":"https:\/\/www.manaus.am.gov.br\/semcom\/wp-json\/wp\/v2\/pautas\/235918"}],"collection":[{"href":"https:\/\/www.manaus.am.gov.br\/semcom\/wp-json\/wp\/v2\/pautas"}],"about":[{"href":"https:\/\/www.manaus.am.gov.br\/semcom\/wp-json\/wp\/v2\/types\/pautas"}],"wp:featuredmedia":[{"embeddable":true,"href":"https:\/\/www.manaus.am.gov.br\/semcom\/wp-json\/wp\/v2\/media\/208729"}],"wp:attachment":[{"href":"https:\/\/www.manaus.am.gov.br\/semcom\/wp-json\/wp\/v2\/media?parent=235918"}],"wp:term":[{"taxonomy":"category","embeddable":true,"href":"https:\/\/www.manaus.am.gov.br\/semcom\/wp-json\/wp\/v2\/categories?post=235918"}],"curies":[{"name":"wp","href":"https:\/\/api.w.org\/{rel}","templated":true}]}}

<p>O prefeito de Manaus, David Almeida, entrega, nesta quinta-feira, 13/3, mais 15 moradias reformadas pelo programa Casa Manauara, coordenado pela Secretaria Municipal de Habitação e Assuntos Fundiários (Semhaf). O evento acontece às 10h, na comunidade Rio Piorini, bairro Colônia Terra Nova, na zona Norte.</p>



<p>O programa tem como objetivo melhorar as condições de moradia de famílias de baixa renda, realizando reparos estruturais essenciais, como troca de telhado, forro, parte elétrica, reboco, pintura e até a construção de banheiros, de acordo com a necessidade de cada imóvel. Os moradores beneficiados destacam que a iniciativa tem impactado diretamente na qualidade de vida das famílias.</p>



<p>Além das reformas habitacionais, a prefeitura também está promovendo a regularização fundiária da área, aguardada há mais de 20 anos, garantindo segurança jurídica aos moradores e contribuindo para o desenvolvimento local.</p>



<p>A ação reforça o compromisso da gestão municipal em proporcionar moradias mais dignas e seguras à população, por meio de projetos que unem infraestrutura e dignidade.</p>



<p><strong>SERVIÇO:</strong></p>



<p><strong>O quê </strong>– Entrega de 15 moradias reformadas pelo programa Casa Manauara</p>



<p><strong>Quando </strong>– Quinta-Feira, 13/3</p>



<p><strong>Horário</strong> – 10h</p>



<p><strong>Local</strong> &#8211; Rua Santa Catarina, 689, comunidade Rio Piorini, bairro Colônia Terra Nova</p>

<!-- This site is optimized with the Yoast SEO plugin v23.0 - https://yoast.com/wordpress/plugins/seo/ -->
<title>Prefeito David Almeida entrega mais 15 moradias reformadas pelo programa Casa Manauara na comunidade Rio Piorini - SEMCOM</title>
<meta name="robots" content="index, follow, max-snippet:-1, max-image-preview:large, max-video-preview:-1" />
<link rel="canonical" href="https://www.manaus.am.gov.br/semcom/pautas/prefeito-david-almeida-entrega-mais-15-moradias-reformadas-pelo-programa-casa-manauara-na-comunidade-rio-piorini/" />
<meta property="og:locale" content="pt_BR" />
<meta property="og:type" content="article" />
<meta property="og:title" content="Prefeito David Almeida entrega mais 15 moradias reformadas pelo programa Casa Manauara na comunidade Rio Piorini - SEMCOM" />
<meta property="og:url" content="https://www.manaus.am.gov.br/semcom/pautas/prefeito-david-almeida-entrega-mais-15-moradias-reformadas-pelo-programa-casa-manauara-na-comunidade-rio-piorini/" />
<meta property="og:site_name" content="SEMCOM" />
<meta property="og:image" content="https://www.manaus.am.gov.br/semcom/wp-content/uploads/sites/5/2023/02/sugestaodepauta.png" />
	<meta property="og:image:width" content="1020" />
	<meta property="og:image:height" content="540" />
	<meta property="og:image:type" content="image/png" />
<meta name="twitter:card" content="summary_large_image" />
<meta name="twitter:label1" content="Est. reading time" />
	<meta name="twitter:data1" content="2 minutos" />
<script type="application/ld+json" class="yoast-schema-graph">{"@context":"https://schema.org","@graph":[{"@type":"WebPage","@id":"https://www.manaus.am.gov.br/semcom/pautas/prefeito-david-almeida-entrega-mais-15-moradias-reformadas-pelo-programa-casa-manauara-na-comunidade-rio-piorini/","url":"https://www.manaus.am.gov.br/semcom/pautas/prefeito-david-almeida-entrega-mais-15-moradias-reformadas-pelo-programa-casa-manauara-na-comunidade-rio-piorini/","name":"Prefeito David Almeida entrega mais 15 moradias reformadas pelo programa Casa Manauara na comunidade Rio Piorini - SEMCOM","isPartOf":{"@id":"https://www.manaus.am.gov.br/semcom/#website"},"primaryImageOfPage":{"@id":"https://www.manaus.am.gov.br/semcom/pautas/prefeito-david-almeida-entrega-mais-15-moradias-reformadas-pelo-programa-casa-manauara-na-comunidade-rio-piorini/#primaryimage"},"image":{"@id":"https://www.manaus.am.gov.br/semcom/pautas/prefeito-david-almeida-entrega-mais-15-moradias-reformadas-pelo-programa-casa-manauara-na-comunidade-rio-piorini/#primaryimage"},"thumbnailUrl":"https://www.manaus.am.gov.br/semcom/wp-content/uploads/sites/5/2023/02/sugestaodepauta.png","datePublished":"2025-03-12T18:22:21+00:00","dateModified":"2025-03-12T18:22:21+00:00","inLanguage":"pt-BR","potentialAction":[{"@type":"ReadAction","target":["https://www.manaus.am.gov.br/semcom/pautas/prefeito-david-almeida-entrega-mais-15-moradias-reformadas-pelo-programa-casa-manauara-na-comunidade-rio-piorini/"]}]},{"@type":"ImageObject","inLanguage":"pt-BR","@id":"https://www.manaus.am.gov.br/semcom/pautas/prefeito-david-almeida-entrega-mais-15-moradias-reformadas-pelo-programa-casa-manauara-na-comunidade-rio-piorini/#primaryimage","url":"https://www.manaus.am.gov.br/semcom/wp-content/uploads/sites/5/2023/02/sugestaodepauta.png","contentUrl":"https://www.manaus.am.gov.br/semcom/wp-content/uploads/sites/5/2023/02/sugestaodepauta.png","width":1020,"height":540},{"@type":"WebSite","@id":"https://www.manaus.am.gov.br/semcom/#website","url":"https://www.manaus.am.gov.br/semcom/","name":"SEMCOM","description":"Secretaria Municipal de Comunicação","potentialAction":[{"@type":"SearchAction","target":{"@type":"EntryPoint","urlTemplate":"https://www.manaus.am.gov.br/semcom/?s={search_term_string}"},"query-input":"required name=search_term_string"}],"inLanguage":"pt-BR"}]}</script>
<!-- / Yoast SEO plugin. -->

Secretaria Municipal de Comunicação
