{"id":235198,"date":"2025-02-24T13:06:57","date_gmt":"2025-02-24T16:06:57","guid":{"rendered":"https:\/\/www.manaus.am.gov.br\/semcom\/?post_type=pautas&#038;p=235198"},"modified":"2025-02-24T13:06:58","modified_gmt":"2025-02-24T16:06:58","slug":"leilao-sucatas-27-2","status":"publish","type":"pautas","link":"https:\/\/www.manaus.am.gov.br\/semcom\/pautas\/leilao-sucatas-27-2\/","title":{"rendered":"Prefeitura de Manaus realiza leil\u00e3o de sucatas de ambul\u00e2ncias, ve\u00edculos e um trator nesta quinta-feira, 27\/2"},"content":{"rendered":"\n<p>A Prefeitura de Manaus, por meio da Secretaria Municipal de Administra\u00e7\u00e3o, Planejamento e Gest\u00e3o (Semad), realiza, nesta quinta-feira, 27\/2, \u00e0s 10h e 10h30, dois leil\u00f5es: um, de 26 sucatas de ambul\u00e2ncias, e outro, de 11 autom\u00f3veis e um trator. Os dois certames acontecer\u00e3o de forma simult\u00e2nea, nas modalidades eletr\u00f4nica, por meio do endere\u00e7o&nbsp;&nbsp;<a href=\"http:\/\/www.leiloesdonorte.com.br\/\" target=\"_blank\" rel=\"noreferrer noopener\">www.leiloesdonorte.com.br<\/a>, e presencial, no hotel Mercury, localizado na avenida M\u00e1rio Ypiranga Monteiro, n\u00ba 1.000, no bairro Adrian\u00f3polis, zona Centro-Sul da cidade.<\/p>\n\n\n\n<p>As sucatas de ambul\u00e2ncias, que ser\u00e3o leiloadas em lote \u00fanico, com lance m\u00ednimo de R$ 31.950 e incremento de R$ 100, classificadas como irrecuper\u00e1veis, j\u00e1 est\u00e3o regularizadas junto ao Departamento Estadual de Tr\u00e2nsito do Amazonas (Detran-AM).<\/p>\n\n\n\n<p>Os ve\u00edculos est\u00e3o divididos em 12 lotes individuais, sendo 11 autom\u00f3veis classificados como recuper\u00e1veis \u2013 seis, do modelo Fiesta, da Ford; cinco caminhonetes modelo L200 Triton, da Mitsubishi; e um trator New Rolland W130. Os lances iniciais variam entre R$ 5.067,68, com incremento de R$ 200, para os do modelo Fiesta; R$ 13.797,12; e o trator tem lance m\u00ednimo de R$ 47.484, tamb\u00e9m com incremento de R$ 200.&nbsp;&nbsp;&nbsp;&nbsp;&nbsp;<\/p>\n\n\n\n<p><strong>SERVI\u00c7O<\/strong><\/p>\n\n\n\n<p><strong>O qu\u00ea<\/strong>&nbsp;\u2013 Leil\u00e3o de sucatas de ambul\u00e2ncias, ve\u00edculos e um trator<\/p>\n\n\n\n<p><strong>Quando<\/strong>&nbsp;\u2013 Quinta-feira, 27\/2<\/p>\n\n\n\n<p><strong>Hor\u00e1rio<\/strong>&nbsp;\u2013 10h e 10h30<\/p>\n\n\n\n<p><strong>Local<\/strong>&nbsp;\u2013 Hotel Mercury, localizado na avenida M\u00e1rio Ypiranga Monteiro, n\u00ba 1.000, bairro Adrian\u00f3polis, zona Centro-Sul (presencial)<\/p>\n","protected":false},"featured_media":208729,"template":"","categories":[775],"acf":[],"yoast_head":"<!-- This site is optimized with the Yoast SEO plugin v23.0 - https:\/\/yoast.com\/wordpress\/plugins\/seo\/ -->\n<title>Leil\u00e3o de sucatas de ambul\u00e2ncias, ve\u00edculos e um trator<\/title>\n<meta name=\"description\" content=\"Prefeitura de Manaus realiza leil\u00e3o de sucatas de ambul\u00e2ncias, ve\u00edculos e um trator nesta quinta-feira, 27\/2.\" \/>\n<meta name=\"robots\" content=\"index, follow, max-snippet:-1, max-image-preview:large, max-video-preview:-1\" \/>\n<link rel=\"canonical\" href=\"https:\/\/www.manaus.am.gov.br\/semcom\/pautas\/leilao-sucatas-27-2\/\" \/>\n<meta property=\"og:locale\" content=\"pt_BR\" \/>\n<meta property=\"og:type\" content=\"article\" \/>\n<meta property=\"og:title\" content=\"Leil\u00e3o de sucatas de ambul\u00e2ncias, ve\u00edculos e um trator\" \/>\n<meta property=\"og:description\" content=\"Prefeitura de Manaus realiza leil\u00e3o de sucatas de ambul\u00e2ncias, ve\u00edculos e um trator nesta quinta-feira, 27\/2.\" \/>\n<meta property=\"og:url\" content=\"https:\/\/www.manaus.am.gov.br\/semcom\/pautas\/leilao-sucatas-27-2\/\" \/>\n<meta property=\"og:site_name\" content=\"SEMCOM\" \/>\n<meta property=\"article:modified_time\" content=\"2025-02-24T16:06:58+00:00\" \/>\n<meta property=\"og:image\" content=\"https:\/\/www.manaus.am.gov.br\/semcom\/wp-content\/uploads\/sites\/5\/2023\/02\/sugestaodepauta.png\" \/>\n\t<meta property=\"og:image:width\" content=\"1020\" \/>\n\t<meta property=\"og:image:height\" content=\"540\" \/>\n\t<meta property=\"og:image:type\" content=\"image\/png\" \/>\n<meta name=\"twitter:card\" content=\"summary_large_image\" \/>\n<meta name=\"twitter:label1\" content=\"Est. reading time\" \/>\n\t<meta name=\"twitter:data1\" content=\"2 minutos\" \/>\n<script type=\"application\/ld+json\" class=\"yoast-schema-graph\">{\"@context\":\"https:\/\/schema.org\",\"@graph\":[{\"@type\":\"WebPage\",\"@id\":\"https:\/\/www.manaus.am.gov.br\/semcom\/pautas\/leilao-sucatas-27-2\/\",\"url\":\"https:\/\/www.manaus.am.gov.br\/semcom\/pautas\/leilao-sucatas-27-2\/\",\"name\":\"Leil\u00e3o de sucatas de ambul\u00e2ncias, ve\u00edculos e um trator\",\"isPartOf\":{\"@id\":\"https:\/\/www.manaus.am.gov.br\/semcom\/#website\"},\"primaryImageOfPage\":{\"@id\":\"https:\/\/www.manaus.am.gov.br\/semcom\/pautas\/leilao-sucatas-27-2\/#primaryimage\"},\"image\":{\"@id\":\"https:\/\/www.manaus.am.gov.br\/semcom\/pautas\/leilao-sucatas-27-2\/#primaryimage\"},\"thumbnailUrl\":\"https:\/\/www.manaus.am.gov.br\/semcom\/wp-content\/uploads\/sites\/5\/2023\/02\/sugestaodepauta.png\",\"datePublished\":\"2025-02-24T16:06:57+00:00\",\"dateModified\":\"2025-02-24T16:06:58+00:00\",\"description\":\"Prefeitura de Manaus realiza leil\u00e3o de sucatas de ambul\u00e2ncias, ve\u00edculos e um trator nesta quinta-feira, 27\/2.\",\"inLanguage\":\"pt-BR\",\"potentialAction\":[{\"@type\":\"ReadAction\",\"target\":[\"https:\/\/www.manaus.am.gov.br\/semcom\/pautas\/leilao-sucatas-27-2\/\"]}]},{\"@type\":\"ImageObject\",\"inLanguage\":\"pt-BR\",\"@id\":\"https:\/\/www.manaus.am.gov.br\/semcom\/pautas\/leilao-sucatas-27-2\/#primaryimage\",\"url\":\"https:\/\/www.manaus.am.gov.br\/semcom\/wp-content\/uploads\/sites\/5\/2023\/02\/sugestaodepauta.png\",\"contentUrl\":\"https:\/\/www.manaus.am.gov.br\/semcom\/wp-content\/uploads\/sites\/5\/2023\/02\/sugestaodepauta.png\",\"width\":1020,\"height\":540},{\"@type\":\"WebSite\",\"@id\":\"https:\/\/www.manaus.am.gov.br\/semcom\/#website\",\"url\":\"https:\/\/www.manaus.am.gov.br\/semcom\/\",\"name\":\"SEMCOM\",\"description\":\"Secretaria Municipal de Comunica\u00e7\u00e3o\",\"potentialAction\":[{\"@type\":\"SearchAction\",\"target\":{\"@type\":\"EntryPoint\",\"urlTemplate\":\"https:\/\/www.manaus.am.gov.br\/semcom\/?s={search_term_string}\"},\"query-input\":\"required name=search_term_string\"}],\"inLanguage\":\"pt-BR\"}]}<\/script>\n<!-- \/ Yoast SEO plugin. -->","yoast_head_json":{"title":"Leil\u00e3o de sucatas de ambul\u00e2ncias, ve\u00edculos e um trator","description":"Prefeitura de Manaus realiza leil\u00e3o de sucatas de ambul\u00e2ncias, ve\u00edculos e um trator nesta quinta-feira, 27\/2.","robots":{"index":"index","follow":"follow","max-snippet":"max-snippet:-1","max-image-preview":"max-image-preview:large","max-video-preview":"max-video-preview:-1"},"canonical":"https:\/\/www.manaus.am.gov.br\/semcom\/pautas\/leilao-sucatas-27-2\/","og_locale":"pt_BR","og_type":"article","og_title":"Leil\u00e3o de sucatas de ambul\u00e2ncias, ve\u00edculos e um trator","og_description":"Prefeitura de Manaus realiza leil\u00e3o de sucatas de ambul\u00e2ncias, ve\u00edculos e um trator nesta quinta-feira, 27\/2.","og_url":"https:\/\/www.manaus.am.gov.br\/semcom\/pautas\/leilao-sucatas-27-2\/","og_site_name":"SEMCOM","article_modified_time":"2025-02-24T16:06:58+00:00","og_image":[{"width":1020,"height":540,"url":"https:\/\/www.manaus.am.gov.br\/semcom\/wp-content\/uploads\/sites\/5\/2023\/02\/sugestaodepauta.png","type":"image\/png"}],"twitter_card":"summary_large_image","twitter_misc":{"Est. reading time":"2 minutos"},"schema":{"@context":"https:\/\/schema.org","@graph":[{"@type":"WebPage","@id":"https:\/\/www.manaus.am.gov.br\/semcom\/pautas\/leilao-sucatas-27-2\/","url":"https:\/\/www.manaus.am.gov.br\/semcom\/pautas\/leilao-sucatas-27-2\/","name":"Leil\u00e3o de sucatas de ambul\u00e2ncias, ve\u00edculos e um trator","isPartOf":{"@id":"https:\/\/www.manaus.am.gov.br\/semcom\/#website"},"primaryImageOfPage":{"@id":"https:\/\/www.manaus.am.gov.br\/semcom\/pautas\/leilao-sucatas-27-2\/#primaryimage"},"image":{"@id":"https:\/\/www.manaus.am.gov.br\/semcom\/pautas\/leilao-sucatas-27-2\/#primaryimage"},"thumbnailUrl":"https:\/\/www.manaus.am.gov.br\/semcom\/wp-content\/uploads\/sites\/5\/2023\/02\/sugestaodepauta.png","datePublished":"2025-02-24T16:06:57+00:00","dateModified":"2025-02-24T16:06:58+00:00","description":"Prefeitura de Manaus realiza leil\u00e3o de sucatas de ambul\u00e2ncias, ve\u00edculos e um trator nesta quinta-feira, 27\/2.","inLanguage":"pt-BR","potentialAction":[{"@type":"ReadAction","target":["https:\/\/www.manaus.am.gov.br\/semcom\/pautas\/leilao-sucatas-27-2\/"]}]},{"@type":"ImageObject","inLanguage":"pt-BR","@id":"https:\/\/www.manaus.am.gov.br\/semcom\/pautas\/leilao-sucatas-27-2\/#primaryimage","url":"https:\/\/www.manaus.am.gov.br\/semcom\/wp-content\/uploads\/sites\/5\/2023\/02\/sugestaodepauta.png","contentUrl":"https:\/\/www.manaus.am.gov.br\/semcom\/wp-content\/uploads\/sites\/5\/2023\/02\/sugestaodepauta.png","width":1020,"height":540},{"@type":"WebSite","@id":"https:\/\/www.manaus.am.gov.br\/semcom\/#website","url":"https:\/\/www.manaus.am.gov.br\/semcom\/","name":"SEMCOM","description":"Secretaria Municipal de Comunica\u00e7\u00e3o","potentialAction":[{"@type":"SearchAction","target":{"@type":"EntryPoint","urlTemplate":"https:\/\/www.manaus.am.gov.br\/semcom\/?s={search_term_string}"},"query-input":"required name=search_term_string"}],"inLanguage":"pt-BR"}]}},"_links":{"self":[{"href":"https:\/\/www.manaus.am.gov.br\/semcom\/wp-json\/wp\/v2\/pautas\/235198"}],"collection":[{"href":"https:\/\/www.manaus.am.gov.br\/semcom\/wp-json\/wp\/v2\/pautas"}],"about":[{"href":"https:\/\/www.manaus.am.gov.br\/semcom\/wp-json\/wp\/v2\/types\/pautas"}],"wp:featuredmedia":[{"embeddable":true,"href":"https:\/\/www.manaus.am.gov.br\/semcom\/wp-json\/wp\/v2\/media\/208729"}],"wp:attachment":[{"href":"https:\/\/www.manaus.am.gov.br\/semcom\/wp-json\/wp\/v2\/media?parent=235198"}],"wp:term":[{"taxonomy":"category","embeddable":true,"href":"https:\/\/www.manaus.am.gov.br\/semcom\/wp-json\/wp\/v2\/categories?post=235198"}],"curies":[{"name":"wp","href":"https:\/\/api.w.org\/{rel}","templated":true}]}}

Prefeitura de Manaus realiza leilão de sucatas de ambulâncias, veículos e um trator nesta quinta-feira, 27/2

<p>A Prefeitura de Manaus, por meio da Secretaria Municipal de Administração, Planejamento e Gestão (Semad), realiza, nesta quinta-feira, 27/2, às 10h e 10h30, dois leilões: um, de 26 sucatas de ambulâncias, e outro, de 11 automóveis e um trator. Os dois certames acontecerão de forma simultânea, nas modalidades eletrônica, por meio do endereço&nbsp;&nbsp;<a href="http://www.leiloesdonorte.com.br/" target="_blank" rel="noreferrer noopener">www.leiloesdonorte.com.br</a>, e presencial, no hotel Mercury, localizado na avenida Mário Ypiranga Monteiro, nº 1.000, no bairro Adrianópolis, zona Centro-Sul da cidade.</p>



<p>As sucatas de ambulâncias, que serão leiloadas em lote único, com lance mínimo de R$ 31.950 e incremento de R$ 100, classificadas como irrecuperáveis, já estão regularizadas junto ao Departamento Estadual de Trânsito do Amazonas (Detran-AM).</p>



<p>Os veículos estão divididos em 12 lotes individuais, sendo 11 automóveis classificados como recuperáveis – seis, do modelo Fiesta, da Ford; cinco caminhonetes modelo L200 Triton, da Mitsubishi; e um trator New Rolland W130. Os lances iniciais variam entre R$ 5.067,68, com incremento de R$ 200, para os do modelo Fiesta; R$ 13.797,12; e o trator tem lance mínimo de R$ 47.484, também com incremento de R$ 200.&nbsp;&nbsp;&nbsp;&nbsp;&nbsp;</p>



<p><strong>SERVIÇO</strong></p>



<p><strong>O quê</strong>&nbsp;– Leilão de sucatas de ambulâncias, veículos e um trator</p>



<p><strong>Quando</strong>&nbsp;– Quinta-feira, 27/2</p>



<p><strong>Horário</strong>&nbsp;– 10h e 10h30</p>



<p><strong>Local</strong>&nbsp;– Hotel Mercury, localizado na avenida Mário Ypiranga Monteiro, nº 1.000, bairro Adrianópolis, zona Centro-Sul (presencial)</p>

<!-- This site is optimized with the Yoast SEO plugin v23.0 - https://yoast.com/wordpress/plugins/seo/ -->
<title>Leilão de sucatas de ambulâncias, veículos e um trator</title>
<meta name="description" content="Prefeitura de Manaus realiza leilão de sucatas de ambulâncias, veículos e um trator nesta quinta-feira, 27/2." />
<meta name="robots" content="index, follow, max-snippet:-1, max-image-preview:large, max-video-preview:-1" />
<link rel="canonical" href="https://www.manaus.am.gov.br/semcom/pautas/leilao-sucatas-27-2/" />
<meta property="og:locale" content="pt_BR" />
<meta property="og:type" content="article" />
<meta property="og:title" content="Leilão de sucatas de ambulâncias, veículos e um trator" />
<meta property="og:description" content="Prefeitura de Manaus realiza leilão de sucatas de ambulâncias, veículos e um trator nesta quinta-feira, 27/2." />
<meta property="og:url" content="https://www.manaus.am.gov.br/semcom/pautas/leilao-sucatas-27-2/" />
<meta property="og:site_name" content="SEMCOM" />
<meta property="article:modified_time" content="2025-02-24T16:06:58+00:00" />
<meta property="og:image" content="https://www.manaus.am.gov.br/semcom/wp-content/uploads/sites/5/2023/02/sugestaodepauta.png" />
	<meta property="og:image:width" content="1020" />
	<meta property="og:image:height" content="540" />
	<meta property="og:image:type" content="image/png" />
<meta name="twitter:card" content="summary_large_image" />
<meta name="twitter:label1" content="Est. reading time" />
	<meta name="twitter:data1" content="2 minutos" />
<script type="application/ld+json" class="yoast-schema-graph">{"@context":"https://schema.org","@graph":[{"@type":"WebPage","@id":"https://www.manaus.am.gov.br/semcom/pautas/leilao-sucatas-27-2/","url":"https://www.manaus.am.gov.br/semcom/pautas/leilao-sucatas-27-2/","name":"Leilão de sucatas de ambulâncias, veículos e um trator","isPartOf":{"@id":"https://www.manaus.am.gov.br/semcom/#website"},"primaryImageOfPage":{"@id":"https://www.manaus.am.gov.br/semcom/pautas/leilao-sucatas-27-2/#primaryimage"},"image":{"@id":"https://www.manaus.am.gov.br/semcom/pautas/leilao-sucatas-27-2/#primaryimage"},"thumbnailUrl":"https://www.manaus.am.gov.br/semcom/wp-content/uploads/sites/5/2023/02/sugestaodepauta.png","datePublished":"2025-02-24T16:06:57+00:00","dateModified":"2025-02-24T16:06:58+00:00","description":"Prefeitura de Manaus realiza leilão de sucatas de ambulâncias, veículos e um trator nesta quinta-feira, 27/2.","inLanguage":"pt-BR","potentialAction":[{"@type":"ReadAction","target":["https://www.manaus.am.gov.br/semcom/pautas/leilao-sucatas-27-2/"]}]},{"@type":"ImageObject","inLanguage":"pt-BR","@id":"https://www.manaus.am.gov.br/semcom/pautas/leilao-sucatas-27-2/#primaryimage","url":"https://www.manaus.am.gov.br/semcom/wp-content/uploads/sites/5/2023/02/sugestaodepauta.png","contentUrl":"https://www.manaus.am.gov.br/semcom/wp-content/uploads/sites/5/2023/02/sugestaodepauta.png","width":1020,"height":540},{"@type":"WebSite","@id":"https://www.manaus.am.gov.br/semcom/#website","url":"https://www.manaus.am.gov.br/semcom/","name":"SEMCOM","description":"Secretaria Municipal de Comunicação","potentialAction":[{"@type":"SearchAction","target":{"@type":"EntryPoint","urlTemplate":"https://www.manaus.am.gov.br/semcom/?s={search_term_string}"},"query-input":"required name=search_term_string"}],"inLanguage":"pt-BR"}]}</script>
<!-- / Yoast SEO plugin. -->

Leilão de sucatas de ambulâncias, veículos e um trator

Prefeitura de Manaus realiza leilão de sucatas de ambulâncias, veículos e um trator nesta quinta-feira, 27/2.

Secretaria Municipal de Comunicação
