{"id":235024,"date":"2025-02-20T11:24:51","date_gmt":"2025-02-20T14:24:51","guid":{"rendered":"https:\/\/www.manaus.am.gov.br\/semcom\/?post_type=pautas&#038;p=235024"},"modified":"2025-02-20T15:21:32","modified_gmt":"2025-02-20T18:21:32","slug":"prefeitura-implurb-alvara","status":"publish","type":"pautas","link":"https:\/\/www.manaus.am.gov.br\/semcom\/pautas\/prefeitura-implurb-alvara\/","title":{"rendered":"Prefeito David Almeida lan\u00e7a sistema in\u00e9dito do novo Alvar\u00e1 de Constru\u00e7\u00e3o Mais F\u00e1cil"},"content":{"rendered":"\n<p>O prefeito de Manaus, David Almeida, acompanhado do diretor-presidente do Instituto Municipal de Planejamento Urbano (Implurb), Carlos Valente, e demais secret\u00e1rios, lan\u00e7a, nesta sexta-feira, 21\/2, \u00e0s 9h, o sistema in\u00e9dito da Prefeitura de Manaus, o novo Alvar\u00e1 de Constru\u00e7\u00e3o Mais F\u00e1cil (ACMF).<\/p>\n\n\n\n<p>Com o ACMF, o tempo de licenciamento na capital ser\u00e1 reduzido de uma m\u00e9dia de 23 dias para at\u00e9 2 horas, desde que as constru\u00e7\u00f5es se enquadrem na previs\u00e3o da lei. Ser\u00e1 beneficiada toda a cadeia do construbusiness para obras de at\u00e9 750 metros quadrados com, no m\u00e1ximo, quatro pavimentos, dos tipos 1 e 2, de constru\u00e7\u00e3o unifamiliar, multifamiliar e de uso comercial, servi\u00e7o, industrial ou misto, enquadradas nas atividades de baixo impacto.<\/p>\n\n\n\n<p>A nova medida n\u00e3o apenas acelera o mercado de neg\u00f3cios, como reflete um compromisso da gest\u00e3o David Almeida com a moderniza\u00e7\u00e3o e melhoria do setor, tornando a capital mais atrativa para investimentos e expans\u00e3o.<\/p>\n\n\n\n<p><strong>SERVI\u00c7O:<\/strong><\/p>\n\n\n\n<p><strong>O qu\u00ea<\/strong> \u2013 Lan\u00e7amento do sistema do novo Alvar\u00e1 de Constru\u00e7\u00e3o Mais F\u00e1cil (ACMF)<\/p>\n\n\n\n<p><strong>Quando<\/strong> \u2013 Sexta-feira, 21\/2<\/p>\n\n\n\n<p><strong>Hor\u00e1rio<\/strong> \u2013 9h<\/p>\n\n\n\n<p><strong>Local<\/strong> \u2013 Audit\u00f3rio Isabel Victoria de Mattos Pereira do Carmo Ribeiro, na sede da prefeitura, no bairro Compensa, zona Oeste.<\/p>\n","protected":false},"featured_media":208729,"template":"","categories":[798],"acf":[],"yoast_head":"<!-- This site is optimized with the Yoast SEO plugin v23.0 - https:\/\/yoast.com\/wordpress\/plugins\/seo\/ -->\n<title>Prefeito David Almeida lan\u00e7a sistema in\u00e9dito do novo Alvar\u00e1 de Constru\u00e7\u00e3o Mais F\u00e1cil<\/title>\n<meta name=\"description\" content=\"O prefeito de Manaus, David Almeida, acompanhado do diretor-presidente do Instituto Municipal de Planejamento Urbano (Implurb), Carlos Valente, e demais secret\u00e1rios, lan\u00e7a, nesta sexta-feira, 21\/2, \u00e0s 10h, o sistema in\u00e9dito da Prefeitura de Manaus, o novo Alvar\u00e1 de Constru\u00e7\u00e3o Mais F\u00e1cil (ACMF).\" \/>\n<meta name=\"robots\" content=\"index, follow, max-snippet:-1, max-image-preview:large, max-video-preview:-1\" \/>\n<link rel=\"canonical\" href=\"https:\/\/www.manaus.am.gov.br\/semcom\/pautas\/prefeitura-implurb-alvara\/\" \/>\n<meta property=\"og:locale\" content=\"pt_BR\" \/>\n<meta property=\"og:type\" content=\"article\" \/>\n<meta property=\"og:title\" content=\"Prefeito David Almeida lan\u00e7a sistema in\u00e9dito do novo Alvar\u00e1 de Constru\u00e7\u00e3o Mais F\u00e1cil\" \/>\n<meta property=\"og:description\" content=\"O prefeito de Manaus, David Almeida, acompanhado do diretor-presidente do Instituto Municipal de Planejamento Urbano (Implurb), Carlos Valente, e demais secret\u00e1rios, lan\u00e7a, nesta sexta-feira, 21\/2, \u00e0s 10h, o sistema in\u00e9dito da Prefeitura de Manaus, o novo Alvar\u00e1 de Constru\u00e7\u00e3o Mais F\u00e1cil (ACMF).\" \/>\n<meta property=\"og:url\" content=\"https:\/\/www.manaus.am.gov.br\/semcom\/pautas\/prefeitura-implurb-alvara\/\" \/>\n<meta property=\"og:site_name\" content=\"SEMCOM\" \/>\n<meta property=\"article:modified_time\" content=\"2025-02-20T18:21:32+00:00\" \/>\n<meta property=\"og:image\" content=\"https:\/\/www.manaus.am.gov.br\/semcom\/wp-content\/uploads\/sites\/5\/2023\/02\/sugestaodepauta.png\" \/>\n\t<meta property=\"og:image:width\" content=\"1020\" \/>\n\t<meta property=\"og:image:height\" content=\"540\" \/>\n\t<meta property=\"og:image:type\" content=\"image\/png\" \/>\n<meta name=\"twitter:card\" content=\"summary_large_image\" \/>\n<meta name=\"twitter:label1\" content=\"Est. reading time\" \/>\n\t<meta name=\"twitter:data1\" content=\"2 minutos\" \/>\n<script type=\"application\/ld+json\" class=\"yoast-schema-graph\">{\"@context\":\"https:\/\/schema.org\",\"@graph\":[{\"@type\":\"WebPage\",\"@id\":\"https:\/\/www.manaus.am.gov.br\/semcom\/pautas\/prefeitura-implurb-alvara\/\",\"url\":\"https:\/\/www.manaus.am.gov.br\/semcom\/pautas\/prefeitura-implurb-alvara\/\",\"name\":\"Prefeito David Almeida lan\u00e7a sistema in\u00e9dito do novo Alvar\u00e1 de Constru\u00e7\u00e3o Mais F\u00e1cil\",\"isPartOf\":{\"@id\":\"https:\/\/www.manaus.am.gov.br\/semcom\/#website\"},\"primaryImageOfPage\":{\"@id\":\"https:\/\/www.manaus.am.gov.br\/semcom\/pautas\/prefeitura-implurb-alvara\/#primaryimage\"},\"image\":{\"@id\":\"https:\/\/www.manaus.am.gov.br\/semcom\/pautas\/prefeitura-implurb-alvara\/#primaryimage\"},\"thumbnailUrl\":\"https:\/\/www.manaus.am.gov.br\/semcom\/wp-content\/uploads\/sites\/5\/2023\/02\/sugestaodepauta.png\",\"datePublished\":\"2025-02-20T14:24:51+00:00\",\"dateModified\":\"2025-02-20T18:21:32+00:00\",\"description\":\"O prefeito de Manaus, David Almeida, acompanhado do diretor-presidente do Instituto Municipal de Planejamento Urbano (Implurb), Carlos Valente, e demais secret\u00e1rios, lan\u00e7a, nesta sexta-feira, 21\/2, \u00e0s 10h, o sistema in\u00e9dito da Prefeitura de Manaus, o novo Alvar\u00e1 de Constru\u00e7\u00e3o Mais F\u00e1cil (ACMF).\",\"inLanguage\":\"pt-BR\",\"potentialAction\":[{\"@type\":\"ReadAction\",\"target\":[\"https:\/\/www.manaus.am.gov.br\/semcom\/pautas\/prefeitura-implurb-alvara\/\"]}]},{\"@type\":\"ImageObject\",\"inLanguage\":\"pt-BR\",\"@id\":\"https:\/\/www.manaus.am.gov.br\/semcom\/pautas\/prefeitura-implurb-alvara\/#primaryimage\",\"url\":\"https:\/\/www.manaus.am.gov.br\/semcom\/wp-content\/uploads\/sites\/5\/2023\/02\/sugestaodepauta.png\",\"contentUrl\":\"https:\/\/www.manaus.am.gov.br\/semcom\/wp-content\/uploads\/sites\/5\/2023\/02\/sugestaodepauta.png\",\"width\":1020,\"height\":540},{\"@type\":\"WebSite\",\"@id\":\"https:\/\/www.manaus.am.gov.br\/semcom\/#website\",\"url\":\"https:\/\/www.manaus.am.gov.br\/semcom\/\",\"name\":\"SEMCOM\",\"description\":\"Secretaria Municipal de Comunica\u00e7\u00e3o\",\"potentialAction\":[{\"@type\":\"SearchAction\",\"target\":{\"@type\":\"EntryPoint\",\"urlTemplate\":\"https:\/\/www.manaus.am.gov.br\/semcom\/?s={search_term_string}\"},\"query-input\":\"required name=search_term_string\"}],\"inLanguage\":\"pt-BR\"}]}<\/script>\n<!-- \/ Yoast SEO plugin. -->","yoast_head_json":{"title":"Prefeito David Almeida lan\u00e7a sistema in\u00e9dito do novo Alvar\u00e1 de Constru\u00e7\u00e3o Mais F\u00e1cil","description":"O prefeito de Manaus, David Almeida, acompanhado do diretor-presidente do Instituto Municipal de Planejamento Urbano (Implurb), Carlos Valente, e demais secret\u00e1rios, lan\u00e7a, nesta sexta-feira, 21\/2, \u00e0s 10h, o sistema in\u00e9dito da Prefeitura de Manaus, o novo Alvar\u00e1 de Constru\u00e7\u00e3o Mais F\u00e1cil (ACMF).","robots":{"index":"index","follow":"follow","max-snippet":"max-snippet:-1","max-image-preview":"max-image-preview:large","max-video-preview":"max-video-preview:-1"},"canonical":"https:\/\/www.manaus.am.gov.br\/semcom\/pautas\/prefeitura-implurb-alvara\/","og_locale":"pt_BR","og_type":"article","og_title":"Prefeito David Almeida lan\u00e7a sistema in\u00e9dito do novo Alvar\u00e1 de Constru\u00e7\u00e3o Mais F\u00e1cil","og_description":"O prefeito de Manaus, David Almeida, acompanhado do diretor-presidente do Instituto Municipal de Planejamento Urbano (Implurb), Carlos Valente, e demais secret\u00e1rios, lan\u00e7a, nesta sexta-feira, 21\/2, \u00e0s 10h, o sistema in\u00e9dito da Prefeitura de Manaus, o novo Alvar\u00e1 de Constru\u00e7\u00e3o Mais F\u00e1cil (ACMF).","og_url":"https:\/\/www.manaus.am.gov.br\/semcom\/pautas\/prefeitura-implurb-alvara\/","og_site_name":"SEMCOM","article_modified_time":"2025-02-20T18:21:32+00:00","og_image":[{"width":1020,"height":540,"url":"https:\/\/www.manaus.am.gov.br\/semcom\/wp-content\/uploads\/sites\/5\/2023\/02\/sugestaodepauta.png","type":"image\/png"}],"twitter_card":"summary_large_image","twitter_misc":{"Est. reading time":"2 minutos"},"schema":{"@context":"https:\/\/schema.org","@graph":[{"@type":"WebPage","@id":"https:\/\/www.manaus.am.gov.br\/semcom\/pautas\/prefeitura-implurb-alvara\/","url":"https:\/\/www.manaus.am.gov.br\/semcom\/pautas\/prefeitura-implurb-alvara\/","name":"Prefeito David Almeida lan\u00e7a sistema in\u00e9dito do novo Alvar\u00e1 de Constru\u00e7\u00e3o Mais F\u00e1cil","isPartOf":{"@id":"https:\/\/www.manaus.am.gov.br\/semcom\/#website"},"primaryImageOfPage":{"@id":"https:\/\/www.manaus.am.gov.br\/semcom\/pautas\/prefeitura-implurb-alvara\/#primaryimage"},"image":{"@id":"https:\/\/www.manaus.am.gov.br\/semcom\/pautas\/prefeitura-implurb-alvara\/#primaryimage"},"thumbnailUrl":"https:\/\/www.manaus.am.gov.br\/semcom\/wp-content\/uploads\/sites\/5\/2023\/02\/sugestaodepauta.png","datePublished":"2025-02-20T14:24:51+00:00","dateModified":"2025-02-20T18:21:32+00:00","description":"O prefeito de Manaus, David Almeida, acompanhado do diretor-presidente do Instituto Municipal de Planejamento Urbano (Implurb), Carlos Valente, e demais secret\u00e1rios, lan\u00e7a, nesta sexta-feira, 21\/2, \u00e0s 10h, o sistema in\u00e9dito da Prefeitura de Manaus, o novo Alvar\u00e1 de Constru\u00e7\u00e3o Mais F\u00e1cil (ACMF).","inLanguage":"pt-BR","potentialAction":[{"@type":"ReadAction","target":["https:\/\/www.manaus.am.gov.br\/semcom\/pautas\/prefeitura-implurb-alvara\/"]}]},{"@type":"ImageObject","inLanguage":"pt-BR","@id":"https:\/\/www.manaus.am.gov.br\/semcom\/pautas\/prefeitura-implurb-alvara\/#primaryimage","url":"https:\/\/www.manaus.am.gov.br\/semcom\/wp-content\/uploads\/sites\/5\/2023\/02\/sugestaodepauta.png","contentUrl":"https:\/\/www.manaus.am.gov.br\/semcom\/wp-content\/uploads\/sites\/5\/2023\/02\/sugestaodepauta.png","width":1020,"height":540},{"@type":"WebSite","@id":"https:\/\/www.manaus.am.gov.br\/semcom\/#website","url":"https:\/\/www.manaus.am.gov.br\/semcom\/","name":"SEMCOM","description":"Secretaria Municipal de Comunica\u00e7\u00e3o","potentialAction":[{"@type":"SearchAction","target":{"@type":"EntryPoint","urlTemplate":"https:\/\/www.manaus.am.gov.br\/semcom\/?s={search_term_string}"},"query-input":"required name=search_term_string"}],"inLanguage":"pt-BR"}]}},"_links":{"self":[{"href":"https:\/\/www.manaus.am.gov.br\/semcom\/wp-json\/wp\/v2\/pautas\/235024"}],"collection":[{"href":"https:\/\/www.manaus.am.gov.br\/semcom\/wp-json\/wp\/v2\/pautas"}],"about":[{"href":"https:\/\/www.manaus.am.gov.br\/semcom\/wp-json\/wp\/v2\/types\/pautas"}],"wp:featuredmedia":[{"embeddable":true,"href":"https:\/\/www.manaus.am.gov.br\/semcom\/wp-json\/wp\/v2\/media\/208729"}],"wp:attachment":[{"href":"https:\/\/www.manaus.am.gov.br\/semcom\/wp-json\/wp\/v2\/media?parent=235024"}],"wp:term":[{"taxonomy":"category","embeddable":true,"href":"https:\/\/www.manaus.am.gov.br\/semcom\/wp-json\/wp\/v2\/categories?post=235024"}],"curies":[{"name":"wp","href":"https:\/\/api.w.org\/{rel}","templated":true}]}}

Prefeito David Almeida lança sistema inédito do novo Alvará de Construção Mais Fácil

<p>O prefeito de Manaus, David Almeida, acompanhado do diretor-presidente do Instituto Municipal de Planejamento Urbano (Implurb), Carlos Valente, e demais secretários, lança, nesta sexta-feira, 21/2, às 9h, o sistema inédito da Prefeitura de Manaus, o novo Alvará de Construção Mais Fácil (ACMF).</p>



<p>Com o ACMF, o tempo de licenciamento na capital será reduzido de uma média de 23 dias para até 2 horas, desde que as construções se enquadrem na previsão da lei. Será beneficiada toda a cadeia do construbusiness para obras de até 750 metros quadrados com, no máximo, quatro pavimentos, dos tipos 1 e 2, de construção unifamiliar, multifamiliar e de uso comercial, serviço, industrial ou misto, enquadradas nas atividades de baixo impacto.</p>



<p>A nova medida não apenas acelera o mercado de negócios, como reflete um compromisso da gestão David Almeida com a modernização e melhoria do setor, tornando a capital mais atrativa para investimentos e expansão.</p>



<p><strong>SERVIÇO:</strong></p>



<p><strong>O quê</strong> – Lançamento do sistema do novo Alvará de Construção Mais Fácil (ACMF)</p>



<p><strong>Quando</strong> – Sexta-feira, 21/2</p>



<p><strong>Horário</strong> – 9h</p>



<p><strong>Local</strong> – Auditório Isabel Victoria de Mattos Pereira do Carmo Ribeiro, na sede da prefeitura, no bairro Compensa, zona Oeste.</p>

<!-- This site is optimized with the Yoast SEO plugin v23.0 - https://yoast.com/wordpress/plugins/seo/ -->
<title>Prefeito David Almeida lança sistema inédito do novo Alvará de Construção Mais Fácil</title>
<meta name="description" content="O prefeito de Manaus, David Almeida, acompanhado do diretor-presidente do Instituto Municipal de Planejamento Urbano (Implurb), Carlos Valente, e demais secretários, lança, nesta sexta-feira, 21/2, às 10h, o sistema inédito da Prefeitura de Manaus, o novo Alvará de Construção Mais Fácil (ACMF)." />
<meta name="robots" content="index, follow, max-snippet:-1, max-image-preview:large, max-video-preview:-1" />
<link rel="canonical" href="https://www.manaus.am.gov.br/semcom/pautas/prefeitura-implurb-alvara/" />
<meta property="og:locale" content="pt_BR" />
<meta property="og:type" content="article" />
<meta property="og:title" content="Prefeito David Almeida lança sistema inédito do novo Alvará de Construção Mais Fácil" />
<meta property="og:description" content="O prefeito de Manaus, David Almeida, acompanhado do diretor-presidente do Instituto Municipal de Planejamento Urbano (Implurb), Carlos Valente, e demais secretários, lança, nesta sexta-feira, 21/2, às 10h, o sistema inédito da Prefeitura de Manaus, o novo Alvará de Construção Mais Fácil (ACMF)." />
<meta property="og:url" content="https://www.manaus.am.gov.br/semcom/pautas/prefeitura-implurb-alvara/" />
<meta property="og:site_name" content="SEMCOM" />
<meta property="article:modified_time" content="2025-02-20T18:21:32+00:00" />
<meta property="og:image" content="https://www.manaus.am.gov.br/semcom/wp-content/uploads/sites/5/2023/02/sugestaodepauta.png" />
	<meta property="og:image:width" content="1020" />
	<meta property="og:image:height" content="540" />
	<meta property="og:image:type" content="image/png" />
<meta name="twitter:card" content="summary_large_image" />
<meta name="twitter:label1" content="Est. reading time" />
	<meta name="twitter:data1" content="2 minutos" />
<script type="application/ld+json" class="yoast-schema-graph">{"@context":"https://schema.org","@graph":[{"@type":"WebPage","@id":"https://www.manaus.am.gov.br/semcom/pautas/prefeitura-implurb-alvara/","url":"https://www.manaus.am.gov.br/semcom/pautas/prefeitura-implurb-alvara/","name":"Prefeito David Almeida lança sistema inédito do novo Alvará de Construção Mais Fácil","isPartOf":{"@id":"https://www.manaus.am.gov.br/semcom/#website"},"primaryImageOfPage":{"@id":"https://www.manaus.am.gov.br/semcom/pautas/prefeitura-implurb-alvara/#primaryimage"},"image":{"@id":"https://www.manaus.am.gov.br/semcom/pautas/prefeitura-implurb-alvara/#primaryimage"},"thumbnailUrl":"https://www.manaus.am.gov.br/semcom/wp-content/uploads/sites/5/2023/02/sugestaodepauta.png","datePublished":"2025-02-20T14:24:51+00:00","dateModified":"2025-02-20T18:21:32+00:00","description":"O prefeito de Manaus, David Almeida, acompanhado do diretor-presidente do Instituto Municipal de Planejamento Urbano (Implurb), Carlos Valente, e demais secretários, lança, nesta sexta-feira, 21/2, às 10h, o sistema inédito da Prefeitura de Manaus, o novo Alvará de Construção Mais Fácil (ACMF).","inLanguage":"pt-BR","potentialAction":[{"@type":"ReadAction","target":["https://www.manaus.am.gov.br/semcom/pautas/prefeitura-implurb-alvara/"]}]},{"@type":"ImageObject","inLanguage":"pt-BR","@id":"https://www.manaus.am.gov.br/semcom/pautas/prefeitura-implurb-alvara/#primaryimage","url":"https://www.manaus.am.gov.br/semcom/wp-content/uploads/sites/5/2023/02/sugestaodepauta.png","contentUrl":"https://www.manaus.am.gov.br/semcom/wp-content/uploads/sites/5/2023/02/sugestaodepauta.png","width":1020,"height":540},{"@type":"WebSite","@id":"https://www.manaus.am.gov.br/semcom/#website","url":"https://www.manaus.am.gov.br/semcom/","name":"SEMCOM","description":"Secretaria Municipal de Comunicação","potentialAction":[{"@type":"SearchAction","target":{"@type":"EntryPoint","urlTemplate":"https://www.manaus.am.gov.br/semcom/?s={search_term_string}"},"query-input":"required name=search_term_string"}],"inLanguage":"pt-BR"}]}</script>
<!-- / Yoast SEO plugin. -->

O prefeito de Manaus, David Almeida, acompanhado do diretor-presidente do Instituto Municipal de Planejamento Urbano (Implurb), Carlos Valente, e demais secretários, lança, nesta sexta-feira, 21/2, às 10h, o sistema inédito da Prefeitura de Manaus, o novo Alvará de Construção Mais Fácil (ACMF).

Secretaria Municipal de Comunicação
