{"id":234861,"date":"2025-02-14T20:12:23","date_gmt":"2025-02-14T23:12:23","guid":{"rendered":"https:\/\/www.manaus.am.gov.br\/semcom\/?post_type=pautas&#038;p=234861"},"modified":"2025-02-14T20:12:24","modified_gmt":"2025-02-14T23:12:24","slug":"evento-carnaval-2025","status":"publish","type":"pautas","link":"https:\/\/www.manaus.am.gov.br\/semcom\/pautas\/evento-carnaval-2025\/","title":{"rendered":"Prefeitura de Manaus promove \u2018Empreende Folia\u2019 neste domingo"},"content":{"rendered":"\n<p>A Prefeitura de Manaus, por meio da Secretaria Municipal do Trabalho, Empreendedorismo e Inova\u00e7\u00e3o (Semtepi), realiza, neste domingo, 16\/2, a partir das 17h, o primeiro grito de Carnaval do \u201cEmpreende Folia&#8221;. A concentra\u00e7\u00e3o do evento ser\u00e1 na Feira do Empreendedor, localizada no cal\u00e7ad\u00e3o da Ponta Negra, na zona Oeste de Manaus, e seguir\u00e1 at\u00e9 a Casa de Praia Zezinho Corr\u00eaa.<br><br>Entre as atra\u00e7\u00f5es principais do evento est\u00e1 a tradicional banda carioca Cord\u00e3o da Bola Preta. Mais de 60 idosos da Funda\u00e7\u00e3o Doutor Thomas (FDT) tamb\u00e9m v\u00e3o participar do evento, onde ser\u00e1 realizada a escolha do \u2018Muso e Musa da Terceira Idade\u2019, eleitos por tr\u00eas jurados.<br><br>O \u201cEmpreende Folia&#8221; \u00e9 uma iniciativa que visa fomentar o empreendedorismo criativo e destacar os talentos locais, especialmente os empreendedores que atuam no cal\u00e7ad\u00e3o da Ponta Negra.<br><\/p>\n\n\n\n<p><strong>SERVI\u00c7O<\/strong><strong><br><\/strong><strong><br><\/strong><strong>O qu\u00ea \u2013 <\/strong>Prefeitura de Manaus promove \u2018Empreende Folia\u2019 neste domingo<br><strong>Quando \u2013 <\/strong>Domingo, 16\/2<br><strong>Hor\u00e1rio \u2013 <\/strong>17h<br><strong>Local \u2013 <\/strong>Feira do Empreendedor, localizada no cal\u00e7ad\u00e3o da Ponta Negra, bairro Ponta Negra, zona Oeste (concentra\u00e7\u00e3o do evento).<\/p>\n","protected":false},"featured_media":208729,"template":"","categories":[806],"acf":[],"yoast_head":"<!-- This site is optimized with the Yoast SEO plugin v23.0 - https:\/\/yoast.com\/wordpress\/plugins\/seo\/ -->\n<title>Prefeitura de Manaus promove \u2018Empreende Folia\u2019 neste domingo<\/title>\n<meta name=\"description\" content=\"A Prefeitura de Manaus, realiza, neste domingo, 16\/2, a partir das 17h, o primeiro grito de Carnaval do \u201cEmpreende Folia&quot;.\" \/>\n<meta name=\"robots\" content=\"index, follow, max-snippet:-1, max-image-preview:large, max-video-preview:-1\" \/>\n<link rel=\"canonical\" href=\"https:\/\/www.manaus.am.gov.br\/semcom\/pautas\/evento-carnaval-2025\/\" \/>\n<meta property=\"og:locale\" content=\"pt_BR\" \/>\n<meta property=\"og:type\" content=\"article\" \/>\n<meta property=\"og:title\" content=\"Prefeitura de Manaus promove \u2018Empreende Folia\u2019 neste domingo\" \/>\n<meta property=\"og:description\" content=\"A Prefeitura de Manaus, realiza, neste domingo, 16\/2, a partir das 17h, o primeiro grito de Carnaval do \u201cEmpreende Folia&quot;.\" \/>\n<meta property=\"og:url\" content=\"https:\/\/www.manaus.am.gov.br\/semcom\/pautas\/evento-carnaval-2025\/\" \/>\n<meta property=\"og:site_name\" content=\"SEMCOM\" \/>\n<meta property=\"article:modified_time\" content=\"2025-02-14T23:12:24+00:00\" \/>\n<meta property=\"og:image\" content=\"https:\/\/www.manaus.am.gov.br\/semcom\/wp-content\/uploads\/sites\/5\/2023\/02\/sugestaodepauta.png\" \/>\n\t<meta property=\"og:image:width\" content=\"1020\" \/>\n\t<meta property=\"og:image:height\" content=\"540\" \/>\n\t<meta property=\"og:image:type\" content=\"image\/png\" \/>\n<meta name=\"twitter:card\" content=\"summary_large_image\" \/>\n<meta name=\"twitter:label1\" content=\"Est. reading time\" \/>\n\t<meta name=\"twitter:data1\" content=\"2 minutos\" \/>\n<script type=\"application\/ld+json\" class=\"yoast-schema-graph\">{\"@context\":\"https:\/\/schema.org\",\"@graph\":[{\"@type\":\"WebPage\",\"@id\":\"https:\/\/www.manaus.am.gov.br\/semcom\/pautas\/evento-carnaval-2025\/\",\"url\":\"https:\/\/www.manaus.am.gov.br\/semcom\/pautas\/evento-carnaval-2025\/\",\"name\":\"Prefeitura de Manaus promove \u2018Empreende Folia\u2019 neste domingo\",\"isPartOf\":{\"@id\":\"https:\/\/www.manaus.am.gov.br\/semcom\/#website\"},\"primaryImageOfPage\":{\"@id\":\"https:\/\/www.manaus.am.gov.br\/semcom\/pautas\/evento-carnaval-2025\/#primaryimage\"},\"image\":{\"@id\":\"https:\/\/www.manaus.am.gov.br\/semcom\/pautas\/evento-carnaval-2025\/#primaryimage\"},\"thumbnailUrl\":\"https:\/\/www.manaus.am.gov.br\/semcom\/wp-content\/uploads\/sites\/5\/2023\/02\/sugestaodepauta.png\",\"datePublished\":\"2025-02-14T23:12:23+00:00\",\"dateModified\":\"2025-02-14T23:12:24+00:00\",\"description\":\"A Prefeitura de Manaus, realiza, neste domingo, 16\/2, a partir das 17h, o primeiro grito de Carnaval do \u201cEmpreende Folia\\\".\",\"inLanguage\":\"pt-BR\",\"potentialAction\":[{\"@type\":\"ReadAction\",\"target\":[\"https:\/\/www.manaus.am.gov.br\/semcom\/pautas\/evento-carnaval-2025\/\"]}]},{\"@type\":\"ImageObject\",\"inLanguage\":\"pt-BR\",\"@id\":\"https:\/\/www.manaus.am.gov.br\/semcom\/pautas\/evento-carnaval-2025\/#primaryimage\",\"url\":\"https:\/\/www.manaus.am.gov.br\/semcom\/wp-content\/uploads\/sites\/5\/2023\/02\/sugestaodepauta.png\",\"contentUrl\":\"https:\/\/www.manaus.am.gov.br\/semcom\/wp-content\/uploads\/sites\/5\/2023\/02\/sugestaodepauta.png\",\"width\":1020,\"height\":540},{\"@type\":\"WebSite\",\"@id\":\"https:\/\/www.manaus.am.gov.br\/semcom\/#website\",\"url\":\"https:\/\/www.manaus.am.gov.br\/semcom\/\",\"name\":\"SEMCOM\",\"description\":\"Secretaria Municipal de Comunica\u00e7\u00e3o\",\"potentialAction\":[{\"@type\":\"SearchAction\",\"target\":{\"@type\":\"EntryPoint\",\"urlTemplate\":\"https:\/\/www.manaus.am.gov.br\/semcom\/?s={search_term_string}\"},\"query-input\":\"required name=search_term_string\"}],\"inLanguage\":\"pt-BR\"}]}<\/script>\n<!-- \/ Yoast SEO plugin. -->","yoast_head_json":{"title":"Prefeitura de Manaus promove \u2018Empreende Folia\u2019 neste domingo","description":"A Prefeitura de Manaus, realiza, neste domingo, 16\/2, a partir das 17h, o primeiro grito de Carnaval do \u201cEmpreende Folia\".","robots":{"index":"index","follow":"follow","max-snippet":"max-snippet:-1","max-image-preview":"max-image-preview:large","max-video-preview":"max-video-preview:-1"},"canonical":"https:\/\/www.manaus.am.gov.br\/semcom\/pautas\/evento-carnaval-2025\/","og_locale":"pt_BR","og_type":"article","og_title":"Prefeitura de Manaus promove \u2018Empreende Folia\u2019 neste domingo","og_description":"A Prefeitura de Manaus, realiza, neste domingo, 16\/2, a partir das 17h, o primeiro grito de Carnaval do \u201cEmpreende Folia\".","og_url":"https:\/\/www.manaus.am.gov.br\/semcom\/pautas\/evento-carnaval-2025\/","og_site_name":"SEMCOM","article_modified_time":"2025-02-14T23:12:24+00:00","og_image":[{"width":1020,"height":540,"url":"https:\/\/www.manaus.am.gov.br\/semcom\/wp-content\/uploads\/sites\/5\/2023\/02\/sugestaodepauta.png","type":"image\/png"}],"twitter_card":"summary_large_image","twitter_misc":{"Est. reading time":"2 minutos"},"schema":{"@context":"https:\/\/schema.org","@graph":[{"@type":"WebPage","@id":"https:\/\/www.manaus.am.gov.br\/semcom\/pautas\/evento-carnaval-2025\/","url":"https:\/\/www.manaus.am.gov.br\/semcom\/pautas\/evento-carnaval-2025\/","name":"Prefeitura de Manaus promove \u2018Empreende Folia\u2019 neste domingo","isPartOf":{"@id":"https:\/\/www.manaus.am.gov.br\/semcom\/#website"},"primaryImageOfPage":{"@id":"https:\/\/www.manaus.am.gov.br\/semcom\/pautas\/evento-carnaval-2025\/#primaryimage"},"image":{"@id":"https:\/\/www.manaus.am.gov.br\/semcom\/pautas\/evento-carnaval-2025\/#primaryimage"},"thumbnailUrl":"https:\/\/www.manaus.am.gov.br\/semcom\/wp-content\/uploads\/sites\/5\/2023\/02\/sugestaodepauta.png","datePublished":"2025-02-14T23:12:23+00:00","dateModified":"2025-02-14T23:12:24+00:00","description":"A Prefeitura de Manaus, realiza, neste domingo, 16\/2, a partir das 17h, o primeiro grito de Carnaval do \u201cEmpreende Folia\".","inLanguage":"pt-BR","potentialAction":[{"@type":"ReadAction","target":["https:\/\/www.manaus.am.gov.br\/semcom\/pautas\/evento-carnaval-2025\/"]}]},{"@type":"ImageObject","inLanguage":"pt-BR","@id":"https:\/\/www.manaus.am.gov.br\/semcom\/pautas\/evento-carnaval-2025\/#primaryimage","url":"https:\/\/www.manaus.am.gov.br\/semcom\/wp-content\/uploads\/sites\/5\/2023\/02\/sugestaodepauta.png","contentUrl":"https:\/\/www.manaus.am.gov.br\/semcom\/wp-content\/uploads\/sites\/5\/2023\/02\/sugestaodepauta.png","width":1020,"height":540},{"@type":"WebSite","@id":"https:\/\/www.manaus.am.gov.br\/semcom\/#website","url":"https:\/\/www.manaus.am.gov.br\/semcom\/","name":"SEMCOM","description":"Secretaria Municipal de Comunica\u00e7\u00e3o","potentialAction":[{"@type":"SearchAction","target":{"@type":"EntryPoint","urlTemplate":"https:\/\/www.manaus.am.gov.br\/semcom\/?s={search_term_string}"},"query-input":"required name=search_term_string"}],"inLanguage":"pt-BR"}]}},"_links":{"self":[{"href":"https:\/\/www.manaus.am.gov.br\/semcom\/wp-json\/wp\/v2\/pautas\/234861"}],"collection":[{"href":"https:\/\/www.manaus.am.gov.br\/semcom\/wp-json\/wp\/v2\/pautas"}],"about":[{"href":"https:\/\/www.manaus.am.gov.br\/semcom\/wp-json\/wp\/v2\/types\/pautas"}],"wp:featuredmedia":[{"embeddable":true,"href":"https:\/\/www.manaus.am.gov.br\/semcom\/wp-json\/wp\/v2\/media\/208729"}],"wp:attachment":[{"href":"https:\/\/www.manaus.am.gov.br\/semcom\/wp-json\/wp\/v2\/media?parent=234861"}],"wp:term":[{"taxonomy":"category","embeddable":true,"href":"https:\/\/www.manaus.am.gov.br\/semcom\/wp-json\/wp\/v2\/categories?post=234861"}],"curies":[{"name":"wp","href":"https:\/\/api.w.org\/{rel}","templated":true}]}}

<p>A Prefeitura de Manaus, por meio da Secretaria Municipal do Trabalho, Empreendedorismo e Inovação (Semtepi), realiza, neste domingo, 16/2, a partir das 17h, o primeiro grito de Carnaval do “Empreende Folia&#8221;. A concentração do evento será na Feira do Empreendedor, localizada no calçadão da Ponta Negra, na zona Oeste de Manaus, e seguirá até a Casa de Praia Zezinho Corrêa.<br><br>Entre as atrações principais do evento está a tradicional banda carioca Cordão da Bola Preta. Mais de 60 idosos da Fundação Doutor Thomas (FDT) também vão participar do evento, onde será realizada a escolha do ‘Muso e Musa da Terceira Idade’, eleitos por três jurados.<br><br>O “Empreende Folia&#8221; é uma iniciativa que visa fomentar o empreendedorismo criativo e destacar os talentos locais, especialmente os empreendedores que atuam no calçadão da Ponta Negra.<br></p>



<p><strong>SERVIÇO</strong><strong><br></strong><strong><br></strong><strong>O quê – </strong>Prefeitura de Manaus promove ‘Empreende Folia’ neste domingo<br><strong>Quando – </strong>Domingo, 16/2<br><strong>Horário – </strong>17h<br><strong>Local – </strong>Feira do Empreendedor, localizada no calçadão da Ponta Negra, bairro Ponta Negra, zona Oeste (concentração do evento).</p>

<!-- This site is optimized with the Yoast SEO plugin v23.0 - https://yoast.com/wordpress/plugins/seo/ -->
<title>Prefeitura de Manaus promove ‘Empreende Folia’ neste domingo</title>
<meta name="description" content="A Prefeitura de Manaus, realiza, neste domingo, 16/2, a partir das 17h, o primeiro grito de Carnaval do “Empreende Folia&quot;." />
<meta name="robots" content="index, follow, max-snippet:-1, max-image-preview:large, max-video-preview:-1" />
<link rel="canonical" href="https://www.manaus.am.gov.br/semcom/pautas/evento-carnaval-2025/" />
<meta property="og:locale" content="pt_BR" />
<meta property="og:type" content="article" />
<meta property="og:title" content="Prefeitura de Manaus promove ‘Empreende Folia’ neste domingo" />
<meta property="og:description" content="A Prefeitura de Manaus, realiza, neste domingo, 16/2, a partir das 17h, o primeiro grito de Carnaval do “Empreende Folia&quot;." />
<meta property="og:url" content="https://www.manaus.am.gov.br/semcom/pautas/evento-carnaval-2025/" />
<meta property="og:site_name" content="SEMCOM" />
<meta property="article:modified_time" content="2025-02-14T23:12:24+00:00" />
<meta property="og:image" content="https://www.manaus.am.gov.br/semcom/wp-content/uploads/sites/5/2023/02/sugestaodepauta.png" />
	<meta property="og:image:width" content="1020" />
	<meta property="og:image:height" content="540" />
	<meta property="og:image:type" content="image/png" />
<meta name="twitter:card" content="summary_large_image" />
<meta name="twitter:label1" content="Est. reading time" />
	<meta name="twitter:data1" content="2 minutos" />
<script type="application/ld+json" class="yoast-schema-graph">{"@context":"https://schema.org","@graph":[{"@type":"WebPage","@id":"https://www.manaus.am.gov.br/semcom/pautas/evento-carnaval-2025/","url":"https://www.manaus.am.gov.br/semcom/pautas/evento-carnaval-2025/","name":"Prefeitura de Manaus promove ‘Empreende Folia’ neste domingo","isPartOf":{"@id":"https://www.manaus.am.gov.br/semcom/#website"},"primaryImageOfPage":{"@id":"https://www.manaus.am.gov.br/semcom/pautas/evento-carnaval-2025/#primaryimage"},"image":{"@id":"https://www.manaus.am.gov.br/semcom/pautas/evento-carnaval-2025/#primaryimage"},"thumbnailUrl":"https://www.manaus.am.gov.br/semcom/wp-content/uploads/sites/5/2023/02/sugestaodepauta.png","datePublished":"2025-02-14T23:12:23+00:00","dateModified":"2025-02-14T23:12:24+00:00","description":"A Prefeitura de Manaus, realiza, neste domingo, 16/2, a partir das 17h, o primeiro grito de Carnaval do “Empreende Folia\".","inLanguage":"pt-BR","potentialAction":[{"@type":"ReadAction","target":["https://www.manaus.am.gov.br/semcom/pautas/evento-carnaval-2025/"]}]},{"@type":"ImageObject","inLanguage":"pt-BR","@id":"https://www.manaus.am.gov.br/semcom/pautas/evento-carnaval-2025/#primaryimage","url":"https://www.manaus.am.gov.br/semcom/wp-content/uploads/sites/5/2023/02/sugestaodepauta.png","contentUrl":"https://www.manaus.am.gov.br/semcom/wp-content/uploads/sites/5/2023/02/sugestaodepauta.png","width":1020,"height":540},{"@type":"WebSite","@id":"https://www.manaus.am.gov.br/semcom/#website","url":"https://www.manaus.am.gov.br/semcom/","name":"SEMCOM","description":"Secretaria Municipal de Comunicação","potentialAction":[{"@type":"SearchAction","target":{"@type":"EntryPoint","urlTemplate":"https://www.manaus.am.gov.br/semcom/?s={search_term_string}"},"query-input":"required name=search_term_string"}],"inLanguage":"pt-BR"}]}</script>
<!-- / Yoast SEO plugin. -->

Secretaria Municipal de Comunicação
