{"id":234743,"date":"2025-02-12T13:32:25","date_gmt":"2025-02-12T16:32:25","guid":{"rendered":"https:\/\/www.manaus.am.gov.br\/semcom\/?post_type=pautas&#038;p=234743"},"modified":"2025-02-12T13:32:26","modified_gmt":"2025-02-12T16:32:26","slug":"prefeitura-semasc-mutiraoservicos","status":"publish","type":"pautas","link":"https:\/\/www.manaus.am.gov.br\/semcom\/pautas\/prefeitura-semasc-mutiraoservicos\/","title":{"rendered":"Prefeitura de Manaus realiza 3\u00aa edi\u00e7\u00e3o do mutir\u00e3o de servi\u00e7os \u2018Cidadania em Foco\u2019 no bairro Alvorada"},"content":{"rendered":"\n<p>A Prefeitura de Manaus, por meio da Secretaria Municipal da Mulher, Assist\u00eancia Social e Cidadania (Semasc), realiza, neste s\u00e1bado, 15\/2, a terceira edi\u00e7\u00e3o do mutir\u00e3o de servi\u00e7os \u201cCidadania em Foco\u201d, no bairro Alvorada, zona Centro-Oeste. O evento acontecer\u00e1 a partir das 8h, na escola municipal Desembargador C\u00e2ndido Hon\u00f3rio Ferreira.<\/p>\n\n\n\n<p>Ser\u00e3o oferecidos mais de 60 atendimentos gratuitos em parceria com outras secretarias do munic\u00edpio. Entre os servi\u00e7os disponibilizados est\u00e3o a inser\u00e7\u00e3o e atualiza\u00e7\u00e3o no Cadastro \u00danico, vacina\u00e7\u00e3o, emiss\u00e3o da 1\u00aa e 2\u00aa via da Certid\u00e3o de Nascimento, alistamento militar e inscri\u00e7\u00e3o para a Tarifa Social de \u00e1gua e energia.<\/p>\n\n\n\n<p>\u2013 \u2013 \u2013<\/p>\n\n\n\n<p><strong>SERVI\u00c7O:<\/strong><\/p>\n\n\n\n<p><strong>O qu\u00ea\u00a0<\/strong>&#8211;\u00a0Terceira edi\u00e7\u00e3o do mutir\u00e3o de servi\u00e7os \u2018Cidadania em Foco\u2019<\/p>\n\n\n\n<p><strong>Quando\u00a0<\/strong>\u2013\u00a0S\u00e1bado, 15\/2<\/p>\n\n\n\n<p><strong>Hor\u00e1rio\u00a0<\/strong>&#8211;\u00a08h \u00e0s 14h<\/p>\n\n\n\n<p><strong>Local\u00a0<\/strong>\u2013 Rua Doutor Ab\u00edlio Alencar, 371, bairro Alvorada, zona Centro-Oeste<\/p>\n\n\n\n<p><strong>Localizador\u00a0<\/strong>&#8211;\u00a0<a href=\"https:\/\/maps.app.goo.gl\/zsLaBJLEEUmEewaf6\" target=\"_blank\" rel=\"noreferrer noopener\">https:\/\/maps.app.goo.gl\/zsLaBJLEEUmEewaf6<\/a><\/p>\n","protected":false},"featured_media":208729,"template":"","categories":[802],"acf":[],"yoast_head":"<!-- This site is optimized with the Yoast SEO plugin v23.0 - https:\/\/yoast.com\/wordpress\/plugins\/seo\/ -->\n<title>Prefeitura de Manaus realiza 3\u00aa edi\u00e7\u00e3o do mutir\u00e3o de servi\u00e7os \u2018Cidadania em Foco\u2019 no bairro Alvorada<\/title>\n<meta name=\"description\" content=\"A Prefeitura de Manaus, por meio da Secretaria Municipal da Mulher, Assist\u00eancia Social e Cidadania (Semasc), realiza, neste s\u00e1bado, 15\/2, a terceira edi\u00e7\u00e3o do mutir\u00e3o de servi\u00e7os \u201cCidadania em Foco\u201d, no bairro Alvorada, zona Centro-Oeste.\" \/>\n<meta name=\"robots\" content=\"index, follow, max-snippet:-1, max-image-preview:large, max-video-preview:-1\" \/>\n<link rel=\"canonical\" href=\"https:\/\/www.manaus.am.gov.br\/semcom\/pautas\/prefeitura-semasc-mutiraoservicos\/\" \/>\n<meta property=\"og:locale\" content=\"pt_BR\" \/>\n<meta property=\"og:type\" content=\"article\" \/>\n<meta property=\"og:title\" content=\"Prefeitura de Manaus realiza 3\u00aa edi\u00e7\u00e3o do mutir\u00e3o de servi\u00e7os \u2018Cidadania em Foco\u2019 no bairro Alvorada\" \/>\n<meta property=\"og:description\" content=\"A Prefeitura de Manaus, por meio da Secretaria Municipal da Mulher, Assist\u00eancia Social e Cidadania (Semasc), realiza, neste s\u00e1bado, 15\/2, a terceira edi\u00e7\u00e3o do mutir\u00e3o de servi\u00e7os \u201cCidadania em Foco\u201d, no bairro Alvorada, zona Centro-Oeste.\" \/>\n<meta property=\"og:url\" content=\"https:\/\/www.manaus.am.gov.br\/semcom\/pautas\/prefeitura-semasc-mutiraoservicos\/\" \/>\n<meta property=\"og:site_name\" content=\"SEMCOM\" \/>\n<meta property=\"article:modified_time\" content=\"2025-02-12T16:32:26+00:00\" \/>\n<meta property=\"og:image\" content=\"https:\/\/www.manaus.am.gov.br\/semcom\/wp-content\/uploads\/sites\/5\/2023\/02\/sugestaodepauta.png\" \/>\n\t<meta property=\"og:image:width\" content=\"1020\" \/>\n\t<meta property=\"og:image:height\" content=\"540\" \/>\n\t<meta property=\"og:image:type\" content=\"image\/png\" \/>\n<meta name=\"twitter:card\" content=\"summary_large_image\" \/>\n<meta name=\"twitter:label1\" content=\"Est. reading time\" \/>\n\t<meta name=\"twitter:data1\" content=\"1 minuto\" \/>\n<script type=\"application\/ld+json\" class=\"yoast-schema-graph\">{\"@context\":\"https:\/\/schema.org\",\"@graph\":[{\"@type\":\"WebPage\",\"@id\":\"https:\/\/www.manaus.am.gov.br\/semcom\/pautas\/prefeitura-semasc-mutiraoservicos\/\",\"url\":\"https:\/\/www.manaus.am.gov.br\/semcom\/pautas\/prefeitura-semasc-mutiraoservicos\/\",\"name\":\"Prefeitura de Manaus realiza 3\u00aa edi\u00e7\u00e3o do mutir\u00e3o de servi\u00e7os \u2018Cidadania em Foco\u2019 no bairro Alvorada\",\"isPartOf\":{\"@id\":\"https:\/\/www.manaus.am.gov.br\/semcom\/#website\"},\"primaryImageOfPage\":{\"@id\":\"https:\/\/www.manaus.am.gov.br\/semcom\/pautas\/prefeitura-semasc-mutiraoservicos\/#primaryimage\"},\"image\":{\"@id\":\"https:\/\/www.manaus.am.gov.br\/semcom\/pautas\/prefeitura-semasc-mutiraoservicos\/#primaryimage\"},\"thumbnailUrl\":\"https:\/\/www.manaus.am.gov.br\/semcom\/wp-content\/uploads\/sites\/5\/2023\/02\/sugestaodepauta.png\",\"datePublished\":\"2025-02-12T16:32:25+00:00\",\"dateModified\":\"2025-02-12T16:32:26+00:00\",\"description\":\"A Prefeitura de Manaus, por meio da Secretaria Municipal da Mulher, Assist\u00eancia Social e Cidadania (Semasc), realiza, neste s\u00e1bado, 15\/2, a terceira edi\u00e7\u00e3o do mutir\u00e3o de servi\u00e7os \u201cCidadania em Foco\u201d, no bairro Alvorada, zona Centro-Oeste.\",\"inLanguage\":\"pt-BR\",\"potentialAction\":[{\"@type\":\"ReadAction\",\"target\":[\"https:\/\/www.manaus.am.gov.br\/semcom\/pautas\/prefeitura-semasc-mutiraoservicos\/\"]}]},{\"@type\":\"ImageObject\",\"inLanguage\":\"pt-BR\",\"@id\":\"https:\/\/www.manaus.am.gov.br\/semcom\/pautas\/prefeitura-semasc-mutiraoservicos\/#primaryimage\",\"url\":\"https:\/\/www.manaus.am.gov.br\/semcom\/wp-content\/uploads\/sites\/5\/2023\/02\/sugestaodepauta.png\",\"contentUrl\":\"https:\/\/www.manaus.am.gov.br\/semcom\/wp-content\/uploads\/sites\/5\/2023\/02\/sugestaodepauta.png\",\"width\":1020,\"height\":540},{\"@type\":\"WebSite\",\"@id\":\"https:\/\/www.manaus.am.gov.br\/semcom\/#website\",\"url\":\"https:\/\/www.manaus.am.gov.br\/semcom\/\",\"name\":\"SEMCOM\",\"description\":\"Secretaria Municipal de Comunica\u00e7\u00e3o\",\"potentialAction\":[{\"@type\":\"SearchAction\",\"target\":{\"@type\":\"EntryPoint\",\"urlTemplate\":\"https:\/\/www.manaus.am.gov.br\/semcom\/?s={search_term_string}\"},\"query-input\":\"required name=search_term_string\"}],\"inLanguage\":\"pt-BR\"}]}<\/script>\n<!-- \/ Yoast SEO plugin. -->","yoast_head_json":{"title":"Prefeitura de Manaus realiza 3\u00aa edi\u00e7\u00e3o do mutir\u00e3o de servi\u00e7os \u2018Cidadania em Foco\u2019 no bairro Alvorada","description":"A Prefeitura de Manaus, por meio da Secretaria Municipal da Mulher, Assist\u00eancia Social e Cidadania (Semasc), realiza, neste s\u00e1bado, 15\/2, a terceira edi\u00e7\u00e3o do mutir\u00e3o de servi\u00e7os \u201cCidadania em Foco\u201d, no bairro Alvorada, zona Centro-Oeste.","robots":{"index":"index","follow":"follow","max-snippet":"max-snippet:-1","max-image-preview":"max-image-preview:large","max-video-preview":"max-video-preview:-1"},"canonical":"https:\/\/www.manaus.am.gov.br\/semcom\/pautas\/prefeitura-semasc-mutiraoservicos\/","og_locale":"pt_BR","og_type":"article","og_title":"Prefeitura de Manaus realiza 3\u00aa edi\u00e7\u00e3o do mutir\u00e3o de servi\u00e7os \u2018Cidadania em Foco\u2019 no bairro Alvorada","og_description":"A Prefeitura de Manaus, por meio da Secretaria Municipal da Mulher, Assist\u00eancia Social e Cidadania (Semasc), realiza, neste s\u00e1bado, 15\/2, a terceira edi\u00e7\u00e3o do mutir\u00e3o de servi\u00e7os \u201cCidadania em Foco\u201d, no bairro Alvorada, zona Centro-Oeste.","og_url":"https:\/\/www.manaus.am.gov.br\/semcom\/pautas\/prefeitura-semasc-mutiraoservicos\/","og_site_name":"SEMCOM","article_modified_time":"2025-02-12T16:32:26+00:00","og_image":[{"width":1020,"height":540,"url":"https:\/\/www.manaus.am.gov.br\/semcom\/wp-content\/uploads\/sites\/5\/2023\/02\/sugestaodepauta.png","type":"image\/png"}],"twitter_card":"summary_large_image","twitter_misc":{"Est. reading time":"1 minuto"},"schema":{"@context":"https:\/\/schema.org","@graph":[{"@type":"WebPage","@id":"https:\/\/www.manaus.am.gov.br\/semcom\/pautas\/prefeitura-semasc-mutiraoservicos\/","url":"https:\/\/www.manaus.am.gov.br\/semcom\/pautas\/prefeitura-semasc-mutiraoservicos\/","name":"Prefeitura de Manaus realiza 3\u00aa edi\u00e7\u00e3o do mutir\u00e3o de servi\u00e7os \u2018Cidadania em Foco\u2019 no bairro Alvorada","isPartOf":{"@id":"https:\/\/www.manaus.am.gov.br\/semcom\/#website"},"primaryImageOfPage":{"@id":"https:\/\/www.manaus.am.gov.br\/semcom\/pautas\/prefeitura-semasc-mutiraoservicos\/#primaryimage"},"image":{"@id":"https:\/\/www.manaus.am.gov.br\/semcom\/pautas\/prefeitura-semasc-mutiraoservicos\/#primaryimage"},"thumbnailUrl":"https:\/\/www.manaus.am.gov.br\/semcom\/wp-content\/uploads\/sites\/5\/2023\/02\/sugestaodepauta.png","datePublished":"2025-02-12T16:32:25+00:00","dateModified":"2025-02-12T16:32:26+00:00","description":"A Prefeitura de Manaus, por meio da Secretaria Municipal da Mulher, Assist\u00eancia Social e Cidadania (Semasc), realiza, neste s\u00e1bado, 15\/2, a terceira edi\u00e7\u00e3o do mutir\u00e3o de servi\u00e7os \u201cCidadania em Foco\u201d, no bairro Alvorada, zona Centro-Oeste.","inLanguage":"pt-BR","potentialAction":[{"@type":"ReadAction","target":["https:\/\/www.manaus.am.gov.br\/semcom\/pautas\/prefeitura-semasc-mutiraoservicos\/"]}]},{"@type":"ImageObject","inLanguage":"pt-BR","@id":"https:\/\/www.manaus.am.gov.br\/semcom\/pautas\/prefeitura-semasc-mutiraoservicos\/#primaryimage","url":"https:\/\/www.manaus.am.gov.br\/semcom\/wp-content\/uploads\/sites\/5\/2023\/02\/sugestaodepauta.png","contentUrl":"https:\/\/www.manaus.am.gov.br\/semcom\/wp-content\/uploads\/sites\/5\/2023\/02\/sugestaodepauta.png","width":1020,"height":540},{"@type":"WebSite","@id":"https:\/\/www.manaus.am.gov.br\/semcom\/#website","url":"https:\/\/www.manaus.am.gov.br\/semcom\/","name":"SEMCOM","description":"Secretaria Municipal de Comunica\u00e7\u00e3o","potentialAction":[{"@type":"SearchAction","target":{"@type":"EntryPoint","urlTemplate":"https:\/\/www.manaus.am.gov.br\/semcom\/?s={search_term_string}"},"query-input":"required name=search_term_string"}],"inLanguage":"pt-BR"}]}},"_links":{"self":[{"href":"https:\/\/www.manaus.am.gov.br\/semcom\/wp-json\/wp\/v2\/pautas\/234743"}],"collection":[{"href":"https:\/\/www.manaus.am.gov.br\/semcom\/wp-json\/wp\/v2\/pautas"}],"about":[{"href":"https:\/\/www.manaus.am.gov.br\/semcom\/wp-json\/wp\/v2\/types\/pautas"}],"wp:featuredmedia":[{"embeddable":true,"href":"https:\/\/www.manaus.am.gov.br\/semcom\/wp-json\/wp\/v2\/media\/208729"}],"wp:attachment":[{"href":"https:\/\/www.manaus.am.gov.br\/semcom\/wp-json\/wp\/v2\/media?parent=234743"}],"wp:term":[{"taxonomy":"category","embeddable":true,"href":"https:\/\/www.manaus.am.gov.br\/semcom\/wp-json\/wp\/v2\/categories?post=234743"}],"curies":[{"name":"wp","href":"https:\/\/api.w.org\/{rel}","templated":true}]}}

Prefeitura de Manaus realiza 3ª edição do mutirão de serviços ‘Cidadania em Foco’ no bairro Alvorada

<p>A Prefeitura de Manaus, por meio da Secretaria Municipal da Mulher, Assistência Social e Cidadania (Semasc), realiza, neste sábado, 15/2, a terceira edição do mutirão de serviços “Cidadania em Foco”, no bairro Alvorada, zona Centro-Oeste. O evento acontecerá a partir das 8h, na escola municipal Desembargador Cândido Honório Ferreira.</p>



<p>Serão oferecidos mais de 60 atendimentos gratuitos em parceria com outras secretarias do município. Entre os serviços disponibilizados estão a inserção e atualização no Cadastro Único, vacinação, emissão da 1ª e 2ª via da Certidão de Nascimento, alistamento militar e inscrição para a Tarifa Social de água e energia.</p>



<p>– – –</p>



<p><strong>SERVIÇO:</strong></p>



<p><strong>O quê </strong>&#8211; Terceira edição do mutirão de serviços ‘Cidadania em Foco’</p>



<p><strong>Quando </strong>– Sábado, 15/2</p>



<p><strong>Horário </strong>&#8211; 8h às 14h</p>



<p><strong>Local </strong>– Rua Doutor Abílio Alencar, 371, bairro Alvorada, zona Centro-Oeste</p>



<p><strong>Localizador </strong>&#8211; <a href="https://maps.app.goo.gl/zsLaBJLEEUmEewaf6" target="_blank" rel="noreferrer noopener">https://maps.app.goo.gl/zsLaBJLEEUmEewaf6</a></p>

<!-- This site is optimized with the Yoast SEO plugin v23.0 - https://yoast.com/wordpress/plugins/seo/ -->
<title>Prefeitura de Manaus realiza 3ª edição do mutirão de serviços ‘Cidadania em Foco’ no bairro Alvorada</title>
<meta name="description" content="A Prefeitura de Manaus, por meio da Secretaria Municipal da Mulher, Assistência Social e Cidadania (Semasc), realiza, neste sábado, 15/2, a terceira edição do mutirão de serviços “Cidadania em Foco”, no bairro Alvorada, zona Centro-Oeste." />
<meta name="robots" content="index, follow, max-snippet:-1, max-image-preview:large, max-video-preview:-1" />
<link rel="canonical" href="https://www.manaus.am.gov.br/semcom/pautas/prefeitura-semasc-mutiraoservicos/" />
<meta property="og:locale" content="pt_BR" />
<meta property="og:type" content="article" />
<meta property="og:title" content="Prefeitura de Manaus realiza 3ª edição do mutirão de serviços ‘Cidadania em Foco’ no bairro Alvorada" />
<meta property="og:description" content="A Prefeitura de Manaus, por meio da Secretaria Municipal da Mulher, Assistência Social e Cidadania (Semasc), realiza, neste sábado, 15/2, a terceira edição do mutirão de serviços “Cidadania em Foco”, no bairro Alvorada, zona Centro-Oeste." />
<meta property="og:url" content="https://www.manaus.am.gov.br/semcom/pautas/prefeitura-semasc-mutiraoservicos/" />
<meta property="og:site_name" content="SEMCOM" />
<meta property="article:modified_time" content="2025-02-12T16:32:26+00:00" />
<meta property="og:image" content="https://www.manaus.am.gov.br/semcom/wp-content/uploads/sites/5/2023/02/sugestaodepauta.png" />
	<meta property="og:image:width" content="1020" />
	<meta property="og:image:height" content="540" />
	<meta property="og:image:type" content="image/png" />
<meta name="twitter:card" content="summary_large_image" />
<meta name="twitter:label1" content="Est. reading time" />
	<meta name="twitter:data1" content="1 minuto" />
<script type="application/ld+json" class="yoast-schema-graph">{"@context":"https://schema.org","@graph":[{"@type":"WebPage","@id":"https://www.manaus.am.gov.br/semcom/pautas/prefeitura-semasc-mutiraoservicos/","url":"https://www.manaus.am.gov.br/semcom/pautas/prefeitura-semasc-mutiraoservicos/","name":"Prefeitura de Manaus realiza 3ª edição do mutirão de serviços ‘Cidadania em Foco’ no bairro Alvorada","isPartOf":{"@id":"https://www.manaus.am.gov.br/semcom/#website"},"primaryImageOfPage":{"@id":"https://www.manaus.am.gov.br/semcom/pautas/prefeitura-semasc-mutiraoservicos/#primaryimage"},"image":{"@id":"https://www.manaus.am.gov.br/semcom/pautas/prefeitura-semasc-mutiraoservicos/#primaryimage"},"thumbnailUrl":"https://www.manaus.am.gov.br/semcom/wp-content/uploads/sites/5/2023/02/sugestaodepauta.png","datePublished":"2025-02-12T16:32:25+00:00","dateModified":"2025-02-12T16:32:26+00:00","description":"A Prefeitura de Manaus, por meio da Secretaria Municipal da Mulher, Assistência Social e Cidadania (Semasc), realiza, neste sábado, 15/2, a terceira edição do mutirão de serviços “Cidadania em Foco”, no bairro Alvorada, zona Centro-Oeste.","inLanguage":"pt-BR","potentialAction":[{"@type":"ReadAction","target":["https://www.manaus.am.gov.br/semcom/pautas/prefeitura-semasc-mutiraoservicos/"]}]},{"@type":"ImageObject","inLanguage":"pt-BR","@id":"https://www.manaus.am.gov.br/semcom/pautas/prefeitura-semasc-mutiraoservicos/#primaryimage","url":"https://www.manaus.am.gov.br/semcom/wp-content/uploads/sites/5/2023/02/sugestaodepauta.png","contentUrl":"https://www.manaus.am.gov.br/semcom/wp-content/uploads/sites/5/2023/02/sugestaodepauta.png","width":1020,"height":540},{"@type":"WebSite","@id":"https://www.manaus.am.gov.br/semcom/#website","url":"https://www.manaus.am.gov.br/semcom/","name":"SEMCOM","description":"Secretaria Municipal de Comunicação","potentialAction":[{"@type":"SearchAction","target":{"@type":"EntryPoint","urlTemplate":"https://www.manaus.am.gov.br/semcom/?s={search_term_string}"},"query-input":"required name=search_term_string"}],"inLanguage":"pt-BR"}]}</script>
<!-- / Yoast SEO plugin. -->

A Prefeitura de Manaus, por meio da Secretaria Municipal da Mulher, Assistência Social e Cidadania (Semasc), realiza, neste sábado, 15/2, a terceira edição do mutirão de serviços “Cidadania em Foco”, no bairro Alvorada, zona Centro-Oeste.

Secretaria Municipal de Comunicação
