{"id":234734,"date":"2025-02-12T11:32:13","date_gmt":"2025-02-12T14:32:13","guid":{"rendered":"https:\/\/www.manaus.am.gov.br\/semcom\/?post_type=pautas&#038;p=234734"},"modified":"2025-02-12T11:32:14","modified_gmt":"2025-02-12T14:32:14","slug":"prefeitura-manauscult-carnaval","status":"publish","type":"pautas","link":"https:\/\/www.manaus.am.gov.br\/semcom\/pautas\/prefeitura-manauscult-carnaval\/","title":{"rendered":"Prefeitura entrega R$ 2,6 milh\u00f5es em fomento para escolas de samba e amplia investimento no Carnaval 2025"},"content":{"rendered":"\n<p>O prefeito de Manaus, David Almeida, juntamente com o diretor-presidente da Funda\u00e7\u00e3o Municipal de Cultura, Turismo e Eventos (ManausCult), Jender Lobato, realiza, nesta sexta-feira, 14\/2, \u00e0s 10h, no mirante L\u00facia Almeida, a entrega oficial do fomento \u00e0s escolas de samba, com a participa\u00e7\u00e3o dos segmentos das 24 agremia\u00e7\u00f5es contempladas, no Carnaval 2025.<\/p>\n\n\n\n<p>Este ano, o valor do fomento \u00e9 na ordem de R$ 2,6 milh\u00f5es, um aumento de 20% frente ao recurso do ano passado, com o objetivo de contemplar maior n\u00famero de escolas e fomentar o crescimento do Carnaval na cidade.<\/p>\n\n\n\n<p>As oito agremia\u00e7\u00f5es do Grupo Especial receber\u00e3o R$ 165 mil, cada, enquanto as nove escolas do Grupo de Acesso A ser\u00e3o contempladas com R$ 99 mil. J\u00e1 as sete escolas do Grupo de Acesso B, ter\u00e3o um repasse de R$ 63.250,00.<\/p>\n\n\n\n<p>Com o apoio da prefeitura, a expectativa \u00e9 de que o desfile das escolas de samba, em 2025, seja um dos mais grandiosos j\u00e1 realizados na capital amazonense.<\/p>\n\n\n\n<p><strong>SERVI\u00c7O:<\/strong><\/p>\n\n\n\n<p><strong>O qu\u00ea<\/strong> \u2013 Entrega do fomento para as escolas de samba do Carnaval 2025<\/p>\n\n\n\n<p><strong>Quando<\/strong> \u2013 Sexta-feira, 14\/2<\/p>\n\n\n\n<p><strong>Hor\u00e1rio<\/strong> \u2013 10h<\/p>\n\n\n\n<p><strong>Local<\/strong> \u2013 Mirante L\u00facia Almeida, na avenida Sete de Setembro, n\u00b0 8, Centro.<\/p>\n\n\n\n<p>&#8212; &#8212; &#8212;<\/p>\n","protected":false},"featured_media":208729,"template":"","categories":[799],"acf":[],"yoast_head":"<!-- This site is optimized with the Yoast SEO plugin v23.0 - https:\/\/yoast.com\/wordpress\/plugins\/seo\/ -->\n<title>Prefeitura entrega R$ 2,6 milh\u00f5es em fomento para escolas de samba e amplia investimento no Carnaval 2025<\/title>\n<meta name=\"description\" content=\"O prefeito de Manaus, David Almeida, juntamente com o diretor-presidente da Funda\u00e7\u00e3o Municipal de Cultura, Turismo e Eventos (ManausCult), Jender Lobato, realiza, nesta sexta-feira, 14\/2, \u00e0s 10h, no mirante L\u00facia Almeida, a entrega oficial do fomento \u00e0s escolas de samba, com a participa\u00e7\u00e3o dos segmentos das 24 agremia\u00e7\u00f5es contempladas, no Carnaval 2025.\" \/>\n<meta name=\"robots\" content=\"index, follow, max-snippet:-1, max-image-preview:large, max-video-preview:-1\" \/>\n<link rel=\"canonical\" href=\"https:\/\/www.manaus.am.gov.br\/semcom\/pautas\/prefeitura-manauscult-carnaval\/\" \/>\n<meta property=\"og:locale\" content=\"pt_BR\" \/>\n<meta property=\"og:type\" content=\"article\" \/>\n<meta property=\"og:title\" content=\"Prefeitura entrega R$ 2,6 milh\u00f5es em fomento para escolas de samba e amplia investimento no Carnaval 2025\" \/>\n<meta property=\"og:description\" content=\"O prefeito de Manaus, David Almeida, juntamente com o diretor-presidente da Funda\u00e7\u00e3o Municipal de Cultura, Turismo e Eventos (ManausCult), Jender Lobato, realiza, nesta sexta-feira, 14\/2, \u00e0s 10h, no mirante L\u00facia Almeida, a entrega oficial do fomento \u00e0s escolas de samba, com a participa\u00e7\u00e3o dos segmentos das 24 agremia\u00e7\u00f5es contempladas, no Carnaval 2025.\" \/>\n<meta property=\"og:url\" content=\"https:\/\/www.manaus.am.gov.br\/semcom\/pautas\/prefeitura-manauscult-carnaval\/\" \/>\n<meta property=\"og:site_name\" content=\"SEMCOM\" \/>\n<meta property=\"article:modified_time\" content=\"2025-02-12T14:32:14+00:00\" \/>\n<meta property=\"og:image\" content=\"https:\/\/www.manaus.am.gov.br\/semcom\/wp-content\/uploads\/sites\/5\/2023\/02\/sugestaodepauta.png\" \/>\n\t<meta property=\"og:image:width\" content=\"1020\" \/>\n\t<meta property=\"og:image:height\" content=\"540\" \/>\n\t<meta property=\"og:image:type\" content=\"image\/png\" \/>\n<meta name=\"twitter:card\" content=\"summary_large_image\" \/>\n<meta name=\"twitter:label1\" content=\"Est. reading time\" \/>\n\t<meta name=\"twitter:data1\" content=\"2 minutos\" \/>\n<script type=\"application\/ld+json\" class=\"yoast-schema-graph\">{\"@context\":\"https:\/\/schema.org\",\"@graph\":[{\"@type\":\"WebPage\",\"@id\":\"https:\/\/www.manaus.am.gov.br\/semcom\/pautas\/prefeitura-manauscult-carnaval\/\",\"url\":\"https:\/\/www.manaus.am.gov.br\/semcom\/pautas\/prefeitura-manauscult-carnaval\/\",\"name\":\"Prefeitura entrega R$ 2,6 milh\u00f5es em fomento para escolas de samba e amplia investimento no Carnaval 2025\",\"isPartOf\":{\"@id\":\"https:\/\/www.manaus.am.gov.br\/semcom\/#website\"},\"primaryImageOfPage\":{\"@id\":\"https:\/\/www.manaus.am.gov.br\/semcom\/pautas\/prefeitura-manauscult-carnaval\/#primaryimage\"},\"image\":{\"@id\":\"https:\/\/www.manaus.am.gov.br\/semcom\/pautas\/prefeitura-manauscult-carnaval\/#primaryimage\"},\"thumbnailUrl\":\"https:\/\/www.manaus.am.gov.br\/semcom\/wp-content\/uploads\/sites\/5\/2023\/02\/sugestaodepauta.png\",\"datePublished\":\"2025-02-12T14:32:13+00:00\",\"dateModified\":\"2025-02-12T14:32:14+00:00\",\"description\":\"O prefeito de Manaus, David Almeida, juntamente com o diretor-presidente da Funda\u00e7\u00e3o Municipal de Cultura, Turismo e Eventos (ManausCult), Jender Lobato, realiza, nesta sexta-feira, 14\/2, \u00e0s 10h, no mirante L\u00facia Almeida, a entrega oficial do fomento \u00e0s escolas de samba, com a participa\u00e7\u00e3o dos segmentos das 24 agremia\u00e7\u00f5es contempladas, no Carnaval 2025.\",\"inLanguage\":\"pt-BR\",\"potentialAction\":[{\"@type\":\"ReadAction\",\"target\":[\"https:\/\/www.manaus.am.gov.br\/semcom\/pautas\/prefeitura-manauscult-carnaval\/\"]}]},{\"@type\":\"ImageObject\",\"inLanguage\":\"pt-BR\",\"@id\":\"https:\/\/www.manaus.am.gov.br\/semcom\/pautas\/prefeitura-manauscult-carnaval\/#primaryimage\",\"url\":\"https:\/\/www.manaus.am.gov.br\/semcom\/wp-content\/uploads\/sites\/5\/2023\/02\/sugestaodepauta.png\",\"contentUrl\":\"https:\/\/www.manaus.am.gov.br\/semcom\/wp-content\/uploads\/sites\/5\/2023\/02\/sugestaodepauta.png\",\"width\":1020,\"height\":540},{\"@type\":\"WebSite\",\"@id\":\"https:\/\/www.manaus.am.gov.br\/semcom\/#website\",\"url\":\"https:\/\/www.manaus.am.gov.br\/semcom\/\",\"name\":\"SEMCOM\",\"description\":\"Secretaria Municipal de Comunica\u00e7\u00e3o\",\"potentialAction\":[{\"@type\":\"SearchAction\",\"target\":{\"@type\":\"EntryPoint\",\"urlTemplate\":\"https:\/\/www.manaus.am.gov.br\/semcom\/?s={search_term_string}\"},\"query-input\":\"required name=search_term_string\"}],\"inLanguage\":\"pt-BR\"}]}<\/script>\n<!-- \/ Yoast SEO plugin. -->","yoast_head_json":{"title":"Prefeitura entrega R$ 2,6 milh\u00f5es em fomento para escolas de samba e amplia investimento no Carnaval 2025","description":"O prefeito de Manaus, David Almeida, juntamente com o diretor-presidente da Funda\u00e7\u00e3o Municipal de Cultura, Turismo e Eventos (ManausCult), Jender Lobato, realiza, nesta sexta-feira, 14\/2, \u00e0s 10h, no mirante L\u00facia Almeida, a entrega oficial do fomento \u00e0s escolas de samba, com a participa\u00e7\u00e3o dos segmentos das 24 agremia\u00e7\u00f5es contempladas, no Carnaval 2025.","robots":{"index":"index","follow":"follow","max-snippet":"max-snippet:-1","max-image-preview":"max-image-preview:large","max-video-preview":"max-video-preview:-1"},"canonical":"https:\/\/www.manaus.am.gov.br\/semcom\/pautas\/prefeitura-manauscult-carnaval\/","og_locale":"pt_BR","og_type":"article","og_title":"Prefeitura entrega R$ 2,6 milh\u00f5es em fomento para escolas de samba e amplia investimento no Carnaval 2025","og_description":"O prefeito de Manaus, David Almeida, juntamente com o diretor-presidente da Funda\u00e7\u00e3o Municipal de Cultura, Turismo e Eventos (ManausCult), Jender Lobato, realiza, nesta sexta-feira, 14\/2, \u00e0s 10h, no mirante L\u00facia Almeida, a entrega oficial do fomento \u00e0s escolas de samba, com a participa\u00e7\u00e3o dos segmentos das 24 agremia\u00e7\u00f5es contempladas, no Carnaval 2025.","og_url":"https:\/\/www.manaus.am.gov.br\/semcom\/pautas\/prefeitura-manauscult-carnaval\/","og_site_name":"SEMCOM","article_modified_time":"2025-02-12T14:32:14+00:00","og_image":[{"width":1020,"height":540,"url":"https:\/\/www.manaus.am.gov.br\/semcom\/wp-content\/uploads\/sites\/5\/2023\/02\/sugestaodepauta.png","type":"image\/png"}],"twitter_card":"summary_large_image","twitter_misc":{"Est. reading time":"2 minutos"},"schema":{"@context":"https:\/\/schema.org","@graph":[{"@type":"WebPage","@id":"https:\/\/www.manaus.am.gov.br\/semcom\/pautas\/prefeitura-manauscult-carnaval\/","url":"https:\/\/www.manaus.am.gov.br\/semcom\/pautas\/prefeitura-manauscult-carnaval\/","name":"Prefeitura entrega R$ 2,6 milh\u00f5es em fomento para escolas de samba e amplia investimento no Carnaval 2025","isPartOf":{"@id":"https:\/\/www.manaus.am.gov.br\/semcom\/#website"},"primaryImageOfPage":{"@id":"https:\/\/www.manaus.am.gov.br\/semcom\/pautas\/prefeitura-manauscult-carnaval\/#primaryimage"},"image":{"@id":"https:\/\/www.manaus.am.gov.br\/semcom\/pautas\/prefeitura-manauscult-carnaval\/#primaryimage"},"thumbnailUrl":"https:\/\/www.manaus.am.gov.br\/semcom\/wp-content\/uploads\/sites\/5\/2023\/02\/sugestaodepauta.png","datePublished":"2025-02-12T14:32:13+00:00","dateModified":"2025-02-12T14:32:14+00:00","description":"O prefeito de Manaus, David Almeida, juntamente com o diretor-presidente da Funda\u00e7\u00e3o Municipal de Cultura, Turismo e Eventos (ManausCult), Jender Lobato, realiza, nesta sexta-feira, 14\/2, \u00e0s 10h, no mirante L\u00facia Almeida, a entrega oficial do fomento \u00e0s escolas de samba, com a participa\u00e7\u00e3o dos segmentos das 24 agremia\u00e7\u00f5es contempladas, no Carnaval 2025.","inLanguage":"pt-BR","potentialAction":[{"@type":"ReadAction","target":["https:\/\/www.manaus.am.gov.br\/semcom\/pautas\/prefeitura-manauscult-carnaval\/"]}]},{"@type":"ImageObject","inLanguage":"pt-BR","@id":"https:\/\/www.manaus.am.gov.br\/semcom\/pautas\/prefeitura-manauscult-carnaval\/#primaryimage","url":"https:\/\/www.manaus.am.gov.br\/semcom\/wp-content\/uploads\/sites\/5\/2023\/02\/sugestaodepauta.png","contentUrl":"https:\/\/www.manaus.am.gov.br\/semcom\/wp-content\/uploads\/sites\/5\/2023\/02\/sugestaodepauta.png","width":1020,"height":540},{"@type":"WebSite","@id":"https:\/\/www.manaus.am.gov.br\/semcom\/#website","url":"https:\/\/www.manaus.am.gov.br\/semcom\/","name":"SEMCOM","description":"Secretaria Municipal de Comunica\u00e7\u00e3o","potentialAction":[{"@type":"SearchAction","target":{"@type":"EntryPoint","urlTemplate":"https:\/\/www.manaus.am.gov.br\/semcom\/?s={search_term_string}"},"query-input":"required name=search_term_string"}],"inLanguage":"pt-BR"}]}},"_links":{"self":[{"href":"https:\/\/www.manaus.am.gov.br\/semcom\/wp-json\/wp\/v2\/pautas\/234734"}],"collection":[{"href":"https:\/\/www.manaus.am.gov.br\/semcom\/wp-json\/wp\/v2\/pautas"}],"about":[{"href":"https:\/\/www.manaus.am.gov.br\/semcom\/wp-json\/wp\/v2\/types\/pautas"}],"wp:featuredmedia":[{"embeddable":true,"href":"https:\/\/www.manaus.am.gov.br\/semcom\/wp-json\/wp\/v2\/media\/208729"}],"wp:attachment":[{"href":"https:\/\/www.manaus.am.gov.br\/semcom\/wp-json\/wp\/v2\/media?parent=234734"}],"wp:term":[{"taxonomy":"category","embeddable":true,"href":"https:\/\/www.manaus.am.gov.br\/semcom\/wp-json\/wp\/v2\/categories?post=234734"}],"curies":[{"name":"wp","href":"https:\/\/api.w.org\/{rel}","templated":true}]}}

Prefeitura entrega R$ 2,6 milhões em fomento para escolas de samba e amplia investimento no Carnaval 2025

<p>O prefeito de Manaus, David Almeida, juntamente com o diretor-presidente da Fundação Municipal de Cultura, Turismo e Eventos (ManausCult), Jender Lobato, realiza, nesta sexta-feira, 14/2, às 10h, no mirante Lúcia Almeida, a entrega oficial do fomento às escolas de samba, com a participação dos segmentos das 24 agremiações contempladas, no Carnaval 2025.</p>



<p>Este ano, o valor do fomento é na ordem de R$ 2,6 milhões, um aumento de 20% frente ao recurso do ano passado, com o objetivo de contemplar maior número de escolas e fomentar o crescimento do Carnaval na cidade.</p>



<p>As oito agremiações do Grupo Especial receberão R$ 165 mil, cada, enquanto as nove escolas do Grupo de Acesso A serão contempladas com R$ 99 mil. Já as sete escolas do Grupo de Acesso B, terão um repasse de R$ 63.250,00.</p>



<p>Com o apoio da prefeitura, a expectativa é de que o desfile das escolas de samba, em 2025, seja um dos mais grandiosos já realizados na capital amazonense.</p>



<p><strong>SERVIÇO:</strong></p>



<p><strong>O quê</strong> – Entrega do fomento para as escolas de samba do Carnaval 2025</p>



<p><strong>Quando</strong> – Sexta-feira, 14/2</p>



<p><strong>Horário</strong> – 10h</p>



<p><strong>Local</strong> – Mirante Lúcia Almeida, na avenida Sete de Setembro, n° 8, Centro.</p>



<p>&#8212; &#8212; &#8212;</p>

<!-- This site is optimized with the Yoast SEO plugin v23.0 - https://yoast.com/wordpress/plugins/seo/ -->
<title>Prefeitura entrega R$ 2,6 milhões em fomento para escolas de samba e amplia investimento no Carnaval 2025</title>
<meta name="description" content="O prefeito de Manaus, David Almeida, juntamente com o diretor-presidente da Fundação Municipal de Cultura, Turismo e Eventos (ManausCult), Jender Lobato, realiza, nesta sexta-feira, 14/2, às 10h, no mirante Lúcia Almeida, a entrega oficial do fomento às escolas de samba, com a participação dos segmentos das 24 agremiações contempladas, no Carnaval 2025." />
<meta name="robots" content="index, follow, max-snippet:-1, max-image-preview:large, max-video-preview:-1" />
<link rel="canonical" href="https://www.manaus.am.gov.br/semcom/pautas/prefeitura-manauscult-carnaval/" />
<meta property="og:locale" content="pt_BR" />
<meta property="og:type" content="article" />
<meta property="og:title" content="Prefeitura entrega R$ 2,6 milhões em fomento para escolas de samba e amplia investimento no Carnaval 2025" />
<meta property="og:description" content="O prefeito de Manaus, David Almeida, juntamente com o diretor-presidente da Fundação Municipal de Cultura, Turismo e Eventos (ManausCult), Jender Lobato, realiza, nesta sexta-feira, 14/2, às 10h, no mirante Lúcia Almeida, a entrega oficial do fomento às escolas de samba, com a participação dos segmentos das 24 agremiações contempladas, no Carnaval 2025." />
<meta property="og:url" content="https://www.manaus.am.gov.br/semcom/pautas/prefeitura-manauscult-carnaval/" />
<meta property="og:site_name" content="SEMCOM" />
<meta property="article:modified_time" content="2025-02-12T14:32:14+00:00" />
<meta property="og:image" content="https://www.manaus.am.gov.br/semcom/wp-content/uploads/sites/5/2023/02/sugestaodepauta.png" />
	<meta property="og:image:width" content="1020" />
	<meta property="og:image:height" content="540" />
	<meta property="og:image:type" content="image/png" />
<meta name="twitter:card" content="summary_large_image" />
<meta name="twitter:label1" content="Est. reading time" />
	<meta name="twitter:data1" content="2 minutos" />
<script type="application/ld+json" class="yoast-schema-graph">{"@context":"https://schema.org","@graph":[{"@type":"WebPage","@id":"https://www.manaus.am.gov.br/semcom/pautas/prefeitura-manauscult-carnaval/","url":"https://www.manaus.am.gov.br/semcom/pautas/prefeitura-manauscult-carnaval/","name":"Prefeitura entrega R$ 2,6 milhões em fomento para escolas de samba e amplia investimento no Carnaval 2025","isPartOf":{"@id":"https://www.manaus.am.gov.br/semcom/#website"},"primaryImageOfPage":{"@id":"https://www.manaus.am.gov.br/semcom/pautas/prefeitura-manauscult-carnaval/#primaryimage"},"image":{"@id":"https://www.manaus.am.gov.br/semcom/pautas/prefeitura-manauscult-carnaval/#primaryimage"},"thumbnailUrl":"https://www.manaus.am.gov.br/semcom/wp-content/uploads/sites/5/2023/02/sugestaodepauta.png","datePublished":"2025-02-12T14:32:13+00:00","dateModified":"2025-02-12T14:32:14+00:00","description":"O prefeito de Manaus, David Almeida, juntamente com o diretor-presidente da Fundação Municipal de Cultura, Turismo e Eventos (ManausCult), Jender Lobato, realiza, nesta sexta-feira, 14/2, às 10h, no mirante Lúcia Almeida, a entrega oficial do fomento às escolas de samba, com a participação dos segmentos das 24 agremiações contempladas, no Carnaval 2025.","inLanguage":"pt-BR","potentialAction":[{"@type":"ReadAction","target":["https://www.manaus.am.gov.br/semcom/pautas/prefeitura-manauscult-carnaval/"]}]},{"@type":"ImageObject","inLanguage":"pt-BR","@id":"https://www.manaus.am.gov.br/semcom/pautas/prefeitura-manauscult-carnaval/#primaryimage","url":"https://www.manaus.am.gov.br/semcom/wp-content/uploads/sites/5/2023/02/sugestaodepauta.png","contentUrl":"https://www.manaus.am.gov.br/semcom/wp-content/uploads/sites/5/2023/02/sugestaodepauta.png","width":1020,"height":540},{"@type":"WebSite","@id":"https://www.manaus.am.gov.br/semcom/#website","url":"https://www.manaus.am.gov.br/semcom/","name":"SEMCOM","description":"Secretaria Municipal de Comunicação","potentialAction":[{"@type":"SearchAction","target":{"@type":"EntryPoint","urlTemplate":"https://www.manaus.am.gov.br/semcom/?s={search_term_string}"},"query-input":"required name=search_term_string"}],"inLanguage":"pt-BR"}]}</script>
<!-- / Yoast SEO plugin. -->

O prefeito de Manaus, David Almeida, juntamente com o diretor-presidente da Fundação Municipal de Cultura, Turismo e Eventos (ManausCult), Jender Lobato, realiza, nesta sexta-feira, 14/2, às 10h, no mirante Lúcia Almeida, a entrega oficial do fomento às escolas de samba, com a participação dos segmentos das 24 agremiações contempladas, no Carnaval 2025.

Secretaria Municipal de Comunicação
