{"id":234726,"date":"2025-02-12T09:15:54","date_gmt":"2025-02-12T12:15:54","guid":{"rendered":"https:\/\/www.manaus.am.gov.br\/semcom\/?post_type=pautas&#038;p=234726"},"modified":"2025-02-12T09:15:54","modified_gmt":"2025-02-12T12:15:54","slug":"operacao-cavalo-de-aco-fiscaliza-motocicletas-na-zona-leste-de-manaus","status":"publish","type":"pautas","link":"https:\/\/www.manaus.am.gov.br\/semcom\/pautas\/operacao-cavalo-de-aco-fiscaliza-motocicletas-na-zona-leste-de-manaus\/","title":{"rendered":"Opera\u00e7\u00e3o\u00a0\u2018Cavalo de A\u00e7o\u2019 fiscaliza motocicletas na zona Leste de Manaus"},"content":{"rendered":"\n<p>A&nbsp;<a href=\"https:\/\/www.manaus.am.gov.br\/semcom\/pautas\/operacao-cavalodeaco-immu\/\" target=\"_blank\" rel=\"noreferrer noopener\">Prefeitura de Manaus<\/a>, via Instituto Municipal de Mobilidade de Mobilidade Urbana (IMMU), realiza a&nbsp;opera\u00e7\u00e3o&nbsp;\u201cCavalo de A\u00e7o\u201d, a partir das 9h30 desta quarta-feira, 12\/2, na avenida Nathan Xavier, bairro Novo Aleixo, zona Norte da cidade.<\/p>\n\n\n\n<p>A&nbsp;opera\u00e7\u00e3o&nbsp;ir\u00e1 fiscalizar motocicletas que circulam de forma irregular e sem os equipamentos obrigat\u00f3rios.<\/p>\n\n\n\n<p>A a\u00e7\u00e3o tem como objetivo garantir a seguran\u00e7a dos condutores e pedestres que circulam pela regi\u00e3o, al\u00e9m de coibir pr\u00e1ticas ilegais no tr\u00e2nsito, como a falta de documenta\u00e7\u00e3o e tr\u00e1fego de ve\u00edculos em m\u00e1s condi\u00e7\u00f5es. Os ve\u00edculos que estiverem em desacordo com as normas ser\u00e3o autuados e poder\u00e3o ser removidos ao parqueamento do IMMU.<\/p>\n\n\n\n<p><strong><br>SERVI\u00c7O:<\/strong><\/p>\n\n\n\n<p><br><strong>O qu\u00ea<\/strong>&nbsp;&#8211;&nbsp;Opera\u00e7\u00e3o&nbsp;\u201cCavalo de A\u00e7o\u201d<\/p>\n\n\n\n<p><strong>Quando&nbsp;<\/strong>&#8211; Quarta-feira, 12\/2<\/p>\n\n\n\n<p><strong>Hor\u00e1rio&nbsp;<\/strong>\u2013 9h30<\/p>\n\n\n\n<p><strong>Local \u2013&nbsp;<\/strong>Avenida Nathan Xavier, em frente ao posto Equador, bairro Novo Aleixo<\/p>\n\n\n\n<p><strong>Localiza\u00e7\u00e3o &#8211;&nbsp;<\/strong><a href=\"https:\/\/www.google.com\/maps?q=-3.0626041,-59.9699036&amp;z=17&amp;hl=pt-BR\" target=\"_blank\" rel=\"noreferrer noopener\">https:\/\/www.google.com\/maps?q=-3.0626041,-59.9699036&amp;z=17&amp;hl=pt-BR<\/a><\/p>\n","protected":false},"featured_media":208729,"template":"","categories":[797],"acf":[],"yoast_head":"<!-- This site is optimized with the Yoast SEO plugin v23.0 - https:\/\/yoast.com\/wordpress\/plugins\/seo\/ -->\n<title>Opera\u00e7\u00e3o\u00a0\u2018Cavalo de A\u00e7o\u2019 fiscaliza motocicletas na zona Leste de Manaus - SEMCOM<\/title>\n<meta name=\"robots\" content=\"index, follow, max-snippet:-1, max-image-preview:large, max-video-preview:-1\" \/>\n<link rel=\"canonical\" href=\"https:\/\/www.manaus.am.gov.br\/semcom\/pautas\/operacao-cavalo-de-aco-fiscaliza-motocicletas-na-zona-leste-de-manaus\/\" \/>\n<meta property=\"og:locale\" content=\"pt_BR\" \/>\n<meta property=\"og:type\" content=\"article\" \/>\n<meta property=\"og:title\" content=\"Opera\u00e7\u00e3o\u00a0\u2018Cavalo de A\u00e7o\u2019 fiscaliza motocicletas na zona Leste de Manaus - SEMCOM\" \/>\n<meta property=\"og:url\" content=\"https:\/\/www.manaus.am.gov.br\/semcom\/pautas\/operacao-cavalo-de-aco-fiscaliza-motocicletas-na-zona-leste-de-manaus\/\" \/>\n<meta property=\"og:site_name\" content=\"SEMCOM\" \/>\n<meta property=\"og:image\" content=\"https:\/\/www.manaus.am.gov.br\/semcom\/wp-content\/uploads\/sites\/5\/2023\/02\/sugestaodepauta.png\" \/>\n\t<meta property=\"og:image:width\" content=\"1020\" \/>\n\t<meta property=\"og:image:height\" content=\"540\" \/>\n\t<meta property=\"og:image:type\" content=\"image\/png\" \/>\n<meta name=\"twitter:card\" content=\"summary_large_image\" \/>\n<meta name=\"twitter:label1\" content=\"Est. reading time\" \/>\n\t<meta name=\"twitter:data1\" content=\"1 minuto\" \/>\n<script type=\"application\/ld+json\" class=\"yoast-schema-graph\">{\"@context\":\"https:\/\/schema.org\",\"@graph\":[{\"@type\":\"WebPage\",\"@id\":\"https:\/\/www.manaus.am.gov.br\/semcom\/pautas\/operacao-cavalo-de-aco-fiscaliza-motocicletas-na-zona-leste-de-manaus\/\",\"url\":\"https:\/\/www.manaus.am.gov.br\/semcom\/pautas\/operacao-cavalo-de-aco-fiscaliza-motocicletas-na-zona-leste-de-manaus\/\",\"name\":\"Opera\u00e7\u00e3o\u00a0\u2018Cavalo de A\u00e7o\u2019 fiscaliza motocicletas na zona Leste de Manaus - SEMCOM\",\"isPartOf\":{\"@id\":\"https:\/\/www.manaus.am.gov.br\/semcom\/#website\"},\"primaryImageOfPage\":{\"@id\":\"https:\/\/www.manaus.am.gov.br\/semcom\/pautas\/operacao-cavalo-de-aco-fiscaliza-motocicletas-na-zona-leste-de-manaus\/#primaryimage\"},\"image\":{\"@id\":\"https:\/\/www.manaus.am.gov.br\/semcom\/pautas\/operacao-cavalo-de-aco-fiscaliza-motocicletas-na-zona-leste-de-manaus\/#primaryimage\"},\"thumbnailUrl\":\"https:\/\/www.manaus.am.gov.br\/semcom\/wp-content\/uploads\/sites\/5\/2023\/02\/sugestaodepauta.png\",\"datePublished\":\"2025-02-12T12:15:54+00:00\",\"dateModified\":\"2025-02-12T12:15:54+00:00\",\"inLanguage\":\"pt-BR\",\"potentialAction\":[{\"@type\":\"ReadAction\",\"target\":[\"https:\/\/www.manaus.am.gov.br\/semcom\/pautas\/operacao-cavalo-de-aco-fiscaliza-motocicletas-na-zona-leste-de-manaus\/\"]}]},{\"@type\":\"ImageObject\",\"inLanguage\":\"pt-BR\",\"@id\":\"https:\/\/www.manaus.am.gov.br\/semcom\/pautas\/operacao-cavalo-de-aco-fiscaliza-motocicletas-na-zona-leste-de-manaus\/#primaryimage\",\"url\":\"https:\/\/www.manaus.am.gov.br\/semcom\/wp-content\/uploads\/sites\/5\/2023\/02\/sugestaodepauta.png\",\"contentUrl\":\"https:\/\/www.manaus.am.gov.br\/semcom\/wp-content\/uploads\/sites\/5\/2023\/02\/sugestaodepauta.png\",\"width\":1020,\"height\":540},{\"@type\":\"WebSite\",\"@id\":\"https:\/\/www.manaus.am.gov.br\/semcom\/#website\",\"url\":\"https:\/\/www.manaus.am.gov.br\/semcom\/\",\"name\":\"SEMCOM\",\"description\":\"Secretaria Municipal de Comunica\u00e7\u00e3o\",\"potentialAction\":[{\"@type\":\"SearchAction\",\"target\":{\"@type\":\"EntryPoint\",\"urlTemplate\":\"https:\/\/www.manaus.am.gov.br\/semcom\/?s={search_term_string}\"},\"query-input\":\"required name=search_term_string\"}],\"inLanguage\":\"pt-BR\"}]}<\/script>\n<!-- \/ Yoast SEO plugin. -->","yoast_head_json":{"title":"Opera\u00e7\u00e3o\u00a0\u2018Cavalo de A\u00e7o\u2019 fiscaliza motocicletas na zona Leste de Manaus - SEMCOM","robots":{"index":"index","follow":"follow","max-snippet":"max-snippet:-1","max-image-preview":"max-image-preview:large","max-video-preview":"max-video-preview:-1"},"canonical":"https:\/\/www.manaus.am.gov.br\/semcom\/pautas\/operacao-cavalo-de-aco-fiscaliza-motocicletas-na-zona-leste-de-manaus\/","og_locale":"pt_BR","og_type":"article","og_title":"Opera\u00e7\u00e3o\u00a0\u2018Cavalo de A\u00e7o\u2019 fiscaliza motocicletas na zona Leste de Manaus - SEMCOM","og_url":"https:\/\/www.manaus.am.gov.br\/semcom\/pautas\/operacao-cavalo-de-aco-fiscaliza-motocicletas-na-zona-leste-de-manaus\/","og_site_name":"SEMCOM","og_image":[{"width":1020,"height":540,"url":"https:\/\/www.manaus.am.gov.br\/semcom\/wp-content\/uploads\/sites\/5\/2023\/02\/sugestaodepauta.png","type":"image\/png"}],"twitter_card":"summary_large_image","twitter_misc":{"Est. reading time":"1 minuto"},"schema":{"@context":"https:\/\/schema.org","@graph":[{"@type":"WebPage","@id":"https:\/\/www.manaus.am.gov.br\/semcom\/pautas\/operacao-cavalo-de-aco-fiscaliza-motocicletas-na-zona-leste-de-manaus\/","url":"https:\/\/www.manaus.am.gov.br\/semcom\/pautas\/operacao-cavalo-de-aco-fiscaliza-motocicletas-na-zona-leste-de-manaus\/","name":"Opera\u00e7\u00e3o\u00a0\u2018Cavalo de A\u00e7o\u2019 fiscaliza motocicletas na zona Leste de Manaus - SEMCOM","isPartOf":{"@id":"https:\/\/www.manaus.am.gov.br\/semcom\/#website"},"primaryImageOfPage":{"@id":"https:\/\/www.manaus.am.gov.br\/semcom\/pautas\/operacao-cavalo-de-aco-fiscaliza-motocicletas-na-zona-leste-de-manaus\/#primaryimage"},"image":{"@id":"https:\/\/www.manaus.am.gov.br\/semcom\/pautas\/operacao-cavalo-de-aco-fiscaliza-motocicletas-na-zona-leste-de-manaus\/#primaryimage"},"thumbnailUrl":"https:\/\/www.manaus.am.gov.br\/semcom\/wp-content\/uploads\/sites\/5\/2023\/02\/sugestaodepauta.png","datePublished":"2025-02-12T12:15:54+00:00","dateModified":"2025-02-12T12:15:54+00:00","inLanguage":"pt-BR","potentialAction":[{"@type":"ReadAction","target":["https:\/\/www.manaus.am.gov.br\/semcom\/pautas\/operacao-cavalo-de-aco-fiscaliza-motocicletas-na-zona-leste-de-manaus\/"]}]},{"@type":"ImageObject","inLanguage":"pt-BR","@id":"https:\/\/www.manaus.am.gov.br\/semcom\/pautas\/operacao-cavalo-de-aco-fiscaliza-motocicletas-na-zona-leste-de-manaus\/#primaryimage","url":"https:\/\/www.manaus.am.gov.br\/semcom\/wp-content\/uploads\/sites\/5\/2023\/02\/sugestaodepauta.png","contentUrl":"https:\/\/www.manaus.am.gov.br\/semcom\/wp-content\/uploads\/sites\/5\/2023\/02\/sugestaodepauta.png","width":1020,"height":540},{"@type":"WebSite","@id":"https:\/\/www.manaus.am.gov.br\/semcom\/#website","url":"https:\/\/www.manaus.am.gov.br\/semcom\/","name":"SEMCOM","description":"Secretaria Municipal de Comunica\u00e7\u00e3o","potentialAction":[{"@type":"SearchAction","target":{"@type":"EntryPoint","urlTemplate":"https:\/\/www.manaus.am.gov.br\/semcom\/?s={search_term_string}"},"query-input":"required name=search_term_string"}],"inLanguage":"pt-BR"}]}},"_links":{"self":[{"href":"https:\/\/www.manaus.am.gov.br\/semcom\/wp-json\/wp\/v2\/pautas\/234726"}],"collection":[{"href":"https:\/\/www.manaus.am.gov.br\/semcom\/wp-json\/wp\/v2\/pautas"}],"about":[{"href":"https:\/\/www.manaus.am.gov.br\/semcom\/wp-json\/wp\/v2\/types\/pautas"}],"wp:featuredmedia":[{"embeddable":true,"href":"https:\/\/www.manaus.am.gov.br\/semcom\/wp-json\/wp\/v2\/media\/208729"}],"wp:attachment":[{"href":"https:\/\/www.manaus.am.gov.br\/semcom\/wp-json\/wp\/v2\/media?parent=234726"}],"wp:term":[{"taxonomy":"category","embeddable":true,"href":"https:\/\/www.manaus.am.gov.br\/semcom\/wp-json\/wp\/v2\/categories?post=234726"}],"curies":[{"name":"wp","href":"https:\/\/api.w.org\/{rel}","templated":true}]}}

Operação ‘Cavalo de Aço’ fiscaliza motocicletas na zona Leste de Manaus

<p>A&nbsp;<a href="https://www.manaus.am.gov.br/semcom/pautas/operacao-cavalodeaco-immu/" target="_blank" rel="noreferrer noopener">Prefeitura de Manaus</a>, via Instituto Municipal de Mobilidade de Mobilidade Urbana (IMMU), realiza a&nbsp;operação&nbsp;“Cavalo de Aço”, a partir das 9h30 desta quarta-feira, 12/2, na avenida Nathan Xavier, bairro Novo Aleixo, zona Norte da cidade.</p>



<p>A&nbsp;operação&nbsp;irá fiscalizar motocicletas que circulam de forma irregular e sem os equipamentos obrigatórios.</p>



<p>A ação tem como objetivo garantir a segurança dos condutores e pedestres que circulam pela região, além de coibir práticas ilegais no trânsito, como a falta de documentação e tráfego de veículos em más condições. Os veículos que estiverem em desacordo com as normas serão autuados e poderão ser removidos ao parqueamento do IMMU.</p>



<p><strong><br>SERVIÇO:</strong></p>



<p><br><strong>O quê</strong>&nbsp;&#8211;&nbsp;Operação&nbsp;“Cavalo de Aço”</p>



<p><strong>Quando&nbsp;</strong>&#8211; Quarta-feira, 12/2</p>



<p><strong>Horário&nbsp;</strong>– 9h30</p>



<p><strong>Local –&nbsp;</strong>Avenida Nathan Xavier, em frente ao posto Equador, bairro Novo Aleixo</p>



<p><strong>Localização &#8211;&nbsp;</strong><a href="https://www.google.com/maps?q=-3.0626041,-59.9699036&amp;z=17&amp;hl=pt-BR" target="_blank" rel="noreferrer noopener">https://www.google.com/maps?q=-3.0626041,-59.9699036&amp;z=17&amp;hl=pt-BR</a></p>

<!-- This site is optimized with the Yoast SEO plugin v23.0 - https://yoast.com/wordpress/plugins/seo/ -->
<title>Operação ‘Cavalo de Aço’ fiscaliza motocicletas na zona Leste de Manaus - SEMCOM</title>
<meta name="robots" content="index, follow, max-snippet:-1, max-image-preview:large, max-video-preview:-1" />
<link rel="canonical" href="https://www.manaus.am.gov.br/semcom/pautas/operacao-cavalo-de-aco-fiscaliza-motocicletas-na-zona-leste-de-manaus/" />
<meta property="og:locale" content="pt_BR" />
<meta property="og:type" content="article" />
<meta property="og:title" content="Operação ‘Cavalo de Aço’ fiscaliza motocicletas na zona Leste de Manaus - SEMCOM" />
<meta property="og:url" content="https://www.manaus.am.gov.br/semcom/pautas/operacao-cavalo-de-aco-fiscaliza-motocicletas-na-zona-leste-de-manaus/" />
<meta property="og:site_name" content="SEMCOM" />
<meta property="og:image" content="https://www.manaus.am.gov.br/semcom/wp-content/uploads/sites/5/2023/02/sugestaodepauta.png" />
	<meta property="og:image:width" content="1020" />
	<meta property="og:image:height" content="540" />
	<meta property="og:image:type" content="image/png" />
<meta name="twitter:card" content="summary_large_image" />
<meta name="twitter:label1" content="Est. reading time" />
	<meta name="twitter:data1" content="1 minuto" />
<script type="application/ld+json" class="yoast-schema-graph">{"@context":"https://schema.org","@graph":[{"@type":"WebPage","@id":"https://www.manaus.am.gov.br/semcom/pautas/operacao-cavalo-de-aco-fiscaliza-motocicletas-na-zona-leste-de-manaus/","url":"https://www.manaus.am.gov.br/semcom/pautas/operacao-cavalo-de-aco-fiscaliza-motocicletas-na-zona-leste-de-manaus/","name":"Operação ‘Cavalo de Aço’ fiscaliza motocicletas na zona Leste de Manaus - SEMCOM","isPartOf":{"@id":"https://www.manaus.am.gov.br/semcom/#website"},"primaryImageOfPage":{"@id":"https://www.manaus.am.gov.br/semcom/pautas/operacao-cavalo-de-aco-fiscaliza-motocicletas-na-zona-leste-de-manaus/#primaryimage"},"image":{"@id":"https://www.manaus.am.gov.br/semcom/pautas/operacao-cavalo-de-aco-fiscaliza-motocicletas-na-zona-leste-de-manaus/#primaryimage"},"thumbnailUrl":"https://www.manaus.am.gov.br/semcom/wp-content/uploads/sites/5/2023/02/sugestaodepauta.png","datePublished":"2025-02-12T12:15:54+00:00","dateModified":"2025-02-12T12:15:54+00:00","inLanguage":"pt-BR","potentialAction":[{"@type":"ReadAction","target":["https://www.manaus.am.gov.br/semcom/pautas/operacao-cavalo-de-aco-fiscaliza-motocicletas-na-zona-leste-de-manaus/"]}]},{"@type":"ImageObject","inLanguage":"pt-BR","@id":"https://www.manaus.am.gov.br/semcom/pautas/operacao-cavalo-de-aco-fiscaliza-motocicletas-na-zona-leste-de-manaus/#primaryimage","url":"https://www.manaus.am.gov.br/semcom/wp-content/uploads/sites/5/2023/02/sugestaodepauta.png","contentUrl":"https://www.manaus.am.gov.br/semcom/wp-content/uploads/sites/5/2023/02/sugestaodepauta.png","width":1020,"height":540},{"@type":"WebSite","@id":"https://www.manaus.am.gov.br/semcom/#website","url":"https://www.manaus.am.gov.br/semcom/","name":"SEMCOM","description":"Secretaria Municipal de Comunicação","potentialAction":[{"@type":"SearchAction","target":{"@type":"EntryPoint","urlTemplate":"https://www.manaus.am.gov.br/semcom/?s={search_term_string}"},"query-input":"required name=search_term_string"}],"inLanguage":"pt-BR"}]}</script>
<!-- / Yoast SEO plugin. -->

Operação ‘Cavalo de Aço’ fiscaliza motocicletas na zona Leste de Manaus - SEMCOM

Secretaria Municipal de Comunicação
