{"id":234610,"date":"2025-02-07T16:59:58","date_gmt":"2025-02-07T19:59:58","guid":{"rendered":"https:\/\/www.manaus.am.gov.br\/semcom\/?post_type=pautas&#038;p=234610"},"modified":"2025-02-10T20:42:39","modified_gmt":"2025-02-10T23:42:39","slug":"prato-do-povo-panair","status":"publish","type":"pautas","link":"https:\/\/www.manaus.am.gov.br\/semcom\/pautas\/prato-do-povo-panair\/","title":{"rendered":"Prefeito de Manaus inaugura 12\u00aa unidade do \u2018Prato do Povo\u2019 na Feira da Panair"},"content":{"rendered":"\n<p>O prefeito de Manaus, David Almeida, inaugura, nesta ter\u00e7a-feira, 11\/2, \u00e0s\u00a0<strong>9h30<\/strong>, a 12\u00aa unidade do programa \u201cPrato do Povo\u201d na capital amazonense. O novo ponto de distribui\u00e7\u00e3o\u00a0da\u00a0Secretaria Municipal da Mulher, Assist\u00eancia Social e Cidadania (Semasc),\u00a0est\u00e1 localizado na feira da Panair, no bairro Educandos, zona Sul, e faz parte das a\u00e7\u00f5es do programa \u201cManaus sem Fome\u201d, lan\u00e7ado em dezembro de 2023, para garantir alimenta\u00e7\u00e3o saud\u00e1vel e acess\u00edvel \u00e0 popula\u00e7\u00e3o.\u00a0<\/p>\n\n\n\n<p>Com a amplia\u00e7\u00e3o do programa para mais regi\u00f5es da cidade, o novo \u201cPrato do Povo\u201d substitui a antiga cozinha comunit\u00e1ria e passa a oferecer mil refei\u00e7\u00f5es di\u00e1rias de forma gratuita, refor\u00e7ando o compromisso da gest\u00e3o municipal com a seguran\u00e7a alimentar e o combate \u00e0 fome.&nbsp;<\/p>\n\n\n\n<p>Manaus passa a contar, agora, com cinco cozinhas comunit\u00e1rias, um restaurante popular e doze unidades do \u201cPrato do Povo\u201d, totalizando mais de 12 mil refei\u00e7\u00f5es servidas diariamente e ultrapassando 264 mil refei\u00e7\u00f5es por m\u00eas nesses espa\u00e7os.&nbsp;<\/p>\n\n\n\n<p><strong>SERVI\u00c7O&nbsp;<\/strong><\/p>\n\n\n\n<p><strong>O qu\u00ea: <\/strong>Inaugura\u00e7\u00e3o da 12\u00aa unidade do \u201cPrato do Povo\u201d<strong><\/strong><\/p>\n\n\n\n<p><strong>Quando:<\/strong> Ter\u00e7a-feira, 11\/2<strong><\/strong><\/p>\n\n\n\n<p><strong>Hor\u00e1rio: <\/strong>\u00a0<strong>9h30<\/strong> <\/p>\n\n\n\n<p><strong>Local: <\/strong>Rua Beira Mar, n\u00ba 10, Educandos<strong><\/strong><\/p>\n\n\n\n<p>Localizador &#8211; <a href=\"https:\/\/maps.app.goo.gl\/URwsAKv7qJuj3EXK6\">https:\/\/maps.app.goo.gl\/URwsAKv7qJuj3EXK6<\/a><\/p>\n","protected":false},"featured_media":208729,"template":"","categories":[802],"acf":[],"yoast_head":"<!-- This site is optimized with the Yoast SEO plugin v23.0 - https:\/\/yoast.com\/wordpress\/plugins\/seo\/ -->\n<title>Prefeitura de Manaus inaugura 12\u00aa unidade do \u2018Prato do Povo\u2019 na Feira da Panair<\/title>\n<meta name=\"description\" content=\"A Prefeitura de Manaus, por meio da Secretaria Municipal da Mulher, Assist\u00eancia Social e Cidadania (Semasc), inaugura, na pr\u00f3xima ter\u00e7a-feira, 11\/2, \u00e0s 10h\" \/>\n<meta name=\"robots\" content=\"index, follow, max-snippet:-1, max-image-preview:large, max-video-preview:-1\" \/>\n<link rel=\"canonical\" href=\"https:\/\/www.manaus.am.gov.br\/semcom\/pautas\/prato-do-povo-panair\/\" \/>\n<meta property=\"og:locale\" content=\"pt_BR\" \/>\n<meta property=\"og:type\" content=\"article\" \/>\n<meta property=\"og:title\" content=\"Prefeitura de Manaus inaugura 12\u00aa unidade do \u2018Prato do Povo\u2019 na Feira da Panair\" \/>\n<meta property=\"og:description\" content=\"A Prefeitura de Manaus, por meio da Secretaria Municipal da Mulher, Assist\u00eancia Social e Cidadania (Semasc), inaugura, na pr\u00f3xima ter\u00e7a-feira, 11\/2, \u00e0s 10h\" \/>\n<meta property=\"og:url\" content=\"https:\/\/www.manaus.am.gov.br\/semcom\/pautas\/prato-do-povo-panair\/\" \/>\n<meta property=\"og:site_name\" content=\"SEMCOM\" \/>\n<meta property=\"article:modified_time\" content=\"2025-02-10T23:42:39+00:00\" \/>\n<meta property=\"og:image\" content=\"https:\/\/www.manaus.am.gov.br\/semcom\/wp-content\/uploads\/sites\/5\/2023\/02\/sugestaodepauta.png\" \/>\n\t<meta property=\"og:image:width\" content=\"1020\" \/>\n\t<meta property=\"og:image:height\" content=\"540\" \/>\n\t<meta property=\"og:image:type\" content=\"image\/png\" \/>\n<meta name=\"twitter:card\" content=\"summary_large_image\" \/>\n<meta name=\"twitter:label1\" content=\"Est. reading time\" \/>\n\t<meta name=\"twitter:data1\" content=\"2 minutos\" \/>\n<script type=\"application\/ld+json\" class=\"yoast-schema-graph\">{\"@context\":\"https:\/\/schema.org\",\"@graph\":[{\"@type\":\"WebPage\",\"@id\":\"https:\/\/www.manaus.am.gov.br\/semcom\/pautas\/prato-do-povo-panair\/\",\"url\":\"https:\/\/www.manaus.am.gov.br\/semcom\/pautas\/prato-do-povo-panair\/\",\"name\":\"Prefeitura de Manaus inaugura 12\u00aa unidade do \u2018Prato do Povo\u2019 na Feira da Panair\",\"isPartOf\":{\"@id\":\"https:\/\/www.manaus.am.gov.br\/semcom\/#website\"},\"primaryImageOfPage\":{\"@id\":\"https:\/\/www.manaus.am.gov.br\/semcom\/pautas\/prato-do-povo-panair\/#primaryimage\"},\"image\":{\"@id\":\"https:\/\/www.manaus.am.gov.br\/semcom\/pautas\/prato-do-povo-panair\/#primaryimage\"},\"thumbnailUrl\":\"https:\/\/www.manaus.am.gov.br\/semcom\/wp-content\/uploads\/sites\/5\/2023\/02\/sugestaodepauta.png\",\"datePublished\":\"2025-02-07T19:59:58+00:00\",\"dateModified\":\"2025-02-10T23:42:39+00:00\",\"description\":\"A Prefeitura de Manaus, por meio da Secretaria Municipal da Mulher, Assist\u00eancia Social e Cidadania (Semasc), inaugura, na pr\u00f3xima ter\u00e7a-feira, 11\/2, \u00e0s 10h\",\"inLanguage\":\"pt-BR\",\"potentialAction\":[{\"@type\":\"ReadAction\",\"target\":[\"https:\/\/www.manaus.am.gov.br\/semcom\/pautas\/prato-do-povo-panair\/\"]}]},{\"@type\":\"ImageObject\",\"inLanguage\":\"pt-BR\",\"@id\":\"https:\/\/www.manaus.am.gov.br\/semcom\/pautas\/prato-do-povo-panair\/#primaryimage\",\"url\":\"https:\/\/www.manaus.am.gov.br\/semcom\/wp-content\/uploads\/sites\/5\/2023\/02\/sugestaodepauta.png\",\"contentUrl\":\"https:\/\/www.manaus.am.gov.br\/semcom\/wp-content\/uploads\/sites\/5\/2023\/02\/sugestaodepauta.png\",\"width\":1020,\"height\":540},{\"@type\":\"WebSite\",\"@id\":\"https:\/\/www.manaus.am.gov.br\/semcom\/#website\",\"url\":\"https:\/\/www.manaus.am.gov.br\/semcom\/\",\"name\":\"SEMCOM\",\"description\":\"Secretaria Municipal de Comunica\u00e7\u00e3o\",\"potentialAction\":[{\"@type\":\"SearchAction\",\"target\":{\"@type\":\"EntryPoint\",\"urlTemplate\":\"https:\/\/www.manaus.am.gov.br\/semcom\/?s={search_term_string}\"},\"query-input\":\"required name=search_term_string\"}],\"inLanguage\":\"pt-BR\"}]}<\/script>\n<!-- \/ Yoast SEO plugin. -->","yoast_head_json":{"title":"Prefeitura de Manaus inaugura 12\u00aa unidade do \u2018Prato do Povo\u2019 na Feira da Panair","description":"A Prefeitura de Manaus, por meio da Secretaria Municipal da Mulher, Assist\u00eancia Social e Cidadania (Semasc), inaugura, na pr\u00f3xima ter\u00e7a-feira, 11\/2, \u00e0s 10h","robots":{"index":"index","follow":"follow","max-snippet":"max-snippet:-1","max-image-preview":"max-image-preview:large","max-video-preview":"max-video-preview:-1"},"canonical":"https:\/\/www.manaus.am.gov.br\/semcom\/pautas\/prato-do-povo-panair\/","og_locale":"pt_BR","og_type":"article","og_title":"Prefeitura de Manaus inaugura 12\u00aa unidade do \u2018Prato do Povo\u2019 na Feira da Panair","og_description":"A Prefeitura de Manaus, por meio da Secretaria Municipal da Mulher, Assist\u00eancia Social e Cidadania (Semasc), inaugura, na pr\u00f3xima ter\u00e7a-feira, 11\/2, \u00e0s 10h","og_url":"https:\/\/www.manaus.am.gov.br\/semcom\/pautas\/prato-do-povo-panair\/","og_site_name":"SEMCOM","article_modified_time":"2025-02-10T23:42:39+00:00","og_image":[{"width":1020,"height":540,"url":"https:\/\/www.manaus.am.gov.br\/semcom\/wp-content\/uploads\/sites\/5\/2023\/02\/sugestaodepauta.png","type":"image\/png"}],"twitter_card":"summary_large_image","twitter_misc":{"Est. reading time":"2 minutos"},"schema":{"@context":"https:\/\/schema.org","@graph":[{"@type":"WebPage","@id":"https:\/\/www.manaus.am.gov.br\/semcom\/pautas\/prato-do-povo-panair\/","url":"https:\/\/www.manaus.am.gov.br\/semcom\/pautas\/prato-do-povo-panair\/","name":"Prefeitura de Manaus inaugura 12\u00aa unidade do \u2018Prato do Povo\u2019 na Feira da Panair","isPartOf":{"@id":"https:\/\/www.manaus.am.gov.br\/semcom\/#website"},"primaryImageOfPage":{"@id":"https:\/\/www.manaus.am.gov.br\/semcom\/pautas\/prato-do-povo-panair\/#primaryimage"},"image":{"@id":"https:\/\/www.manaus.am.gov.br\/semcom\/pautas\/prato-do-povo-panair\/#primaryimage"},"thumbnailUrl":"https:\/\/www.manaus.am.gov.br\/semcom\/wp-content\/uploads\/sites\/5\/2023\/02\/sugestaodepauta.png","datePublished":"2025-02-07T19:59:58+00:00","dateModified":"2025-02-10T23:42:39+00:00","description":"A Prefeitura de Manaus, por meio da Secretaria Municipal da Mulher, Assist\u00eancia Social e Cidadania (Semasc), inaugura, na pr\u00f3xima ter\u00e7a-feira, 11\/2, \u00e0s 10h","inLanguage":"pt-BR","potentialAction":[{"@type":"ReadAction","target":["https:\/\/www.manaus.am.gov.br\/semcom\/pautas\/prato-do-povo-panair\/"]}]},{"@type":"ImageObject","inLanguage":"pt-BR","@id":"https:\/\/www.manaus.am.gov.br\/semcom\/pautas\/prato-do-povo-panair\/#primaryimage","url":"https:\/\/www.manaus.am.gov.br\/semcom\/wp-content\/uploads\/sites\/5\/2023\/02\/sugestaodepauta.png","contentUrl":"https:\/\/www.manaus.am.gov.br\/semcom\/wp-content\/uploads\/sites\/5\/2023\/02\/sugestaodepauta.png","width":1020,"height":540},{"@type":"WebSite","@id":"https:\/\/www.manaus.am.gov.br\/semcom\/#website","url":"https:\/\/www.manaus.am.gov.br\/semcom\/","name":"SEMCOM","description":"Secretaria Municipal de Comunica\u00e7\u00e3o","potentialAction":[{"@type":"SearchAction","target":{"@type":"EntryPoint","urlTemplate":"https:\/\/www.manaus.am.gov.br\/semcom\/?s={search_term_string}"},"query-input":"required name=search_term_string"}],"inLanguage":"pt-BR"}]}},"_links":{"self":[{"href":"https:\/\/www.manaus.am.gov.br\/semcom\/wp-json\/wp\/v2\/pautas\/234610"}],"collection":[{"href":"https:\/\/www.manaus.am.gov.br\/semcom\/wp-json\/wp\/v2\/pautas"}],"about":[{"href":"https:\/\/www.manaus.am.gov.br\/semcom\/wp-json\/wp\/v2\/types\/pautas"}],"wp:featuredmedia":[{"embeddable":true,"href":"https:\/\/www.manaus.am.gov.br\/semcom\/wp-json\/wp\/v2\/media\/208729"}],"wp:attachment":[{"href":"https:\/\/www.manaus.am.gov.br\/semcom\/wp-json\/wp\/v2\/media?parent=234610"}],"wp:term":[{"taxonomy":"category","embeddable":true,"href":"https:\/\/www.manaus.am.gov.br\/semcom\/wp-json\/wp\/v2\/categories?post=234610"}],"curies":[{"name":"wp","href":"https:\/\/api.w.org\/{rel}","templated":true}]}}

Prefeito de Manaus inaugura 12ª unidade do ‘Prato do Povo’ na Feira da Panair

<p>O prefeito de Manaus, David Almeida, inaugura, nesta terça-feira, 11/2, às <strong>9h30</strong>, a 12ª unidade do programa “Prato do Povo” na capital amazonense. O novo ponto de distribuição da Secretaria Municipal da Mulher, Assistência Social e Cidadania (Semasc), está localizado na feira da Panair, no bairro Educandos, zona Sul, e faz parte das ações do programa “Manaus sem Fome”, lançado em dezembro de 2023, para garantir alimentação saudável e acessível à população. </p>



<p>Com a ampliação do programa para mais regiões da cidade, o novo “Prato do Povo” substitui a antiga cozinha comunitária e passa a oferecer mil refeições diárias de forma gratuita, reforçando o compromisso da gestão municipal com a segurança alimentar e o combate à fome.&nbsp;</p>



<p>Manaus passa a contar, agora, com cinco cozinhas comunitárias, um restaurante popular e doze unidades do “Prato do Povo”, totalizando mais de 12 mil refeições servidas diariamente e ultrapassando 264 mil refeições por mês nesses espaços.&nbsp;</p>



<p><strong>SERVIÇO&nbsp;</strong></p>



<p><strong>O quê: </strong>Inauguração da 12ª unidade do “Prato do Povo”<strong></strong></p>



<p><strong>Quando:</strong> Terça-feira, 11/2<strong></strong></p>



<p><strong>Horário: </strong> <strong>9h30</strong> </p>



<p><strong>Local: </strong>Rua Beira Mar, nº 10, Educandos<strong></strong></p>



<p>Localizador &#8211; <a href="https://maps.app.goo.gl/URwsAKv7qJuj3EXK6">https://maps.app.goo.gl/URwsAKv7qJuj3EXK6</a></p>

<!-- This site is optimized with the Yoast SEO plugin v23.0 - https://yoast.com/wordpress/plugins/seo/ -->
<title>Prefeitura de Manaus inaugura 12ª unidade do ‘Prato do Povo’ na Feira da Panair</title>
<meta name="description" content="A Prefeitura de Manaus, por meio da Secretaria Municipal da Mulher, Assistência Social e Cidadania (Semasc), inaugura, na próxima terça-feira, 11/2, às 10h" />
<meta name="robots" content="index, follow, max-snippet:-1, max-image-preview:large, max-video-preview:-1" />
<link rel="canonical" href="https://www.manaus.am.gov.br/semcom/pautas/prato-do-povo-panair/" />
<meta property="og:locale" content="pt_BR" />
<meta property="og:type" content="article" />
<meta property="og:title" content="Prefeitura de Manaus inaugura 12ª unidade do ‘Prato do Povo’ na Feira da Panair" />
<meta property="og:description" content="A Prefeitura de Manaus, por meio da Secretaria Municipal da Mulher, Assistência Social e Cidadania (Semasc), inaugura, na próxima terça-feira, 11/2, às 10h" />
<meta property="og:url" content="https://www.manaus.am.gov.br/semcom/pautas/prato-do-povo-panair/" />
<meta property="og:site_name" content="SEMCOM" />
<meta property="article:modified_time" content="2025-02-10T23:42:39+00:00" />
<meta property="og:image" content="https://www.manaus.am.gov.br/semcom/wp-content/uploads/sites/5/2023/02/sugestaodepauta.png" />
	<meta property="og:image:width" content="1020" />
	<meta property="og:image:height" content="540" />
	<meta property="og:image:type" content="image/png" />
<meta name="twitter:card" content="summary_large_image" />
<meta name="twitter:label1" content="Est. reading time" />
	<meta name="twitter:data1" content="2 minutos" />
<script type="application/ld+json" class="yoast-schema-graph">{"@context":"https://schema.org","@graph":[{"@type":"WebPage","@id":"https://www.manaus.am.gov.br/semcom/pautas/prato-do-povo-panair/","url":"https://www.manaus.am.gov.br/semcom/pautas/prato-do-povo-panair/","name":"Prefeitura de Manaus inaugura 12ª unidade do ‘Prato do Povo’ na Feira da Panair","isPartOf":{"@id":"https://www.manaus.am.gov.br/semcom/#website"},"primaryImageOfPage":{"@id":"https://www.manaus.am.gov.br/semcom/pautas/prato-do-povo-panair/#primaryimage"},"image":{"@id":"https://www.manaus.am.gov.br/semcom/pautas/prato-do-povo-panair/#primaryimage"},"thumbnailUrl":"https://www.manaus.am.gov.br/semcom/wp-content/uploads/sites/5/2023/02/sugestaodepauta.png","datePublished":"2025-02-07T19:59:58+00:00","dateModified":"2025-02-10T23:42:39+00:00","description":"A Prefeitura de Manaus, por meio da Secretaria Municipal da Mulher, Assistência Social e Cidadania (Semasc), inaugura, na próxima terça-feira, 11/2, às 10h","inLanguage":"pt-BR","potentialAction":[{"@type":"ReadAction","target":["https://www.manaus.am.gov.br/semcom/pautas/prato-do-povo-panair/"]}]},{"@type":"ImageObject","inLanguage":"pt-BR","@id":"https://www.manaus.am.gov.br/semcom/pautas/prato-do-povo-panair/#primaryimage","url":"https://www.manaus.am.gov.br/semcom/wp-content/uploads/sites/5/2023/02/sugestaodepauta.png","contentUrl":"https://www.manaus.am.gov.br/semcom/wp-content/uploads/sites/5/2023/02/sugestaodepauta.png","width":1020,"height":540},{"@type":"WebSite","@id":"https://www.manaus.am.gov.br/semcom/#website","url":"https://www.manaus.am.gov.br/semcom/","name":"SEMCOM","description":"Secretaria Municipal de Comunicação","potentialAction":[{"@type":"SearchAction","target":{"@type":"EntryPoint","urlTemplate":"https://www.manaus.am.gov.br/semcom/?s={search_term_string}"},"query-input":"required name=search_term_string"}],"inLanguage":"pt-BR"}]}</script>
<!-- / Yoast SEO plugin. -->

Prefeitura de Manaus inaugura 12ª unidade do ‘Prato do Povo’ na Feira da Panair

A Prefeitura de Manaus, por meio da Secretaria Municipal da Mulher, Assistência Social e Cidadania (Semasc), inaugura, na próxima terça-feira, 11/2, às 10h

Secretaria Municipal de Comunicação
