{"id":234427,"date":"2025-02-02T12:42:38","date_gmt":"2025-02-02T15:42:38","guid":{"rendered":"https:\/\/www.manaus.am.gov.br\/semcom\/?post_type=pautas&#038;p=234427"},"modified":"2025-02-02T12:42:39","modified_gmt":"2025-02-02T15:42:39","slug":"entrega-complexo-ouro-verde","status":"publish","type":"pautas","link":"https:\/\/www.manaus.am.gov.br\/semcom\/pautas\/entrega-complexo-ouro-verde\/","title":{"rendered":"Prefeito David Almeida entrega complexo esportivo do Ouro Verde totalmente revitalizado"},"content":{"rendered":"\n<p>O prefeito David Almeida entrega nesta ter\u00e7a-feira, 4\/2, \u00e0s 10h, o Complexo Esportivo do Ouro Verde, localizado na rua Luiz Corrente, conjunto Ouro Verde, no bairro Coroado, zona Leste da capital, totalmente revitalizado pela Secretaria Municipal de Infraestrutura (Seminf).<\/p>\n\n\n\n<p>O local passou por uma ampla reforma, que inclui a revitaliza\u00e7\u00e3o do campo, a constru\u00e7\u00e3o de uma quadra de v\u00f4lei com alambrado, melhorias na cobertura da arquibancada e dos vesti\u00e1rios, al\u00e9m da constru\u00e7\u00e3o de um palco para aulas de zumba e a implanta\u00e7\u00e3o de cal\u00e7adas.<\/p>\n\n\n\n<p>Com a entrega do Complexo Esportivo do Ouro Verde, a Prefeitura de Manaus alcan\u00e7a a marca de 24 espa\u00e7os esportivos entregues e revitalizados para a popula\u00e7\u00e3o, reafirmando seu compromisso com o esporte e o bem-estar da comunidade.<\/p>\n\n\n\n<p><strong>SERVI\u00c7O<\/strong><\/p>\n\n\n\n<p><strong>O qu\u00ea:<\/strong> Entrega do complexo esportivo Ouro Verde&nbsp;<\/p>\n\n\n\n<p><strong>Quando:<\/strong> Ter\u00e7a-feira, 4\/2<\/p>\n\n\n\n<p><strong>Hor\u00e1rio:<\/strong> 10h&nbsp;<\/p>\n\n\n\n<p><strong>Local:<\/strong> rua Luiz Corrente, conjunto Ouro Verde, bairro Coroado, zona Leste.<\/p>\n\n\n\n<figure class=\"wp-block-embed\"><div class=\"wp-block-embed__wrapper\">\nhttps:\/\/maps.app.goo.gl\/2AvyMTCw8jeecnFj7?g_st=com.google.maps.preview.copy\n<\/div><\/figure>\n","protected":false},"featured_media":208729,"template":"","categories":[809],"acf":[],"yoast_head":"<!-- This site is optimized with the Yoast SEO plugin v23.0 - https:\/\/yoast.com\/wordpress\/plugins\/seo\/ -->\n<title>Prefeito David Almeida entrega complexo esportivo do Ouro Verde totalmente revitalizado<\/title>\n<meta name=\"robots\" content=\"index, follow, max-snippet:-1, max-image-preview:large, max-video-preview:-1\" \/>\n<link rel=\"canonical\" href=\"https:\/\/www.manaus.am.gov.br\/semcom\/pautas\/entrega-complexo-ouro-verde\/\" \/>\n<meta property=\"og:locale\" content=\"pt_BR\" \/>\n<meta property=\"og:type\" content=\"article\" \/>\n<meta property=\"og:title\" content=\"Prefeito David Almeida entrega complexo esportivo do Ouro Verde totalmente revitalizado\" \/>\n<meta property=\"og:url\" content=\"https:\/\/www.manaus.am.gov.br\/semcom\/pautas\/entrega-complexo-ouro-verde\/\" \/>\n<meta property=\"og:site_name\" content=\"SEMCOM\" \/>\n<meta property=\"article:modified_time\" content=\"2025-02-02T15:42:39+00:00\" \/>\n<meta property=\"og:image\" content=\"https:\/\/www.manaus.am.gov.br\/semcom\/wp-content\/uploads\/sites\/5\/2023\/02\/sugestaodepauta.png\" \/>\n\t<meta property=\"og:image:width\" content=\"1020\" \/>\n\t<meta property=\"og:image:height\" content=\"540\" \/>\n\t<meta property=\"og:image:type\" content=\"image\/png\" \/>\n<meta name=\"twitter:card\" content=\"summary_large_image\" \/>\n<meta name=\"twitter:label1\" content=\"Est. reading time\" \/>\n\t<meta name=\"twitter:data1\" content=\"2 minutos\" \/>\n<script type=\"application\/ld+json\" class=\"yoast-schema-graph\">{\"@context\":\"https:\/\/schema.org\",\"@graph\":[{\"@type\":\"WebPage\",\"@id\":\"https:\/\/www.manaus.am.gov.br\/semcom\/pautas\/entrega-complexo-ouro-verde\/\",\"url\":\"https:\/\/www.manaus.am.gov.br\/semcom\/pautas\/entrega-complexo-ouro-verde\/\",\"name\":\"Prefeito David Almeida entrega complexo esportivo do Ouro Verde totalmente revitalizado\",\"isPartOf\":{\"@id\":\"https:\/\/www.manaus.am.gov.br\/semcom\/#website\"},\"primaryImageOfPage\":{\"@id\":\"https:\/\/www.manaus.am.gov.br\/semcom\/pautas\/entrega-complexo-ouro-verde\/#primaryimage\"},\"image\":{\"@id\":\"https:\/\/www.manaus.am.gov.br\/semcom\/pautas\/entrega-complexo-ouro-verde\/#primaryimage\"},\"thumbnailUrl\":\"https:\/\/www.manaus.am.gov.br\/semcom\/wp-content\/uploads\/sites\/5\/2023\/02\/sugestaodepauta.png\",\"datePublished\":\"2025-02-02T15:42:38+00:00\",\"dateModified\":\"2025-02-02T15:42:39+00:00\",\"inLanguage\":\"pt-BR\",\"potentialAction\":[{\"@type\":\"ReadAction\",\"target\":[\"https:\/\/www.manaus.am.gov.br\/semcom\/pautas\/entrega-complexo-ouro-verde\/\"]}]},{\"@type\":\"ImageObject\",\"inLanguage\":\"pt-BR\",\"@id\":\"https:\/\/www.manaus.am.gov.br\/semcom\/pautas\/entrega-complexo-ouro-verde\/#primaryimage\",\"url\":\"https:\/\/www.manaus.am.gov.br\/semcom\/wp-content\/uploads\/sites\/5\/2023\/02\/sugestaodepauta.png\",\"contentUrl\":\"https:\/\/www.manaus.am.gov.br\/semcom\/wp-content\/uploads\/sites\/5\/2023\/02\/sugestaodepauta.png\",\"width\":1020,\"height\":540},{\"@type\":\"WebSite\",\"@id\":\"https:\/\/www.manaus.am.gov.br\/semcom\/#website\",\"url\":\"https:\/\/www.manaus.am.gov.br\/semcom\/\",\"name\":\"SEMCOM\",\"description\":\"Secretaria Municipal de Comunica\u00e7\u00e3o\",\"potentialAction\":[{\"@type\":\"SearchAction\",\"target\":{\"@type\":\"EntryPoint\",\"urlTemplate\":\"https:\/\/www.manaus.am.gov.br\/semcom\/?s={search_term_string}\"},\"query-input\":\"required name=search_term_string\"}],\"inLanguage\":\"pt-BR\"}]}<\/script>\n<!-- \/ Yoast SEO plugin. -->","yoast_head_json":{"title":"Prefeito David Almeida entrega complexo esportivo do Ouro Verde totalmente revitalizado","robots":{"index":"index","follow":"follow","max-snippet":"max-snippet:-1","max-image-preview":"max-image-preview:large","max-video-preview":"max-video-preview:-1"},"canonical":"https:\/\/www.manaus.am.gov.br\/semcom\/pautas\/entrega-complexo-ouro-verde\/","og_locale":"pt_BR","og_type":"article","og_title":"Prefeito David Almeida entrega complexo esportivo do Ouro Verde totalmente revitalizado","og_url":"https:\/\/www.manaus.am.gov.br\/semcom\/pautas\/entrega-complexo-ouro-verde\/","og_site_name":"SEMCOM","article_modified_time":"2025-02-02T15:42:39+00:00","og_image":[{"width":1020,"height":540,"url":"https:\/\/www.manaus.am.gov.br\/semcom\/wp-content\/uploads\/sites\/5\/2023\/02\/sugestaodepauta.png","type":"image\/png"}],"twitter_card":"summary_large_image","twitter_misc":{"Est. reading time":"2 minutos"},"schema":{"@context":"https:\/\/schema.org","@graph":[{"@type":"WebPage","@id":"https:\/\/www.manaus.am.gov.br\/semcom\/pautas\/entrega-complexo-ouro-verde\/","url":"https:\/\/www.manaus.am.gov.br\/semcom\/pautas\/entrega-complexo-ouro-verde\/","name":"Prefeito David Almeida entrega complexo esportivo do Ouro Verde totalmente revitalizado","isPartOf":{"@id":"https:\/\/www.manaus.am.gov.br\/semcom\/#website"},"primaryImageOfPage":{"@id":"https:\/\/www.manaus.am.gov.br\/semcom\/pautas\/entrega-complexo-ouro-verde\/#primaryimage"},"image":{"@id":"https:\/\/www.manaus.am.gov.br\/semcom\/pautas\/entrega-complexo-ouro-verde\/#primaryimage"},"thumbnailUrl":"https:\/\/www.manaus.am.gov.br\/semcom\/wp-content\/uploads\/sites\/5\/2023\/02\/sugestaodepauta.png","datePublished":"2025-02-02T15:42:38+00:00","dateModified":"2025-02-02T15:42:39+00:00","inLanguage":"pt-BR","potentialAction":[{"@type":"ReadAction","target":["https:\/\/www.manaus.am.gov.br\/semcom\/pautas\/entrega-complexo-ouro-verde\/"]}]},{"@type":"ImageObject","inLanguage":"pt-BR","@id":"https:\/\/www.manaus.am.gov.br\/semcom\/pautas\/entrega-complexo-ouro-verde\/#primaryimage","url":"https:\/\/www.manaus.am.gov.br\/semcom\/wp-content\/uploads\/sites\/5\/2023\/02\/sugestaodepauta.png","contentUrl":"https:\/\/www.manaus.am.gov.br\/semcom\/wp-content\/uploads\/sites\/5\/2023\/02\/sugestaodepauta.png","width":1020,"height":540},{"@type":"WebSite","@id":"https:\/\/www.manaus.am.gov.br\/semcom\/#website","url":"https:\/\/www.manaus.am.gov.br\/semcom\/","name":"SEMCOM","description":"Secretaria Municipal de Comunica\u00e7\u00e3o","potentialAction":[{"@type":"SearchAction","target":{"@type":"EntryPoint","urlTemplate":"https:\/\/www.manaus.am.gov.br\/semcom\/?s={search_term_string}"},"query-input":"required name=search_term_string"}],"inLanguage":"pt-BR"}]}},"_links":{"self":[{"href":"https:\/\/www.manaus.am.gov.br\/semcom\/wp-json\/wp\/v2\/pautas\/234427"}],"collection":[{"href":"https:\/\/www.manaus.am.gov.br\/semcom\/wp-json\/wp\/v2\/pautas"}],"about":[{"href":"https:\/\/www.manaus.am.gov.br\/semcom\/wp-json\/wp\/v2\/types\/pautas"}],"wp:featuredmedia":[{"embeddable":true,"href":"https:\/\/www.manaus.am.gov.br\/semcom\/wp-json\/wp\/v2\/media\/208729"}],"wp:attachment":[{"href":"https:\/\/www.manaus.am.gov.br\/semcom\/wp-json\/wp\/v2\/media?parent=234427"}],"wp:term":[{"taxonomy":"category","embeddable":true,"href":"https:\/\/www.manaus.am.gov.br\/semcom\/wp-json\/wp\/v2\/categories?post=234427"}],"curies":[{"name":"wp","href":"https:\/\/api.w.org\/{rel}","templated":true}]}}

<p>O prefeito David Almeida entrega nesta terça-feira, 4/2, às 10h, o Complexo Esportivo do Ouro Verde, localizado na rua Luiz Corrente, conjunto Ouro Verde, no bairro Coroado, zona Leste da capital, totalmente revitalizado pela Secretaria Municipal de Infraestrutura (Seminf).</p>



<p>O local passou por uma ampla reforma, que inclui a revitalização do campo, a construção de uma quadra de vôlei com alambrado, melhorias na cobertura da arquibancada e dos vestiários, além da construção de um palco para aulas de zumba e a implantação de calçadas.</p>



<p>Com a entrega do Complexo Esportivo do Ouro Verde, a Prefeitura de Manaus alcança a marca de 24 espaços esportivos entregues e revitalizados para a população, reafirmando seu compromisso com o esporte e o bem-estar da comunidade.</p>



<p><strong>SERVIÇO</strong></p>



<p><strong>O quê:</strong> Entrega do complexo esportivo Ouro Verde&nbsp;</p>



<p><strong>Quando:</strong> Terça-feira, 4/2</p>



<p><strong>Horário:</strong> 10h&nbsp;</p>



<p><strong>Local:</strong> rua Luiz Corrente, conjunto Ouro Verde, bairro Coroado, zona Leste.</p>



<figure class="wp-block-embed"><div class="wp-block-embed__wrapper">
https://maps.app.goo.gl/2AvyMTCw8jeecnFj7?g_st=com.google.maps.preview.copy
</div></figure>

<!-- This site is optimized with the Yoast SEO plugin v23.0 - https://yoast.com/wordpress/plugins/seo/ -->
<title>Prefeito David Almeida entrega complexo esportivo do Ouro Verde totalmente revitalizado</title>
<meta name="robots" content="index, follow, max-snippet:-1, max-image-preview:large, max-video-preview:-1" />
<link rel="canonical" href="https://www.manaus.am.gov.br/semcom/pautas/entrega-complexo-ouro-verde/" />
<meta property="og:locale" content="pt_BR" />
<meta property="og:type" content="article" />
<meta property="og:title" content="Prefeito David Almeida entrega complexo esportivo do Ouro Verde totalmente revitalizado" />
<meta property="og:url" content="https://www.manaus.am.gov.br/semcom/pautas/entrega-complexo-ouro-verde/" />
<meta property="og:site_name" content="SEMCOM" />
<meta property="article:modified_time" content="2025-02-02T15:42:39+00:00" />
<meta property="og:image" content="https://www.manaus.am.gov.br/semcom/wp-content/uploads/sites/5/2023/02/sugestaodepauta.png" />
	<meta property="og:image:width" content="1020" />
	<meta property="og:image:height" content="540" />
	<meta property="og:image:type" content="image/png" />
<meta name="twitter:card" content="summary_large_image" />
<meta name="twitter:label1" content="Est. reading time" />
	<meta name="twitter:data1" content="2 minutos" />
<script type="application/ld+json" class="yoast-schema-graph">{"@context":"https://schema.org","@graph":[{"@type":"WebPage","@id":"https://www.manaus.am.gov.br/semcom/pautas/entrega-complexo-ouro-verde/","url":"https://www.manaus.am.gov.br/semcom/pautas/entrega-complexo-ouro-verde/","name":"Prefeito David Almeida entrega complexo esportivo do Ouro Verde totalmente revitalizado","isPartOf":{"@id":"https://www.manaus.am.gov.br/semcom/#website"},"primaryImageOfPage":{"@id":"https://www.manaus.am.gov.br/semcom/pautas/entrega-complexo-ouro-verde/#primaryimage"},"image":{"@id":"https://www.manaus.am.gov.br/semcom/pautas/entrega-complexo-ouro-verde/#primaryimage"},"thumbnailUrl":"https://www.manaus.am.gov.br/semcom/wp-content/uploads/sites/5/2023/02/sugestaodepauta.png","datePublished":"2025-02-02T15:42:38+00:00","dateModified":"2025-02-02T15:42:39+00:00","inLanguage":"pt-BR","potentialAction":[{"@type":"ReadAction","target":["https://www.manaus.am.gov.br/semcom/pautas/entrega-complexo-ouro-verde/"]}]},{"@type":"ImageObject","inLanguage":"pt-BR","@id":"https://www.manaus.am.gov.br/semcom/pautas/entrega-complexo-ouro-verde/#primaryimage","url":"https://www.manaus.am.gov.br/semcom/wp-content/uploads/sites/5/2023/02/sugestaodepauta.png","contentUrl":"https://www.manaus.am.gov.br/semcom/wp-content/uploads/sites/5/2023/02/sugestaodepauta.png","width":1020,"height":540},{"@type":"WebSite","@id":"https://www.manaus.am.gov.br/semcom/#website","url":"https://www.manaus.am.gov.br/semcom/","name":"SEMCOM","description":"Secretaria Municipal de Comunicação","potentialAction":[{"@type":"SearchAction","target":{"@type":"EntryPoint","urlTemplate":"https://www.manaus.am.gov.br/semcom/?s={search_term_string}"},"query-input":"required name=search_term_string"}],"inLanguage":"pt-BR"}]}</script>
<!-- / Yoast SEO plugin. -->

Secretaria Municipal de Comunicação
