{"id":233929,"date":"2025-01-17T12:45:02","date_gmt":"2025-01-17T15:45:02","guid":{"rendered":"https:\/\/www.manaus.am.gov.br\/semcom\/?post_type=pautas&#038;p=233929"},"modified":"2025-01-17T12:45:03","modified_gmt":"2025-01-17T15:45:03","slug":"entrega-complexo-esportivo-armando-mendes","status":"publish","type":"pautas","link":"https:\/\/www.manaus.am.gov.br\/semcom\/pautas\/entrega-complexo-esportivo-armando-mendes\/","title":{"rendered":"Prefeito David Almeida retorna as atividades executivas e entrega complexo esportivo no bairro Armando Mendes totalmente revitalizado"},"content":{"rendered":"\n<p>Retomando \u00e0s atividades do Executivo municipal, o prefeito de Manaus, David Almeida, entrega, nesta segunda-feira, 20\/1, \u00e0s 10h, o novo complexo esportivo do bairro Armando Mendes, na zona Leste da capital, totalmente reformado. A obra, realizada pela Secretaria Municipal de Infraestrutura (Seminf), contemplou a reforma da quadra coberta, do campo de areia e da pra\u00e7a, al\u00e9m da constru\u00e7\u00e3o de novos quiosques e banheiros, oferecendo uma nova e moderna infraestrutura acess\u00edvel a toda a comunidade.<\/p>\n\n\n\n<p>De acordo com os moradores, h\u00e1 mais de 25 anos o local n\u00e3o recebia qualquer tipo de interven\u00e7\u00e3o. Agora, o espa\u00e7o conta com uma estrutura renovada, segura e confort\u00e1vel, promovendo mais qualidade de vida e op\u00e7\u00f5es de lazer para a popula\u00e7\u00e3o local.<\/p>\n\n\n\n<p>Com a entrega do complexo esportivo do bairro Armando Mendes, a Prefeitura de Manaus atinge a marca de 22 espa\u00e7os esportivos revitalizados e entregues \u00e0 popula\u00e7\u00e3o em diferentes bairros da cidade.&nbsp;<\/p>\n\n\n\n<p><strong>SERVI\u00c7O<\/strong><\/p>\n\n\n\n<p><strong>O qu\u00ea&nbsp;\u2013<\/strong>&nbsp;Entrega do complexo esportivo Armando Mendes&nbsp;<\/p>\n\n\n\n<p><strong>Quando<\/strong>&nbsp;&#8211; Segunda-feira, 20\/1<\/p>\n\n\n\n<p><strong>Hor\u00e1rio<\/strong>&nbsp;\u2013 10h<\/p>\n\n\n\n<p><strong>Local&nbsp;<\/strong>\u2013 Rua Xanxer\u00ea, bairro Armando Mendes, zona Leste<\/p>\n\n\n\n<p><strong>Localiza\u00e7\u00e3o &#8211;&nbsp;<\/strong><a href=\"https:\/\/maps.app.goo.gl\/ZHvJCoZoPbaQhFT76?g_st=iw\" target=\"_blank\" rel=\"noreferrer noopener\">https:\/\/maps.app.goo.gl\/ZHvJCoZoPbaQhFT76?g_st=iw<\/a><\/p>\n","protected":false},"featured_media":208729,"template":"","categories":[809],"acf":[],"yoast_head":"<!-- This site is optimized with the Yoast SEO plugin v23.0 - https:\/\/yoast.com\/wordpress\/plugins\/seo\/ -->\n<title>Entrega complexo esportivo no bairro Armando Mendes<\/title>\n<meta name=\"description\" content=\"Prefeito David Almeida retorna as atividades executivas e entrega complexo esportivo no bairro Armando Mendes totalmente revitalizado.\" \/>\n<meta name=\"robots\" content=\"index, follow, max-snippet:-1, max-image-preview:large, max-video-preview:-1\" \/>\n<link rel=\"canonical\" href=\"https:\/\/www.manaus.am.gov.br\/semcom\/pautas\/entrega-complexo-esportivo-armando-mendes\/\" \/>\n<meta property=\"og:locale\" content=\"pt_BR\" \/>\n<meta property=\"og:type\" content=\"article\" \/>\n<meta property=\"og:title\" content=\"Entrega complexo esportivo no bairro Armando Mendes\" \/>\n<meta property=\"og:description\" content=\"Prefeito David Almeida retorna as atividades executivas e entrega complexo esportivo no bairro Armando Mendes totalmente revitalizado.\" \/>\n<meta property=\"og:url\" content=\"https:\/\/www.manaus.am.gov.br\/semcom\/pautas\/entrega-complexo-esportivo-armando-mendes\/\" \/>\n<meta property=\"og:site_name\" content=\"SEMCOM\" \/>\n<meta property=\"article:modified_time\" content=\"2025-01-17T15:45:03+00:00\" \/>\n<meta property=\"og:image\" content=\"https:\/\/www.manaus.am.gov.br\/semcom\/wp-content\/uploads\/sites\/5\/2023\/02\/sugestaodepauta.png\" \/>\n\t<meta property=\"og:image:width\" content=\"1020\" \/>\n\t<meta property=\"og:image:height\" content=\"540\" \/>\n\t<meta property=\"og:image:type\" content=\"image\/png\" \/>\n<meta name=\"twitter:card\" content=\"summary_large_image\" \/>\n<meta name=\"twitter:label1\" content=\"Est. reading time\" \/>\n\t<meta name=\"twitter:data1\" content=\"2 minutos\" \/>\n<script type=\"application\/ld+json\" class=\"yoast-schema-graph\">{\"@context\":\"https:\/\/schema.org\",\"@graph\":[{\"@type\":\"WebPage\",\"@id\":\"https:\/\/www.manaus.am.gov.br\/semcom\/pautas\/entrega-complexo-esportivo-armando-mendes\/\",\"url\":\"https:\/\/www.manaus.am.gov.br\/semcom\/pautas\/entrega-complexo-esportivo-armando-mendes\/\",\"name\":\"Entrega complexo esportivo no bairro Armando Mendes\",\"isPartOf\":{\"@id\":\"https:\/\/www.manaus.am.gov.br\/semcom\/#website\"},\"primaryImageOfPage\":{\"@id\":\"https:\/\/www.manaus.am.gov.br\/semcom\/pautas\/entrega-complexo-esportivo-armando-mendes\/#primaryimage\"},\"image\":{\"@id\":\"https:\/\/www.manaus.am.gov.br\/semcom\/pautas\/entrega-complexo-esportivo-armando-mendes\/#primaryimage\"},\"thumbnailUrl\":\"https:\/\/www.manaus.am.gov.br\/semcom\/wp-content\/uploads\/sites\/5\/2023\/02\/sugestaodepauta.png\",\"datePublished\":\"2025-01-17T15:45:02+00:00\",\"dateModified\":\"2025-01-17T15:45:03+00:00\",\"description\":\"Prefeito David Almeida retorna as atividades executivas e entrega complexo esportivo no bairro Armando Mendes totalmente revitalizado.\",\"inLanguage\":\"pt-BR\",\"potentialAction\":[{\"@type\":\"ReadAction\",\"target\":[\"https:\/\/www.manaus.am.gov.br\/semcom\/pautas\/entrega-complexo-esportivo-armando-mendes\/\"]}]},{\"@type\":\"ImageObject\",\"inLanguage\":\"pt-BR\",\"@id\":\"https:\/\/www.manaus.am.gov.br\/semcom\/pautas\/entrega-complexo-esportivo-armando-mendes\/#primaryimage\",\"url\":\"https:\/\/www.manaus.am.gov.br\/semcom\/wp-content\/uploads\/sites\/5\/2023\/02\/sugestaodepauta.png\",\"contentUrl\":\"https:\/\/www.manaus.am.gov.br\/semcom\/wp-content\/uploads\/sites\/5\/2023\/02\/sugestaodepauta.png\",\"width\":1020,\"height\":540},{\"@type\":\"WebSite\",\"@id\":\"https:\/\/www.manaus.am.gov.br\/semcom\/#website\",\"url\":\"https:\/\/www.manaus.am.gov.br\/semcom\/\",\"name\":\"SEMCOM\",\"description\":\"Secretaria Municipal de Comunica\u00e7\u00e3o\",\"potentialAction\":[{\"@type\":\"SearchAction\",\"target\":{\"@type\":\"EntryPoint\",\"urlTemplate\":\"https:\/\/www.manaus.am.gov.br\/semcom\/?s={search_term_string}\"},\"query-input\":\"required name=search_term_string\"}],\"inLanguage\":\"pt-BR\"}]}<\/script>\n<!-- \/ Yoast SEO plugin. -->","yoast_head_json":{"title":"Entrega complexo esportivo no bairro Armando Mendes","description":"Prefeito David Almeida retorna as atividades executivas e entrega complexo esportivo no bairro Armando Mendes totalmente revitalizado.","robots":{"index":"index","follow":"follow","max-snippet":"max-snippet:-1","max-image-preview":"max-image-preview:large","max-video-preview":"max-video-preview:-1"},"canonical":"https:\/\/www.manaus.am.gov.br\/semcom\/pautas\/entrega-complexo-esportivo-armando-mendes\/","og_locale":"pt_BR","og_type":"article","og_title":"Entrega complexo esportivo no bairro Armando Mendes","og_description":"Prefeito David Almeida retorna as atividades executivas e entrega complexo esportivo no bairro Armando Mendes totalmente revitalizado.","og_url":"https:\/\/www.manaus.am.gov.br\/semcom\/pautas\/entrega-complexo-esportivo-armando-mendes\/","og_site_name":"SEMCOM","article_modified_time":"2025-01-17T15:45:03+00:00","og_image":[{"width":1020,"height":540,"url":"https:\/\/www.manaus.am.gov.br\/semcom\/wp-content\/uploads\/sites\/5\/2023\/02\/sugestaodepauta.png","type":"image\/png"}],"twitter_card":"summary_large_image","twitter_misc":{"Est. reading time":"2 minutos"},"schema":{"@context":"https:\/\/schema.org","@graph":[{"@type":"WebPage","@id":"https:\/\/www.manaus.am.gov.br\/semcom\/pautas\/entrega-complexo-esportivo-armando-mendes\/","url":"https:\/\/www.manaus.am.gov.br\/semcom\/pautas\/entrega-complexo-esportivo-armando-mendes\/","name":"Entrega complexo esportivo no bairro Armando Mendes","isPartOf":{"@id":"https:\/\/www.manaus.am.gov.br\/semcom\/#website"},"primaryImageOfPage":{"@id":"https:\/\/www.manaus.am.gov.br\/semcom\/pautas\/entrega-complexo-esportivo-armando-mendes\/#primaryimage"},"image":{"@id":"https:\/\/www.manaus.am.gov.br\/semcom\/pautas\/entrega-complexo-esportivo-armando-mendes\/#primaryimage"},"thumbnailUrl":"https:\/\/www.manaus.am.gov.br\/semcom\/wp-content\/uploads\/sites\/5\/2023\/02\/sugestaodepauta.png","datePublished":"2025-01-17T15:45:02+00:00","dateModified":"2025-01-17T15:45:03+00:00","description":"Prefeito David Almeida retorna as atividades executivas e entrega complexo esportivo no bairro Armando Mendes totalmente revitalizado.","inLanguage":"pt-BR","potentialAction":[{"@type":"ReadAction","target":["https:\/\/www.manaus.am.gov.br\/semcom\/pautas\/entrega-complexo-esportivo-armando-mendes\/"]}]},{"@type":"ImageObject","inLanguage":"pt-BR","@id":"https:\/\/www.manaus.am.gov.br\/semcom\/pautas\/entrega-complexo-esportivo-armando-mendes\/#primaryimage","url":"https:\/\/www.manaus.am.gov.br\/semcom\/wp-content\/uploads\/sites\/5\/2023\/02\/sugestaodepauta.png","contentUrl":"https:\/\/www.manaus.am.gov.br\/semcom\/wp-content\/uploads\/sites\/5\/2023\/02\/sugestaodepauta.png","width":1020,"height":540},{"@type":"WebSite","@id":"https:\/\/www.manaus.am.gov.br\/semcom\/#website","url":"https:\/\/www.manaus.am.gov.br\/semcom\/","name":"SEMCOM","description":"Secretaria Municipal de Comunica\u00e7\u00e3o","potentialAction":[{"@type":"SearchAction","target":{"@type":"EntryPoint","urlTemplate":"https:\/\/www.manaus.am.gov.br\/semcom\/?s={search_term_string}"},"query-input":"required name=search_term_string"}],"inLanguage":"pt-BR"}]}},"_links":{"self":[{"href":"https:\/\/www.manaus.am.gov.br\/semcom\/wp-json\/wp\/v2\/pautas\/233929"}],"collection":[{"href":"https:\/\/www.manaus.am.gov.br\/semcom\/wp-json\/wp\/v2\/pautas"}],"about":[{"href":"https:\/\/www.manaus.am.gov.br\/semcom\/wp-json\/wp\/v2\/types\/pautas"}],"wp:featuredmedia":[{"embeddable":true,"href":"https:\/\/www.manaus.am.gov.br\/semcom\/wp-json\/wp\/v2\/media\/208729"}],"wp:attachment":[{"href":"https:\/\/www.manaus.am.gov.br\/semcom\/wp-json\/wp\/v2\/media?parent=233929"}],"wp:term":[{"taxonomy":"category","embeddable":true,"href":"https:\/\/www.manaus.am.gov.br\/semcom\/wp-json\/wp\/v2\/categories?post=233929"}],"curies":[{"name":"wp","href":"https:\/\/api.w.org\/{rel}","templated":true}]}}

<p>Retomando às atividades do Executivo municipal, o prefeito de Manaus, David Almeida, entrega, nesta segunda-feira, 20/1, às 10h, o novo complexo esportivo do bairro Armando Mendes, na zona Leste da capital, totalmente reformado. A obra, realizada pela Secretaria Municipal de Infraestrutura (Seminf), contemplou a reforma da quadra coberta, do campo de areia e da praça, além da construção de novos quiosques e banheiros, oferecendo uma nova e moderna infraestrutura acessível a toda a comunidade.</p>



<p>De acordo com os moradores, há mais de 25 anos o local não recebia qualquer tipo de intervenção. Agora, o espaço conta com uma estrutura renovada, segura e confortável, promovendo mais qualidade de vida e opções de lazer para a população local.</p>



<p>Com a entrega do complexo esportivo do bairro Armando Mendes, a Prefeitura de Manaus atinge a marca de 22 espaços esportivos revitalizados e entregues à população em diferentes bairros da cidade.&nbsp;</p>



<p><strong>SERVIÇO</strong></p>



<p><strong>O quê&nbsp;–</strong>&nbsp;Entrega do complexo esportivo Armando Mendes&nbsp;</p>



<p><strong>Quando</strong>&nbsp;&#8211; Segunda-feira, 20/1</p>



<p><strong>Horário</strong>&nbsp;– 10h</p>



<p><strong>Local&nbsp;</strong>– Rua Xanxerê, bairro Armando Mendes, zona Leste</p>



<p><strong>Localização &#8211;&nbsp;</strong><a href="https://maps.app.goo.gl/ZHvJCoZoPbaQhFT76?g_st=iw" target="_blank" rel="noreferrer noopener">https://maps.app.goo.gl/ZHvJCoZoPbaQhFT76?g_st=iw</a></p>

<!-- This site is optimized with the Yoast SEO plugin v23.0 - https://yoast.com/wordpress/plugins/seo/ -->
<title>Entrega complexo esportivo no bairro Armando Mendes</title>
<meta name="description" content="Prefeito David Almeida retorna as atividades executivas e entrega complexo esportivo no bairro Armando Mendes totalmente revitalizado." />
<meta name="robots" content="index, follow, max-snippet:-1, max-image-preview:large, max-video-preview:-1" />
<link rel="canonical" href="https://www.manaus.am.gov.br/semcom/pautas/entrega-complexo-esportivo-armando-mendes/" />
<meta property="og:locale" content="pt_BR" />
<meta property="og:type" content="article" />
<meta property="og:title" content="Entrega complexo esportivo no bairro Armando Mendes" />
<meta property="og:description" content="Prefeito David Almeida retorna as atividades executivas e entrega complexo esportivo no bairro Armando Mendes totalmente revitalizado." />
<meta property="og:url" content="https://www.manaus.am.gov.br/semcom/pautas/entrega-complexo-esportivo-armando-mendes/" />
<meta property="og:site_name" content="SEMCOM" />
<meta property="article:modified_time" content="2025-01-17T15:45:03+00:00" />
<meta property="og:image" content="https://www.manaus.am.gov.br/semcom/wp-content/uploads/sites/5/2023/02/sugestaodepauta.png" />
	<meta property="og:image:width" content="1020" />
	<meta property="og:image:height" content="540" />
	<meta property="og:image:type" content="image/png" />
<meta name="twitter:card" content="summary_large_image" />
<meta name="twitter:label1" content="Est. reading time" />
	<meta name="twitter:data1" content="2 minutos" />
<script type="application/ld+json" class="yoast-schema-graph">{"@context":"https://schema.org","@graph":[{"@type":"WebPage","@id":"https://www.manaus.am.gov.br/semcom/pautas/entrega-complexo-esportivo-armando-mendes/","url":"https://www.manaus.am.gov.br/semcom/pautas/entrega-complexo-esportivo-armando-mendes/","name":"Entrega complexo esportivo no bairro Armando Mendes","isPartOf":{"@id":"https://www.manaus.am.gov.br/semcom/#website"},"primaryImageOfPage":{"@id":"https://www.manaus.am.gov.br/semcom/pautas/entrega-complexo-esportivo-armando-mendes/#primaryimage"},"image":{"@id":"https://www.manaus.am.gov.br/semcom/pautas/entrega-complexo-esportivo-armando-mendes/#primaryimage"},"thumbnailUrl":"https://www.manaus.am.gov.br/semcom/wp-content/uploads/sites/5/2023/02/sugestaodepauta.png","datePublished":"2025-01-17T15:45:02+00:00","dateModified":"2025-01-17T15:45:03+00:00","description":"Prefeito David Almeida retorna as atividades executivas e entrega complexo esportivo no bairro Armando Mendes totalmente revitalizado.","inLanguage":"pt-BR","potentialAction":[{"@type":"ReadAction","target":["https://www.manaus.am.gov.br/semcom/pautas/entrega-complexo-esportivo-armando-mendes/"]}]},{"@type":"ImageObject","inLanguage":"pt-BR","@id":"https://www.manaus.am.gov.br/semcom/pautas/entrega-complexo-esportivo-armando-mendes/#primaryimage","url":"https://www.manaus.am.gov.br/semcom/wp-content/uploads/sites/5/2023/02/sugestaodepauta.png","contentUrl":"https://www.manaus.am.gov.br/semcom/wp-content/uploads/sites/5/2023/02/sugestaodepauta.png","width":1020,"height":540},{"@type":"WebSite","@id":"https://www.manaus.am.gov.br/semcom/#website","url":"https://www.manaus.am.gov.br/semcom/","name":"SEMCOM","description":"Secretaria Municipal de Comunicação","potentialAction":[{"@type":"SearchAction","target":{"@type":"EntryPoint","urlTemplate":"https://www.manaus.am.gov.br/semcom/?s={search_term_string}"},"query-input":"required name=search_term_string"}],"inLanguage":"pt-BR"}]}</script>
<!-- / Yoast SEO plugin. -->

Secretaria Municipal de Comunicação
