{"id":233875,"date":"2025-01-15T17:25:41","date_gmt":"2025-01-15T20:25:41","guid":{"rendered":"https:\/\/www.manaus.am.gov.br\/semcom\/?post_type=pautas&#038;p=233875"},"modified":"2025-01-16T09:38:14","modified_gmt":"2025-01-16T12:38:14","slug":"anuncio-intervencoes-transito","status":"publish","type":"pautas","link":"https:\/\/www.manaus.am.gov.br\/semcom\/pautas\/anuncio-intervencoes-transito\/","title":{"rendered":"Prefeito em exerc\u00edcio Renato Junior anuncia interven\u00e7\u00f5es imediatas no tr\u00e2nsito de Manaus"},"content":{"rendered":"\n<p>O prefeito de Manaus em exerc\u00edcio e titular da Secretaria Municipal de Infraestrutura (Seminf) e do Instituto Municipal de Mobilidade Urbana (IMMU), Renato Junior, anuncia, nesta quinta-feira, 16\/1, \u00e0s 11h, o in\u00edcio de interven\u00e7\u00f5es vi\u00e1rias no tr\u00e2nsito de Manaus.<\/p>\n\n\n\n<p>Ser\u00e3o a\u00e7\u00f5es de interven\u00e7\u00f5es r\u00e1pidas e de baixo custo, com o objetivo de melhorar as condi\u00e7\u00f5es de circula\u00e7\u00e3o de ve\u00edculos e pedestres e as intera\u00e7\u00f5es entre eles, otimizando a mobilidade urbana com maior fluidez na capital.<\/p>\n\n\n\n<p>Entre as interven\u00e7\u00f5es que ser\u00e3o anunciadas nas avenidas Constantino Nery, Djalma Batista, Pedro Teixeira, rua da Ind\u00fastria e L\u00f3ris Cordovil, est\u00e3o: mudan\u00e7as de sentido de circula\u00e7\u00e3o de vias; abertura de novos retornos; altera\u00e7\u00e3o de sinaliza\u00e7\u00e3o vertical e horizontal; implanta\u00e7\u00e3o de sem\u00e1foros e revis\u00e3o das rotas de transporte p\u00fablico.<\/p>\n\n\n\n<p>O in\u00edcio das interven\u00e7\u00f5es ser\u00e1 anunciado nesta quinta-feira em entrevista coletiva.<\/p>\n\n\n\n<p><strong>SERVI\u00c7O<\/strong><\/p>\n\n\n\n<p><strong>O qu\u00ea \u2013<\/strong> An\u00fancio de interven\u00e7\u00f5es imediatas no tr\u00e2nsito&nbsp;<\/p>\n\n\n\n<p><strong>Quando &#8211;<\/strong> Quinta-feira, 16\/1<\/p>\n\n\n\n<p><strong>Hor\u00e1rio &#8211;<\/strong> 11h<\/p>\n\n\n\n<p><strong>Local \u2013<\/strong> Avenida Constantino Nery, pr\u00f3ximo ao antigo Grupo Baiano<\/p>\n","protected":false},"featured_media":208729,"template":"","categories":[1013],"acf":[],"yoast_head":"<!-- This site is optimized with the Yoast SEO plugin v23.0 - https:\/\/yoast.com\/wordpress\/plugins\/seo\/ -->\n<title>Prefeito em exerc\u00edcio Renato Junior anuncia interven\u00e7\u00f5es imediatas no tr\u00e2nsito de Manaus<\/title>\n<meta name=\"description\" content=\"O prefeito de Manaus em exerc\u00edcio e titular da Secretaria Municipal de Infraestrutura (Seminf) e do Instituto Municipal de Mobilidade Urbana (IMMU), Renato Junior, anuncia, nesta quinta-feira, 16\/1, \u00e0s 11h, o in\u00edcio de interven\u00e7\u00f5es vi\u00e1rias no tr\u00e2nsito de Manaus.\" \/>\n<meta name=\"robots\" content=\"index, follow, max-snippet:-1, max-image-preview:large, max-video-preview:-1\" \/>\n<link rel=\"canonical\" href=\"https:\/\/www.manaus.am.gov.br\/semcom\/pautas\/anuncio-intervencoes-transito\/\" \/>\n<meta property=\"og:locale\" content=\"pt_BR\" \/>\n<meta property=\"og:type\" content=\"article\" \/>\n<meta property=\"og:title\" content=\"Prefeito em exerc\u00edcio Renato Junior anuncia interven\u00e7\u00f5es imediatas no tr\u00e2nsito de Manaus\" \/>\n<meta property=\"og:description\" content=\"O prefeito de Manaus em exerc\u00edcio e titular da Secretaria Municipal de Infraestrutura (Seminf) e do Instituto Municipal de Mobilidade Urbana (IMMU), Renato Junior, anuncia, nesta quinta-feira, 16\/1, \u00e0s 11h, o in\u00edcio de interven\u00e7\u00f5es vi\u00e1rias no tr\u00e2nsito de Manaus.\" \/>\n<meta property=\"og:url\" content=\"https:\/\/www.manaus.am.gov.br\/semcom\/pautas\/anuncio-intervencoes-transito\/\" \/>\n<meta property=\"og:site_name\" content=\"SEMCOM\" \/>\n<meta property=\"article:modified_time\" content=\"2025-01-16T12:38:14+00:00\" \/>\n<meta property=\"og:image\" content=\"https:\/\/www.manaus.am.gov.br\/semcom\/wp-content\/uploads\/sites\/5\/2023\/02\/sugestaodepauta.png\" \/>\n\t<meta property=\"og:image:width\" content=\"1020\" \/>\n\t<meta property=\"og:image:height\" content=\"540\" \/>\n\t<meta property=\"og:image:type\" content=\"image\/png\" \/>\n<meta name=\"twitter:card\" content=\"summary_large_image\" \/>\n<meta name=\"twitter:label1\" content=\"Est. reading time\" \/>\n\t<meta name=\"twitter:data1\" content=\"2 minutos\" \/>\n<script type=\"application\/ld+json\" class=\"yoast-schema-graph\">{\"@context\":\"https:\/\/schema.org\",\"@graph\":[{\"@type\":\"WebPage\",\"@id\":\"https:\/\/www.manaus.am.gov.br\/semcom\/pautas\/anuncio-intervencoes-transito\/\",\"url\":\"https:\/\/www.manaus.am.gov.br\/semcom\/pautas\/anuncio-intervencoes-transito\/\",\"name\":\"Prefeito em exerc\u00edcio Renato Junior anuncia interven\u00e7\u00f5es imediatas no tr\u00e2nsito de Manaus\",\"isPartOf\":{\"@id\":\"https:\/\/www.manaus.am.gov.br\/semcom\/#website\"},\"primaryImageOfPage\":{\"@id\":\"https:\/\/www.manaus.am.gov.br\/semcom\/pautas\/anuncio-intervencoes-transito\/#primaryimage\"},\"image\":{\"@id\":\"https:\/\/www.manaus.am.gov.br\/semcom\/pautas\/anuncio-intervencoes-transito\/#primaryimage\"},\"thumbnailUrl\":\"https:\/\/www.manaus.am.gov.br\/semcom\/wp-content\/uploads\/sites\/5\/2023\/02\/sugestaodepauta.png\",\"datePublished\":\"2025-01-15T20:25:41+00:00\",\"dateModified\":\"2025-01-16T12:38:14+00:00\",\"description\":\"O prefeito de Manaus em exerc\u00edcio e titular da Secretaria Municipal de Infraestrutura (Seminf) e do Instituto Municipal de Mobilidade Urbana (IMMU), Renato Junior, anuncia, nesta quinta-feira, 16\/1, \u00e0s 11h, o in\u00edcio de interven\u00e7\u00f5es vi\u00e1rias no tr\u00e2nsito de Manaus.\",\"inLanguage\":\"pt-BR\",\"potentialAction\":[{\"@type\":\"ReadAction\",\"target\":[\"https:\/\/www.manaus.am.gov.br\/semcom\/pautas\/anuncio-intervencoes-transito\/\"]}]},{\"@type\":\"ImageObject\",\"inLanguage\":\"pt-BR\",\"@id\":\"https:\/\/www.manaus.am.gov.br\/semcom\/pautas\/anuncio-intervencoes-transito\/#primaryimage\",\"url\":\"https:\/\/www.manaus.am.gov.br\/semcom\/wp-content\/uploads\/sites\/5\/2023\/02\/sugestaodepauta.png\",\"contentUrl\":\"https:\/\/www.manaus.am.gov.br\/semcom\/wp-content\/uploads\/sites\/5\/2023\/02\/sugestaodepauta.png\",\"width\":1020,\"height\":540},{\"@type\":\"WebSite\",\"@id\":\"https:\/\/www.manaus.am.gov.br\/semcom\/#website\",\"url\":\"https:\/\/www.manaus.am.gov.br\/semcom\/\",\"name\":\"SEMCOM\",\"description\":\"Secretaria Municipal de Comunica\u00e7\u00e3o\",\"potentialAction\":[{\"@type\":\"SearchAction\",\"target\":{\"@type\":\"EntryPoint\",\"urlTemplate\":\"https:\/\/www.manaus.am.gov.br\/semcom\/?s={search_term_string}\"},\"query-input\":\"required name=search_term_string\"}],\"inLanguage\":\"pt-BR\"}]}<\/script>\n<!-- \/ Yoast SEO plugin. -->","yoast_head_json":{"title":"Prefeito em exerc\u00edcio Renato Junior anuncia interven\u00e7\u00f5es imediatas no tr\u00e2nsito de Manaus","description":"O prefeito de Manaus em exerc\u00edcio e titular da Secretaria Municipal de Infraestrutura (Seminf) e do Instituto Municipal de Mobilidade Urbana (IMMU), Renato Junior, anuncia, nesta quinta-feira, 16\/1, \u00e0s 11h, o in\u00edcio de interven\u00e7\u00f5es vi\u00e1rias no tr\u00e2nsito de Manaus.","robots":{"index":"index","follow":"follow","max-snippet":"max-snippet:-1","max-image-preview":"max-image-preview:large","max-video-preview":"max-video-preview:-1"},"canonical":"https:\/\/www.manaus.am.gov.br\/semcom\/pautas\/anuncio-intervencoes-transito\/","og_locale":"pt_BR","og_type":"article","og_title":"Prefeito em exerc\u00edcio Renato Junior anuncia interven\u00e7\u00f5es imediatas no tr\u00e2nsito de Manaus","og_description":"O prefeito de Manaus em exerc\u00edcio e titular da Secretaria Municipal de Infraestrutura (Seminf) e do Instituto Municipal de Mobilidade Urbana (IMMU), Renato Junior, anuncia, nesta quinta-feira, 16\/1, \u00e0s 11h, o in\u00edcio de interven\u00e7\u00f5es vi\u00e1rias no tr\u00e2nsito de Manaus.","og_url":"https:\/\/www.manaus.am.gov.br\/semcom\/pautas\/anuncio-intervencoes-transito\/","og_site_name":"SEMCOM","article_modified_time":"2025-01-16T12:38:14+00:00","og_image":[{"width":1020,"height":540,"url":"https:\/\/www.manaus.am.gov.br\/semcom\/wp-content\/uploads\/sites\/5\/2023\/02\/sugestaodepauta.png","type":"image\/png"}],"twitter_card":"summary_large_image","twitter_misc":{"Est. reading time":"2 minutos"},"schema":{"@context":"https:\/\/schema.org","@graph":[{"@type":"WebPage","@id":"https:\/\/www.manaus.am.gov.br\/semcom\/pautas\/anuncio-intervencoes-transito\/","url":"https:\/\/www.manaus.am.gov.br\/semcom\/pautas\/anuncio-intervencoes-transito\/","name":"Prefeito em exerc\u00edcio Renato Junior anuncia interven\u00e7\u00f5es imediatas no tr\u00e2nsito de Manaus","isPartOf":{"@id":"https:\/\/www.manaus.am.gov.br\/semcom\/#website"},"primaryImageOfPage":{"@id":"https:\/\/www.manaus.am.gov.br\/semcom\/pautas\/anuncio-intervencoes-transito\/#primaryimage"},"image":{"@id":"https:\/\/www.manaus.am.gov.br\/semcom\/pautas\/anuncio-intervencoes-transito\/#primaryimage"},"thumbnailUrl":"https:\/\/www.manaus.am.gov.br\/semcom\/wp-content\/uploads\/sites\/5\/2023\/02\/sugestaodepauta.png","datePublished":"2025-01-15T20:25:41+00:00","dateModified":"2025-01-16T12:38:14+00:00","description":"O prefeito de Manaus em exerc\u00edcio e titular da Secretaria Municipal de Infraestrutura (Seminf) e do Instituto Municipal de Mobilidade Urbana (IMMU), Renato Junior, anuncia, nesta quinta-feira, 16\/1, \u00e0s 11h, o in\u00edcio de interven\u00e7\u00f5es vi\u00e1rias no tr\u00e2nsito de Manaus.","inLanguage":"pt-BR","potentialAction":[{"@type":"ReadAction","target":["https:\/\/www.manaus.am.gov.br\/semcom\/pautas\/anuncio-intervencoes-transito\/"]}]},{"@type":"ImageObject","inLanguage":"pt-BR","@id":"https:\/\/www.manaus.am.gov.br\/semcom\/pautas\/anuncio-intervencoes-transito\/#primaryimage","url":"https:\/\/www.manaus.am.gov.br\/semcom\/wp-content\/uploads\/sites\/5\/2023\/02\/sugestaodepauta.png","contentUrl":"https:\/\/www.manaus.am.gov.br\/semcom\/wp-content\/uploads\/sites\/5\/2023\/02\/sugestaodepauta.png","width":1020,"height":540},{"@type":"WebSite","@id":"https:\/\/www.manaus.am.gov.br\/semcom\/#website","url":"https:\/\/www.manaus.am.gov.br\/semcom\/","name":"SEMCOM","description":"Secretaria Municipal de Comunica\u00e7\u00e3o","potentialAction":[{"@type":"SearchAction","target":{"@type":"EntryPoint","urlTemplate":"https:\/\/www.manaus.am.gov.br\/semcom\/?s={search_term_string}"},"query-input":"required name=search_term_string"}],"inLanguage":"pt-BR"}]}},"_links":{"self":[{"href":"https:\/\/www.manaus.am.gov.br\/semcom\/wp-json\/wp\/v2\/pautas\/233875"}],"collection":[{"href":"https:\/\/www.manaus.am.gov.br\/semcom\/wp-json\/wp\/v2\/pautas"}],"about":[{"href":"https:\/\/www.manaus.am.gov.br\/semcom\/wp-json\/wp\/v2\/types\/pautas"}],"wp:featuredmedia":[{"embeddable":true,"href":"https:\/\/www.manaus.am.gov.br\/semcom\/wp-json\/wp\/v2\/media\/208729"}],"wp:attachment":[{"href":"https:\/\/www.manaus.am.gov.br\/semcom\/wp-json\/wp\/v2\/media?parent=233875"}],"wp:term":[{"taxonomy":"category","embeddable":true,"href":"https:\/\/www.manaus.am.gov.br\/semcom\/wp-json\/wp\/v2\/categories?post=233875"}],"curies":[{"name":"wp","href":"https:\/\/api.w.org\/{rel}","templated":true}]}}

Prefeito em exercício Renato Junior anuncia intervenções imediatas no trânsito de Manaus

<p>O prefeito de Manaus em exercício e titular da Secretaria Municipal de Infraestrutura (Seminf) e do Instituto Municipal de Mobilidade Urbana (IMMU), Renato Junior, anuncia, nesta quinta-feira, 16/1, às 11h, o início de intervenções viárias no trânsito de Manaus.</p>



<p>Serão ações de intervenções rápidas e de baixo custo, com o objetivo de melhorar as condições de circulação de veículos e pedestres e as interações entre eles, otimizando a mobilidade urbana com maior fluidez na capital.</p>



<p>Entre as intervenções que serão anunciadas nas avenidas Constantino Nery, Djalma Batista, Pedro Teixeira, rua da Indústria e Lóris Cordovil, estão: mudanças de sentido de circulação de vias; abertura de novos retornos; alteração de sinalização vertical e horizontal; implantação de semáforos e revisão das rotas de transporte público.</p>



<p>O início das intervenções será anunciado nesta quinta-feira em entrevista coletiva.</p>



<p><strong>SERVIÇO</strong></p>



<p><strong>O quê –</strong> Anúncio de intervenções imediatas no trânsito&nbsp;</p>



<p><strong>Quando &#8211;</strong> Quinta-feira, 16/1</p>



<p><strong>Horário &#8211;</strong> 11h</p>



<p><strong>Local –</strong> Avenida Constantino Nery, próximo ao antigo Grupo Baiano</p>

<!-- This site is optimized with the Yoast SEO plugin v23.0 - https://yoast.com/wordpress/plugins/seo/ -->
<title>Prefeito em exercício Renato Junior anuncia intervenções imediatas no trânsito de Manaus</title>
<meta name="description" content="O prefeito de Manaus em exercício e titular da Secretaria Municipal de Infraestrutura (Seminf) e do Instituto Municipal de Mobilidade Urbana (IMMU), Renato Junior, anuncia, nesta quinta-feira, 16/1, às 11h, o início de intervenções viárias no trânsito de Manaus." />
<meta name="robots" content="index, follow, max-snippet:-1, max-image-preview:large, max-video-preview:-1" />
<link rel="canonical" href="https://www.manaus.am.gov.br/semcom/pautas/anuncio-intervencoes-transito/" />
<meta property="og:locale" content="pt_BR" />
<meta property="og:type" content="article" />
<meta property="og:title" content="Prefeito em exercício Renato Junior anuncia intervenções imediatas no trânsito de Manaus" />
<meta property="og:description" content="O prefeito de Manaus em exercício e titular da Secretaria Municipal de Infraestrutura (Seminf) e do Instituto Municipal de Mobilidade Urbana (IMMU), Renato Junior, anuncia, nesta quinta-feira, 16/1, às 11h, o início de intervenções viárias no trânsito de Manaus." />
<meta property="og:url" content="https://www.manaus.am.gov.br/semcom/pautas/anuncio-intervencoes-transito/" />
<meta property="og:site_name" content="SEMCOM" />
<meta property="article:modified_time" content="2025-01-16T12:38:14+00:00" />
<meta property="og:image" content="https://www.manaus.am.gov.br/semcom/wp-content/uploads/sites/5/2023/02/sugestaodepauta.png" />
	<meta property="og:image:width" content="1020" />
	<meta property="og:image:height" content="540" />
	<meta property="og:image:type" content="image/png" />
<meta name="twitter:card" content="summary_large_image" />
<meta name="twitter:label1" content="Est. reading time" />
	<meta name="twitter:data1" content="2 minutos" />
<script type="application/ld+json" class="yoast-schema-graph">{"@context":"https://schema.org","@graph":[{"@type":"WebPage","@id":"https://www.manaus.am.gov.br/semcom/pautas/anuncio-intervencoes-transito/","url":"https://www.manaus.am.gov.br/semcom/pautas/anuncio-intervencoes-transito/","name":"Prefeito em exercício Renato Junior anuncia intervenções imediatas no trânsito de Manaus","isPartOf":{"@id":"https://www.manaus.am.gov.br/semcom/#website"},"primaryImageOfPage":{"@id":"https://www.manaus.am.gov.br/semcom/pautas/anuncio-intervencoes-transito/#primaryimage"},"image":{"@id":"https://www.manaus.am.gov.br/semcom/pautas/anuncio-intervencoes-transito/#primaryimage"},"thumbnailUrl":"https://www.manaus.am.gov.br/semcom/wp-content/uploads/sites/5/2023/02/sugestaodepauta.png","datePublished":"2025-01-15T20:25:41+00:00","dateModified":"2025-01-16T12:38:14+00:00","description":"O prefeito de Manaus em exercício e titular da Secretaria Municipal de Infraestrutura (Seminf) e do Instituto Municipal de Mobilidade Urbana (IMMU), Renato Junior, anuncia, nesta quinta-feira, 16/1, às 11h, o início de intervenções viárias no trânsito de Manaus.","inLanguage":"pt-BR","potentialAction":[{"@type":"ReadAction","target":["https://www.manaus.am.gov.br/semcom/pautas/anuncio-intervencoes-transito/"]}]},{"@type":"ImageObject","inLanguage":"pt-BR","@id":"https://www.manaus.am.gov.br/semcom/pautas/anuncio-intervencoes-transito/#primaryimage","url":"https://www.manaus.am.gov.br/semcom/wp-content/uploads/sites/5/2023/02/sugestaodepauta.png","contentUrl":"https://www.manaus.am.gov.br/semcom/wp-content/uploads/sites/5/2023/02/sugestaodepauta.png","width":1020,"height":540},{"@type":"WebSite","@id":"https://www.manaus.am.gov.br/semcom/#website","url":"https://www.manaus.am.gov.br/semcom/","name":"SEMCOM","description":"Secretaria Municipal de Comunicação","potentialAction":[{"@type":"SearchAction","target":{"@type":"EntryPoint","urlTemplate":"https://www.manaus.am.gov.br/semcom/?s={search_term_string}"},"query-input":"required name=search_term_string"}],"inLanguage":"pt-BR"}]}</script>
<!-- / Yoast SEO plugin. -->

O prefeito de Manaus em exercício e titular da Secretaria Municipal de Infraestrutura (Seminf) e do Instituto Municipal de Mobilidade Urbana (IMMU), Renato Junior, anuncia, nesta quinta-feira, 16/1, às 11h, o início de intervenções viárias no trânsito de Manaus.

Secretaria Municipal de Comunicação
