{"id":233723,"date":"2025-01-10T18:56:00","date_gmt":"2025-01-10T21:56:00","guid":{"rendered":"https:\/\/www.manaus.am.gov.br\/semcom\/?post_type=pautas&#038;p=233723"},"modified":"2025-01-10T22:23:46","modified_gmt":"2025-01-11T01:23:46","slug":"acoes-arborizacao-plantio","status":"publish","type":"pautas","link":"https:\/\/www.manaus.am.gov.br\/semcom\/pautas\/acoes-arborizacao-plantio\/","title":{"rendered":"Prefeitura de Manaus anuncia planejamento de a\u00e7\u00f5es de arboriza\u00e7\u00e3o para 2025"},"content":{"rendered":"\n<p>O prefeito de Manaus em exerc\u00edcio, Renato Junior, apresenta, na pr\u00f3xima segunda-feira, 13\/1, \u00e0s 11h, o planejamento das a\u00e7\u00f5es de arboriza\u00e7\u00e3o para 2025, durante coletiva de imprensa realizada na avenida Constantino Nery, sentido Centro-bairro. As a\u00e7\u00f5es, que fazem parte do Programa Municipal de Arboriza\u00e7\u00e3o e Conserva\u00e7\u00e3o Florestal Manaus Verde, ser\u00e3o coordenadas pela Prefeitura de Manaus, por meio da Secretaria Municipal de Meio Ambiente, Sustentabilidade e Mudan\u00e7as do Clima (Semmasclima).&nbsp;<\/p>\n\n\n\n<p>Por meio do programa Manaus Verde, a cobertura vegetal em Manaus vem sendo ampliada com o plantio em \u00e1reas p\u00fablicas e distribui\u00e7\u00e3o gratuita de mudas \u00e0 popula\u00e7\u00e3o. Em 2024, foram plantadas 5.750 mudas de \u00e1rvores na cidade. No mesmo ano, o Centro de Produ\u00e7\u00e3o de Mudas da Prefeitura de Manaus, mantido pela Semmasclima, alcan\u00e7ou a marca de 122 mil mudas produzidas.&nbsp;<\/p>\n\n\n\n<p><strong>SERVI\u00c7O<\/strong><\/p>\n\n\n\n<p><strong>O qu\u00ea &#8211;<\/strong> Apresenta\u00e7\u00e3o das a\u00e7\u00f5es de arboriza\u00e7\u00e3o de Manaus para 2025<br><strong>Quando &#8211;<\/strong> Segunda-feira, 13\/1<br><strong>Hor\u00e1rio &#8211;<\/strong> 11h<br><strong>Local &#8211;<\/strong> Avenida Constantino Nery, sentido centro-bairro, em frente \u00e0 Ambev.<br><strong>Localiza\u00e7\u00e3o para estacionamento &#8211;<\/strong>\u00a0 <a href=\"https:\/\/maps.app.goo.gl\/EpsbyD2DpCjuWYUP8?g_st=iw\">https:\/\/maps.app.goo.gl\/EpsbyD2DpCjuWYUP8?g_st=iw<\/a>\u00a0\u00a0<br><strong>Informa\u00e7\u00f5es &#8211;<\/strong> Taianna Castro (92) 98803-6969 (Asscom\/Semmasclima)<\/p>\n","protected":false},"featured_media":208729,"template":"","categories":[134],"acf":[],"yoast_head":"<!-- This site is optimized with the Yoast SEO plugin v23.0 - https:\/\/yoast.com\/wordpress\/plugins\/seo\/ -->\n<title>Prefeitura de Manaus anuncia planejamento de a\u00e7\u00f5es de arboriza\u00e7\u00e3o para 2025<\/title>\n<meta name=\"description\" content=\"O prefeito de Manaus em exerc\u00edcio, Renato Junior, apresenta, na pr\u00f3xima segunda-feira, 13\/1, \u00e0s 11h, o planejamento das a\u00e7\u00f5es de arboriza\u00e7\u00e3o para 2025, durante coletiva de imprensa realizada na avenida Constantino Nery, sentido Centro-bairro.\" \/>\n<meta name=\"robots\" content=\"index, follow, max-snippet:-1, max-image-preview:large, max-video-preview:-1\" \/>\n<link rel=\"canonical\" href=\"https:\/\/www.manaus.am.gov.br\/semcom\/pautas\/acoes-arborizacao-plantio\/\" \/>\n<meta property=\"og:locale\" content=\"pt_BR\" \/>\n<meta property=\"og:type\" content=\"article\" \/>\n<meta property=\"og:title\" content=\"Prefeitura de Manaus anuncia planejamento de a\u00e7\u00f5es de arboriza\u00e7\u00e3o para 2025\" \/>\n<meta property=\"og:description\" content=\"O prefeito de Manaus em exerc\u00edcio, Renato Junior, apresenta, na pr\u00f3xima segunda-feira, 13\/1, \u00e0s 11h, o planejamento das a\u00e7\u00f5es de arboriza\u00e7\u00e3o para 2025, durante coletiva de imprensa realizada na avenida Constantino Nery, sentido Centro-bairro.\" \/>\n<meta property=\"og:url\" content=\"https:\/\/www.manaus.am.gov.br\/semcom\/pautas\/acoes-arborizacao-plantio\/\" \/>\n<meta property=\"og:site_name\" content=\"SEMCOM\" \/>\n<meta property=\"article:modified_time\" content=\"2025-01-11T01:23:46+00:00\" \/>\n<meta property=\"og:image\" content=\"https:\/\/www.manaus.am.gov.br\/semcom\/wp-content\/uploads\/sites\/5\/2023\/02\/sugestaodepauta.png\" \/>\n\t<meta property=\"og:image:width\" content=\"1020\" \/>\n\t<meta property=\"og:image:height\" content=\"540\" \/>\n\t<meta property=\"og:image:type\" content=\"image\/png\" \/>\n<meta name=\"twitter:card\" content=\"summary_large_image\" \/>\n<meta name=\"twitter:label1\" content=\"Est. reading time\" \/>\n\t<meta name=\"twitter:data1\" content=\"2 minutos\" \/>\n<script type=\"application\/ld+json\" class=\"yoast-schema-graph\">{\"@context\":\"https:\/\/schema.org\",\"@graph\":[{\"@type\":\"WebPage\",\"@id\":\"https:\/\/www.manaus.am.gov.br\/semcom\/pautas\/acoes-arborizacao-plantio\/\",\"url\":\"https:\/\/www.manaus.am.gov.br\/semcom\/pautas\/acoes-arborizacao-plantio\/\",\"name\":\"Prefeitura de Manaus anuncia planejamento de a\u00e7\u00f5es de arboriza\u00e7\u00e3o para 2025\",\"isPartOf\":{\"@id\":\"https:\/\/www.manaus.am.gov.br\/semcom\/#website\"},\"primaryImageOfPage\":{\"@id\":\"https:\/\/www.manaus.am.gov.br\/semcom\/pautas\/acoes-arborizacao-plantio\/#primaryimage\"},\"image\":{\"@id\":\"https:\/\/www.manaus.am.gov.br\/semcom\/pautas\/acoes-arborizacao-plantio\/#primaryimage\"},\"thumbnailUrl\":\"https:\/\/www.manaus.am.gov.br\/semcom\/wp-content\/uploads\/sites\/5\/2023\/02\/sugestaodepauta.png\",\"datePublished\":\"2025-01-10T21:56:00+00:00\",\"dateModified\":\"2025-01-11T01:23:46+00:00\",\"description\":\"O prefeito de Manaus em exerc\u00edcio, Renato Junior, apresenta, na pr\u00f3xima segunda-feira, 13\/1, \u00e0s 11h, o planejamento das a\u00e7\u00f5es de arboriza\u00e7\u00e3o para 2025, durante coletiva de imprensa realizada na avenida Constantino Nery, sentido Centro-bairro.\",\"inLanguage\":\"pt-BR\",\"potentialAction\":[{\"@type\":\"ReadAction\",\"target\":[\"https:\/\/www.manaus.am.gov.br\/semcom\/pautas\/acoes-arborizacao-plantio\/\"]}]},{\"@type\":\"ImageObject\",\"inLanguage\":\"pt-BR\",\"@id\":\"https:\/\/www.manaus.am.gov.br\/semcom\/pautas\/acoes-arborizacao-plantio\/#primaryimage\",\"url\":\"https:\/\/www.manaus.am.gov.br\/semcom\/wp-content\/uploads\/sites\/5\/2023\/02\/sugestaodepauta.png\",\"contentUrl\":\"https:\/\/www.manaus.am.gov.br\/semcom\/wp-content\/uploads\/sites\/5\/2023\/02\/sugestaodepauta.png\",\"width\":1020,\"height\":540},{\"@type\":\"WebSite\",\"@id\":\"https:\/\/www.manaus.am.gov.br\/semcom\/#website\",\"url\":\"https:\/\/www.manaus.am.gov.br\/semcom\/\",\"name\":\"SEMCOM\",\"description\":\"Secretaria Municipal de Comunica\u00e7\u00e3o\",\"potentialAction\":[{\"@type\":\"SearchAction\",\"target\":{\"@type\":\"EntryPoint\",\"urlTemplate\":\"https:\/\/www.manaus.am.gov.br\/semcom\/?s={search_term_string}\"},\"query-input\":\"required name=search_term_string\"}],\"inLanguage\":\"pt-BR\"}]}<\/script>\n<!-- \/ Yoast SEO plugin. -->","yoast_head_json":{"title":"Prefeitura de Manaus anuncia planejamento de a\u00e7\u00f5es de arboriza\u00e7\u00e3o para 2025","description":"O prefeito de Manaus em exerc\u00edcio, Renato Junior, apresenta, na pr\u00f3xima segunda-feira, 13\/1, \u00e0s 11h, o planejamento das a\u00e7\u00f5es de arboriza\u00e7\u00e3o para 2025, durante coletiva de imprensa realizada na avenida Constantino Nery, sentido Centro-bairro.","robots":{"index":"index","follow":"follow","max-snippet":"max-snippet:-1","max-image-preview":"max-image-preview:large","max-video-preview":"max-video-preview:-1"},"canonical":"https:\/\/www.manaus.am.gov.br\/semcom\/pautas\/acoes-arborizacao-plantio\/","og_locale":"pt_BR","og_type":"article","og_title":"Prefeitura de Manaus anuncia planejamento de a\u00e7\u00f5es de arboriza\u00e7\u00e3o para 2025","og_description":"O prefeito de Manaus em exerc\u00edcio, Renato Junior, apresenta, na pr\u00f3xima segunda-feira, 13\/1, \u00e0s 11h, o planejamento das a\u00e7\u00f5es de arboriza\u00e7\u00e3o para 2025, durante coletiva de imprensa realizada na avenida Constantino Nery, sentido Centro-bairro.","og_url":"https:\/\/www.manaus.am.gov.br\/semcom\/pautas\/acoes-arborizacao-plantio\/","og_site_name":"SEMCOM","article_modified_time":"2025-01-11T01:23:46+00:00","og_image":[{"width":1020,"height":540,"url":"https:\/\/www.manaus.am.gov.br\/semcom\/wp-content\/uploads\/sites\/5\/2023\/02\/sugestaodepauta.png","type":"image\/png"}],"twitter_card":"summary_large_image","twitter_misc":{"Est. reading time":"2 minutos"},"schema":{"@context":"https:\/\/schema.org","@graph":[{"@type":"WebPage","@id":"https:\/\/www.manaus.am.gov.br\/semcom\/pautas\/acoes-arborizacao-plantio\/","url":"https:\/\/www.manaus.am.gov.br\/semcom\/pautas\/acoes-arborizacao-plantio\/","name":"Prefeitura de Manaus anuncia planejamento de a\u00e7\u00f5es de arboriza\u00e7\u00e3o para 2025","isPartOf":{"@id":"https:\/\/www.manaus.am.gov.br\/semcom\/#website"},"primaryImageOfPage":{"@id":"https:\/\/www.manaus.am.gov.br\/semcom\/pautas\/acoes-arborizacao-plantio\/#primaryimage"},"image":{"@id":"https:\/\/www.manaus.am.gov.br\/semcom\/pautas\/acoes-arborizacao-plantio\/#primaryimage"},"thumbnailUrl":"https:\/\/www.manaus.am.gov.br\/semcom\/wp-content\/uploads\/sites\/5\/2023\/02\/sugestaodepauta.png","datePublished":"2025-01-10T21:56:00+00:00","dateModified":"2025-01-11T01:23:46+00:00","description":"O prefeito de Manaus em exerc\u00edcio, Renato Junior, apresenta, na pr\u00f3xima segunda-feira, 13\/1, \u00e0s 11h, o planejamento das a\u00e7\u00f5es de arboriza\u00e7\u00e3o para 2025, durante coletiva de imprensa realizada na avenida Constantino Nery, sentido Centro-bairro.","inLanguage":"pt-BR","potentialAction":[{"@type":"ReadAction","target":["https:\/\/www.manaus.am.gov.br\/semcom\/pautas\/acoes-arborizacao-plantio\/"]}]},{"@type":"ImageObject","inLanguage":"pt-BR","@id":"https:\/\/www.manaus.am.gov.br\/semcom\/pautas\/acoes-arborizacao-plantio\/#primaryimage","url":"https:\/\/www.manaus.am.gov.br\/semcom\/wp-content\/uploads\/sites\/5\/2023\/02\/sugestaodepauta.png","contentUrl":"https:\/\/www.manaus.am.gov.br\/semcom\/wp-content\/uploads\/sites\/5\/2023\/02\/sugestaodepauta.png","width":1020,"height":540},{"@type":"WebSite","@id":"https:\/\/www.manaus.am.gov.br\/semcom\/#website","url":"https:\/\/www.manaus.am.gov.br\/semcom\/","name":"SEMCOM","description":"Secretaria Municipal de Comunica\u00e7\u00e3o","potentialAction":[{"@type":"SearchAction","target":{"@type":"EntryPoint","urlTemplate":"https:\/\/www.manaus.am.gov.br\/semcom\/?s={search_term_string}"},"query-input":"required name=search_term_string"}],"inLanguage":"pt-BR"}]}},"_links":{"self":[{"href":"https:\/\/www.manaus.am.gov.br\/semcom\/wp-json\/wp\/v2\/pautas\/233723"}],"collection":[{"href":"https:\/\/www.manaus.am.gov.br\/semcom\/wp-json\/wp\/v2\/pautas"}],"about":[{"href":"https:\/\/www.manaus.am.gov.br\/semcom\/wp-json\/wp\/v2\/types\/pautas"}],"wp:featuredmedia":[{"embeddable":true,"href":"https:\/\/www.manaus.am.gov.br\/semcom\/wp-json\/wp\/v2\/media\/208729"}],"wp:attachment":[{"href":"https:\/\/www.manaus.am.gov.br\/semcom\/wp-json\/wp\/v2\/media?parent=233723"}],"wp:term":[{"taxonomy":"category","embeddable":true,"href":"https:\/\/www.manaus.am.gov.br\/semcom\/wp-json\/wp\/v2\/categories?post=233723"}],"curies":[{"name":"wp","href":"https:\/\/api.w.org\/{rel}","templated":true}]}}

Prefeitura de Manaus anuncia planejamento de ações de arborização para 2025

<p>O prefeito de Manaus em exercício, Renato Junior, apresenta, na próxima segunda-feira, 13/1, às 11h, o planejamento das ações de arborização para 2025, durante coletiva de imprensa realizada na avenida Constantino Nery, sentido Centro-bairro. As ações, que fazem parte do Programa Municipal de Arborização e Conservação Florestal Manaus Verde, serão coordenadas pela Prefeitura de Manaus, por meio da Secretaria Municipal de Meio Ambiente, Sustentabilidade e Mudanças do Clima (Semmasclima).&nbsp;</p>



<p>Por meio do programa Manaus Verde, a cobertura vegetal em Manaus vem sendo ampliada com o plantio em áreas públicas e distribuição gratuita de mudas à população. Em 2024, foram plantadas 5.750 mudas de árvores na cidade. No mesmo ano, o Centro de Produção de Mudas da Prefeitura de Manaus, mantido pela Semmasclima, alcançou a marca de 122 mil mudas produzidas.&nbsp;</p>



<p><strong>SERVIÇO</strong></p>



<p><strong>O quê &#8211;</strong> Apresentação das ações de arborização de Manaus para 2025<br><strong>Quando &#8211;</strong> Segunda-feira, 13/1<br><strong>Horário &#8211;</strong> 11h<br><strong>Local &#8211;</strong> Avenida Constantino Nery, sentido centro-bairro, em frente à Ambev.<br><strong>Localização para estacionamento &#8211;</strong>  <a href="https://maps.app.goo.gl/EpsbyD2DpCjuWYUP8?g_st=iw">https://maps.app.goo.gl/EpsbyD2DpCjuWYUP8?g_st=iw</a>  <br><strong>Informações &#8211;</strong> Taianna Castro (92) 98803-6969 (Asscom/Semmasclima)</p>

<!-- This site is optimized with the Yoast SEO plugin v23.0 - https://yoast.com/wordpress/plugins/seo/ -->
<title>Prefeitura de Manaus anuncia planejamento de ações de arborização para 2025</title>
<meta name="description" content="O prefeito de Manaus em exercício, Renato Junior, apresenta, na próxima segunda-feira, 13/1, às 11h, o planejamento das ações de arborização para 2025, durante coletiva de imprensa realizada na avenida Constantino Nery, sentido Centro-bairro." />
<meta name="robots" content="index, follow, max-snippet:-1, max-image-preview:large, max-video-preview:-1" />
<link rel="canonical" href="https://www.manaus.am.gov.br/semcom/pautas/acoes-arborizacao-plantio/" />
<meta property="og:locale" content="pt_BR" />
<meta property="og:type" content="article" />
<meta property="og:title" content="Prefeitura de Manaus anuncia planejamento de ações de arborização para 2025" />
<meta property="og:description" content="O prefeito de Manaus em exercício, Renato Junior, apresenta, na próxima segunda-feira, 13/1, às 11h, o planejamento das ações de arborização para 2025, durante coletiva de imprensa realizada na avenida Constantino Nery, sentido Centro-bairro." />
<meta property="og:url" content="https://www.manaus.am.gov.br/semcom/pautas/acoes-arborizacao-plantio/" />
<meta property="og:site_name" content="SEMCOM" />
<meta property="article:modified_time" content="2025-01-11T01:23:46+00:00" />
<meta property="og:image" content="https://www.manaus.am.gov.br/semcom/wp-content/uploads/sites/5/2023/02/sugestaodepauta.png" />
	<meta property="og:image:width" content="1020" />
	<meta property="og:image:height" content="540" />
	<meta property="og:image:type" content="image/png" />
<meta name="twitter:card" content="summary_large_image" />
<meta name="twitter:label1" content="Est. reading time" />
	<meta name="twitter:data1" content="2 minutos" />
<script type="application/ld+json" class="yoast-schema-graph">{"@context":"https://schema.org","@graph":[{"@type":"WebPage","@id":"https://www.manaus.am.gov.br/semcom/pautas/acoes-arborizacao-plantio/","url":"https://www.manaus.am.gov.br/semcom/pautas/acoes-arborizacao-plantio/","name":"Prefeitura de Manaus anuncia planejamento de ações de arborização para 2025","isPartOf":{"@id":"https://www.manaus.am.gov.br/semcom/#website"},"primaryImageOfPage":{"@id":"https://www.manaus.am.gov.br/semcom/pautas/acoes-arborizacao-plantio/#primaryimage"},"image":{"@id":"https://www.manaus.am.gov.br/semcom/pautas/acoes-arborizacao-plantio/#primaryimage"},"thumbnailUrl":"https://www.manaus.am.gov.br/semcom/wp-content/uploads/sites/5/2023/02/sugestaodepauta.png","datePublished":"2025-01-10T21:56:00+00:00","dateModified":"2025-01-11T01:23:46+00:00","description":"O prefeito de Manaus em exercício, Renato Junior, apresenta, na próxima segunda-feira, 13/1, às 11h, o planejamento das ações de arborização para 2025, durante coletiva de imprensa realizada na avenida Constantino Nery, sentido Centro-bairro.","inLanguage":"pt-BR","potentialAction":[{"@type":"ReadAction","target":["https://www.manaus.am.gov.br/semcom/pautas/acoes-arborizacao-plantio/"]}]},{"@type":"ImageObject","inLanguage":"pt-BR","@id":"https://www.manaus.am.gov.br/semcom/pautas/acoes-arborizacao-plantio/#primaryimage","url":"https://www.manaus.am.gov.br/semcom/wp-content/uploads/sites/5/2023/02/sugestaodepauta.png","contentUrl":"https://www.manaus.am.gov.br/semcom/wp-content/uploads/sites/5/2023/02/sugestaodepauta.png","width":1020,"height":540},{"@type":"WebSite","@id":"https://www.manaus.am.gov.br/semcom/#website","url":"https://www.manaus.am.gov.br/semcom/","name":"SEMCOM","description":"Secretaria Municipal de Comunicação","potentialAction":[{"@type":"SearchAction","target":{"@type":"EntryPoint","urlTemplate":"https://www.manaus.am.gov.br/semcom/?s={search_term_string}"},"query-input":"required name=search_term_string"}],"inLanguage":"pt-BR"}]}</script>
<!-- / Yoast SEO plugin. -->

O prefeito de Manaus em exercício, Renato Junior, apresenta, na próxima segunda-feira, 13/1, às 11h, o planejamento das ações de arborização para 2025, durante coletiva de imprensa realizada na avenida Constantino Nery, sentido Centro-bairro.

Secretaria Municipal de Comunicação
