{"id":233581,"date":"2025-01-08T11:02:36","date_gmt":"2025-01-08T14:02:36","guid":{"rendered":"https:\/\/www.manaus.am.gov.br\/semcom\/?post_type=pautas&#038;p=233581"},"modified":"2025-01-08T11:02:38","modified_gmt":"2025-01-08T14:02:38","slug":"certificacao-200-empreendedores-salto-aceleradora","status":"publish","type":"pautas","link":"https:\/\/www.manaus.am.gov.br\/semcom\/pautas\/certificacao-200-empreendedores-salto-aceleradora\/","title":{"rendered":"Prefeitura de Manaus certifica 200 empreendedores no programa \u2018Salto Aceleradora\u2019"},"content":{"rendered":"\n<p>A Prefeitura de Manaus, por meio da Secretaria Municipal do Trabalho, Empreendedorismo e Inova\u00e7\u00e3o (Semtepi), realiza, nesta quinta-feira, 9\/1, \u00e0s 18h, a certifica\u00e7\u00e3o geral de 200 empreendedores que conclu\u00edram todos os m\u00f3dulos do programa \u201cSalto Aceleradora\u201d. A cerim\u00f4nia acontece no audit\u00f3rio Isabel Victoria de Mattos Pereira do Carmo Ribeiro, na sede da prefeitura, no bairro Compensa, zona Oeste.<\/p>\n\n\n\n<p>Em parceria com a organiza\u00e7\u00e3o Impact HUB, o programa \u201cSalto Aceleradora\u201d foi promovido durante dois meses. Os alunos foram divididos em seis turmas, onde puderam aprender sobre temas essenciais, como \u201cAutodesenvolvimento\u201d, \u201cMercado\u201d, \u201cModelo de Neg\u00f3cio\u201d, \u201cFinan\u00e7as\u201d e \u201cMarketing\u201d. Al\u00e9m disso, tamb\u00e9m participaram de laborat\u00f3rios pr\u00e1ticos, como \u201cFinan\u00e7as na Pr\u00e1tica\u201d e \u201cPitch na Pr\u00e1tica\u201d.<\/p>\n\n\n\n<p>Nesta quinta-feira tamb\u00e9m acontece o \u201cDemoday\u201d, evento em que alguns formandos divulgar\u00e3o seus neg\u00f3cios. Durante essa apresenta\u00e7\u00e3o, os empreendedores ter\u00e3o a chance de receber gratifica\u00e7\u00f5es baseadas nas melhores narrativas. Essa \u00e9 uma oportunidade valiosa para aqueles que desejam se destacar no mercado e conseguir investimentos.<\/p>\n\n\n\n<p><strong>SERVI\u00c7O<\/strong><\/p>\n\n\n\n<p><strong>O qu\u00ea<\/strong> &#8211; Prefeitura de Manaus certifica 200 empreendedores no programa \u201cSalto Aceleradora\u201d<\/p>\n\n\n\n<p><strong>Quando<\/strong> \u2013 Quinta-feira, 9\/1<\/p>\n\n\n\n<p><strong>Hor\u00e1rio <\/strong>\u2013 18h<\/p>\n\n\n\n<p><strong>Local <\/strong>\u2013 Avenida Brasil, n\u00ba 2.971, bairro Compensa, zona Oeste<\/p>\n\n\n\n<p> <\/p>\n","protected":false},"featured_media":208729,"template":"","categories":[806],"acf":[],"yoast_head":"<!-- This site is optimized with the Yoast SEO plugin v23.0 - https:\/\/yoast.com\/wordpress\/plugins\/seo\/ -->\n<title>Certifica\u00e7\u00e3o 200 empreendedores no programa Salto Aceleradora<\/title>\n<meta name=\"description\" content=\"Prefeitura de Manaus, por meio da Semtepi, certifica, nesta quinta-feira, 9\/1, 200 empreendedores no programa \u2018Salto Aceleradora\u2019.\" \/>\n<meta name=\"robots\" content=\"index, follow, max-snippet:-1, max-image-preview:large, max-video-preview:-1\" \/>\n<link rel=\"canonical\" href=\"https:\/\/www.manaus.am.gov.br\/semcom\/pautas\/certificacao-200-empreendedores-salto-aceleradora\/\" \/>\n<meta property=\"og:locale\" content=\"pt_BR\" \/>\n<meta property=\"og:type\" content=\"article\" \/>\n<meta property=\"og:title\" content=\"Certifica\u00e7\u00e3o 200 empreendedores no programa Salto Aceleradora\" \/>\n<meta property=\"og:description\" content=\"Prefeitura de Manaus, por meio da Semtepi, certifica, nesta quinta-feira, 9\/1, 200 empreendedores no programa \u2018Salto Aceleradora\u2019.\" \/>\n<meta property=\"og:url\" content=\"https:\/\/www.manaus.am.gov.br\/semcom\/pautas\/certificacao-200-empreendedores-salto-aceleradora\/\" \/>\n<meta property=\"og:site_name\" content=\"SEMCOM\" \/>\n<meta property=\"article:modified_time\" content=\"2025-01-08T14:02:38+00:00\" \/>\n<meta property=\"og:image\" content=\"https:\/\/www.manaus.am.gov.br\/semcom\/wp-content\/uploads\/sites\/5\/2023\/02\/sugestaodepauta.png\" \/>\n\t<meta property=\"og:image:width\" content=\"1020\" \/>\n\t<meta property=\"og:image:height\" content=\"540\" \/>\n\t<meta property=\"og:image:type\" content=\"image\/png\" \/>\n<meta name=\"twitter:card\" content=\"summary_large_image\" \/>\n<meta name=\"twitter:label1\" content=\"Est. reading time\" \/>\n\t<meta name=\"twitter:data1\" content=\"2 minutos\" \/>\n<script type=\"application\/ld+json\" class=\"yoast-schema-graph\">{\"@context\":\"https:\/\/schema.org\",\"@graph\":[{\"@type\":\"WebPage\",\"@id\":\"https:\/\/www.manaus.am.gov.br\/semcom\/pautas\/certificacao-200-empreendedores-salto-aceleradora\/\",\"url\":\"https:\/\/www.manaus.am.gov.br\/semcom\/pautas\/certificacao-200-empreendedores-salto-aceleradora\/\",\"name\":\"Certifica\u00e7\u00e3o 200 empreendedores no programa Salto Aceleradora\",\"isPartOf\":{\"@id\":\"https:\/\/www.manaus.am.gov.br\/semcom\/#website\"},\"primaryImageOfPage\":{\"@id\":\"https:\/\/www.manaus.am.gov.br\/semcom\/pautas\/certificacao-200-empreendedores-salto-aceleradora\/#primaryimage\"},\"image\":{\"@id\":\"https:\/\/www.manaus.am.gov.br\/semcom\/pautas\/certificacao-200-empreendedores-salto-aceleradora\/#primaryimage\"},\"thumbnailUrl\":\"https:\/\/www.manaus.am.gov.br\/semcom\/wp-content\/uploads\/sites\/5\/2023\/02\/sugestaodepauta.png\",\"datePublished\":\"2025-01-08T14:02:36+00:00\",\"dateModified\":\"2025-01-08T14:02:38+00:00\",\"description\":\"Prefeitura de Manaus, por meio da Semtepi, certifica, nesta quinta-feira, 9\/1, 200 empreendedores no programa \u2018Salto Aceleradora\u2019.\",\"inLanguage\":\"pt-BR\",\"potentialAction\":[{\"@type\":\"ReadAction\",\"target\":[\"https:\/\/www.manaus.am.gov.br\/semcom\/pautas\/certificacao-200-empreendedores-salto-aceleradora\/\"]}]},{\"@type\":\"ImageObject\",\"inLanguage\":\"pt-BR\",\"@id\":\"https:\/\/www.manaus.am.gov.br\/semcom\/pautas\/certificacao-200-empreendedores-salto-aceleradora\/#primaryimage\",\"url\":\"https:\/\/www.manaus.am.gov.br\/semcom\/wp-content\/uploads\/sites\/5\/2023\/02\/sugestaodepauta.png\",\"contentUrl\":\"https:\/\/www.manaus.am.gov.br\/semcom\/wp-content\/uploads\/sites\/5\/2023\/02\/sugestaodepauta.png\",\"width\":1020,\"height\":540},{\"@type\":\"WebSite\",\"@id\":\"https:\/\/www.manaus.am.gov.br\/semcom\/#website\",\"url\":\"https:\/\/www.manaus.am.gov.br\/semcom\/\",\"name\":\"SEMCOM\",\"description\":\"Secretaria Municipal de Comunica\u00e7\u00e3o\",\"potentialAction\":[{\"@type\":\"SearchAction\",\"target\":{\"@type\":\"EntryPoint\",\"urlTemplate\":\"https:\/\/www.manaus.am.gov.br\/semcom\/?s={search_term_string}\"},\"query-input\":\"required name=search_term_string\"}],\"inLanguage\":\"pt-BR\"}]}<\/script>\n<!-- \/ Yoast SEO plugin. -->","yoast_head_json":{"title":"Certifica\u00e7\u00e3o 200 empreendedores no programa Salto Aceleradora","description":"Prefeitura de Manaus, por meio da Semtepi, certifica, nesta quinta-feira, 9\/1, 200 empreendedores no programa \u2018Salto Aceleradora\u2019.","robots":{"index":"index","follow":"follow","max-snippet":"max-snippet:-1","max-image-preview":"max-image-preview:large","max-video-preview":"max-video-preview:-1"},"canonical":"https:\/\/www.manaus.am.gov.br\/semcom\/pautas\/certificacao-200-empreendedores-salto-aceleradora\/","og_locale":"pt_BR","og_type":"article","og_title":"Certifica\u00e7\u00e3o 200 empreendedores no programa Salto Aceleradora","og_description":"Prefeitura de Manaus, por meio da Semtepi, certifica, nesta quinta-feira, 9\/1, 200 empreendedores no programa \u2018Salto Aceleradora\u2019.","og_url":"https:\/\/www.manaus.am.gov.br\/semcom\/pautas\/certificacao-200-empreendedores-salto-aceleradora\/","og_site_name":"SEMCOM","article_modified_time":"2025-01-08T14:02:38+00:00","og_image":[{"width":1020,"height":540,"url":"https:\/\/www.manaus.am.gov.br\/semcom\/wp-content\/uploads\/sites\/5\/2023\/02\/sugestaodepauta.png","type":"image\/png"}],"twitter_card":"summary_large_image","twitter_misc":{"Est. reading time":"2 minutos"},"schema":{"@context":"https:\/\/schema.org","@graph":[{"@type":"WebPage","@id":"https:\/\/www.manaus.am.gov.br\/semcom\/pautas\/certificacao-200-empreendedores-salto-aceleradora\/","url":"https:\/\/www.manaus.am.gov.br\/semcom\/pautas\/certificacao-200-empreendedores-salto-aceleradora\/","name":"Certifica\u00e7\u00e3o 200 empreendedores no programa Salto Aceleradora","isPartOf":{"@id":"https:\/\/www.manaus.am.gov.br\/semcom\/#website"},"primaryImageOfPage":{"@id":"https:\/\/www.manaus.am.gov.br\/semcom\/pautas\/certificacao-200-empreendedores-salto-aceleradora\/#primaryimage"},"image":{"@id":"https:\/\/www.manaus.am.gov.br\/semcom\/pautas\/certificacao-200-empreendedores-salto-aceleradora\/#primaryimage"},"thumbnailUrl":"https:\/\/www.manaus.am.gov.br\/semcom\/wp-content\/uploads\/sites\/5\/2023\/02\/sugestaodepauta.png","datePublished":"2025-01-08T14:02:36+00:00","dateModified":"2025-01-08T14:02:38+00:00","description":"Prefeitura de Manaus, por meio da Semtepi, certifica, nesta quinta-feira, 9\/1, 200 empreendedores no programa \u2018Salto Aceleradora\u2019.","inLanguage":"pt-BR","potentialAction":[{"@type":"ReadAction","target":["https:\/\/www.manaus.am.gov.br\/semcom\/pautas\/certificacao-200-empreendedores-salto-aceleradora\/"]}]},{"@type":"ImageObject","inLanguage":"pt-BR","@id":"https:\/\/www.manaus.am.gov.br\/semcom\/pautas\/certificacao-200-empreendedores-salto-aceleradora\/#primaryimage","url":"https:\/\/www.manaus.am.gov.br\/semcom\/wp-content\/uploads\/sites\/5\/2023\/02\/sugestaodepauta.png","contentUrl":"https:\/\/www.manaus.am.gov.br\/semcom\/wp-content\/uploads\/sites\/5\/2023\/02\/sugestaodepauta.png","width":1020,"height":540},{"@type":"WebSite","@id":"https:\/\/www.manaus.am.gov.br\/semcom\/#website","url":"https:\/\/www.manaus.am.gov.br\/semcom\/","name":"SEMCOM","description":"Secretaria Municipal de Comunica\u00e7\u00e3o","potentialAction":[{"@type":"SearchAction","target":{"@type":"EntryPoint","urlTemplate":"https:\/\/www.manaus.am.gov.br\/semcom\/?s={search_term_string}"},"query-input":"required name=search_term_string"}],"inLanguage":"pt-BR"}]}},"_links":{"self":[{"href":"https:\/\/www.manaus.am.gov.br\/semcom\/wp-json\/wp\/v2\/pautas\/233581"}],"collection":[{"href":"https:\/\/www.manaus.am.gov.br\/semcom\/wp-json\/wp\/v2\/pautas"}],"about":[{"href":"https:\/\/www.manaus.am.gov.br\/semcom\/wp-json\/wp\/v2\/types\/pautas"}],"wp:featuredmedia":[{"embeddable":true,"href":"https:\/\/www.manaus.am.gov.br\/semcom\/wp-json\/wp\/v2\/media\/208729"}],"wp:attachment":[{"href":"https:\/\/www.manaus.am.gov.br\/semcom\/wp-json\/wp\/v2\/media?parent=233581"}],"wp:term":[{"taxonomy":"category","embeddable":true,"href":"https:\/\/www.manaus.am.gov.br\/semcom\/wp-json\/wp\/v2\/categories?post=233581"}],"curies":[{"name":"wp","href":"https:\/\/api.w.org\/{rel}","templated":true}]}}

<p>A Prefeitura de Manaus, por meio da Secretaria Municipal do Trabalho, Empreendedorismo e Inovação (Semtepi), realiza, nesta quinta-feira, 9/1, às 18h, a certificação geral de 200 empreendedores que concluíram todos os módulos do programa “Salto Aceleradora”. A cerimônia acontece no auditório Isabel Victoria de Mattos Pereira do Carmo Ribeiro, na sede da prefeitura, no bairro Compensa, zona Oeste.</p>



<p>Em parceria com a organização Impact HUB, o programa “Salto Aceleradora” foi promovido durante dois meses. Os alunos foram divididos em seis turmas, onde puderam aprender sobre temas essenciais, como “Autodesenvolvimento”, “Mercado”, “Modelo de Negócio”, “Finanças” e “Marketing”. Além disso, também participaram de laboratórios práticos, como “Finanças na Prática” e “Pitch na Prática”.</p>



<p>Nesta quinta-feira também acontece o “Demoday”, evento em que alguns formandos divulgarão seus negócios. Durante essa apresentação, os empreendedores terão a chance de receber gratificações baseadas nas melhores narrativas. Essa é uma oportunidade valiosa para aqueles que desejam se destacar no mercado e conseguir investimentos.</p>



<p><strong>SERVIÇO</strong></p>



<p><strong>O quê</strong> &#8211; Prefeitura de Manaus certifica 200 empreendedores no programa “Salto Aceleradora”</p>



<p><strong>Quando</strong> – Quinta-feira, 9/1</p>



<p><strong>Horário </strong>– 18h</p>



<p><strong>Local </strong>– Avenida Brasil, nº 2.971, bairro Compensa, zona Oeste</p>



<p> </p>

<!-- This site is optimized with the Yoast SEO plugin v23.0 - https://yoast.com/wordpress/plugins/seo/ -->
<title>Certificação 200 empreendedores no programa Salto Aceleradora</title>
<meta name="description" content="Prefeitura de Manaus, por meio da Semtepi, certifica, nesta quinta-feira, 9/1, 200 empreendedores no programa ‘Salto Aceleradora’." />
<meta name="robots" content="index, follow, max-snippet:-1, max-image-preview:large, max-video-preview:-1" />
<link rel="canonical" href="https://www.manaus.am.gov.br/semcom/pautas/certificacao-200-empreendedores-salto-aceleradora/" />
<meta property="og:locale" content="pt_BR" />
<meta property="og:type" content="article" />
<meta property="og:title" content="Certificação 200 empreendedores no programa Salto Aceleradora" />
<meta property="og:description" content="Prefeitura de Manaus, por meio da Semtepi, certifica, nesta quinta-feira, 9/1, 200 empreendedores no programa ‘Salto Aceleradora’." />
<meta property="og:url" content="https://www.manaus.am.gov.br/semcom/pautas/certificacao-200-empreendedores-salto-aceleradora/" />
<meta property="og:site_name" content="SEMCOM" />
<meta property="article:modified_time" content="2025-01-08T14:02:38+00:00" />
<meta property="og:image" content="https://www.manaus.am.gov.br/semcom/wp-content/uploads/sites/5/2023/02/sugestaodepauta.png" />
	<meta property="og:image:width" content="1020" />
	<meta property="og:image:height" content="540" />
	<meta property="og:image:type" content="image/png" />
<meta name="twitter:card" content="summary_large_image" />
<meta name="twitter:label1" content="Est. reading time" />
	<meta name="twitter:data1" content="2 minutos" />
<script type="application/ld+json" class="yoast-schema-graph">{"@context":"https://schema.org","@graph":[{"@type":"WebPage","@id":"https://www.manaus.am.gov.br/semcom/pautas/certificacao-200-empreendedores-salto-aceleradora/","url":"https://www.manaus.am.gov.br/semcom/pautas/certificacao-200-empreendedores-salto-aceleradora/","name":"Certificação 200 empreendedores no programa Salto Aceleradora","isPartOf":{"@id":"https://www.manaus.am.gov.br/semcom/#website"},"primaryImageOfPage":{"@id":"https://www.manaus.am.gov.br/semcom/pautas/certificacao-200-empreendedores-salto-aceleradora/#primaryimage"},"image":{"@id":"https://www.manaus.am.gov.br/semcom/pautas/certificacao-200-empreendedores-salto-aceleradora/#primaryimage"},"thumbnailUrl":"https://www.manaus.am.gov.br/semcom/wp-content/uploads/sites/5/2023/02/sugestaodepauta.png","datePublished":"2025-01-08T14:02:36+00:00","dateModified":"2025-01-08T14:02:38+00:00","description":"Prefeitura de Manaus, por meio da Semtepi, certifica, nesta quinta-feira, 9/1, 200 empreendedores no programa ‘Salto Aceleradora’.","inLanguage":"pt-BR","potentialAction":[{"@type":"ReadAction","target":["https://www.manaus.am.gov.br/semcom/pautas/certificacao-200-empreendedores-salto-aceleradora/"]}]},{"@type":"ImageObject","inLanguage":"pt-BR","@id":"https://www.manaus.am.gov.br/semcom/pautas/certificacao-200-empreendedores-salto-aceleradora/#primaryimage","url":"https://www.manaus.am.gov.br/semcom/wp-content/uploads/sites/5/2023/02/sugestaodepauta.png","contentUrl":"https://www.manaus.am.gov.br/semcom/wp-content/uploads/sites/5/2023/02/sugestaodepauta.png","width":1020,"height":540},{"@type":"WebSite","@id":"https://www.manaus.am.gov.br/semcom/#website","url":"https://www.manaus.am.gov.br/semcom/","name":"SEMCOM","description":"Secretaria Municipal de Comunicação","potentialAction":[{"@type":"SearchAction","target":{"@type":"EntryPoint","urlTemplate":"https://www.manaus.am.gov.br/semcom/?s={search_term_string}"},"query-input":"required name=search_term_string"}],"inLanguage":"pt-BR"}]}</script>
<!-- / Yoast SEO plugin. -->

Certificação 200 empreendedores no programa Salto Aceleradora

Secretaria Municipal de Comunicação
