{"id":233554,"date":"2025-01-07T17:28:45","date_gmt":"2025-01-07T20:28:45","guid":{"rendered":"https:\/\/www.manaus.am.gov.br\/semcom\/?post_type=pautas&#038;p=233554"},"modified":"2025-01-07T17:29:11","modified_gmt":"2025-01-07T20:29:11","slug":"entrega-documentacao-semad","status":"publish","type":"pautas","link":"https:\/\/www.manaus.am.gov.br\/semcom\/pautas\/entrega-documentacao-semad\/","title":{"rendered":"Prefeitura de Manaus recebe documentos de classificados no Programa Bolsa Universidade 2025"},"content":{"rendered":"\n<p>A Prefeitura de Manaus, por meio da Escola de Servi\u00e7o P\u00fablico Municipal e Inclus\u00e3o Socioeducacional (Espi), vinculada \u00e0 Secretaria Municipal de Administra\u00e7\u00e3o, Planejamento e Gest\u00e3o (Semad), est\u00e1 recebendo a documenta\u00e7\u00e3o comprobat\u00f3ria dos candidatos classificados para as bolsas de estudo de acesso ao ensino superior do Programa Bolsa Universidade 2025.<\/p>\n\n\n\n<p>O procedimento \u00e9 realizado nas 12 Institui\u00e7\u00f5es de Ensino Superior (IES) parceiras do programa.<\/p>\n\n\n\n<p>O diretor-geral da Espi, J\u00fanior Nunes, ir\u00e1 acompanhar o processo nesta quarta-feira, 8\/1, \u00e0s 9h, na Universidade Nilton Lins.<\/p>\n\n\n\n<p><strong>SERVI\u00c7O<\/strong><\/p>\n\n\n\n<p><strong>O qu\u00ea \u2013 <\/strong>Entrega de documentos do PBU 2025<\/p>\n\n\n\n<p><strong>Quando \u2013 <\/strong>Quarta-feira, 8\/1<\/p>\n\n\n\n<p><strong>Hor\u00e1rio \u2013 <\/strong>9h<\/p>\n\n\n\n<p><strong>Local \u2013 <\/strong>Universidade Nilton Lins, avenida Prof. Nilton Lins, 3.259 &#8211; Flores, salas 104, 105 e 106<\/p>\n","protected":false},"featured_media":208729,"template":"","categories":[3051],"acf":[],"yoast_head":"<!-- This site is optimized with the Yoast SEO plugin v23.0 - https:\/\/yoast.com\/wordpress\/plugins\/seo\/ -->\n<title>Prefeitura de Manaus recebe documentos de classificados no Programa Bolsa Universidade 2025<\/title>\n<meta name=\"description\" content=\"A Prefeitura de Manaus, por meio da Escola de Servi\u00e7o P\u00fablico Municipal e Inclus\u00e3o Socioeducacional (Espi), vinculada \u00e0 Secretaria Municipal de Administra\u00e7\u00e3o, Planejamento e Gest\u00e3o (Semad), est\u00e1 recebendo a documenta\u00e7\u00e3o comprobat\u00f3ria dos candidatos classificados para as bolsas de estudo de acesso ao ensino superior do Programa Bolsa Universidade 2025.\" \/>\n<meta name=\"robots\" content=\"index, follow, max-snippet:-1, max-image-preview:large, max-video-preview:-1\" \/>\n<link rel=\"canonical\" href=\"https:\/\/www.manaus.am.gov.br\/semcom\/pautas\/entrega-documentacao-semad\/\" \/>\n<meta property=\"og:locale\" content=\"pt_BR\" \/>\n<meta property=\"og:type\" content=\"article\" \/>\n<meta property=\"og:title\" content=\"Prefeitura de Manaus recebe documentos de classificados no Programa Bolsa Universidade 2025\" \/>\n<meta property=\"og:description\" content=\"A Prefeitura de Manaus, por meio da Escola de Servi\u00e7o P\u00fablico Municipal e Inclus\u00e3o Socioeducacional (Espi), vinculada \u00e0 Secretaria Municipal de Administra\u00e7\u00e3o, Planejamento e Gest\u00e3o (Semad), est\u00e1 recebendo a documenta\u00e7\u00e3o comprobat\u00f3ria dos candidatos classificados para as bolsas de estudo de acesso ao ensino superior do Programa Bolsa Universidade 2025.\" \/>\n<meta property=\"og:url\" content=\"https:\/\/www.manaus.am.gov.br\/semcom\/pautas\/entrega-documentacao-semad\/\" \/>\n<meta property=\"og:site_name\" content=\"SEMCOM\" \/>\n<meta property=\"article:modified_time\" content=\"2025-01-07T20:29:11+00:00\" \/>\n<meta property=\"og:image\" content=\"https:\/\/www.manaus.am.gov.br\/semcom\/wp-content\/uploads\/sites\/5\/2023\/02\/sugestaodepauta.png\" \/>\n\t<meta property=\"og:image:width\" content=\"1020\" \/>\n\t<meta property=\"og:image:height\" content=\"540\" \/>\n\t<meta property=\"og:image:type\" content=\"image\/png\" \/>\n<meta name=\"twitter:card\" content=\"summary_large_image\" \/>\n<meta name=\"twitter:label1\" content=\"Est. reading time\" \/>\n\t<meta name=\"twitter:data1\" content=\"1 minuto\" \/>\n<script type=\"application\/ld+json\" class=\"yoast-schema-graph\">{\"@context\":\"https:\/\/schema.org\",\"@graph\":[{\"@type\":\"WebPage\",\"@id\":\"https:\/\/www.manaus.am.gov.br\/semcom\/pautas\/entrega-documentacao-semad\/\",\"url\":\"https:\/\/www.manaus.am.gov.br\/semcom\/pautas\/entrega-documentacao-semad\/\",\"name\":\"Prefeitura de Manaus recebe documentos de classificados no Programa Bolsa Universidade 2025\",\"isPartOf\":{\"@id\":\"https:\/\/www.manaus.am.gov.br\/semcom\/#website\"},\"primaryImageOfPage\":{\"@id\":\"https:\/\/www.manaus.am.gov.br\/semcom\/pautas\/entrega-documentacao-semad\/#primaryimage\"},\"image\":{\"@id\":\"https:\/\/www.manaus.am.gov.br\/semcom\/pautas\/entrega-documentacao-semad\/#primaryimage\"},\"thumbnailUrl\":\"https:\/\/www.manaus.am.gov.br\/semcom\/wp-content\/uploads\/sites\/5\/2023\/02\/sugestaodepauta.png\",\"datePublished\":\"2025-01-07T20:28:45+00:00\",\"dateModified\":\"2025-01-07T20:29:11+00:00\",\"description\":\"A Prefeitura de Manaus, por meio da Escola de Servi\u00e7o P\u00fablico Municipal e Inclus\u00e3o Socioeducacional (Espi), vinculada \u00e0 Secretaria Municipal de Administra\u00e7\u00e3o, Planejamento e Gest\u00e3o (Semad), est\u00e1 recebendo a documenta\u00e7\u00e3o comprobat\u00f3ria dos candidatos classificados para as bolsas de estudo de acesso ao ensino superior do Programa Bolsa Universidade 2025.\",\"inLanguage\":\"pt-BR\",\"potentialAction\":[{\"@type\":\"ReadAction\",\"target\":[\"https:\/\/www.manaus.am.gov.br\/semcom\/pautas\/entrega-documentacao-semad\/\"]}]},{\"@type\":\"ImageObject\",\"inLanguage\":\"pt-BR\",\"@id\":\"https:\/\/www.manaus.am.gov.br\/semcom\/pautas\/entrega-documentacao-semad\/#primaryimage\",\"url\":\"https:\/\/www.manaus.am.gov.br\/semcom\/wp-content\/uploads\/sites\/5\/2023\/02\/sugestaodepauta.png\",\"contentUrl\":\"https:\/\/www.manaus.am.gov.br\/semcom\/wp-content\/uploads\/sites\/5\/2023\/02\/sugestaodepauta.png\",\"width\":1020,\"height\":540},{\"@type\":\"WebSite\",\"@id\":\"https:\/\/www.manaus.am.gov.br\/semcom\/#website\",\"url\":\"https:\/\/www.manaus.am.gov.br\/semcom\/\",\"name\":\"SEMCOM\",\"description\":\"Secretaria Municipal de Comunica\u00e7\u00e3o\",\"potentialAction\":[{\"@type\":\"SearchAction\",\"target\":{\"@type\":\"EntryPoint\",\"urlTemplate\":\"https:\/\/www.manaus.am.gov.br\/semcom\/?s={search_term_string}\"},\"query-input\":\"required name=search_term_string\"}],\"inLanguage\":\"pt-BR\"}]}<\/script>\n<!-- \/ Yoast SEO plugin. -->","yoast_head_json":{"title":"Prefeitura de Manaus recebe documentos de classificados no Programa Bolsa Universidade 2025","description":"A Prefeitura de Manaus, por meio da Escola de Servi\u00e7o P\u00fablico Municipal e Inclus\u00e3o Socioeducacional (Espi), vinculada \u00e0 Secretaria Municipal de Administra\u00e7\u00e3o, Planejamento e Gest\u00e3o (Semad), est\u00e1 recebendo a documenta\u00e7\u00e3o comprobat\u00f3ria dos candidatos classificados para as bolsas de estudo de acesso ao ensino superior do Programa Bolsa Universidade 2025.","robots":{"index":"index","follow":"follow","max-snippet":"max-snippet:-1","max-image-preview":"max-image-preview:large","max-video-preview":"max-video-preview:-1"},"canonical":"https:\/\/www.manaus.am.gov.br\/semcom\/pautas\/entrega-documentacao-semad\/","og_locale":"pt_BR","og_type":"article","og_title":"Prefeitura de Manaus recebe documentos de classificados no Programa Bolsa Universidade 2025","og_description":"A Prefeitura de Manaus, por meio da Escola de Servi\u00e7o P\u00fablico Municipal e Inclus\u00e3o Socioeducacional (Espi), vinculada \u00e0 Secretaria Municipal de Administra\u00e7\u00e3o, Planejamento e Gest\u00e3o (Semad), est\u00e1 recebendo a documenta\u00e7\u00e3o comprobat\u00f3ria dos candidatos classificados para as bolsas de estudo de acesso ao ensino superior do Programa Bolsa Universidade 2025.","og_url":"https:\/\/www.manaus.am.gov.br\/semcom\/pautas\/entrega-documentacao-semad\/","og_site_name":"SEMCOM","article_modified_time":"2025-01-07T20:29:11+00:00","og_image":[{"width":1020,"height":540,"url":"https:\/\/www.manaus.am.gov.br\/semcom\/wp-content\/uploads\/sites\/5\/2023\/02\/sugestaodepauta.png","type":"image\/png"}],"twitter_card":"summary_large_image","twitter_misc":{"Est. reading time":"1 minuto"},"schema":{"@context":"https:\/\/schema.org","@graph":[{"@type":"WebPage","@id":"https:\/\/www.manaus.am.gov.br\/semcom\/pautas\/entrega-documentacao-semad\/","url":"https:\/\/www.manaus.am.gov.br\/semcom\/pautas\/entrega-documentacao-semad\/","name":"Prefeitura de Manaus recebe documentos de classificados no Programa Bolsa Universidade 2025","isPartOf":{"@id":"https:\/\/www.manaus.am.gov.br\/semcom\/#website"},"primaryImageOfPage":{"@id":"https:\/\/www.manaus.am.gov.br\/semcom\/pautas\/entrega-documentacao-semad\/#primaryimage"},"image":{"@id":"https:\/\/www.manaus.am.gov.br\/semcom\/pautas\/entrega-documentacao-semad\/#primaryimage"},"thumbnailUrl":"https:\/\/www.manaus.am.gov.br\/semcom\/wp-content\/uploads\/sites\/5\/2023\/02\/sugestaodepauta.png","datePublished":"2025-01-07T20:28:45+00:00","dateModified":"2025-01-07T20:29:11+00:00","description":"A Prefeitura de Manaus, por meio da Escola de Servi\u00e7o P\u00fablico Municipal e Inclus\u00e3o Socioeducacional (Espi), vinculada \u00e0 Secretaria Municipal de Administra\u00e7\u00e3o, Planejamento e Gest\u00e3o (Semad), est\u00e1 recebendo a documenta\u00e7\u00e3o comprobat\u00f3ria dos candidatos classificados para as bolsas de estudo de acesso ao ensino superior do Programa Bolsa Universidade 2025.","inLanguage":"pt-BR","potentialAction":[{"@type":"ReadAction","target":["https:\/\/www.manaus.am.gov.br\/semcom\/pautas\/entrega-documentacao-semad\/"]}]},{"@type":"ImageObject","inLanguage":"pt-BR","@id":"https:\/\/www.manaus.am.gov.br\/semcom\/pautas\/entrega-documentacao-semad\/#primaryimage","url":"https:\/\/www.manaus.am.gov.br\/semcom\/wp-content\/uploads\/sites\/5\/2023\/02\/sugestaodepauta.png","contentUrl":"https:\/\/www.manaus.am.gov.br\/semcom\/wp-content\/uploads\/sites\/5\/2023\/02\/sugestaodepauta.png","width":1020,"height":540},{"@type":"WebSite","@id":"https:\/\/www.manaus.am.gov.br\/semcom\/#website","url":"https:\/\/www.manaus.am.gov.br\/semcom\/","name":"SEMCOM","description":"Secretaria Municipal de Comunica\u00e7\u00e3o","potentialAction":[{"@type":"SearchAction","target":{"@type":"EntryPoint","urlTemplate":"https:\/\/www.manaus.am.gov.br\/semcom\/?s={search_term_string}"},"query-input":"required name=search_term_string"}],"inLanguage":"pt-BR"}]}},"_links":{"self":[{"href":"https:\/\/www.manaus.am.gov.br\/semcom\/wp-json\/wp\/v2\/pautas\/233554"}],"collection":[{"href":"https:\/\/www.manaus.am.gov.br\/semcom\/wp-json\/wp\/v2\/pautas"}],"about":[{"href":"https:\/\/www.manaus.am.gov.br\/semcom\/wp-json\/wp\/v2\/types\/pautas"}],"wp:featuredmedia":[{"embeddable":true,"href":"https:\/\/www.manaus.am.gov.br\/semcom\/wp-json\/wp\/v2\/media\/208729"}],"wp:attachment":[{"href":"https:\/\/www.manaus.am.gov.br\/semcom\/wp-json\/wp\/v2\/media?parent=233554"}],"wp:term":[{"taxonomy":"category","embeddable":true,"href":"https:\/\/www.manaus.am.gov.br\/semcom\/wp-json\/wp\/v2\/categories?post=233554"}],"curies":[{"name":"wp","href":"https:\/\/api.w.org\/{rel}","templated":true}]}}

<p>A Prefeitura de Manaus, por meio da Escola de Serviço Público Municipal e Inclusão Socioeducacional (Espi), vinculada à Secretaria Municipal de Administração, Planejamento e Gestão (Semad), está recebendo a documentação comprobatória dos candidatos classificados para as bolsas de estudo de acesso ao ensino superior do Programa Bolsa Universidade 2025.</p>



<p>O procedimento é realizado nas 12 Instituições de Ensino Superior (IES) parceiras do programa.</p>



<p>O diretor-geral da Espi, Júnior Nunes, irá acompanhar o processo nesta quarta-feira, 8/1, às 9h, na Universidade Nilton Lins.</p>



<p><strong>SERVIÇO</strong></p>



<p><strong>O quê – </strong>Entrega de documentos do PBU 2025</p>



<p><strong>Quando – </strong>Quarta-feira, 8/1</p>



<p><strong>Horário – </strong>9h</p>



<p><strong>Local – </strong>Universidade Nilton Lins, avenida Prof. Nilton Lins, 3.259 &#8211; Flores, salas 104, 105 e 106</p>

<!-- This site is optimized with the Yoast SEO plugin v23.0 - https://yoast.com/wordpress/plugins/seo/ -->
<title>Prefeitura de Manaus recebe documentos de classificados no Programa Bolsa Universidade 2025</title>
<meta name="description" content="A Prefeitura de Manaus, por meio da Escola de Serviço Público Municipal e Inclusão Socioeducacional (Espi), vinculada à Secretaria Municipal de Administração, Planejamento e Gestão (Semad), está recebendo a documentação comprobatória dos candidatos classificados para as bolsas de estudo de acesso ao ensino superior do Programa Bolsa Universidade 2025." />
<meta name="robots" content="index, follow, max-snippet:-1, max-image-preview:large, max-video-preview:-1" />
<link rel="canonical" href="https://www.manaus.am.gov.br/semcom/pautas/entrega-documentacao-semad/" />
<meta property="og:locale" content="pt_BR" />
<meta property="og:type" content="article" />
<meta property="og:title" content="Prefeitura de Manaus recebe documentos de classificados no Programa Bolsa Universidade 2025" />
<meta property="og:description" content="A Prefeitura de Manaus, por meio da Escola de Serviço Público Municipal e Inclusão Socioeducacional (Espi), vinculada à Secretaria Municipal de Administração, Planejamento e Gestão (Semad), está recebendo a documentação comprobatória dos candidatos classificados para as bolsas de estudo de acesso ao ensino superior do Programa Bolsa Universidade 2025." />
<meta property="og:url" content="https://www.manaus.am.gov.br/semcom/pautas/entrega-documentacao-semad/" />
<meta property="og:site_name" content="SEMCOM" />
<meta property="article:modified_time" content="2025-01-07T20:29:11+00:00" />
<meta property="og:image" content="https://www.manaus.am.gov.br/semcom/wp-content/uploads/sites/5/2023/02/sugestaodepauta.png" />
	<meta property="og:image:width" content="1020" />
	<meta property="og:image:height" content="540" />
	<meta property="og:image:type" content="image/png" />
<meta name="twitter:card" content="summary_large_image" />
<meta name="twitter:label1" content="Est. reading time" />
	<meta name="twitter:data1" content="1 minuto" />
<script type="application/ld+json" class="yoast-schema-graph">{"@context":"https://schema.org","@graph":[{"@type":"WebPage","@id":"https://www.manaus.am.gov.br/semcom/pautas/entrega-documentacao-semad/","url":"https://www.manaus.am.gov.br/semcom/pautas/entrega-documentacao-semad/","name":"Prefeitura de Manaus recebe documentos de classificados no Programa Bolsa Universidade 2025","isPartOf":{"@id":"https://www.manaus.am.gov.br/semcom/#website"},"primaryImageOfPage":{"@id":"https://www.manaus.am.gov.br/semcom/pautas/entrega-documentacao-semad/#primaryimage"},"image":{"@id":"https://www.manaus.am.gov.br/semcom/pautas/entrega-documentacao-semad/#primaryimage"},"thumbnailUrl":"https://www.manaus.am.gov.br/semcom/wp-content/uploads/sites/5/2023/02/sugestaodepauta.png","datePublished":"2025-01-07T20:28:45+00:00","dateModified":"2025-01-07T20:29:11+00:00","description":"A Prefeitura de Manaus, por meio da Escola de Serviço Público Municipal e Inclusão Socioeducacional (Espi), vinculada à Secretaria Municipal de Administração, Planejamento e Gestão (Semad), está recebendo a documentação comprobatória dos candidatos classificados para as bolsas de estudo de acesso ao ensino superior do Programa Bolsa Universidade 2025.","inLanguage":"pt-BR","potentialAction":[{"@type":"ReadAction","target":["https://www.manaus.am.gov.br/semcom/pautas/entrega-documentacao-semad/"]}]},{"@type":"ImageObject","inLanguage":"pt-BR","@id":"https://www.manaus.am.gov.br/semcom/pautas/entrega-documentacao-semad/#primaryimage","url":"https://www.manaus.am.gov.br/semcom/wp-content/uploads/sites/5/2023/02/sugestaodepauta.png","contentUrl":"https://www.manaus.am.gov.br/semcom/wp-content/uploads/sites/5/2023/02/sugestaodepauta.png","width":1020,"height":540},{"@type":"WebSite","@id":"https://www.manaus.am.gov.br/semcom/#website","url":"https://www.manaus.am.gov.br/semcom/","name":"SEMCOM","description":"Secretaria Municipal de Comunicação","potentialAction":[{"@type":"SearchAction","target":{"@type":"EntryPoint","urlTemplate":"https://www.manaus.am.gov.br/semcom/?s={search_term_string}"},"query-input":"required name=search_term_string"}],"inLanguage":"pt-BR"}]}</script>
<!-- / Yoast SEO plugin. -->

A Prefeitura de Manaus, por meio da Escola de Serviço Público Municipal e Inclusão Socioeducacional (Espi), vinculada à Secretaria Municipal de Administração, Planejamento e Gestão (Semad), está recebendo a documentação comprobatória dos candidatos classificados para as bolsas de estudo de acesso ao ensino superior do Programa Bolsa Universidade 2025.

Secretaria Municipal de Comunicação
